--
-- Host: localhost    Database: stolicky
-- ------------------------------------------------------

 SET NAMES utf8mb4 ;
/*!50717 SELECT COUNT(*) INTO @rocksdb_has_p_s_session_variables FROM INFORMATION_SCHEMA.TABLES WHERE TABLE_SCHEMA = 'performance_schema' AND TABLE_NAME = 'session_variables' */;
/*!50717 PREPARE s FROM @rocksdb_get_is_supported */;
/*!50717 EXECUTE s */;
/*!50717 DEALLOCATE PREPARE s */;
/*!50717 PREPARE s FROM @rocksdb_enable_bulk_load */;
/*!50717 EXECUTE s */;
/*!50717 DEALLOCATE PREPARE s */;

--
-- Table structure for table `oc_address`
--

 SET character_set_client = utf8mb4 ;
CREATE TABLE `oc_address` (
  `address_id` int(11) NOT NULL AUTO_INCREMENT,
  `customer_id` int(11) NOT NULL,
  `firstname` varchar(32) NOT NULL,
  `lastname` varchar(32) NOT NULL,
  `company` varchar(40) NOT NULL,
  `address_1` varchar(128) NOT NULL,
  `address_2` varchar(128) NOT NULL,
  `city` varchar(128) NOT NULL,
  `postcode` varchar(10) NOT NULL,
  `country_id` int(11) NOT NULL DEFAULT '0',
  `zone_id` int(11) NOT NULL DEFAULT '0',
  `custom_field` text NOT NULL,
  PRIMARY KEY (`address_id`),
  KEY `customer_id` (`customer_id`)
) ENGINE=MyISAM AUTO_INCREMENT=92 DEFAULT CHARSET=utf8;

--
-- Dumping data for table `oc_address`
--

INSERT INTO `oc_address` VALUES (1,1,'Tomáš','Šmelko','Promiseo s.r.o.','Jesenského 25','','Košice','04001',189,2927,'{\"2\":\"\",\"1\":\"\"}'),(2,2,'Janko','Hrasko','','doma','','kosice','04001',189,2927,'{\"2\":\"\",\"1\":\"\"}'),(3,3,'Peter','Zozulak','CLARITY, s.r.o.','Trieda SNP 29','','Kosice','04001',189,2926,'{\"1\":\"\",\"2\":\"\"}'),(4,4,'Zuzana','Adaskova','NZZ Interná ambulancia','Chrapčiakova 1','','Spisska Nova Ves','05201',189,0,'{\"1\":\"45007462\",\"2\":\"\"}'),(5,4,'Zuzana','Adaskova','','Laliova 6','','Spisska Nova Ves','05201',189,0,'{\"2\":\"\",\"1\":\"\"}'),(6,5,'Tibor','Gavenda','','Opatovská 149','','Trenčín','91101',189,2930,'{\"2\":\"\",\"1\":\"\"}'),(7,6,'Marcel','Gasparovic','','Vápenná 7','','Bratislava','82104',189,0,'{\"1\":\"\",\"2\":\"\"}'),(8,7,'Ivan','Pozdnyakov','iPozdnyakov Studio','Sivashskaya str. 2k2-35','Sivashskaya str. 2k2-35','Moscow','117638',176,2761,'{\"2\":\"\",\"1\":\"\"}'),(9,8,'Ivana','Festenburg','','Idanska37','','Kosice','04001',189,2926,'{\"1\":\"\",\"2\":\"\"}'),(10,9,'Ivana','Krajčová','Ivana Krajčová - Účtovníctvo','Nová 631/35','','Lutila','96622',189,0,'{\"1\":\"37395416\",\"2\":\"SK1045268323\"}'),(11,9,'Ivana','Krajčová','','Nám. Matice slovenskej 409/8','','Žiar nad Hronom','96501',189,0,'{\"2\":\"\",\"1\":\"\"}'),(12,10,'Miloš','Jeseňák','','Novákova 23','','Martin','03601',189,2926,'{\"1\":\"\",\"2\":\"\"}'),(13,11,'Tomáš','Papšo','TOPA STAV s.r.o.','Sverepec 446','','Sverepec','01701',189,2930,'{\"2\":\"SK2023333213\",\"1\":\"46308326\"}'),(14,12,'Lucia ','Lipnicka ','','A. Behunka 2','','Šenkvice ','',189,2926,'{\"2\":\"\",\"1\":\"\"}'),(15,12,'Patrik ','Lipnický ','','Pannónska 17','','Svätý Jur','',189,2926,'{\"2\":\"\",\"1\":\"\"}'),(16,13,'Erika','Silvova','See Trade,s.r.o.','Hronska 8','','Levice','93401',189,0,'{\"1\":\"\",\"2\":\"\"}'),(17,14,'Jozef','Mikuška','V.K.M.Trans, s..r.o.','Kremnička 71','','Banská Bystrica','97405',189,0,'{\"1\":\"36620971\",\"2\":\"SK 2021751600\"}'),(18,14,'Alena','Mikuska','','Bernolakova 29','','Banská Bystrica','97405',189,0,'{\"2\":\"\",\"1\":\"\"}'),(19,15,'Monika','Kralčáková ','','Štefánikova  703/17','','Senica','90501',189,2931,'{\"2\":\"\",\"1\":\"\"}'),(20,16,'Marián','Malach','','Hrobákova 32','','Bratislava','85102',189,0,'{\"1\":\"\",\"2\":\"\"}'),(21,17,'Michael','Sill','INJOBS, s.r.o.','Kostolné Kračany','','Kostolné Kračany','93003',189,0,'{\"1\":\"50234595\",\"2\":\"SK2120259372\"}'),(22,18,'Tomáš','Čurilla','Pronnect, s.r.o.','Gudernova 28','','Košice - Západ','04011',189,0,'{\"1\":\"50326767\",\"2\":\"\"}'),(23,19,'Eva','Brunaiová','','Kováčikova 13','','Nitra','94901',189,0,'{\"1\":\"\",\"2\":\"\"}'),(24,20,'Jan','BOGDAN','','251','','Sekule','908 80',189,2931,'{\"2\":\"\",\"1\":\"\"}'),(25,10,'Miloš','Jeseňák','','Budiš 96','','Budiš','03823',189,2926,'{\"2\":\"\",\"1\":\"\"}'),(26,21,'Nina','Kazarková','','Nina Kazarková','','Žiar nad Hronom','965 01',189,2925,'{\"2\":\"\",\"1\":\"\"}'),(27,22,'Iveta','Megne','','Bratislavská 126/68','','Trencin','91105',189,0,'{\"1\":\"\",\"2\":\"\"}'),(28,23,'matus','szepesi','','Kokšov - Bakša','','Kokšov - Bakša','',189,2927,'{\"2\":\"\",\"1\":\"\"}'),(29,24,'Milan','Hutkai','Executives, a.s.','Bajkalska 29/c','','Bratislava','82105',189,0,'{\"1\":\"36683825\",\"2\":\"SK2022263417\"}'),(30,24,'Milan Hutkai','Infra Services, a.s.','','Hranicna 10','','Bratislava','82105',189,0,'{\"2\":\"\",\"1\":\"\"}'),(31,25,'Здесь http://CfkqurFe.com','И навверное  http://CfkqurFe.ru','','Strasse 128','','Brugge','25256',13,196,''),(32,26,'marek','sulaj','','rasu 13','','bratislava','84101',189,0,'{\"1\":\"\",\"2\":\"\"}'),(33,27,'Lydia','Placha','','Exnarova 5','','Kosice','04022',189,2927,'{\"2\":\"\",\"1\":\"\"}'),(34,28,'Gabriela','Zavadská','','Kudlovská 53','','Humenné','06601',189,2929,'{\"2\":\"\",\"1\":\"\"}'),(35,29,'Zuzana','Svrčková','FINS, s.r.o.','Pri starom letisku 28, 83107 Bratislava','','Bratislava','',189,2926,'{\"2\":\"2022502020\",\"1\":\"43831532\"}'),(36,29,'FINS, ','s.r.o.','','Pri starom letisku 28','','Bratislava','83107',189,2926,'{\"2\":\"SK2022502020\",\"1\":\"43831532\"}'),(37,30,'Jana','Jedináková','Ing. Jana Jedináková','Letná 45','','Košice','040 01',189,0,'{\"1\":\"35541695\",\"2\":\"\"}'),(38,31,'Antónia','Véghová','Harne,s.r.o.','Švermova 24','','Brezno','977 01',189,2926,'{\"2\":\"SK2120091468\",\"1\":\"48177571\"}'),(39,32,'SYLVIA','ANDREU ','ANDREUDISSENY','AV. VIDAL Y BARRAQUER, Nº32- 5-4','','TARRAGONA','',195,3014,'{\"2\":\"39689712S\",\"1\":\"\"}'),(40,33,'Martin','Hrnko','','Martina Granca 4','','Bratislava','84102',189,0,'{\"1\":\"\",\"2\":\"\"}'),(41,34,'Dana','Filkova','Hoplaland s.r.o.','Lazaretska 8','','Bratislava','81108',189,0,'{\"1\":\"46096027\",\"2\":\"SK 2023231155\"}'),(42,34,'Andrea','Silna','','Chrenovska 30','','Nitra','94901',189,0,'{\"2\":\"\",\"1\":\"\"}'),(43,35,'Ingrid','Zelenay','A-Lingua s.r.o.','Pod Rovnicami 41','','Bratislava','84104',189,0,'{\"1\":\"35901250\",\"2\":\"SK2021887010\"}'),(44,36,'Andrea','Cabadajová','','Moravská 6/19','','Spišská Nová Ves','052 01',189,2927,'{\"2\":\"\",\"1\":\"\"}'),(45,37,'Jana','Faith','','Pasteurovo námestie 14','','Košice','04001',189,0,'{\"1\":\"\",\"2\":\"\"}'),(46,38,'Michal','Lukáč','','Modranská 47','','Šenkvice','90081',189,2926,'{\"2\":\"\",\"1\":\"\"}'),(47,39,'Tomáš','Vrbický','','Tatranská 51','','Banská Bystrica','97411',189,0,'{\"1\":\"\",\"2\":\"\"}'),(48,39,'Tomáš','Vrbický','','Družby 5','','Banská Bystrica','97404',189,0,'{\"2\":\"\",\"1\":\"\"}'),(49,40,'Jan','Muzik','','Trencianska 44','','Bratislava','82109',189,2926,'{\"2\":\"\",\"1\":\"\"}'),(50,41,'MUDr. Adriana','Morvayová','','Rudolfa Hanáka 37, 94901 Nitra','Rudolfa Hanáka 37','Nitra','94901',189,2928,'{\"2\":\"\",\"1\":\"\"}'),(52,42,'Petra','Lípová','','Wilsonovo nábrežie 140','','Nitra','94901',189,2928,'{\"2\":\"\",\"1\":\"\"}'),(53,43,'Patricia','Ulmanová','','Brnianska 2','','Trenčín','911 05',189,0,'{\"1\":\"\",\"2\":\"\"}'),(54,44,'Adrian','Gabura','','Slivková 1335/22','','Rovinka','',189,2926,'{\"2\":\"\",\"1\":\"\"}'),(55,45,'Kati','Moncz','','Vnútorná okružná 9/52','','Komárno','94501',189,0,'{\"1\":\"\",\"2\":\"\"}'),(56,45,'Kati','Moncz','','Agroservis sklad - Hadovská cesta 6','','Komárno','94501',189,0,'{\"2\":\"\",\"1\":\"\"}'),(57,46,'Oľga','Zápotočná','','Romanova 5','','Bratislava','',189,2926,'{\"2\":\"\",\"1\":\"\"}'),(58,47,'Oľga','Petríková','','Pajorova 10','','Košice','04001',189,2927,'{\"2\":\"\",\"1\":\"\"}'),(59,48,'Michaela','Zajacova','','Male Tatry 5F','','Ruzomberok','03401',189,0,'{\"1\":\"\",\"2\":\"\"}'),(60,49,'Miriam','Krajčiová','','Trestné 113','','Bobrovec','03221',189,2932,'{\"2\":\"\",\"1\":\"\"}'),(61,50,'Ján','Oravkin','Pyrotech s.r.o.','Trnavská cesta 16785/74B','','Bratislava','81108',189,0,'{\"1\":\"45985162\",\"2\":\"SK2023473903\"}'),(62,50,'Dominika','Oravkinova','','29. augusta 5/A','','Bratislava','81108',189,0,'{\"2\":\"\",\"1\":\"\"}'),(63,51,'Miroslav','Halapin','','Moyzesova 2006/13','','Trebišov','07501',189,0,'{\"1\":\"\",\"2\":\"\"}'),(64,52,'Andrea','Bruncakova','','Lučenec','','Lučenec','',189,2925,'{\"2\":\"\",\"1\":\"\"}'),(65,53,'Ildikó','Borková','','Bratislavská 46','','Kolárovo','94603',189,0,'{\"1\":\"\",\"2\":\"\"}'),(66,54,'Martina','Burganová','','Školská 160/10','','Ľubochňa','03491',189,0,'{\"1\":\"\",\"2\":\"\"}'),(67,55,'Jana','Tatárová','','Beňovolehotská 12','','Dolný Kubín','02601',189,0,'{\"1\":\"\",\"2\":\"\"}'),(68,56,'Marta','Pajerska','','Potočná 6403','','Nova Bana','96801',189,0,'{\"1\":\"\",\"2\":\"\"}'),(69,57,'Gabriela','Sieberová','','Strážna 9','','Bratislava','831 10',189,0,'{\"1\":\"\",\"2\":\"\"}'),(70,58,'Ш www.italiandesignstudio.com ко','Щ www.italiandesignstudio.com ни','na','Mioflddod12-6','','Bwrugger','25256',223,223,''),(71,59,'Stanislav','Rehuš ','','Pupavova 37','','Chorvatsky Grob','90025',189,0,'{\"1\":\"\",\"2\":\"\"}'),(72,60,'Marek','Pikus','Vegetic s.r.o.','Bancikovej 1/A','','Bratislava','82106',189,0,'{\"1\":\"50739379\",\"2\":\"SK2120474268\"}'),(73,60,'Marek','Pikus','','Lipnická 35','','Dunajska Lužná','90042',189,0,'{\"2\":\"\",\"1\":\"\"}'),(74,61,'chuck','david','','po box 3838','','new york','10023',223,3655,''),(75,62,'Henrich','Korec','','Súľovská 28','','Bratislava','82105',189,0,'{\"1\":\"\",\"2\":\"\"}'),(76,63,'Zuzana','Bakošová, MUDr.','Optiklinik s.r.o.','Ľ. Okánika 14 ','','Nitra','94901',189,0,'{\"1\":\"44244983\",\"2\":\"\"}'),(77,64,'Andrea','Kolarikova','','Polianky 7/B','','Bratislava','',189,0,'{\"1\":\"\",\"2\":\"\"}'),(78,65,'Marianna','Drusová','','Svrčinovec 977','','Svrčinovec','02312',189,0,'{\"1\":\"\",\"2\":\"\"}'),(79,66,'Lýdia','Karlíková','dúkr.osoba','Švábska 58','','Prešov','08005',189,0,'{\"1\":\"\",\"2\":\"\"}'),(80,67,'PETR','PASKO','','Oldřichovice 765','','Třinec','73961',56,895,'{\"2\":\"\",\"1\":\"\"}'),(81,68,'Daniel','Morrons','','street 1','','NEW YORK','10001',223,3614,''),(82,69,'jana ','jurišičová ','','halalovka 38','','trencin','91108',189,0,'{\"1\":\"\",\"2\":\"\"}'),(83,70,'ROBERT','HEFNER','','Jozsef Attila 25','','Feketeerdo','83106',97,0,'{\"2\":\"\",\"1\":\"\"}'),(84,71,'Jan','Dubis','','drotarska cesta 92','','Bratislava','81012',189,0,'{\"1\":\"\",\"2\":\"\"}'),(85,72,'Iveta','Krchnárová','','Titusa Zemana 22, Pekné pole VII','','Trnava','91701',189,2931,'{\"2\":\"\",\"1\":\"\"}'),(86,73,'Daniel','Morrons','','street 1','','NEW YORK','10001',223,3614,''),(87,74,'Matilda','Blahova','Matilda Blahova - FLP','Vrančovičova 83','','Bratislava','84103',189,2926,'{\"2\":\"SK1020173242\",\"1\":\"33621462\"}'),(88,74,'Matilda','Blahová','','Budovateľská 3','','Bratislava','82108',189,2926,'{\"2\":\"\",\"1\":\"\"}'),(89,75,'Andrea','Tothova','','L.Kossutha 125','','Kralovsky Chlmec','07701',189,0,'{\"1\":\"\",\"2\":\"\"}'),(90,76,'Anna','Hlubikova','','Dolne kockovce','','Dolne kockovce palkovicova75','02001',189,2930,'{\"2\":\"\",\"1\":\"\"}'),(91,77,'Pavel','Poliak  / SKL 100  s.r.o/','SKL 100','Mostová 2','','Bratislava','81102',189,2926,'{\"2\":\"SK2024033616\",\"1\":\"47584432\"}');

--
-- Table structure for table `oc_affiliate`
--

 SET character_set_client = utf8mb4 ;
CREATE TABLE `oc_affiliate` (
  `affiliate_id` int(11) NOT NULL AUTO_INCREMENT,
  `firstname` varchar(32) NOT NULL,
  `lastname` varchar(32) NOT NULL,
  `email` varchar(96) NOT NULL,
  `telephone` varchar(32) NOT NULL,
  `fax` varchar(32) NOT NULL,
  `password` varchar(40) NOT NULL,
  `salt` varchar(9) NOT NULL,
  `company` varchar(40) NOT NULL,
  `website` varchar(255) NOT NULL,
  `address_1` varchar(128) NOT NULL,
  `address_2` varchar(128) NOT NULL,
  `city` varchar(128) NOT NULL,
  `postcode` varchar(10) NOT NULL,
  `country_id` int(11) NOT NULL,
  `zone_id` int(11) NOT NULL,
  `code` varchar(64) NOT NULL,
  `commission` decimal(4,2) NOT NULL DEFAULT '0.00',
  `tax` varchar(64) NOT NULL,
  `payment` varchar(6) NOT NULL,
  `cheque` varchar(100) NOT NULL,
  `paypal` varchar(64) NOT NULL,
  `bank_name` varchar(64) NOT NULL,
  `bank_branch_number` varchar(64) NOT NULL,
  `bank_swift_code` varchar(64) NOT NULL,
  `bank_account_name` varchar(64) NOT NULL,
  `bank_account_number` varchar(64) NOT NULL,
  `ip` varchar(40) NOT NULL,
  `status` tinyint(1) NOT NULL,
  `approved` tinyint(1) NOT NULL,
  `date_added` datetime NOT NULL,
  PRIMARY KEY (`affiliate_id`)
) ENGINE=MyISAM AUTO_INCREMENT=2 DEFAULT CHARSET=utf8;

--
-- Dumping data for table `oc_affiliate`
--

INSERT INTO `oc_affiliate` VALUES (1,'Robert','Chilingaryan','crobads1.marketing@gmail.com','091901108','','a5d6ca0f366ca76ca42d00ea9244cf5dc14b153e','kPdkSI5Eg','1990','','grigor lusavorich 3','','Yerevan','00155',53,849,'5b3b59d698940',0.00,'','cheque','Robert Chilingaryan','','','','','','','89.249.203.125',1,1,'2018-07-03 11:11:18');

--
-- Table structure for table `oc_affiliate_activity`
--

 SET character_set_client = utf8mb4 ;
CREATE TABLE `oc_affiliate_activity` (
  `affiliate_activity_id` int(11) NOT NULL AUTO_INCREMENT,
  `affiliate_id` int(11) NOT NULL,
  `key` varchar(64) NOT NULL,
  `data` text NOT NULL,
  `ip` varchar(40) NOT NULL,
  `date_added` datetime NOT NULL,
  PRIMARY KEY (`affiliate_activity_id`)
) ENGINE=MyISAM AUTO_INCREMENT=2 DEFAULT CHARSET=utf8;

--
-- Dumping data for table `oc_affiliate_activity`
--

INSERT INTO `oc_affiliate_activity` VALUES (1,1,'register','{\"affiliate_id\":1,\"name\":\"Robert Chilingaryan\"}','89.249.203.125','2018-07-03 11:11:19');

--
-- Table structure for table `oc_affiliate_login`
--

 SET character_set_client = utf8mb4 ;
CREATE TABLE `oc_affiliate_login` (
  `affiliate_login_id` int(11) NOT NULL AUTO_INCREMENT,
  `email` varchar(96) NOT NULL,
  `ip` varchar(40) NOT NULL,
  `total` int(4) NOT NULL,
  `date_added` datetime NOT NULL,
  `date_modified` datetime NOT NULL,
  PRIMARY KEY (`affiliate_login_id`),
  KEY `email` (`email`),
  KEY `ip` (`ip`)
) ENGINE=MyISAM AUTO_INCREMENT=2 DEFAULT CHARSET=utf8;

--
-- Dumping data for table `oc_affiliate_login`
--

INSERT INTO `oc_affiliate_login` VALUES (1,'pbiros','95.102.44.207',1,'2017-05-12 11:22:40','2017-05-12 11:22:40');

--
-- Table structure for table `oc_affiliate_transaction`
--

 SET character_set_client = utf8mb4 ;
CREATE TABLE `oc_affiliate_transaction` (
  `affiliate_transaction_id` int(11) NOT NULL AUTO_INCREMENT,
  `affiliate_id` int(11) NOT NULL,
  `order_id` int(11) NOT NULL,
  `description` text NOT NULL,
  `amount` decimal(15,4) NOT NULL,
  `date_added` datetime NOT NULL,
  PRIMARY KEY (`affiliate_transaction_id`)
) ENGINE=MyISAM DEFAULT CHARSET=utf8;

--
-- Dumping data for table `oc_affiliate_transaction`
--


--
-- Table structure for table `oc_api`
--

 SET character_set_client = utf8mb4 ;
CREATE TABLE `oc_api` (
  `api_id` int(11) NOT NULL AUTO_INCREMENT,
  `name` varchar(64) NOT NULL,
  `key` text NOT NULL,
  `status` tinyint(1) NOT NULL,
  `date_added` datetime NOT NULL,
  `date_modified` datetime NOT NULL,
  PRIMARY KEY (`api_id`)
) ENGINE=MyISAM AUTO_INCREMENT=2 DEFAULT CHARSET=utf8;

--
-- Dumping data for table `oc_api`
--

INSERT INTO `oc_api` VALUES (1,'Default','ORswmPfilqu77ctG7dxLjUGNkYWxQkTfT6jy8CBIBjFG4zITBfh8mT6gi5MjrVBEC2t6UlkZdvI7Kru2tApbJOnP90EGn48ki3FBoEfrCfByXdcurDh2DBzuXKchvx88qQBTBQYhtTZvGzc7ofIBRZP3EXmFqcidkrlPahLmlmq5HaXV4IYtVsqKZwbpvr0vbyu3wn97X9stuBQ4kWxCVklxO8haQD9y1JOaeYDxa1T29qa4UTV8IE4SwsC86VeE',1,'2017-02-13 13:16:30','2019-05-09 15:33:20');

--
-- Table structure for table `oc_api_ip`
--

 SET character_set_client = utf8mb4 ;
CREATE TABLE `oc_api_ip` (
  `api_ip_id` int(11) NOT NULL AUTO_INCREMENT,
  `api_id` int(11) NOT NULL,
  `ip` varchar(40) NOT NULL,
  PRIMARY KEY (`api_ip_id`)
) ENGINE=MyISAM AUTO_INCREMENT=20 DEFAULT CHARSET=utf8;

--
-- Dumping data for table `oc_api_ip`
--

INSERT INTO `oc_api_ip` VALUES (17,1,'78.99.57.197'),(16,1,'127.0.0.1'),(15,1,'localhost'),(14,1,'52.169.219.224'),(13,1,'91.127.215.139'),(12,1,'88.212.36.69'),(18,1,'95.103.112.232'),(19,1,'88.212.37.130');

--
-- Table structure for table `oc_api_session`
--

 SET character_set_client = utf8mb4 ;
CREATE TABLE `oc_api_session` (
  `api_session_id` int(11) NOT NULL AUTO_INCREMENT,
  `api_id` int(11) NOT NULL,
  `token` varchar(32) NOT NULL,
  `session_id` varchar(32) NOT NULL,
  `session_name` varchar(32) NOT NULL,
  `ip` varchar(40) NOT NULL,
  `date_added` datetime NOT NULL,
  `date_modified` datetime NOT NULL,
  PRIMARY KEY (`api_session_id`)
) ENGINE=MyISAM AUTO_INCREMENT=85 DEFAULT CHARSET=utf8;

--
-- Dumping data for table `oc_api_session`
--

INSERT INTO `oc_api_session` VALUES (77,1,'sf8qiyyS0Ky07mkCJNOFJMD7vCNb5AJn','lp2rspcsfgjkt6ahlib502bin4','','88.212.36.69','2018-10-22 09:11:55','2018-10-22 09:41:57'),(78,1,'Brtf6w5DCKbvoikCec0emUdMI4Rff3DQ','7fpfa9lgb3nsc6voklv1sren22','','88.212.36.69','2018-11-22 10:19:26','2018-11-22 10:19:26'),(79,1,'VAf9tg3Q1EbRLZgXH6h3EcrDKGxoWeLc','srt6r3c7d1g61mu8dgolkr3uk4','','88.212.36.69','2018-11-22 10:19:51','2018-11-22 10:19:51'),(80,1,'nIhzits1iCEonIBYHCYivTA28FZ3YiWM','n0c7g9e9hf8behq0g4pfi3oad6','','88.212.36.69','2018-11-22 10:19:53','2018-11-22 10:19:53'),(81,1,'rYzw2suKzD9ECvBjWhYs63qh6SdRQr3A','mtlkhlan0arf4buhsadmrtmqj4','','88.212.36.69','2018-11-22 10:21:59','2018-11-22 10:21:59'),(82,1,'eSbFx62yJswXhLbCMdZFScLYgWk9dcai','pe4h2hcic1fl9h2r7n9unnaci2','','88.212.36.69','2018-11-22 10:22:05','2018-11-22 10:22:05'),(83,1,'DKyPHTN7JCGfmJTzWGTAAWnosj7hXjXw','jthsv7a7rrcf9779h8uu5pv4h7','','88.212.36.69','2018-11-26 18:04:36','2018-11-26 18:04:36'),(84,1,'ELpfdDAZQ3FL7hyFwgxvysJwzI4AE9Df','fqn7fbarmstb1mcq3slpa055f0','','88.212.36.69','2018-11-26 18:04:46','2018-11-26 18:04:46');

--
-- Table structure for table `oc_attribute`
--

 SET character_set_client = utf8mb4 ;
CREATE TABLE `oc_attribute` (
  `attribute_id` int(11) NOT NULL AUTO_INCREMENT,
  `attribute_group_id` int(11) NOT NULL,
  `sort_order` int(3) NOT NULL,
  PRIMARY KEY (`attribute_id`)
) ENGINE=MyISAM AUTO_INCREMENT=17 DEFAULT CHARSET=utf8;

--
-- Dumping data for table `oc_attribute`
--

INSERT INTO `oc_attribute` VALUES (12,7,1),(13,7,0),(14,7,0),(15,7,0),(16,7,0);

--
-- Table structure for table `oc_attribute_description`
--

 SET character_set_client = utf8mb4 ;
CREATE TABLE `oc_attribute_description` (
  `attribute_id` int(11) NOT NULL,
  `language_id` int(11) NOT NULL,
  `name` varchar(64) NOT NULL,
  PRIMARY KEY (`attribute_id`,`language_id`)
) ENGINE=MyISAM DEFAULT CHARSET=utf8;

--
-- Dumping data for table `oc_attribute_description`
--

INSERT INTO `oc_attribute_description` VALUES (12,4,'5+1'),(12,1,'5+1'),(13,4,'4+1'),(13,1,'4+1'),(14,4,'6+1'),(14,1,'6+1'),(15,4,'7+1'),(15,1,'7+1'),(16,4,'8+1'),(16,1,'8+1');

--
-- Table structure for table `oc_attribute_group`
--

 SET character_set_client = utf8mb4 ;
CREATE TABLE `oc_attribute_group` (
  `attribute_group_id` int(11) NOT NULL AUTO_INCREMENT,
  `sort_order` int(3) NOT NULL,
  PRIMARY KEY (`attribute_group_id`)
) ENGINE=MyISAM AUTO_INCREMENT=8 DEFAULT CHARSET=utf8;

--
-- Dumping data for table `oc_attribute_group`
--

INSERT INTO `oc_attribute_group` VALUES (7,1);

--
-- Table structure for table `oc_attribute_group_description`
--

 SET character_set_client = utf8mb4 ;
CREATE TABLE `oc_attribute_group_description` (
  `attribute_group_id` int(11) NOT NULL,
  `language_id` int(11) NOT NULL,
  `name` varchar(64) NOT NULL,
  PRIMARY KEY (`attribute_group_id`,`language_id`)
) ENGINE=MyISAM DEFAULT CHARSET=utf8;

--
-- Dumping data for table `oc_attribute_group_description`
--

INSERT INTO `oc_attribute_group_description` VALUES (7,4,'Výroba a doprava'),(7,1,'Production and Delivery');

--
-- Table structure for table `oc_banner`
--

 SET character_set_client = utf8mb4 ;
CREATE TABLE `oc_banner` (
  `banner_id` int(11) NOT NULL AUTO_INCREMENT,
  `name` varchar(64) NOT NULL,
  `status` tinyint(1) NOT NULL,
  PRIMARY KEY (`banner_id`)
) ENGINE=MyISAM AUTO_INCREMENT=32 DEFAULT CHARSET=utf8;

--
-- Dumping data for table `oc_banner`
--

INSERT INTO `oc_banner` VALUES (6,'HP Products',1),(7,'Home Page 1170 x 570',1),(8,'Manufacturers',1),(17,'HOME 2.rad vpravo',1),(16,'Leftbanner-slider',1),(18,'Home 3. rad',1),(19,'HOME 6 Bannerov  (4 male a 2 vacsie)',1),(20,'Hlavne menu (bannery pri sekciach)',1),(21,'HOME 2.rad vlavo',1),(22,'0.rad TOP banner vacsi  HLAVNA STRANKA',0),(23,'0.rad TOP banner mensi HLAVNA STRANKA',0),(24,'Kontakt - bannery showroomu',1),(25,'Banner Kontakt hore',0),(26,'Banner pod texty ',1),(27,'MULTI AKCIOVE bannery',1),(28,'0.rad TOP banner mensi PODSTRANKY',0),(29,'0.rad TOP banner vacsi PODSTRANKY',0),(30,'Bannery SKLADOM',1),(31,'Banner LETNÝ VYPREDAJ',1);

--
-- Table structure for table `oc_banner_image`
--

 SET character_set_client = utf8mb4 ;
CREATE TABLE `oc_banner_image` (
  `banner_image_id` int(11) NOT NULL AUTO_INCREMENT,
  `banner_id` int(11) NOT NULL,
  `language_id` int(11) NOT NULL,
  `title` varchar(64) NOT NULL,
  `link` varchar(255) NOT NULL,
  `image` varchar(255) NOT NULL,
  `sort_order` int(3) NOT NULL DEFAULT '0',
  PRIMARY KEY (`banner_image_id`)
) ENGINE=MyISAM AUTO_INCREMENT=4997 DEFAULT CHARSET=utf8;

--
-- Dumping data for table `oc_banner_image`
--

INSERT INTO `oc_banner_image` VALUES (87,6,1,'HP Banner','index.php?route=product/manufacturer/info&amp;manufacturer_id=7','catalog/demo/compaq_presario.jpg',0),(4383,19,4,'5 maly','https://www.italiandesignstudio.com/index.php?route=product/filter&amp;filter=30','catalog/nove bannery jana/nove bannery/7-skandinavsky-dizajn.png',5),(4382,19,4,'4 velky','https://realizacie.italiandesignstudio.com/','catalog/BANNERY/Nove banery/Banner_web_sachovnica_velky_6.png',4),(113,9,1,'LeftBanner','','catalog/demo/banners/Leftbanner.jpg',0),(114,10,1,'LeftBanner-slider1','','catalog/demo/banners/Leftbanner.jpg',1),(115,10,1,'LeftBanner-slider2','','catalog/demo/banners/Leftbanner.jpg',2),(130,11,1,'LeftBanner','','catalog/demo/banners/Leftbanner.jpg',0),(131,12,1,'LeftBanner-slider1','','catalog/demo/banners/Leftbanner.jpg',1),(132,12,1,'LeftBanner-slider2','','catalog/demo/banners/Leftbanner.jpg',2),(4377,30,4,'Zahrada','https://www.italiandesignstudio.com/zahrada&amp;instock=true','catalog/nove bannery jana/nove bannery/7-zahrada.png',7),(147,13,1,'LeftBanner','','catalog/demo/banners/Leftbanner.jpg',0),(148,14,1,'LeftBanner-slider1','','catalog/demo/banners/Leftbanner.jpg',1),(149,14,1,'LeftBanner-slider2','','catalog/demo/banners/Leftbanner.jpg',2),(4232,24,4,'siroky 1','#','catalog/nove bannery jana/na-sirku-1.png',3),(2780,18,4,'NADPIS','#','catalog/BANNERY/Letne Zlavy/Lista_široká4.png',0),(169,6,2,'HP Banner','index.php?route=product/manufacturer/info&amp;manufacturer_id=7','catalog/demo/compaq_presario.jpg',0),(2961,20,4,'170-2-outlet','https://www.italiandesignstudio.com/index.php?route=product/product&amp;path=170_228&amp;product_id=2083','catalog/unnamed bbb.png',73),(2960,20,4,'170-1-outlet','https://www.italiandesignstudio.com/index.php?route=product/category&amp;path=170','catalog/outlet1b.png',72),(181,9,2,'LeftBanner','','catalog/demo/banners/Leftbanner.jpg',0),(182,10,2,'LeftBanner-slider1','','catalog/demo/banners/Leftbanner.jpg',1),(183,10,2,'LeftBanner-slider2','','catalog/demo/banners/Leftbanner.jpg',2),(184,11,2,'LeftBanner','','catalog/demo/banners/Leftbanner.jpg',0),(185,12,2,'LeftBanner-slider1','','catalog/demo/banners/Leftbanner.jpg',1),(186,12,2,'LeftBanner-slider2','','catalog/demo/banners/Leftbanner.jpg',2),(188,13,2,'LeftBanner','','catalog/demo/banners/Leftbanner.jpg',0),(189,14,2,'LeftBanner-slider1','','catalog/demo/banners/Leftbanner.jpg',1),(190,14,2,'LeftBanner-slider2','','catalog/demo/banners/Leftbanner.jpg',2),(2452,16,1,'LeftBanner-slider1','','catalog/demo/banners/Leftbanner.jpg',1),(196,6,3,'HP Banner','index.php?route=product/manufacturer/info&amp;manufacturer_id=7','catalog/demo/compaq_presario.jpg',0),(2959,20,4,'221-5-svietidla','https://www.italiandesignstudio.com/index.php?route=product/product&amp;path=221_227&amp;product_id=674','catalog/zahradne svietidla.png',65),(318,8,1,'Brand1','','catalog/demo/banners/brandlogo.png',0),(317,8,1,'Brand3','','catalog/demo/banners/brandlogo.png',0),(316,8,1,'Brand2','','catalog/demo/banners/brandlogo.png',0),(315,8,1,'Brand4','','catalog/demo/banners/brandlogo.png',0),(314,8,1,'Brand5','','catalog/demo/banners/brandlogo.png',0),(313,8,1,'Brand6','','catalog/demo/banners/brandlogo.png',0),(312,8,1,'Brand7','','catalog/demo/banners/brandlogo.png',0),(4376,30,4,'Nabytok ','https://www.italiandesignstudio.com/nabytok&amp;instock=true','catalog/nove bannery jana/nove bannery/6-nabytok.png',6),(311,8,1,'Brand8','','catalog/demo/banners/brandlogo.png',0),(208,9,3,'LeftBanner','','catalog/demo/banners/Leftbanner.jpg',0),(209,10,3,'LeftBanner-slider1','','catalog/demo/banners/Leftbanner.jpg',1),(210,10,3,'LeftBanner-slider2','','catalog/demo/banners/Leftbanner.jpg',2),(211,11,3,'LeftBanner','','catalog/demo/banners/Leftbanner.jpg',0),(212,12,3,'LeftBanner-slider1','','catalog/demo/banners/Leftbanner.jpg',1),(213,12,3,'LeftBanner-slider2','','catalog/demo/banners/Leftbanner.jpg',2),(310,8,1,'Brand9','','catalog/demo/banners/brandlogo.png',0),(215,13,3,'LeftBanner','','catalog/demo/banners/Leftbanner.jpg',0),(216,14,3,'LeftBanner-slider1','','catalog/demo/banners/Leftbanner.jpg',1),(217,14,3,'LeftBanner-slider2','','catalog/demo/banners/Leftbanner.jpg',2),(2450,16,4,'LeftBanner-slider1','http://italo.biz.tm/index.php?route=product/search&amp;search=foliage','catalog/Banner_web_sachovnica_maly_1.png',1),(223,6,4,'HP Banner','index.php?route=product/manufacturer/info&amp;manufacturer_id=7','catalog/demo/compaq_presario.jpg',0),(309,8,1,'Brand10','','catalog/demo/banners/brandlogo.png',0),(308,8,1,'Brand11','','catalog/demo/banners/brandlogo.png',0),(307,8,4,'11','','catalog/manufacturers/tonis.jpg',0),(306,8,4,'11','','catalog/manufacturers/norman.jpg',0),(305,8,4,'11','','catalog/manufacturers/midj.jpg',0),(304,8,4,'11','','catalog/manufacturers/kartell.jpg',0),(303,8,4,'11','','catalog/manufacturers/fatboy.jpg',0),(302,8,4,'11','','catalog/manufacturers/emu.jpg',0),(301,8,4,'11','','catalog/manufacturers/domitalia.jpg',0),(4375,30,4,'Svietidla','https://www.italiandesignstudio.com/svietidla&amp;instock=true','catalog/nove bannery jana/nove bannery/5-svietidla.png',5),(300,8,4,'11','','catalog/manufacturers/connubia.jpg',0),(235,9,4,'LeftBanner','','catalog/demo/banners/Leftbanner.jpg',0),(236,10,4,'LeftBanner-slider1','','catalog/demo/banners/Leftbanner.jpg',1),(237,10,4,'LeftBanner-slider2','','catalog/demo/banners/Leftbanner.jpg',2),(238,11,4,'LeftBanner','','catalog/demo/banners/Leftbanner.jpg',0),(239,12,4,'LeftBanner-slider1','','catalog/demo/banners/Leftbanner.jpg',1),(240,12,4,'LeftBanner-slider2','','catalog/demo/banners/Leftbanner.jpg',2),(299,8,4,'11','','catalog/manufacturers/bontemp.jpg',0),(242,13,4,'LeftBanner','','catalog/demo/banners/Leftbanner.jpg',0),(243,14,4,'LeftBanner-slider1','','catalog/demo/banners/Leftbanner.jpg',1),(244,14,4,'LeftBanner-slider2','','catalog/demo/banners/Leftbanner.jpg',2),(2451,16,4,'LeftBanner-slider2','https://www.italiandesignstudio.com/index.php?route=product/product&amp;path=167_206&amp;product_id=2162','catalog/Banner_web_sachovnica_maly_2.png',2),(4381,19,4,'3 velky','https://www.italiandesignstudio.com/zahrada','catalog/nove bannery jana/nove bannery/6-zahrada.png',3),(2958,20,4,'221-4-svietidla','https://www.italiandesignstudio.com/index.php?route=product/product&amp;path=167_206&amp;product_id=2162','catalog/stojace lampy.png',64),(2957,20,4,'221-3-svietidla','https://www.italiandesignstudio.com/index.php?route=product/product&amp;path=221_223&amp;product_id=411','catalog/stropne svietidla.png',63),(2956,20,4,'221-2-svietidla','https://www.italiandesignstudio.com/index.php?route=product/product&amp;path=221_223&amp;product_id=1486','catalog/visiace lampy.png',62),(2953,20,4,'169-1-zahrada','https://www.italiandesignstudio.com/index.php?route=product/category&amp;path=169','catalog/zahrada1b.png',52),(2954,20,4,'169-2-zahrada','https://www.italiandesignstudio.com/index.php?route=product/product&amp;path=166_171_176&amp;product_id=1974','catalog/hbb.png',53),(2955,20,4,'221-1-svietidla','https://www.italiandesignstudio.com/index.php?route=product/product&amp;path=169_215&amp;product_id=1539','catalog/stolove lampy.png',61),(2477,17,4,'TEST','https://www.italiandesignstudio.com/index.php?route=information/information&amp;information_id=8','catalog/BANNERY/Banner_web_subcategory_2.png',0),(2952,20,4,'168-2-kancelaria','https://www.italiandesignstudio.com/index.php?route=product/category&amp;path=168_207','catalog/18-19_Apelle_D,_DP,_Armando.jpg',42),(2951,20,4,'168-1-kancelaria','https://www.italiandesignstudio.com/index.php?route=product/product&amp;path=168_207&amp;product_id=1150','catalog/16-17_Guapa_DPA,_PX,_lamp,_moonlight (1).jpg',41),(2950,20,4,'167-3-nabytok','https://www.italiandesignstudio.com/index.php?route=product/product&amp;path=167_204&amp;product_id=1962','catalog/nabytok3.png',33),(2949,20,4,'167-2-nabytok','https://www.italiandesignstudio.com/index.php?route=product/product&amp;path=167_201&amp;product_id=1365','catalog/nabytok2.png',32),(2948,20,4,'167-1-nabytok','https://www.italiandesignstudio.com/index.php?route=product/product&amp;path=167_197_198&amp;product_id=2166','catalog/nabytok1.png',31),(2947,20,4,'141-5-kresla','https://www.italiandesignstudio.com/index.php?route=product/category&amp;path=141_239','catalog/rozkladacie sedacky.png',25),(2946,20,4,'141-2-kresla','https://www.italiandesignstudio.com/index.php?route=product/product&amp;path=141_194&amp;product_id=1336','catalog/pohovky sedacky.png',24),(2945,20,4,'141-3-kresla','https://www.italiandesignstudio.com/kresla-a-pohovky/kresla/apelle-cl','catalog/oddychove lehatka.png',23),(2944,20,4,'141-4-kresla','https://www.italiandesignstudio.com/index.php?route=product/category&amp;path=141_194','catalog/polohovatelne kresla.png',22),(2943,20,4,'141-1-kresla','https://www.italiandesignstudio.com/index.php?route=product/product&amp;path=141_194&amp;product_id=1491','catalog/kresla.png',21),(2942,20,4,'166-3-stoly','https://www.italiandesignstudio.com/index.php?route=product/category&amp;path=166_173','catalog/barove stolicky.png',13),(2941,20,4,'166-2-stoly','https://www.italiandesignstudio.com/index.php?route=product/search&amp;search=artistico','catalog/stoly.png',12),(2940,20,4,'166-1-stoly','https://www.italiandesignstudio.com/index.php?route=product/product&amp;path=166_171_176&amp;product_id=1752','catalog/stolicky.png',11),(2476,25,4,'Banner','#','catalog/BANNERY/Lista_široká_kontakt-min.png',0),(2443,26,4,'banner','','catalog/BANNERY/Lista_široká_onas-min.png',0),(3901,22,4,'talenti','','catalog/BANNERY/Jarne zlavy/banner-na-stranku.gif',0),(2453,16,1,'LeftBanner-slider2','','catalog/demo/banners/Leftbanner.jpg',2),(4374,30,4,'Stolicky','https://www.italiandesignstudio.com/stoly-a-stolicky/stolicky&amp;instock=true','catalog/nove bannery jana/nove bannery/4-stolicky.png',4),(4373,30,4,'Kresla a pohovky','https://www.italiandesignstudio.com/kresla-a-pohovky&amp;instock=true','catalog/nove bannery jana/nove bannery/3-kresla-a-pohovky.png',3),(3025,28,4,'##','https://www.italiandesignstudio.com/index.php?route=product/manufacturer/info&amp;manufacturer_id=22','catalog/BANNERY/referencie 2/Lista Kartell.png',0),(3024,23,4,'banner','https://www.italiandesignstudio.com/index.php?route=product/manufacturer/info&amp;manufacturer_id=22','catalog/BANNERY/referencie 2/Lista Kartell.png',0),(4231,24,4,'vysoky 2','#','catalog/nove bannery jana/na-vysku-2.png',2),(4372,30,4,'Barove stolicky','https://www.italiandesignstudio.com/stoly-a-stolicky/barove-stolicky&amp;instock=true','catalog/nove bannery jana/nove bannery/2-barove-stolicky.png',2),(4380,19,4,'2 maly','https://www.italiandesignstudio.com/nabytok/kavove-a-konferencne-stoliky','catalog/nove bannery jana/nove bannery/4-konferencne-stoliky.png',2),(3779,27,4,'maly8','https://www.italiandesignstudio.com/index.php?route=product/manufacturer/info&amp;manufacturer_id=22','catalog/BANNERY/Letne Zlavy/Kartell.png',16),(4385,21,4,'Produkt tyzdna','https://www.italiandesignstudio.com/skladom','catalog/nove bannery jana/nove bannery/1-skladom.png',10),(4371,30,4,'Stoly','https://www.italiandesignstudio.com/stoly-a-stolicky/stoly&amp;instock=true','catalog/nove bannery jana/nove bannery/1-stoly.png',1),(3778,27,4,'velky8','https://www.italiandesignstudio.com/outlet','catalog/BANNERY/Letne Zlavy/Outlet.png',15),(3777,27,4,'velky7','https://www.italiandesignstudio.com/index.php?route=product/manufacturer/info&amp;manufacturer_id=51','catalog/BANNERY/Letne Zlavy/Chairsmoore.png',14),(3771,27,4,'maly 4','https://www.italiandesignstudio.com/index.php?route=product/manufacturer/info&amp;manufacturer_id=45','catalog/BANNERY/Zimne zlavy/Banner_web_zimnezlavy_slide.png',8),(3772,27,4,'maly5','https://www.italiandesignstudio.com/svietidla','catalog/BANNERY/Zimne zlavy/Banner_web_zimnezlavy_svietidla.png',9),(3773,27,4,'velky 5','https://www.italiandesignstudio.com/index.php?route=product/manufacturer/info&amp;manufacturer_id=32','catalog/BANNERY/Zimne zlavy/Banner_web_zimnezlavy_natisa.png',10),(4379,19,4,'1 maly','https://www.italiandesignstudio.com/nabytok/komody','catalog/nove bannery jana/nove bannery/3-komody.png',1),(4230,24,4,'siroky 2','','catalog/nove bannery jana/na-sirku-2.png',1),(3775,27,4,'maly6','https://www.italiandesignstudio.com/index.php?route=product/manufacturer/info&amp;manufacturer_id=36','catalog/BANNERY/Zimne zlavy/Banner_web_zimnezlavy_emporium.png',12),(3765,27,4,'velky 1','https://www.italiandesignstudio.com/index.php?route=product/manufacturer/info&amp;manufacturer_id=25','catalog/BANNERY/Zimne zlavy/Banner_web_zimnezlavy_domitalia.png',2),(3766,27,4,'velky 3','https://www.italiandesignstudio.com/stoly-a-stolicky/stoly','catalog/BANNERY/Zimne zlavy/Banner_web_zimnezlavy_jedalenskestoly.png',3),(3767,27,4,'maly 3','https://www.italiandesignstudio.com/index.php?route=product/manufacturer/info&amp;manufacturer_id=31','catalog/BANNERY/Zimne zlavy/Banner_web_zimnezlavy_infinity.png',4),(3768,27,4,'maly 2','https://www.italiandesignstudio.com/index.php?route=product/manufacturer/info&amp;manufacturer_id=42','catalog/BANNERY/Zimne zlavy/Banner_web_zimnezlavy_metalmobil.png',5),(3776,27,4,'maly7','https://www.italiandesignstudio.com/index.php?route=product/manufacturer/info&amp;manufacturer_id=11','catalog/BANNERY/Zimne zlavy/Banner_web_zimnezlavy_scab.png',13),(3774,27,4,'velky 6','https://www.italiandesignstudio.com/index.php?route=product/manufacturer/info&amp;manufacturer_id=18','catalog/BANNERY/Zimne zlavy/Banner_web_zimnezlavy_gaber.png',11),(3770,27,4,'velky 4','https://www.italiandesignstudio.com/index.php?route=product/manufacturer/info&amp;manufacturer_id=19','catalog/BANNERY/Zimne zlavy/Banner_web_zimnezlavy_tonon.png',7),(3769,27,4,'velky 2','https://www.italiandesignstudio.com/index.php?route=product/manufacturer/info&amp;manufacturer_id=16','catalog/BANNERY/Zimne zlavy/Banner_web_zimnezlavy_colico.png',6),(3764,27,4,'maly 1','https://www.italiandesignstudio.com/index.php?route=product/manufacturer/info&amp;manufacturer_id=13','catalog/BANNERY/Zimne zlavy/Banner_web_zimnezlavy_cosatto.png',1),(4996,7,1,'Banner3','','catalog/demo/banners/Mainbanner.jpg',3),(4982,31,4,'chairs and more','https://www.italiandesignstudio.com/index.php?route=product/manufacturer/info&amp;manufacturer_id=51','catalog/BANNERY/zimne zlavy 2019/chairs-and-more.png',15),(4979,31,4,'colico','https://www.italiandesignstudio.com/index.php?route=product/manufacturer/info&amp;manufacturer_id=16','catalog/BANNERY/zimne zlavy 2019/colico.png',12),(4981,31,4,'cossato','https://www.italiandesignstudio.com/index.php?route=product/manufacturer/info&amp;manufacturer_id=13','catalog/BANNERY/zimne zlavy 2019/cossato.png',14),(4980,31,4,'hodiny','https://www.italiandesignstudio.com/nabytok/clocks','catalog/BANNERY/zimne zlavy 2019/12-hodinx.png',13),(4975,31,4,'birex','https://www.italiandesignstudio.com/index.php?route=product/manufacturer/info&amp;manufacturer_id=83','catalog/BANNERY/zimne zlavy 2019/3.png',7),(4976,31,4,'zahrada','https://www.italiandesignstudio.com/zahrada','catalog/BANNERY/zimne zlavy 2019/zahrada.png',9),(4977,31,4,'koberce','https://www.italiandesignstudio.com/nabytok/rugs','catalog/BANNERY/zimne zlavy 2019/9-koberce.png',10),(4233,24,4,'vysoky 2','#','catalog/nove bannery jana/na-vysku-1.png',4),(4990,29,4,'letny vypredaj','https://www.italiandesignstudio.com/letny-vypredaj','catalog/nove bannery jana/hlavny-banner-uzky.png',1),(4978,31,4,'jedalenske stoly','https://www.italiandesignstudio.com/stoly-a-stolicky/stoly/jedalenske-stoly','catalog/BANNERY/zimne zlavy 2019/jedalenske.png',11),(4974,31,4,'pre deti','https://www.italiandesignstudio.com/nabytok/baby','catalog/BANNERY/zimne zlavy 2019/7-pre-deti.png',6),(4969,31,4,'svietidla','https://www.italiandesignstudio.com/svietidla','catalog/BANNERY/zimne zlavy 2019/1-svietidla.png',1),(4970,31,4,'stolicky','https://www.italiandesignstudio.com/stoly-a-stolicky/stolicky','catalog/BANNERY/zimne zlavy 2019/2-stolicky.png',2),(4971,31,4,'outlet','https://www.italiandesignstudio.com/outlet','catalog/BANNERY/zimne zlavy 2019/3-outlet.png',3),(4994,7,1,'xxxx','Banner1','catalog/demo/banners/Mainbanner.jpg',1),(4995,7,1,'Banner2','','catalog/demo/banners/Mainbanner.jpg',2),(4991,7,4,'miniforms','https://www.italiandesignstudio.com/index.php?route=product/manufacturer/info&amp;manufacturer_id=109','catalog/nove bannery jana/hlavny-banner-miniforms.png',1),(4993,7,4,'banner 5','https://www.italiandesignstudio.com/kresla-a-pohovky/pohovky-a-sedacky','catalog/nove bannery jana/hl-banner-sedacky-novinky.png',3),(4992,7,4,'zahrada 2','https://www.italiandesignstudio.com/zahrada','catalog/nove bannery jana/nove bannery/hlavny-banner-zahrada (1).png',2),(4378,30,4,'Kancelaria','https://www.italiandesignstudio.com/kancelaria&amp;instock=true','catalog/nove bannery jana/nove bannery/8-kancelaria.png',8),(4384,19,4,'6 maly','https://www.italiandesignstudio.com/index.php?route=product/filter&amp;filter=29','catalog/nove bannery jana/nove bannery/8-industrialny-styl.png',6),(4972,31,4,'scab design','https://www.italiandesignstudio.com/index.php?route=product/manufacturer/info&amp;manufacturer_id=11','catalog/BANNERY/zimne zlavy 2019/scab-novy.png',4),(4973,31,4,'sedacky','https://www.italiandesignstudio.com/kresla-a-pohovky/pohovky-a-sedacky','catalog/BANNERY/zimne zlavy 2019/5-sedacky.png',5);

--
-- Table structure for table `oc_cart`
--

 SET character_set_client = utf8mb4 ;
CREATE TABLE `oc_cart` (
  `cart_id` int(11) unsigned NOT NULL AUTO_INCREMENT,
  `api_id` int(11) NOT NULL,
  `customer_id` int(11) NOT NULL,
  `session_id` varchar(32) NOT NULL,
  `product_id` int(11) NOT NULL,
  `recurring_id` int(11) NOT NULL,
  `option` text NOT NULL,
  `quantity` int(5) NOT NULL,
  `date_added` datetime NOT NULL,
  PRIMARY KEY (`cart_id`),
  KEY `cart_id` (`api_id`,`customer_id`,`session_id`,`product_id`,`recurring_id`)
) ENGINE=InnoDB AUTO_INCREMENT=2733 DEFAULT CHARSET=utf8;

--
-- Dumping data for table `oc_cart`
--

INSERT INTO `oc_cart` VALUES (39,0,1,'nv0upeknujui24ujg02qvrakb0',3073,0,'{\"8151\":\"47049\",\"0\":\"47049\"}',2,'2017-04-27 10:43:27'),(41,0,1,'nv0upeknujui24ujg02qvrakb0',200,0,'{\"576\":\"3177\",\"0\":\"3177\"}',2,'2017-04-27 10:57:35'),(84,0,2,'e7cg4fe400hasveilm3esvjl34',1219,0,'{\"3089\":\"15680\",\"0\":\"15680\"}',1,'2017-05-03 10:42:15'),(190,0,7,'594a7udnc3l4rf4kovs0rpg7e0',3149,0,'{\"8365\":\"48443\",\"0\":\"48443\",\"8366\":\"48445\",\"1\":\"48445\"}',4,'2017-07-09 14:41:25'),(514,0,14,'fe51jp174q8018dljj6riikf87',2850,0,'{\"7633\":\"44003\",\"0\":\"44003\",\"7634\":\"44017\",\"1\":\"44017\",\"7635\":\"44019\",\"2\":\"44019\"}',2,'2017-10-15 18:50:16'),(515,0,14,'fe51jp174q8018dljj6riikf87',2850,0,'{\"7633\":\"44009\",\"0\":\"44009\",\"7634\":\"44017\",\"1\":\"44017\",\"7635\":\"44019\",\"2\":\"44019\"}',4,'2017-10-15 18:50:29'),(516,0,14,'fe51jp174q8018dljj6riikf87',721,0,'{\"1828\":\"9561\",\"0\":\"9561\",\"1829\":\"9568\",\"1\":\"9568\",\"1830\":\"9576\",\"2\":\"9576\"}',2,'2017-10-15 18:50:55'),(517,0,14,'fe51jp174q8018dljj6riikf87',2858,0,'{\"7659\":\"44175\",\"0\":\"44175\",\"7660\":\"44179\",\"1\":\"44179\",\"7661\":\"44182\",\"2\":\"44182\",\"7662\":\"44183\",\"3\":\"44183\"}',2,'2017-10-15 18:51:22'),(543,0,20,'03ksmfj3ajs5cj76mr7huip9a5',3535,0,'{\"9305\":\"53016\",\"0\":\"53016\",\"9306\":\"53018\",\"1\":\"53018\"}',6,'2018-01-07 13:11:02'),(1037,0,41,'kvb1sv4nk69inr4b3qnb8mmpd1',4791,0,'{\"13071\":\"75066\",\"0\":\"75066\"}',1,'2018-10-20 18:32:22'),(1038,0,41,'kvb1sv4nk69inr4b3qnb8mmpd1',4785,0,'{\"13064\":\"75042\",\"0\":\"75042\"}',1,'2018-10-20 18:32:47'),(1039,0,41,'kvb1sv4nk69inr4b3qnb8mmpd1',4002,0,'{\"10306\":\"57327\",\"0\":\"57327\"}',1,'2018-10-20 18:33:17'),(1040,0,41,'kvb1sv4nk69inr4b3qnb8mmpd1',4925,0,'{\"13390\":\"76860\",\"0\":\"76860\",\"13391\":\"76861\",\"1\":\"76861\"}',2,'2018-10-20 18:46:59'),(1313,0,49,'0omqgb2p4r2dlnv98em1j2j646',1876,0,'{\"4938\":\"27265\",\"0\":\"27265\",\"4940\":\"27289\",\"1\":\"27289\",\"4941\":\"27291\",\"2\":\"27291\",\"4942\":\"27294\",\"3\":\"27294\"}',1,'2019-02-03 18:54:00'),(1314,0,49,'0omqgb2p4r2dlnv98em1j2j646',4139,0,'{\"10561\":\"58402\",\"0\":\"58402\"}',1,'2019-02-03 19:13:24'),(1319,0,49,'0omqgb2p4r2dlnv98em1j2j646',170,0,'{\"517\":\"2858\",\"0\":\"2858\",\"518\":\"2861\",\"1\":\"2861\"}',2,'2019-02-04 07:13:49'),(1324,0,49,'0omqgb2p4r2dlnv98em1j2j646',3811,0,'{\"9956\":\"56041\",\"0\":\"56041\",\"9957\":\"56043\",\"1\":\"56043\"}',2,'2019-02-04 11:18:41'),(1325,0,49,'0omqgb2p4r2dlnv98em1j2j646',1187,0,'{\"3011\":\"15230\",\"0\":\"15230\",\"3012\":\"15233\",\"1\":\"15233\"}',1,'2019-02-04 11:37:21'),(1332,0,49,'0omqgb2p4r2dlnv98em1j2j646',1876,0,'{\"4938\":\"27265\",\"0\":\"27265\",\"4940\":\"27290\",\"1\":\"27290\",\"4941\":\"27292\",\"2\":\"27292\",\"4942\":\"27294\",\"3\":\"27294\"}',1,'2019-02-05 10:26:48'),(1358,0,49,'0omqgb2p4r2dlnv98em1j2j646',942,0,'{\"2422\":\"12334\",\"0\":\"12334\"}',2,'2019-02-09 07:03:28'),(2151,0,67,'3qfhttjgjr3d962kfvikk1pc6v',5053,0,'{\"13744\":\"78322\",\"0\":\"78322\",\"13745\":\"78324\",\"1\":\"78324\",\"13746\":\"78326\",\"2\":\"78326\"}',1,'2019-07-13 16:18:46'),(2557,0,76,'1p6f7blu53952aulfkemvgdfgg',364,0,'{\"956\":\"5187\",\"0\":\"5187\"}',3,'2019-08-18 13:37:44'),(2558,0,76,'1p6f7blu53952aulfkemvgdfgg',364,0,'{\"956\":\"5184\",\"0\":\"5184\"}',1,'2019-08-18 13:47:16'),(2582,0,52,'canm9djha122mln668onh2st1s',3270,0,'{\"16650\":\"95795\",\"0\":\"95795\",\"8754\":\"50777\",\"1\":\"50777\"}',2,'2019-08-20 22:19:48'),(2583,0,52,'canm9djha122mln668onh2st1s',2106,0,'{\"5687\":\"31782\",\"0\":\"31782\",\"5688\":\"31784\",\"1\":\"31784\"}',1,'2019-08-20 22:25:45'),(2584,0,52,'canm9djha122mln668onh2st1s',1156,0,'{\"2941\":\"14892\",\"0\":\"14892\"}',1,'2019-08-20 22:26:53'),(2585,0,52,'canm9djha122mln668onh2st1s',1465,0,'{\"3833\":\"20368\",\"0\":\"20368\"}',2,'2019-08-20 22:31:25'),(2586,0,52,'canm9djha122mln668onh2st1s',1401,0,'{\"3608\":\"18580\",\"0\":\"18580\",\"3609\":\"18581\",\"1\":\"18581\"}',3,'2019-08-20 22:38:36'),(2674,0,52,'canm9djha122mln668onh2st1s',5267,0,'{\"14165\":\"80118\",\"0\":\"80118\"}',1,'2019-08-29 14:27:13'),(2679,0,52,'canm9djha122mln668onh2st1s',2207,0,'{\"5919\":\"33143\",\"0\":\"33143\",\"5920\":\"33145\",\"1\":\"33145\"}',1,'2019-08-29 15:48:06'),(2680,0,52,'canm9djha122mln668onh2st1s',5553,0,'{\"14660\":\"82534\",\"0\":\"82534\",\"14661\":\"82536\",\"1\":\"82536\"}',1,'2019-08-29 15:48:06'),(2681,0,52,'canm9djha122mln668onh2st1s',5829,0,'{\"15303\":\"85626\",\"0\":\"85626\"}',1,'2019-08-29 15:48:06'),(2690,0,52,'canm9djha122mln668onh2st1s',6298,0,'{\"18180\":\"103721\",\"0\":\"103721\",\"18181\":\"103727\",\"1\":\"103727\"}',2,'2019-08-30 16:55:14');

--
-- Table structure for table `oc_category`
--

 SET character_set_client = utf8mb4 ;
CREATE TABLE `oc_category` (
  `category_id` int(11) NOT NULL AUTO_INCREMENT,
  `image` varchar(255) DEFAULT NULL,
  `parent_id` int(11) NOT NULL DEFAULT '0',
  `top` tinyint(1) NOT NULL,
  `column` int(3) NOT NULL,
  `sort_order` int(3) NOT NULL DEFAULT '0',
  `status` tinyint(1) NOT NULL,
  `date_added` datetime NOT NULL,
  `date_modified` datetime NOT NULL,
  PRIMARY KEY (`category_id`),
  KEY `parent_id` (`parent_id`)
) ENGINE=MyISAM AUTO_INCREMENT=247 DEFAULT CHARSET=utf8;

--
-- Dumping data for table `oc_category`
--

INSERT INTO `oc_category` VALUES (141,'',0,1,1,3,1,'2017-02-28 20:48:50','2017-05-04 10:18:09'),(166,'',0,1,3,1,1,'2017-03-28 19:19:08','2017-04-22 07:54:08'),(167,'',0,1,1,3,1,'2017-03-28 19:20:50','2017-05-04 10:23:12'),(168,'',0,1,1,4,1,'2017-03-28 19:21:23','2017-05-04 10:13:35'),(169,'',0,1,1,5,1,'2017-03-28 19:21:46','2017-05-04 09:51:05'),(170,'',0,1,1,7,1,'2017-03-28 19:21:56','2017-04-29 18:42:18'),(171,'',166,1,1,1,1,'2017-03-28 19:23:11','2017-05-04 10:37:59'),(172,'',166,1,1,2,1,'2017-03-28 19:23:44','2017-05-04 11:31:50'),(173,'',166,1,1,3,1,'2017-03-28 19:31:14','2017-05-04 10:36:10'),(174,'',172,1,1,4,1,'2017-03-28 19:31:56','2017-05-04 09:43:54'),(175,'',172,1,1,5,1,'2017-03-28 19:32:17','2017-05-04 09:45:08'),(176,'',171,1,1,2,1,'2017-03-28 19:33:18','2017-05-04 11:31:06'),(177,'',171,1,1,3,1,'2017-03-28 19:33:48','2017-05-04 11:31:33'),(178,'',171,1,1,4,1,'2017-03-28 19:34:18','2017-05-04 11:29:04'),(179,'',171,1,1,5,1,'2017-03-28 19:34:42','2017-05-04 11:30:22'),(180,'',171,1,1,6,1,'2017-03-28 19:35:07','2017-05-04 11:29:55'),(181,'',171,1,1,7,1,'2017-03-28 19:35:39','2017-05-04 11:30:49'),(182,'',171,1,1,1,1,'2017-03-28 19:36:57','2017-04-29 18:36:20'),(183,'',172,1,1,1,1,'2017-03-28 19:38:15','2017-05-04 11:32:32'),(184,'',172,1,1,2,1,'2017-03-28 19:38:45','2017-05-04 11:32:10'),(185,'',172,1,1,3,1,'2017-03-28 19:39:07','2017-05-04 09:46:15'),(186,'',172,1,1,4,1,'2017-03-28 19:39:32','2017-05-04 09:47:25'),(187,'',172,1,1,5,1,'2017-03-28 19:39:53','2017-05-04 09:46:49'),(188,'',172,1,1,6,1,'2017-03-28 19:40:13','2017-05-04 09:47:49'),(189,'',173,1,1,1,1,'2017-03-28 19:41:02','2017-05-04 10:37:17'),(190,'',173,1,1,2,1,'2017-03-28 19:41:25','2017-05-04 10:37:00'),(191,'',173,1,1,3,1,'2017-03-28 19:41:48','2017-05-04 10:37:36'),(192,'',173,1,1,4,1,'2017-03-28 19:42:31','2017-05-04 10:36:29'),(193,'',141,1,1,1,1,'2017-03-28 19:43:24','2017-05-04 10:19:26'),(194,'',141,1,1,2,1,'2017-03-28 19:43:58','2017-05-04 10:21:48'),(195,'',141,1,1,3,1,'2017-03-28 19:44:24','2017-05-04 10:20:47'),(196,'',141,1,1,4,1,'2017-03-28 19:45:21','2017-05-04 10:22:32'),(197,'',167,1,1,1,1,'2017-03-28 19:46:17','2017-05-04 10:31:53'),(198,'',197,1,1,1,1,'2017-03-28 19:46:37','2017-05-04 10:32:25'),(199,'',197,1,1,2,1,'2017-03-28 19:47:00','2017-05-04 10:32:52'),(200,'',197,1,1,3,1,'2017-03-28 19:47:20','2017-05-04 10:32:40'),(201,'',167,1,2,2,1,'2017-03-28 19:48:17','2017-11-28 16:13:43'),(202,'',167,1,1,3,1,'2017-03-28 19:49:34','2017-05-04 10:33:24'),(203,'',167,1,1,4,1,'2017-03-28 19:50:58','2017-05-04 10:30:49'),(204,'',167,1,1,5,1,'2017-03-28 19:51:22','2017-05-04 10:30:35'),(205,'',167,1,1,6,1,'2017-03-28 19:52:36','2017-05-04 10:33:35'),(206,'',167,1,1,7,1,'2017-03-28 19:53:04','2017-05-04 10:25:52'),(207,'',168,1,1,1,1,'2017-03-28 19:54:09','2017-05-04 10:15:17'),(208,'',168,1,1,2,1,'2017-03-28 19:54:34','2017-05-04 10:14:19'),(209,'',168,1,1,3,1,'2017-03-28 19:55:00','2017-05-04 10:15:43'),(210,'',168,1,1,4,1,'2017-03-28 19:55:24','2017-05-04 10:13:54'),(211,'',169,1,1,1,1,'2017-03-28 19:55:54','2017-05-04 10:12:24'),(212,'',169,1,1,2,1,'2017-03-28 19:56:25','2017-05-04 10:12:42'),(213,'',169,1,1,3,1,'2017-03-28 19:56:50','2017-05-04 09:52:05'),(214,'',169,1,1,4,1,'2017-03-28 19:57:25','2017-05-04 10:08:56'),(215,'',169,1,1,5,1,'2017-03-28 19:57:55','2017-05-04 10:13:06'),(216,'',169,1,1,6,1,'2017-03-28 19:58:14','2017-05-04 10:12:01'),(217,'',169,1,1,7,1,'2017-03-28 19:58:34','2017-05-04 10:11:04'),(218,'',169,1,1,8,1,'2017-03-28 19:58:52','2017-05-04 10:11:26'),(219,'',169,1,1,9,1,'2017-03-28 20:00:23','2017-05-04 10:10:18'),(220,'',169,1,1,10,1,'2017-03-28 20:00:46','2017-05-04 10:09:35'),(221,'',0,1,1,6,1,'2017-03-28 20:01:51','2017-05-04 09:50:40'),(222,'',221,1,1,1,1,'2017-03-28 20:03:24','2017-03-28 20:03:24'),(223,'',221,1,1,2,1,'2017-03-28 20:03:49','2017-04-29 18:45:08'),(224,'',221,1,1,3,1,'2017-03-28 20:05:00','2017-03-28 20:05:00'),(225,'',221,1,1,4,1,'2017-03-28 20:05:22','2017-03-28 20:05:22'),(226,'',221,1,1,5,1,'2017-03-28 20:05:44','2017-03-28 20:05:44'),(227,'',221,1,1,6,1,'2017-03-28 20:06:03','2017-04-29 18:22:11'),(228,'',170,1,1,1,1,'2017-03-28 20:06:29','2017-03-28 20:06:29'),(229,'',170,1,1,2,1,'2017-03-28 20:06:45','2017-03-28 20:06:45'),(230,'',170,1,1,3,1,'2017-03-28 20:07:00','2017-03-28 20:07:00'),(231,'',170,1,1,4,1,'2017-03-28 20:07:14','2017-03-28 20:07:14'),(232,'',170,1,1,5,1,'2017-03-28 20:07:30','2017-03-28 20:07:30'),(241,'',167,1,1,8,1,'2017-11-28 15:38:25','2017-11-28 16:08:39'),(234,'',170,1,1,7,1,'2017-03-28 20:08:04','2017-03-28 20:08:04'),(235,'',170,1,1,8,1,'2017-03-28 20:08:19','2017-03-28 20:08:19'),(236,'',170,1,1,9,1,'2017-03-28 20:08:34','2017-03-28 20:08:34'),(237,'',170,1,1,10,1,'2017-03-28 20:08:49','2017-03-28 20:08:49'),(239,'',141,1,1,5,1,'2017-04-14 19:16:58','2017-05-04 10:22:59'),(240,'',167,0,2,5,1,'2017-09-05 12:38:32','2017-09-05 12:39:09'),(242,'',167,1,1,10,1,'2018-06-14 07:40:16','2018-06-14 07:48:46'),(243,'',167,1,1,11,1,'2018-06-14 07:50:35','2018-06-14 07:51:19'),(244,'',167,0,1,5,1,'2018-07-09 08:43:27','2018-07-09 08:44:07'),(245,'',168,0,1,4,1,'2018-09-04 10:43:30','2018-09-04 10:44:06'),(246,'',172,0,1,7,1,'2019-02-08 10:12:55','2019-02-08 10:12:55');

--
-- Table structure for table `oc_category_description`
--

 SET character_set_client = utf8mb4 ;
CREATE TABLE `oc_category_description` (
  `category_id` int(11) NOT NULL,
  `language_id` int(11) NOT NULL,
  `name` varchar(255) NOT NULL,
  `description` text NOT NULL,
  `meta_title` varchar(255) NOT NULL,
  `meta_description` varchar(255) NOT NULL,
  `meta_keyword` varchar(255) NOT NULL,
  PRIMARY KEY (`category_id`,`language_id`),
  KEY `name` (`name`)
) ENGINE=MyISAM DEFAULT CHARSET=utf8;

--
-- Dumping data for table `oc_category_description`
--

INSERT INTO `oc_category_description` VALUES (141,4,'Kreslá a pohovky','&lt;p&gt;&lt;br&gt;&lt;/p&gt;','Kreslá a pohovky','',''),(141,1,'Armchairs and sofas','&lt;p&gt;&lt;br&gt;&lt;/p&gt;','Armchairs and sofas','',''),(167,4,'Nábytok','','Nábytok','',''),(167,1,'Furniture','','Furniture','',''),(168,4,'Kancelária','','Kancelária','',''),(168,1,'Office','','Office','',''),(169,4,'Záhrada','','Záhrada','',''),(169,1,'Garden','','Garden','',''),(170,4,'Outlet','','Outlet','',''),(170,1,'Outlet','','Outlet','',''),(184,4,'Drevené stoly','','Drevené stoly','',''),(184,1,'Wooden tables','','Wooden tables','',''),(185,4,'Kovové stoly','','Kovové stoly','',''),(185,1,'Metal tables','','Metal tables','',''),(186,4,'Rozkladacie stoly','','Rozkladacie stoly','',''),(186,1,'Extendable tables','','Extendable tables','',''),(187,4,'Plastové stoly','','Plastové stoly','',''),(187,1,'Plastic','','Plastic','',''),(188,4,'Sklenené stoly','','Sklenené stoly','',''),(188,1,'Glass tables','','Glass tables','',''),(189,4,'Kovové barové stoličky','','Kovové barové stoličky','',''),(189,1,'Metal stools','','Metal stools','',''),(190,4,'Drevené barové stoličky','','Drevené barové stoličky','',''),(190,1,'Wooden stools','','Wooden stools','',''),(191,4,'Plastové barové stoličky','','Plastové barové stoličky','',''),(191,1,'Plastic stools','','Plastic stools','',''),(192,4,'Čalúnené barové stoličky','','Čalúnené barové stoličky','',''),(192,1,'Cushioned stools','','Cushioned stools','',''),(193,4,'Kreslá','','Kreslá','',''),(193,1,'Armchairs','','Armchairs','',''),(194,4,'Pohovky a sedačky','','Pohovky a sedačky','',''),(194,1,'Sofas','','Sofas','',''),(195,4,'Oddychové lehátka','','Oddychové lehátka','',''),(195,1,'Comfortable and recliners','','Comfortable and recliners','',''),(196,4,'Polohovateľné kreslá','','Polohovateľné kreslá','',''),(196,1,'Chaise Longue','','Chaise Longue','',''),(197,4,'Manželské postele','','Manželské postele','',''),(197,1,'Beds','','Beds','',''),(198,4,'Čalúnené manželské postele','','Čalúnené manželské postele','',''),(198,1,'Upholstered Beds','','Upholstered Beds','',''),(199,4,'Kovové manželské postele','','Kovové manželské postele','',''),(199,1,'Iron Beds','','Iron Beds','',''),(200,4,'Drevené manželské postele','','Drevené manželské postele','',''),(200,1,'Wooden beds','','Wooden beds','',''),(201,4,'Kávové a konferenčné stolíky','&lt;p&gt;&lt;br&gt;&lt;/p&gt;','Kávové a konferenčné stolíky','',''),(202,4,'Taburetky','','Taburetky','',''),(202,1,'Pouffe','','Pouffe','',''),(203,4,'Komody','','Komody','',''),(203,1,'Komody','','Komody','',''),(204,4,'Knižnice','','Knižnice','',''),(204,1,'Bookcases','','Bookcases','',''),(205,4,'Vešiaky','','Vešiaky','',''),(205,1,'Clothes Hanger','','Clothes Hanger','',''),(206,4,'Doplnky','','Doplnky','',''),(206,1,' Accessories','',' Accessories','',''),(207,4,'Kancelárske stoličky','','Kancelárske stoličky','',''),(207,1,'Office chairs','','Office chairs','',''),(208,4,'Kancelárske a konferenčné stoly','','Kancelárske a konferenčné stoly','',''),(208,1,'Office desks','','Office desks','',''),(209,4,'Konferenčné stoličky','','Konferenčné stoličky','',''),(209,1,'Waiting and conference chairs','','Waiting and conference chairs','',''),(210,4,'Ergonomické kancelárske stoličky','','Ergonomické kancelárske stoličky','',''),(210,1,'Ergonomic office chairs','','Ergonomic office chairs','',''),(211,4,'Záhradné stoličky','','Záhradné stoličky','',''),(211,1,'Chairs','','Chairs','',''),(212,4,'Záhradné stoly','','Záhradné stoly','',''),(212,1,'Tables','','Tables','',''),(213,4,'Barové záhradné stoličky','','Barové záhradné stoličky','',''),(213,1,'Stools','','Stools','',''),(214,4,'Kreslá a pohovky','','Kreslá a pohovky','',''),(214,1,'Armachairs &amp; sofas','','Armachairs &amp; sofas','',''),(215,4,'Záhradné svietidlá','','Záhradné svietidlá','',''),(215,1,'Lighting','','Lighting','',''),(216,4,'Záhradné sady','','Záhradné sady','',''),(216,1,'Záhradné sady','','Záhradné sady','',''),(217,4,'Slnečníky','','Slnečníky','',''),(217,1,'Parasols','','Parasols','',''),(218,4,'Záhradné kvetináče','','Záhradné kvetináče','',''),(218,1,'Záhradné kvetináče','','Záhradné kvetináče','',''),(219,4,'Lehátka','','Lehátka','',''),(219,1,'Chaise longue &amp; sunbeds','','Chaise longue &amp; sunbeds','',''),(220,4,'Lavičky','','Lavičky','',''),(227,1,'Garden Lamps','','Garden Lamps','',''),(171,4,'Stoličky','','Stoličky','',''),(171,1,'Chairs','','Chairs','',''),(172,4,'Stoly','','Stoly','',''),(172,1,'Stools','','Stools','',''),(173,4,'Barové stoličky','','Barové stoličky','',''),(173,1,'Stools','','Stools','',''),(174,4,'Kaviarenské stoly','','Kaviarenské stoly','',''),(174,1,' Coffee tables','',' Coffee tables','',''),(175,4,'Konzoly','','Konzoly','',''),(175,1,'Consolle','','Consolle','',''),(176,4,'Plastové stoličky','','Plastové stoličky','',''),(176,1,'Plastic chairs','','Plastic chairs','',''),(177,4,'Skladacie stoličky','','Skladacie stoličky','',''),(177,1,' Folding chairs','',' Folding chairs','',''),(178,4,'Drevené stoličky','','Drevené stoličky','',''),(178,1,'Wooden chairs','','Wooden chairs','',''),(179,4,'Kovové stoličky','','Kovové stoličky','',''),(179,1,'Metal chairs','','Metal chairs','',''),(180,4,'Ergonomické stoličky','','Ergonomické stoličky','',''),(180,1,'Ergonomic chairs','','Ergonomic chairs','',''),(181,4,'Lavice','','Lavice','',''),(181,1,'Benches','','Benches','',''),(182,4,'Čalúnené stoličky','','Čalúnené stoličky','',''),(182,1,'Upholstered chairs','','Upholstered chairs','',''),(183,4,'Jedálenské stoly','','Jedálenské stoly','',''),(183,1,'Dining Tables','','Dining Tables','',''),(220,1,'Lavičky','','Lavičky','',''),(221,4,'Svietidlá','','Svietidlá','',''),(222,4,'Stolové lampy','','Stolové lampy','',''),(222,1,'Table lamps','','Table lamps','',''),(223,4,'Visiace svietidlá','','Visiace svietidlá','',''),(223,1,'Pendant lamps','','Pendant lamps','',''),(224,4,'Stropné svietidlá','','Stropné svietidlá','',''),(224,1,'Ceiling lamps','','Ceiling lamps','',''),(225,4,'Nástenné svietidlá	','','Nástenné svietidlá	','',''),(225,1,'Wall lamps','','Wall lamps','',''),(226,4,'Stojace lampy','','Stojace lampy','',''),(226,1,'Floor lamps','','Floor lamps','',''),(227,4,'Záhradné svietidlá','','Záhradné svietidlá','',''),(228,4,'Tonin Casa Outlet','','Tonin Casa Outlet','',''),(228,1,'Tonin Casa Outlet','','Tonin Casa Outlet','',''),(229,4,'Bontempi casa Outlet','','Bontempi casa Outlet','',''),(229,1,'Bontempi casa Outlet','','Bontempi casa Outlet','',''),(230,4,'Colico Outlet','','Colico Outlet','',''),(230,1,'Colico Outlet','','Colico Outlet','',''),(231,4,'Natisa Outlet','','Natisa Outlet','',''),(231,1,'Natisa Outlet','','Natisa Outlet','',''),(232,4,'Domitalia Outlet','','Domitalia Outlet','',''),(232,1,'Domitalia Outlet','','Domitalia Outlet','',''),(241,1,'zrkadlá','&lt;p&gt;&lt;br&gt;&lt;/p&gt;','zrkadlá','',''),(239,1,'Sofa beds','','Sofa beds','',''),(234,4,'Outlet EMU','','Outlet EMU','',''),(234,1,'Outlet EMU','','Outlet EMU','',''),(235,4,'MIDJ Outlet','','MIDJ Outlet','',''),(235,1,'MIDJ Outlet','','MIDJ Outlet','',''),(236,4,'Calligaris Outlet','','Calligaris Outlet','',''),(236,1,'Calligaris Outlet','','Calligaris Outlet','',''),(237,4,'TONON Outlet','','TONON Outlet','',''),(237,1,'TONON Outlet','','TONON Outlet','',''),(221,1,'Lighting','','Lighting','',''),(239,4,'Rozkladacie sedačky','','Rozkladacie sedačky','',''),(166,4,'Stoly a stoličky','&lt;p&gt;&lt;br&gt;&lt;/p&gt;','Stoly a stoličky','',''),(166,1,'Chairs and Tables','','Chairs and Tables','',''),(240,4,'Koberce ','','Koberce','',''),(240,1,'Rugs','','Rugs','',''),(241,4,'Zrkadlá','&lt;p&gt;&lt;br&gt;&lt;/p&gt;','Zrkadlá','',''),(201,1,'Coffee tables','&lt;p&gt;&lt;br&gt;&lt;/p&gt;','Coffee tables','',''),(242,4,'Kúpeľnové zostavy','&lt;p&gt;&lt;br&gt;&lt;/p&gt;','Kúpeľnové zostavy','',''),(242,1,'Bathroom furniture','&lt;p&gt;&lt;br&gt;&lt;/p&gt;','Bathroom furniture','',''),(243,4,'Hodiny','&lt;p&gt;&lt;br&gt;&lt;/p&gt;','Hodiny','',''),(243,1,'Clocks','&lt;p&gt;&lt;br&gt;&lt;/p&gt;','Clocks','',''),(244,4,'Pre deti','','Pre deti','',''),(244,1,'Baby','','Baby','',''),(245,4,'Kancelárske pohovky a kreslá','&lt;p&gt;&lt;br&gt;&lt;/p&gt;','Kancelárske pohovky a kreslá','',''),(245,1,'Kancelárske pohovky a kreslá','&lt;p&gt;&lt;br&gt;&lt;/p&gt;','Kancelárske pohovky a kreslá','',''),(246,4,'Okrúhle a oválne stoly','','Okrúhle a oválne stoly','',''),(246,1,'Okrúhle a oválne stoly','','Okrúhle a oválne stoly','','');

--
-- Table structure for table `oc_category_filter`
--

 SET character_set_client = utf8mb4 ;
CREATE TABLE `oc_category_filter` (
  `category_id` int(11) NOT NULL,
  `filter_id` int(11) NOT NULL,
  PRIMARY KEY (`category_id`,`filter_id`)
) ENGINE=MyISAM DEFAULT CHARSET=utf8;

--
-- Dumping data for table `oc_category_filter`
--


--
-- Table structure for table `oc_category_path`
--

 SET character_set_client = utf8mb4 ;
CREATE TABLE `oc_category_path` (
  `category_id` int(11) NOT NULL,
  `path_id` int(11) NOT NULL,
  `level` int(11) NOT NULL,
  PRIMARY KEY (`category_id`,`path_id`)
) ENGINE=MyISAM DEFAULT CHARSET=utf8;

--
-- Dumping data for table `oc_category_path`
--

INSERT INTO `oc_category_path` VALUES (141,141,0),(179,171,1),(178,178,2),(178,166,0),(188,166,0),(189,173,1),(189,189,2),(187,166,0),(188,188,2),(188,172,1),(189,166,0),(190,173,1),(190,190,2),(177,166,0),(178,171,1),(176,166,0),(177,171,1),(177,177,2),(175,166,0),(176,171,1),(176,176,2),(174,174,2),(174,166,0),(175,175,2),(173,173,1),(173,166,0),(171,166,0),(172,172,1),(172,166,0),(169,169,0),(170,170,0),(171,171,1),(166,166,0),(167,167,0),(168,168,0),(187,187,2),(186,166,0),(186,186,2),(186,172,1),(185,172,1),(185,185,2),(185,166,0),(184,184,2),(184,172,1),(184,166,0),(183,172,1),(183,183,2),(183,166,0),(182,182,2),(182,166,0),(181,166,0),(181,171,1),(182,171,1),(180,180,2),(180,166,0),(181,181,2),(179,179,2),(179,166,0),(180,171,1),(187,172,1),(190,166,0),(191,173,1),(191,191,2),(191,166,0),(192,173,1),(192,192,2),(192,166,0),(193,193,1),(193,141,0),(194,194,1),(194,141,0),(195,195,1),(195,141,0),(196,196,1),(196,141,0),(197,197,1),(197,167,0),(198,197,1),(198,198,2),(198,167,0),(199,197,1),(199,199,2),(199,167,0),(200,197,1),(200,200,2),(200,167,0),(201,201,1),(201,167,0),(202,202,1),(202,167,0),(203,203,1),(203,167,0),(204,204,1),(204,167,0),(205,205,1),(205,167,0),(206,206,1),(206,167,0),(207,207,1),(207,168,0),(208,208,1),(208,168,0),(209,209,1),(209,168,0),(210,210,1),(210,168,0),(211,211,1),(211,169,0),(212,212,1),(212,169,0),(213,213,1),(213,169,0),(214,214,1),(214,169,0),(215,215,1),(215,169,0),(216,216,1),(216,169,0),(217,217,1),(217,169,0),(218,218,1),(218,169,0),(219,219,1),(219,169,0),(220,220,1),(220,169,0),(221,221,0),(222,222,1),(222,221,0),(223,223,1),(223,221,0),(224,224,1),(224,221,0),(225,225,1),(225,221,0),(226,226,1),(226,221,0),(227,227,1),(227,221,0),(228,228,1),(228,170,0),(229,229,1),(229,170,0),(230,230,1),(230,170,0),(231,231,1),(231,170,0),(232,232,1),(232,170,0),(241,167,0),(241,241,1),(234,234,1),(234,170,0),(235,235,1),(235,170,0),(236,236,1),(236,170,0),(237,237,1),(237,170,0),(175,172,1),(174,172,1),(239,239,1),(239,141,0),(240,167,0),(240,240,1),(242,242,1),(242,167,0),(243,243,1),(243,167,0),(244,244,1),(244,167,0),(245,245,1),(245,168,0),(246,166,0),(246,172,1),(246,246,2);

--
-- Table structure for table `oc_category_to_layout`
--

 SET character_set_client = utf8mb4 ;
CREATE TABLE `oc_category_to_layout` (
  `category_id` int(11) NOT NULL,
  `store_id` int(11) NOT NULL,
  `layout_id` int(11) NOT NULL,
  PRIMARY KEY (`category_id`,`store_id`)
) ENGINE=MyISAM DEFAULT CHARSET=utf8;

--
-- Dumping data for table `oc_category_to_layout`
--

INSERT INTO `oc_category_to_layout` VALUES (141,0,0),(166,0,0),(175,0,0),(188,0,0),(187,0,0),(189,0,0),(171,0,0),(174,0,0),(173,0,0),(172,0,0),(167,0,0),(170,0,0),(169,0,0),(168,0,0),(186,0,0),(176,0,0),(181,0,0),(184,0,0),(183,0,0),(182,0,0),(177,0,0),(180,0,0),(179,0,0),(178,0,0),(185,0,0),(190,0,0),(191,0,0),(192,0,0),(193,0,0),(194,0,0),(195,0,0),(196,0,0),(197,0,0),(198,0,0),(199,0,0),(200,0,0),(201,0,0),(202,0,0),(203,0,0),(204,0,0),(205,0,0),(206,0,0),(207,0,0),(208,0,0),(209,0,0),(210,0,0),(211,0,0),(212,0,0),(213,0,0),(214,0,0),(215,0,0),(216,0,0),(217,0,0),(218,0,0),(219,0,0),(220,0,0),(221,0,0),(222,0,0),(223,0,0),(224,0,0),(225,0,0),(226,0,0),(227,0,0),(228,0,0),(229,0,0),(230,0,0),(231,0,0),(232,0,0),(241,0,0),(234,0,0),(235,0,0),(236,0,0),(237,0,0),(239,0,0),(240,0,0),(242,0,0),(243,0,0),(244,0,0),(245,0,0),(246,0,0);

--
-- Table structure for table `oc_category_to_store`
--

 SET character_set_client = utf8mb4 ;
CREATE TABLE `oc_category_to_store` (
  `category_id` int(11) NOT NULL,
  `store_id` int(11) NOT NULL,
  PRIMARY KEY (`category_id`,`store_id`),
  KEY `store_id` (`store_id`)
) ENGINE=MyISAM DEFAULT CHARSET=utf8;

--
-- Dumping data for table `oc_category_to_store`
--

INSERT INTO `oc_category_to_store` VALUES (141,0),(166,0),(167,0),(168,0),(169,0),(170,0),(171,0),(172,0),(173,0),(174,0),(175,0),(176,0),(177,0),(178,0),(179,0),(180,0),(181,0),(182,0),(183,0),(184,0),(185,0),(186,0),(187,0),(188,0),(189,0),(190,0),(191,0),(192,0),(193,0),(194,0),(195,0),(196,0),(197,0),(198,0),(199,0),(200,0),(201,0),(202,0),(203,0),(204,0),(205,0),(206,0),(207,0),(208,0),(209,0),(210,0),(211,0),(212,0),(213,0),(214,0),(215,0),(216,0),(217,0),(218,0),(219,0),(220,0),(221,0),(222,0),(223,0),(224,0),(225,0),(226,0),(227,0),(228,0),(229,0),(230,0),(231,0),(232,0),(234,0),(235,0),(236,0),(237,0),(239,0),(240,0),(241,0),(242,0),(243,0),(244,0),(245,0),(246,0);

--
-- Table structure for table `oc_country`
--

 SET character_set_client = utf8mb4 ;
CREATE TABLE `oc_country` (
  `country_id` int(11) NOT NULL AUTO_INCREMENT,
  `name` varchar(128) NOT NULL,
  `iso_code_2` varchar(2) NOT NULL,
  `iso_code_3` varchar(3) NOT NULL,
  `address_format` text NOT NULL,
  `postcode_required` tinyint(1) NOT NULL,
  `status` tinyint(1) NOT NULL DEFAULT '1',
  PRIMARY KEY (`country_id`)
) ENGINE=MyISAM AUTO_INCREMENT=258 DEFAULT CHARSET=utf8;

--
-- Dumping data for table `oc_country`
--

INSERT INTO `oc_country` VALUES (1,'Afghanistan','AF','AFG','',0,1),(2,'Albania','AL','ALB','',0,1),(3,'Algeria','DZ','DZA','',0,1),(4,'American Samoa','AS','ASM','',0,1),(5,'Andorra','AD','AND','',0,1),(6,'Angola','AO','AGO','',0,1),(7,'Anguilla','AI','AIA','',0,1),(8,'Antarctica','AQ','ATA','',0,1),(9,'Antigua and Barbuda','AG','ATG','',0,1),(10,'Argentina','AR','ARG','',0,1),(11,'Armenia','AM','ARM','',0,1),(12,'Aruba','AW','ABW','',0,1),(13,'Australia','AU','AUS','',0,1),(14,'Austria','AT','AUT','',0,1),(15,'Azerbaijan','AZ','AZE','',0,1),(16,'Bahamas','BS','BHS','',0,1),(17,'Bahrain','BH','BHR','',0,1),(18,'Bangladesh','BD','BGD','',0,1),(19,'Barbados','BB','BRB','',0,1),(20,'Belarus','BY','BLR','',0,1),(21,'Belgium','BE','BEL','{firstname} {lastname}\r\n{company}\r\n{address_1}\r\n{address_2}\r\n{postcode} {city}\r\n{country}',0,1),(22,'Belize','BZ','BLZ','',0,1),(23,'Benin','BJ','BEN','',0,1),(24,'Bermuda','BM','BMU','',0,1),(25,'Bhutan','BT','BTN','',0,1),(26,'Bolivia','BO','BOL','',0,1),(27,'Bosnia and Herzegovina','BA','BIH','',0,1),(28,'Botswana','BW','BWA','',0,1),(29,'Bouvet Island','BV','BVT','',0,1),(30,'Brazil','BR','BRA','',0,1),(31,'British Indian Ocean Territory','IO','IOT','',0,1),(32,'Brunei Darussalam','BN','BRN','',0,1),(33,'Bulgaria','BG','BGR','',0,1),(34,'Burkina Faso','BF','BFA','',0,1),(35,'Burundi','BI','BDI','',0,1),(36,'Cambodia','KH','KHM','',0,1),(37,'Cameroon','CM','CMR','',0,1),(38,'Canada','CA','CAN','',0,1),(39,'Cape Verde','CV','CPV','',0,1),(40,'Cayman Islands','KY','CYM','',0,1),(41,'Central African Republic','CF','CAF','',0,1),(42,'Chad','TD','TCD','',0,1),(43,'Chile','CL','CHL','',0,1),(44,'China','CN','CHN','',0,1),(45,'Christmas Island','CX','CXR','',0,1),(46,'Cocos (Keeling) Islands','CC','CCK','',0,1),(47,'Colombia','CO','COL','',0,1),(48,'Comoros','KM','COM','',0,1),(49,'Congo','CG','COG','',0,1),(50,'Cook Islands','CK','COK','',0,1),(51,'Costa Rica','CR','CRI','',0,1),(52,'Cote D\'Ivoire','CI','CIV','',0,1),(53,'Croatia','HR','HRV','',0,1),(54,'Cuba','CU','CUB','',0,1),(55,'Cyprus','CY','CYP','',0,1),(56,'Czech Republic','CZ','CZE','',0,1),(57,'Denmark','DK','DNK','',0,1),(58,'Djibouti','DJ','DJI','',0,1),(59,'Dominica','DM','DMA','',0,1),(60,'Dominican Republic','DO','DOM','',0,1),(61,'East Timor','TL','TLS','',0,1),(62,'Ecuador','EC','ECU','',0,1),(63,'Egypt','EG','EGY','',0,1),(64,'El Salvador','SV','SLV','',0,1),(65,'Equatorial Guinea','GQ','GNQ','',0,1),(66,'Eritrea','ER','ERI','',0,1),(67,'Estonia','EE','EST','',0,1),(68,'Ethiopia','ET','ETH','',0,1),(69,'Falkland Islands (Malvinas)','FK','FLK','',0,1),(70,'Faroe Islands','FO','FRO','',0,1),(71,'Fiji','FJ','FJI','',0,1),(72,'Finland','FI','FIN','',0,1),(74,'France, Metropolitan','FR','FRA','{firstname} {lastname}\r\n{company}\r\n{address_1}\r\n{address_2}\r\n{postcode} {city}\r\n{country}',1,1),(75,'French Guiana','GF','GUF','',0,1),(76,'French Polynesia','PF','PYF','',0,1),(77,'French Southern Territories','TF','ATF','',0,1),(78,'Gabon','GA','GAB','',0,1),(79,'Gambia','GM','GMB','',0,1),(80,'Georgia','GE','GEO','',0,1),(81,'Germany','DE','DEU','{company}\r\n{firstname} {lastname}\r\n{address_1}\r\n{address_2}\r\n{postcode} {city}\r\n{country}',1,1),(82,'Ghana','GH','GHA','',0,1),(83,'Gibraltar','GI','GIB','',0,1),(84,'Greece','GR','GRC','',0,1),(85,'Greenland','GL','GRL','',0,1),(86,'Grenada','GD','GRD','',0,1),(87,'Guadeloupe','GP','GLP','',0,1),(88,'Guam','GU','GUM','',0,1),(89,'Guatemala','GT','GTM','',0,1),(90,'Guinea','GN','GIN','',0,1),(91,'Guinea-Bissau','GW','GNB','',0,1),(92,'Guyana','GY','GUY','',0,1),(93,'Haiti','HT','HTI','',0,1),(94,'Heard and Mc Donald Islands','HM','HMD','',0,1),(95,'Honduras','HN','HND','',0,1),(96,'Hong Kong','HK','HKG','',0,1),(97,'Hungary','HU','HUN','',0,1),(98,'Iceland','IS','ISL','',0,1),(99,'India','IN','IND','',0,1),(100,'Indonesia','ID','IDN','',0,1),(101,'Iran (Islamic Republic of)','IR','IRN','',0,1),(102,'Iraq','IQ','IRQ','',0,1),(103,'Ireland','IE','IRL','',0,1),(104,'Israel','IL','ISR','',0,1),(105,'Italy','IT','ITA','',0,1),(106,'Jamaica','JM','JAM','',0,1),(107,'Japan','JP','JPN','',0,1),(108,'Jordan','JO','JOR','',0,1),(109,'Kazakhstan','KZ','KAZ','',0,1),(110,'Kenya','KE','KEN','',0,1),(111,'Kiribati','KI','KIR','',0,1),(112,'North Korea','KP','PRK','',0,1),(113,'South Korea','KR','KOR','',0,1),(114,'Kuwait','KW','KWT','',0,1),(115,'Kyrgyzstan','KG','KGZ','',0,1),(116,'Lao People\'s Democratic Republic','LA','LAO','',0,1),(117,'Latvia','LV','LVA','',0,1),(118,'Lebanon','LB','LBN','',0,1),(119,'Lesotho','LS','LSO','',0,1),(120,'Liberia','LR','LBR','',0,1),(121,'Libyan Arab Jamahiriya','LY','LBY','',0,1),(122,'Liechtenstein','LI','LIE','',0,1),(123,'Lithuania','LT','LTU','',0,1),(124,'Luxembourg','LU','LUX','',0,1),(125,'Macau','MO','MAC','',0,1),(126,'FYROM','MK','MKD','',0,1),(127,'Madagascar','MG','MDG','',0,1),(128,'Malawi','MW','MWI','',0,1),(129,'Malaysia','MY','MYS','',0,1),(130,'Maldives','MV','MDV','',0,1),(131,'Mali','ML','MLI','',0,1),(132,'Malta','MT','MLT','',0,1),(133,'Marshall Islands','MH','MHL','',0,1),(134,'Martinique','MQ','MTQ','',0,1),(135,'Mauritania','MR','MRT','',0,1),(136,'Mauritius','MU','MUS','',0,1),(137,'Mayotte','YT','MYT','',0,1),(138,'Mexico','MX','MEX','',0,1),(139,'Micronesia, Federated States of','FM','FSM','',0,1),(140,'Moldova, Republic of','MD','MDA','',0,1),(141,'Monaco','MC','MCO','',0,1),(142,'Mongolia','MN','MNG','',0,1),(143,'Montserrat','MS','MSR','',0,1),(144,'Morocco','MA','MAR','',0,1),(145,'Mozambique','MZ','MOZ','',0,1),(146,'Myanmar','MM','MMR','',0,1),(147,'Namibia','NA','NAM','',0,1),(148,'Nauru','NR','NRU','',0,1),(149,'Nepal','NP','NPL','',0,1),(150,'Netherlands','NL','NLD','',0,1),(151,'Netherlands Antilles','AN','ANT','',0,1),(152,'New Caledonia','NC','NCL','',0,1),(153,'New Zealand','NZ','NZL','',0,1),(154,'Nicaragua','NI','NIC','',0,1),(155,'Niger','NE','NER','',0,1),(156,'Nigeria','NG','NGA','',0,1),(157,'Niue','NU','NIU','',0,1),(158,'Norfolk Island','NF','NFK','',0,1),(159,'Northern Mariana Islands','MP','MNP','',0,1),(160,'Norway','NO','NOR','',0,1),(161,'Oman','OM','OMN','',0,1),(162,'Pakistan','PK','PAK','',0,1),(163,'Palau','PW','PLW','',0,1),(164,'Panama','PA','PAN','',0,1),(165,'Papua New Guinea','PG','PNG','',0,1),(166,'Paraguay','PY','PRY','',0,1),(167,'Peru','PE','PER','',0,1),(168,'Philippines','PH','PHL','',0,1),(169,'Pitcairn','PN','PCN','',0,1),(170,'Poland','PL','POL','',0,1),(171,'Portugal','PT','PRT','',0,1),(172,'Puerto Rico','PR','PRI','',0,1),(173,'Qatar','QA','QAT','',0,1),(174,'Reunion','RE','REU','',0,1),(175,'Romania','RO','ROM','',0,1),(176,'Russian Federation','RU','RUS','',0,1),(177,'Rwanda','RW','RWA','',0,1),(178,'Saint Kitts and Nevis','KN','KNA','',0,1),(179,'Saint Lucia','LC','LCA','',0,1),(180,'Saint Vincent and the Grenadines','VC','VCT','',0,1),(181,'Samoa','WS','WSM','',0,1),(182,'San Marino','SM','SMR','',0,1),(183,'Sao Tome and Principe','ST','STP','',0,1),(184,'Saudi Arabia','SA','SAU','',0,1),(185,'Senegal','SN','SEN','',0,1),(186,'Seychelles','SC','SYC','',0,1),(187,'Sierra Leone','SL','SLE','',0,1),(188,'Singapore','SG','SGP','',0,1),(189,'Slovak Republic','SK','SVK','{firstname} {lastname}\r\n{company}\r\n{address_1}\r\n{address_2}\r\n{city} {postcode}\r\n{zone}\r\n{country}',0,1),(190,'Slovenia','SI','SVN','',0,1),(191,'Solomon Islands','SB','SLB','',0,1),(192,'Somalia','SO','SOM','',0,1),(193,'South Africa','ZA','ZAF','',0,1),(194,'South Georgia &amp; South Sandwich Islands','GS','SGS','',0,1),(195,'Spain','ES','ESP','',0,1),(196,'Sri Lanka','LK','LKA','',0,1),(197,'St. Helena','SH','SHN','',0,1),(198,'St. Pierre and Miquelon','PM','SPM','',0,1),(199,'Sudan','SD','SDN','',0,1),(200,'Suriname','SR','SUR','',0,1),(201,'Svalbard and Jan Mayen Islands','SJ','SJM','',0,1),(202,'Swaziland','SZ','SWZ','',0,1),(203,'Sweden','SE','SWE','{company}\r\n{firstname} {lastname}\r\n{address_1}\r\n{address_2}\r\n{postcode} {city}\r\n{country}',1,1),(204,'Switzerland','CH','CHE','',0,1),(205,'Syrian Arab Republic','SY','SYR','',0,1),(206,'Taiwan','TW','TWN','',0,1),(207,'Tajikistan','TJ','TJK','',0,1),(208,'Tanzania, United Republic of','TZ','TZA','',0,1),(209,'Thailand','TH','THA','',0,1),(210,'Togo','TG','TGO','',0,1),(211,'Tokelau','TK','TKL','',0,1),(212,'Tonga','TO','TON','',0,1),(213,'Trinidad and Tobago','TT','TTO','',0,1),(214,'Tunisia','TN','TUN','',0,1),(215,'Turkey','TR','TUR','',0,1),(216,'Turkmenistan','TM','TKM','',0,1),(217,'Turks and Caicos Islands','TC','TCA','',0,1),(218,'Tuvalu','TV','TUV','',0,1),(219,'Uganda','UG','UGA','',0,1),(220,'Ukraine','UA','UKR','',0,1),(221,'United Arab Emirates','AE','ARE','',0,1),(222,'United Kingdom','GB','GBR','',1,1),(223,'United States','US','USA','{firstname} {lastname}\r\n{company}\r\n{address_1}\r\n{address_2}\r\n{city}, {zone} {postcode}\r\n{country}',0,1),(224,'United States Minor Outlying Islands','UM','UMI','',0,1),(225,'Uruguay','UY','URY','',0,1),(226,'Uzbekistan','UZ','UZB','',0,1),(227,'Vanuatu','VU','VUT','',0,1),(228,'Vatican City State (Holy See)','VA','VAT','',0,1),(229,'Venezuela','VE','VEN','',0,1),(230,'Viet Nam','VN','VNM','',0,1),(231,'Virgin Islands (British)','VG','VGB','',0,1),(232,'Virgin Islands (U.S.)','VI','VIR','',0,1),(233,'Wallis and Futuna Islands','WF','WLF','',0,1),(234,'Western Sahara','EH','ESH','',0,1),(235,'Yemen','YE','YEM','',0,1),(237,'Democratic Republic of Congo','CD','COD','',0,1),(238,'Zambia','ZM','ZMB','',0,1),(239,'Zimbabwe','ZW','ZWE','',0,1),(242,'Montenegro','ME','MNE','',0,1),(243,'Serbia','RS','SRB','',0,1),(244,'Aaland Islands','AX','ALA','',0,1),(245,'Bonaire, Sint Eustatius and Saba','BQ','BES','',0,1),(246,'Curacao','CW','CUW','',0,1),(247,'Palestinian Territory, Occupied','PS','PSE','',0,1),(248,'South Sudan','SS','SSD','',0,1),(249,'St. Barthelemy','BL','BLM','',0,1),(250,'St. Martin (French part)','MF','MAF','',0,1),(251,'Canary Islands','IC','ICA','',0,1),(252,'Ascension Island (British)','AC','ASC','',0,1),(253,'Kosovo, Republic of','XK','UNK','',0,1),(254,'Isle of Man','IM','IMN','',0,1),(255,'Tristan da Cunha','TA','SHN','',0,1),(256,'Guernsey','GG','GGY','',0,1),(257,'Jersey','JE','JEY','',0,1);

--
-- Table structure for table `oc_coupon`
--

 SET character_set_client = utf8mb4 ;
CREATE TABLE `oc_coupon` (
  `coupon_id` int(11) NOT NULL AUTO_INCREMENT,
  `name` varchar(128) NOT NULL,
  `code` varchar(20) NOT NULL,
  `type` char(1) NOT NULL,
  `discount` decimal(15,4) NOT NULL,
  `logged` tinyint(1) NOT NULL,
  `shipping` tinyint(1) NOT NULL,
  `total` decimal(15,4) NOT NULL,
  `date_start` date NOT NULL DEFAULT '0000-00-00',
  `date_end` date NOT NULL DEFAULT '0000-00-00',
  `uses_total` int(11) NOT NULL,
  `uses_customer` varchar(11) NOT NULL,
  `status` tinyint(1) NOT NULL,
  `date_added` datetime NOT NULL,
  PRIMARY KEY (`coupon_id`)
) ENGINE=MyISAM AUTO_INCREMENT=7 DEFAULT CHARSET=utf8;

--
-- Dumping data for table `oc_coupon`
--

INSERT INTO `oc_coupon` VALUES (4,'-10% Discount','2222','P',10.0000,0,0,0.0000,'2014-01-01','2020-01-01',10,'10',0,'2009-01-27 13:55:03'),(5,'Free Shipping','3333','P',0.0000,0,1,100.0000,'2014-01-01','2014-02-01',10,'10',0,'2009-03-14 21:13:53'),(6,'-10.00 Discount','1111','F',10.0000,0,0,10.0000,'2014-01-01','2020-01-01',100000,'10000',0,'2009-03-14 21:15:18');

--
-- Table structure for table `oc_coupon_category`
--

 SET character_set_client = utf8mb4 ;
CREATE TABLE `oc_coupon_category` (
  `coupon_id` int(11) NOT NULL,
  `category_id` int(11) NOT NULL,
  PRIMARY KEY (`coupon_id`,`category_id`)
) ENGINE=MyISAM DEFAULT CHARSET=utf8;

--
-- Dumping data for table `oc_coupon_category`
--


--
-- Table structure for table `oc_coupon_history`
--

 SET character_set_client = utf8mb4 ;
CREATE TABLE `oc_coupon_history` (
  `coupon_history_id` int(11) NOT NULL AUTO_INCREMENT,
  `coupon_id` int(11) NOT NULL,
  `order_id` int(11) NOT NULL,
  `customer_id` int(11) NOT NULL,
  `amount` decimal(15,4) NOT NULL,
  `date_added` datetime NOT NULL,
  PRIMARY KEY (`coupon_history_id`)
) ENGINE=MyISAM DEFAULT CHARSET=utf8;

--
-- Dumping data for table `oc_coupon_history`
--


--
-- Table structure for table `oc_coupon_product`
--

 SET character_set_client = utf8mb4 ;
CREATE TABLE `oc_coupon_product` (
  `coupon_product_id` int(11) NOT NULL AUTO_INCREMENT,
  `coupon_id` int(11) NOT NULL,
  `product_id` int(11) NOT NULL,
  PRIMARY KEY (`coupon_product_id`)
) ENGINE=MyISAM DEFAULT CHARSET=utf8;

--
-- Dumping data for table `oc_coupon_product`
--


--
-- Table structure for table `oc_currency`
--

 SET character_set_client = utf8mb4 ;
CREATE TABLE `oc_currency` (
  `currency_id` int(11) NOT NULL AUTO_INCREMENT,
  `title` varchar(32) NOT NULL,
  `code` varchar(3) NOT NULL,
  `symbol_left` varchar(12) NOT NULL,
  `symbol_right` varchar(12) NOT NULL,
  `decimal_place` char(1) NOT NULL,
  `value` float(15,8) NOT NULL,
  `status` tinyint(1) NOT NULL,
  `date_modified` datetime NOT NULL,
  PRIMARY KEY (`currency_id`)
) ENGINE=MyISAM AUTO_INCREMENT=4 DEFAULT CHARSET=utf8;

--
-- Dumping data for table `oc_currency`
--

INSERT INTO `oc_currency` VALUES (1,'Pound Sterling','GBP','£','','2',0.88150001,0,'2017-10-31 08:45:32'),(3,'Euro','EUR','','€','2',1.00000000,1,'2019-09-03 05:21:20');

--
-- Table structure for table `oc_custom_field`
--

 SET character_set_client = utf8mb4 ;
CREATE TABLE `oc_custom_field` (
  `custom_field_id` int(11) NOT NULL AUTO_INCREMENT,
  `type` varchar(32) NOT NULL,
  `value` text NOT NULL,
  `validation` varchar(255) NOT NULL,
  `location` varchar(7) NOT NULL,
  `status` tinyint(1) NOT NULL,
  `sort_order` int(3) NOT NULL,
  PRIMARY KEY (`custom_field_id`)
) ENGINE=MyISAM AUTO_INCREMENT=3 DEFAULT CHARSET=utf8;

--
-- Dumping data for table `oc_custom_field`
--

INSERT INTO `oc_custom_field` VALUES (1,'text','','','address',1,0),(2,'text','','','address',1,0);

--
-- Table structure for table `oc_custom_field_customer_group`
--

 SET character_set_client = utf8mb4 ;
CREATE TABLE `oc_custom_field_customer_group` (
  `custom_field_id` int(11) NOT NULL,
  `customer_group_id` int(11) NOT NULL,
  `required` tinyint(1) NOT NULL,
  PRIMARY KEY (`custom_field_id`,`customer_group_id`)
) ENGINE=MyISAM DEFAULT CHARSET=utf8;

--
-- Dumping data for table `oc_custom_field_customer_group`
--

INSERT INTO `oc_custom_field_customer_group` VALUES (1,1,0),(2,1,0);

--
-- Table structure for table `oc_custom_field_description`
--

 SET character_set_client = utf8mb4 ;
CREATE TABLE `oc_custom_field_description` (
  `custom_field_id` int(11) NOT NULL,
  `language_id` int(11) NOT NULL,
  `name` varchar(128) NOT NULL,
  PRIMARY KEY (`custom_field_id`,`language_id`)
) ENGINE=MyISAM DEFAULT CHARSET=utf8;

--
-- Dumping data for table `oc_custom_field_description`
--

INSERT INTO `oc_custom_field_description` VALUES (1,4,'IČO'),(2,4,'IČ DPH'),(1,1,'Company ID'),(2,1,'VAT ID');

--
-- Table structure for table `oc_custom_field_value`
--

 SET character_set_client = utf8mb4 ;
CREATE TABLE `oc_custom_field_value` (
  `custom_field_value_id` int(11) NOT NULL AUTO_INCREMENT,
  `custom_field_id` int(11) NOT NULL,
  `sort_order` int(3) NOT NULL,
  PRIMARY KEY (`custom_field_value_id`)
) ENGINE=MyISAM DEFAULT CHARSET=utf8;

--
-- Dumping data for table `oc_custom_field_value`
--


--
-- Table structure for table `oc_custom_field_value_description`
--

 SET character_set_client = utf8mb4 ;
CREATE TABLE `oc_custom_field_value_description` (
  `custom_field_value_id` int(11) NOT NULL,
  `language_id` int(11) NOT NULL,
  `custom_field_id` int(11) NOT NULL,
  `name` varchar(128) NOT NULL,
  PRIMARY KEY (`custom_field_value_id`,`language_id`)
) ENGINE=MyISAM DEFAULT CHARSET=utf8;

--
-- Dumping data for table `oc_custom_field_value_description`
--


--
-- Table structure for table `oc_customer`
--

 SET character_set_client = utf8mb4 ;
CREATE TABLE `oc_customer` (
  `customer_id` int(11) NOT NULL AUTO_INCREMENT,
  `customer_group_id` int(11) NOT NULL,
  `store_id` int(11) NOT NULL DEFAULT '0',
  `language_id` int(11) NOT NULL,
  `firstname` varchar(32) NOT NULL,
  `lastname` varchar(32) NOT NULL,
  `email` varchar(96) NOT NULL,
  `telephone` varchar(32) NOT NULL,
  `fax` varchar(32) NOT NULL,
  `password` varchar(40) NOT NULL,
  `salt` varchar(9) NOT NULL,
  `cart` text,
  `wishlist` text,
  `newsletter` tinyint(1) NOT NULL DEFAULT '0',
  `address_id` int(11) NOT NULL DEFAULT '0',
  `custom_field` text NOT NULL,
  `ip` varchar(40) NOT NULL,
  `status` tinyint(1) NOT NULL,
  `approved` tinyint(1) NOT NULL,
  `safe` tinyint(1) NOT NULL,
  `token` text NOT NULL,
  `code` varchar(40) NOT NULL,
  `date_added` datetime NOT NULL,
  PRIMARY KEY (`customer_id`)
) ENGINE=MyISAM AUTO_INCREMENT=78 DEFAULT CHARSET=utf8;

--
-- Dumping data for table `oc_customer`
--

INSERT INTO `oc_customer` VALUES (1,1,0,4,'Tomáš','Šmelko','tomas.smelko@promiseo.com','902685248','902685248','8f6d72c89195c481070918f413af51b9e3073613','qTPkMcUzP',NULL,NULL,0,1,'','91.127.215.139',1,1,0,'','','2017-04-27 10:43:26'),(2,1,0,4,'Janko','Hrasko','bnkoiqui@sharklasers.com','123','','711dbbc8f7af43ac0cc2f1b59c301324573ddf10','HRohmzOTg',NULL,NULL,0,2,'','88.212.36.69',1,1,0,'','','2017-05-03 10:01:08'),(3,1,0,4,'Peter','Zozulak','zozulak@gmail.com','+421907227446','','c4947a3473b4f9cea84a94574d38e21eb23f391d','wp0WUeiv1',NULL,NULL,0,3,'','88.212.36.69',1,1,0,'','','2017-05-05 19:42:40'),(4,1,0,4,'Zuzana','Adaskova','zuzanaadasek@gmail.com','+421907991745','','11f121cfb26c62379702d7493163f89a7520e579','NqkLyVv2U',NULL,NULL,0,4,'','95.170.232.217',1,1,0,'','','2017-05-24 21:18:10'),(5,1,0,4,'Tibor','Gavenda','tibor.gavenda@gmail.com','+421901918613','','09047f6f638e39d815000f0022795aac96eb587f','GxXo13Si2',NULL,NULL,1,6,'','195.146.148.74',1,1,0,'','','2017-06-19 06:41:45'),(6,1,0,4,'Marcel','Gasparovic','gasparovicmarcel@yahoo.com','0905361871','','240366faec1658f3d9901957a5954caac6448975','3dx9v7ERG',NULL,NULL,0,7,'','195.91.6.238',1,1,0,'','','2017-07-09 05:13:33'),(7,1,0,4,'Ivan','Pozdnyakov','info@ipozdnyakov.com','+79169862665','+79169862665','52c06e19235a7b5a8fc27262ccb4f4c3dbb1e3bd','ACasQ9vRf',NULL,NULL,1,8,'','37.146.167.198',1,1,0,'','','2017-07-09 14:41:24'),(8,1,0,4,'Ivana','Festenburg','ivanafestenburg@gmail.com','0915875732','','db2afb5c04b408b5952cd16a95350da000febe00','8h8TPqcH4',NULL,NULL,0,9,'','85.237.234.93',1,1,0,'','','2017-07-15 17:58:04'),(9,1,0,4,'Ivana','Krajčová','ivana.krajcova@mail.t-com.sk','0907547201','','8be357ca78a4d09440766c75427f70058677981a','ZFd6Oi8ne',NULL,NULL,0,10,'','78.98.163.255',1,1,0,'','','2017-07-27 10:56:27'),(10,1,0,4,'Miloš','Jeseňák','jesenak@gmail.com','0918737098','','7fcff92137a45001509913328f2432cc9f342592','4QUfxIlxC',NULL,NULL,0,12,'','80.242.35.203',1,1,0,'','','2017-07-30 20:00:30'),(11,1,0,4,'Tomáš','Papšo','ivona.kojtalova@gmail.com','0902712267','','f4074927148fec7977e6a255846230eccc9f76f2','Hx2wVtnGJ',NULL,NULL,0,13,'','213.181.131.12',1,1,0,'','','2017-08-25 10:31:45'),(12,1,0,4,'Patrik ','Lipnický ','luciamadlenakova@gmail.com','0918976487','','3d7eb3388769636a7107dbb7d8eb50e87869d0eb','hTViWLhxV',NULL,NULL,0,14,'','213.151.227.82',1,1,0,'','','2017-10-01 14:47:33'),(13,1,0,4,'Erika','Silvova','esilvova@seetrade.sk','0910907802','','c0f0cb0819763e931439109e80a8b1c92e9c23bd','s1Kk3NCLr',NULL,NULL,0,16,'','91.127.210.85',1,1,0,'','','2017-10-10 05:48:17'),(14,1,0,4,'Jozef','Mikuška','vkmtrans@vkmtrans.sk','0903289077','','b199f29a386fcfc40ac52ec65d871bdd831dac6e','LIDEJ3TaB',NULL,NULL,0,17,'','78.99.46.121',1,1,0,'','','2017-10-15 10:44:31'),(15,1,0,4,'Monika','Kralčáková ','monikakralcakova23@gmail.com','0905283043Š','','f15a3e31288dec156e94e2fb58d162b9a7a90781','VA0e1mmzN',NULL,NULL,0,19,'','92.52.11.137',1,1,0,'','','2017-11-07 06:54:39'),(16,1,0,4,'Marián','Malach','marian.malach@gmail.com','0904211209','','63d3db7531ef928367709b8e1dcdddd6bfd85af6','54xl9HOHR',NULL,NULL,0,20,'','92.52.47.107',1,1,0,'','','2017-11-24 20:02:11'),(17,1,0,4,'Michael','Sill','narodvere@gmail.com','00421905866866','','c78e6ca18c07b5ff2058f935c4cb3b648552de47','oMvQNopet',NULL,NULL,0,21,'','178.143.70.224',1,1,0,'','','2017-12-01 15:18:02'),(18,1,0,4,'Tomáš','Čurilla','info@pronnect.sk','+421917855140','','a1b51af8fd537be013c20c2d0f5d05947e67cf27','jvRjr4Wjs',NULL,NULL,0,22,'','88.212.35.122',1,1,0,'','','2017-12-05 17:44:59'),(19,1,0,4,'Eva','Brunaiová','ebrunaiova@yahoo.com','0903900664','','4a30801313cbfcd6e421aa36dcf4d9173af97300','ry3aeWV49',NULL,NULL,0,23,'','78.98.2.197',1,1,0,'','','2017-12-06 11:38:33'),(20,1,0,4,'Jan','BOGDAN','bogyjan@seznam.cz','00420775212207','','815a31c4225f355c1058af7a56764679fa514eb3','QHyZoYvOs',NULL,NULL,1,24,'','46.135.76.90',1,1,0,'','','2018-01-06 10:20:31'),(21,1,0,4,'Nina','Kazarková','n.kazarkova@centrum.sk','+421911489481','','243fe55e04df5bfb0c9e7ea4b036cacfb531be00','wMsqnn6bc',NULL,NULL,1,26,'','78.98.162.64',1,1,0,'','','2018-01-14 13:44:46'),(22,1,0,4,'Iveta','Megne','Ivetamegne@me.com','0915357224','','cb7eb96e2e0aff14414082f2c0c5a63abf8a362f','VlSAy3fuK',NULL,NULL,0,27,'','213.160.188.221',1,1,0,'','','2018-01-28 14:53:44'),(23,1,0,4,'matus','szepesi','matus.szepesi@promiseo.com','0903581193','','1b37f9867de79d7bd3515b38f3cec5321c16a77f','L4YEkHAQE',NULL,NULL,0,28,'','193.58.196.182',1,1,0,'','','2018-02-07 15:07:30'),(24,1,0,4,'Milan','Hutkai','mhutkai@gmail.com','+421903828777','','0a59aed3d3694457113226cde06a90863e52e508','jHiagNWWg',NULL,NULL,0,29,'','195.91.18.202',1,1,0,'','','2018-03-03 22:52:04'),(25,1,0,4,'Здесь http://CfkqurFe.com','И навверное  http://CfkqurFe.ru','eduarddwbfokin@mail.ru','13658596402','','305162c868059c49b0482f5881504a00638a8a8c','RURktpdk6',NULL,NULL,1,31,'','89.151.179.172',1,1,0,'','','2018-03-05 12:26:15'),(26,1,0,4,'marek','sulaj','lalif@azet.sk','0905476198','','224d5c423124ca3e6b95538c58d7ad904fc9dd6c','IF6aGikH5',NULL,NULL,0,32,'','78.141.122.232',1,1,0,'','','2018-05-01 17:17:48'),(27,1,0,4,'Lydia','Placha','lydia.placha@gmail.com','00421915171977','','4f144c75f8b8ed1261a16ec9c75b25db59004ddd','koFyGfptm',NULL,NULL,0,33,'','178.40.68.28',1,1,0,'','','2018-06-21 19:15:32'),(28,1,0,4,'Gabriela','Zavadská','zavadskagabriela@gmail.com','0911 319353','','47280586c9dfd418eca24afff009a15d30d48775','IoZPhFotb',NULL,NULL,1,34,'','194.160.184.82',1,1,0,'','5jgPJO4aoJFDAPVZVSwAVKjPG2mOtyvahuVbvfvd','2018-07-05 08:55:38'),(29,1,0,4,'Zuzana','Svrčková','svrckovaz@gmail.com','0903770656','','fcfc2d2c91941abf0689c09b569f180f59a386e0','T5oXZCc7J',NULL,NULL,0,35,'','188.167.252.180',1,1,0,'','','2018-07-11 21:25:47'),(30,1,0,4,'Jana','Jedináková','jedinakova.jj@gmail.com','0915 640 833','','33fae92e02855561a79ff3ea77c1abd54ba49147','cE99RoHr4',NULL,NULL,0,37,'','62.152.252.202',1,1,0,'','','2018-07-24 09:59:28'),(31,1,0,4,'Antónia','Véghová','veghova@harne.sk','+421940265536','','219b5e83b75294b4fd5775d879cac0ba8da3d78b','0U7HUZXir',NULL,NULL,1,38,'','188.167.183.10',1,1,0,'','','2018-08-25 00:38:02'),(32,1,0,4,'SYLVIA','ANDREU ','INFO@ANDREUDISSENY.COM','677064448','','efb6b7db21761f10874b6679f63c58e6bcf96071','nsi1R6DzV',NULL,NULL,1,39,'','83.39.199.74',1,1,0,'','','2018-09-07 10:31:05'),(33,1,0,4,'Martin','Hrnko','martin.hrnko@gmail.com','0905481725','','29539444aef694723ccc60952b527c2f0961462b','5wjlykxqk',NULL,NULL,0,40,'','95.105.220.95',1,1,0,'','','2018-09-10 21:08:18'),(34,1,0,4,'Dana','Filkova','info@hoplaland.eu','0911224442','','87ce04873a170643e5372e0dde0307bfc97d67a6','8Nbn8QAcL',NULL,NULL,0,41,'','188.121.184.57',1,1,0,'','','2018-09-11 09:58:47'),(35,1,0,4,'Ingrid','Zelenay','ingrid.zelenay@slovanet.sk','0903414919','','0a2fbd45e361ff4f763fd3fbf60f6de5b780fcdb','oZwwP9ElS',NULL,NULL,0,43,'','188.167.90.243',1,1,0,'','','2018-09-16 16:48:47'),(36,1,0,4,'Andrea','Cabadajová','andrea.cabadajova@gmail.com','911285307','','328064a979486988b0c3a8a211cd61513933ee1e','gjdAQKLGF',NULL,NULL,1,44,'','95.170.246.42',1,1,0,'','','2018-09-20 16:33:00'),(37,1,0,4,'Jana','Faith','faithjanka@gmail.com','0949120503','','a69bd446ffe06f54d14bd58a71dd68cc4378a03a','Jkf7TxnSi',NULL,NULL,0,45,'','88.212.37.57',1,1,0,'','','2018-09-23 20:31:38'),(38,1,0,4,'Michal','Lukáč','misanek.lukac@gmail.com','+421 907377802','','42a6f317c7b17b81d36afbd60a9b7e568f303969','e6RJ880Yw',NULL,NULL,0,46,'','91.127.238.111',1,1,0,'','','2018-09-25 21:34:55'),(39,1,0,4,'Tomáš','Vrbický','tomasvrbicky@yahoo.com','+421918149142','','edb202328be39d99f5acbb4238070420b6bacdef','bzFh19o6O',NULL,NULL,0,47,'','95.47.179.2',1,1,0,'','','2018-10-02 05:56:17'),(40,1,0,4,'Jan','Muzik','jan.muzik1@gmail.com','0949543263','','a085633704a5458f599715b60b0a6960771f0f72','WEJSMwwNN',NULL,NULL,0,49,'','109.230.35.111',1,1,0,'','','2018-10-10 17:21:20'),(41,1,0,4,'MUDr. Adriana','Morvayová','adrianamorvayova@gmail.com','+421917266500','','9636f2c98ba1ab109d058f90ff1c8b40c54bf4d7','JWdOIz3h0',NULL,NULL,0,50,'','78.141.125.225',1,1,0,'','','2018-10-20 18:27:37'),(42,1,0,4,'Petra','Lípová','petalipova@gmail.com','00421948087769','','b6fad26218be67534430eaa7fa7532c2e4e4ad08','4EpC2X2sj',NULL,NULL,0,52,'','195.168.55.6',1,1,0,'','','2018-10-24 03:42:16'),(43,1,0,4,'Patricia','Ulmanová','patricia.ulmanova@gmail.com','0911674163','','493937e14f00ce0a83299f7d82b9196d423fef9e','tpMY3Lynu',NULL,NULL,0,53,'','178.41.60.15',1,1,0,'','','2018-11-26 21:41:42'),(44,1,0,4,'Adrian','Gabura','a.gabura@gmail.com','0917637811','','592ff2333cfe6203d00ef3df8f819a5137decb71','ETdr3Zbfs',NULL,NULL,1,54,'','62.168.67.19',1,1,0,'','','2018-12-07 10:14:57'),(45,1,0,4,'Kati','Moncz','monczkati@gmail.com','0908133359','','2dc1fb2bac284e8dea06a518559a8c4d46a7e6eb','nDIkzbYBW',NULL,NULL,0,55,'','84.245.91.30',1,1,0,'','','2018-12-13 14:23:09'),(46,1,0,4,'Oľga','Zápotočná','Zapotocna@savba.sk','0915041278','','a8b47f96f6a97e1feb732c8a536314848b9b3767','FOJ2NqTs2',NULL,NULL,0,57,'','178.41.192.4',1,1,0,'','','2019-01-16 14:48:15'),(47,1,0,4,'Oľga','Petríková','oliosk@atlas.sk','+421907946154','','f6dd68dd31c593e42142d7f4a2f588e72220684e','jyI6hXSQA',NULL,NULL,1,58,'','92.52.24.12',1,1,0,'','','2019-01-22 14:22:22'),(48,1,0,4,'Michaela','Zajacova','Michaela.zajacova@centrum.sk','0918527228','','f58950ccdb0bc2de472116bbce200cbd1690e58f','DNug8Alve',NULL,NULL,0,59,'','91.127.37.254',1,1,0,'','','2019-02-03 08:08:19'),(49,1,0,4,'Miriam','Krajčiová','krajciovami@zoznam.sk','0902171661','','e1ee81f8c8c8a7a0ca5ed64ff40b1b7e565e4b86','L6sspkOUm',NULL,NULL,0,60,'','195.91.7.86',1,1,0,'','','2019-02-03 18:53:56'),(50,1,0,4,'Ján','Oravkin','dominikasykorjakova@gmail.com','+421918771158','','d7c18995348b58b1a05866727e246f9ebceade47','2bPmxI1Zt',NULL,NULL,0,61,'','78.141.79.241',1,1,0,'','','2019-02-10 18:10:23'),(51,1,0,4,'Miroslav','Halapin','halapin.miroslav@gmail.com','0905260005','','fec64a85f4012d9882bcf82090a1c1059facedfa','xCnegzaOw',NULL,NULL,0,63,'','188.120.10.19',1,1,0,'','','2019-02-12 20:04:09'),(52,1,0,4,'Andrea','Bruncakova','andrea.bruncakova@gmail.com','0948181699','','7e20a38acda2ef910f0d8786cd91e0f6d03e313f','vALNa2YF7',NULL,NULL,1,64,'','85.237.234.140',1,1,0,'','','2019-02-17 14:07:37'),(53,1,0,4,'Ildikó','Borková','ildikoborka@pobox.sk','09110525','','260badb8509f3892dedaedd311be70bb78a2b169','onu26NXqA',NULL,NULL,0,65,'','78.99.12.22',1,1,0,'','','2019-02-18 12:32:13'),(54,1,0,4,'Martina','Burganová','burganova.m@gmail.com','0903171293','','150674ef8213a49056b9af336160d29090dfdaf8','JsMgCJbxz',NULL,NULL,0,66,'','195.168.66.36',1,1,0,'','','2019-02-25 08:50:29'),(55,1,0,4,'Jana','Tatárová','jana.krajcovicova511@gmail.com','0910783436','','4d9de78d257edf2bf0351a783661fc67a645a444','3xrGznOLh',NULL,NULL,0,67,'','85.237.234.117',1,1,0,'','','2019-03-12 19:05:18'),(56,1,0,4,'Marta','Pajerska','marta.pajerska@gmail.com','0905369605','','7a483a91b79ad966421bfc66e072f52489a5c5e9','4RxSYvfKj',NULL,NULL,1,68,'','85.237.234.138',1,1,0,'','','2019-03-16 17:30:16'),(57,1,0,4,'Gabriela','Sieberová','gabriela.sieberova@gmail.com','0903650018','','4abbcc6beb8b971271270d0ac77297b40356e4eb','cBQBVaOYH',NULL,NULL,0,69,'','91.127.239.95',1,1,0,'','','2019-03-30 09:07:46'),(58,1,0,4,'Ш www.italiandesignstudio.com ко','Щ www.italiandesignstudio.com ни','artem.fatkhullin@bk.ru','13658596203','13658596203','df07062afc0bb51b4bed48fbc7ce65076b0b990e','PLHdrS48C',NULL,NULL,0,70,'','95.81.215.67',1,1,0,'','','2019-04-11 14:46:50'),(59,1,0,4,'Stanislav','Rehuš ','Stanislav.rehus@gmail.com','0905552434','','ae949637dc3f2fd16630d42fee523e19dcf4efce','myD3qI1xv',NULL,NULL,0,71,'','95.102.175.20',1,1,0,'','','2019-04-14 16:32:01'),(60,1,0,4,'Marek','Pikus','vegetic@vegetic.sk','0905408118','','558e122c8f4d2ac4834579a28d8c5b1709d88ee4','3kpLroAVr',NULL,NULL,0,72,'','178.41.182.183',1,1,0,'','','2019-04-15 22:19:08'),(61,1,0,4,'chuck','david','davidos777@gmail.com','2029339929','','cf97ed261e6e7a14726c4f154c68dbb0afcb4dd7','l1rMeEt0I',NULL,NULL,0,74,'','95.211.224.199',1,1,0,'','','2019-04-22 05:42:26'),(62,1,0,4,'Henrich','Korec','h.korec@gmail.com','+421903614454','','8be369b027fd809c7d71e5e7d9c940fb31624ac7','keu88lGR9',NULL,NULL,0,75,'','194.166.60.5',1,1,0,'','','2019-05-02 15:35:18'),(63,1,0,4,'Zuzana','Bakošová, MUDr.','optiklinik.bakosova@gmail.com','0918468890','','e2b4a25fdd942c2251af647c5ff9fafb76dcd8a8','pmpid3VtO',NULL,NULL,0,76,'','92.245.196.128',1,1,0,'','','2019-05-10 21:39:10'),(64,1,0,4,'Andrea','Kolarikova','andreakolarikova68@gmail.com','+421905216680','','30480e44bff93c72dbf31a885d529d780f40e0d5','FAWNcfFpq',NULL,NULL,0,77,'','147.175.76.60',1,1,0,'','','2019-06-04 19:46:52'),(65,1,0,4,'Marianna','Drusová','Mdrusova@gmail.com','+421(0)911516251','','e879fc9a3a4d2d8713683bf324fcc25347312fc2','XxLr0M51w',NULL,NULL,0,78,'','213.81.158.66',1,1,0,'','','2019-06-16 11:04:29'),(66,1,0,4,'Lýdia','Karlíková','lila.karlik@gmail.com','+421944441812','','d1a9880ee7692378ff590c0e07fdb82f8dc372c6','8sSVdM0OZ',NULL,NULL,0,79,'','78.99.101.63',1,1,0,'','','2019-06-24 18:28:42'),(67,1,0,4,'PETR','PASKO','petr.pasko11@gmail.com','+420737326007','','420dfc56c8ff1276f9ce538ece6918ed01f1eb6f','RRNqb24Yz',NULL,NULL,0,80,'','71.200.196.214',1,1,0,'','','2019-07-13 16:15:28'),(68,1,0,4,'Daniel','Morrons','ei4QNwr@propers.com','2123852066','','23e2feaa60b3b4912c28410db32c56ce3cb9ec2d','XPJbvmyts',NULL,NULL,0,81,'','83.102.238.108',1,1,0,'','','2019-07-19 20:17:44'),(69,1,0,4,'jana ','jurišičová ','durcovajana96@gmail.com','+421905798871','','1e433511fc9b1539acd045477f9157ee1d64343a','GVxMoTIfA',NULL,NULL,0,82,'','78.141.75.65',1,1,0,'','','2019-07-28 10:42:35'),(70,1,0,4,'ROBERT','HEFNER','robert.hefner@gmail.com','+421903324481','','a2b78a75c07a32881aa1a940b63376d76fa71267','VWYpVHUqc',NULL,NULL,0,83,'','92.52.5.239',1,1,0,'','','2019-07-30 18:30:50'),(71,1,0,4,'Jan','Dubis','jan.dubis@gmail.com','0911822811','','9aac616e9bb68a48568aeb8c9fb9322b03c3e4dc','CeZ2t8auD',NULL,NULL,0,84,'','188.167.251.219',1,1,0,'','','2019-07-30 18:45:04'),(72,1,0,4,'Iveta','Krchnárová','ivetakrchnarova@gmail.com','+421948237600','','d2b3f2c193b53d934a0d7be451c71590184c325f','XdpDYyEZQ',NULL,NULL,0,85,'','62.197.235.1',1,1,0,'','','2019-08-10 08:06:25'),(73,1,0,4,'Daniel','Morrons','eq9QSjz0m3@propers.com','2123852066','','a9abf2b211c4b9ba45827c11cb8da4d6fd1d866a','7zUEouVUT',NULL,NULL,0,86,'','5.164.212.19',1,1,0,'','','2019-08-10 11:46:53'),(74,1,0,4,'Matild ','Blahova','matilda.blahova@gmail.com','+421905257719','','71d490b7676713a6450983665d798cb891f2e9df','hgbJs9p5E',NULL,NULL,0,87,'','85.135.226.144',1,1,0,'','','2019-08-15 13:57:23'),(75,1,0,4,'Andrea','Tothova','tothova@allias.sk','0918872449','','46f395600b38ccec8f9ed5535f09b69579c73b69','ea2NZJJYH',NULL,NULL,0,89,'','87.197.100.150',1,1,0,'','','2019-08-17 14:03:43'),(76,1,0,4,'Anna','Hlubikova','hlubokova.anna@gmail.com','421903641111','','9b15c8d2e8da2834beb358184c2acd1f6e612ec1','1ROvDcG9x',NULL,NULL,1,90,'','84.245.121.221',1,1,0,'','','2019-08-18 13:37:43'),(77,1,0,4,'Pavel','Poliak','janapoliakova8@gmail.com','+421918182933','','11e3df79036a8ee5ee07a4ed5d8d863a1d76cdc8','X0dDiv1y3',NULL,NULL,1,91,'','194.160.76.124',1,1,0,'','','2019-08-20 07:51:23');

--
-- Table structure for table `oc_customer_activity`
--

 SET character_set_client = utf8mb4 ;
CREATE TABLE `oc_customer_activity` (
  `customer_activity_id` int(11) NOT NULL AUTO_INCREMENT,
  `customer_id` int(11) NOT NULL,
  `key` varchar(64) NOT NULL,
  `data` text NOT NULL,
  `ip` varchar(40) NOT NULL,
  `date_added` datetime NOT NULL,
  PRIMARY KEY (`customer_activity_id`)
) ENGINE=MyISAM AUTO_INCREMENT=624 DEFAULT CHARSET=utf8;

--
-- Dumping data for table `oc_customer_activity`
--

INSERT INTO `oc_customer_activity` VALUES (1,1,'register','{\"customer_id\":1,\"name\":\"Tom\\u00e1\\u0161 \\u0160melko\"}','91.127.215.139','2017-04-27 10:43:27'),(2,1,'login','{\"customer_id\":\"1\",\"name\":\"Tom\\u00e1\\u0161 \\u0160melko\"}','91.127.215.139','2017-04-27 10:57:35'),(3,0,'order_guest','{\"name\":\"Peter Zozulak\",\"order_id\":7}','88.212.36.69','2017-04-29 16:56:01'),(4,0,'order_guest','{\"name\":\"Peter Zozulak\",\"order_id\":8}','88.212.36.69','2017-04-30 01:09:16'),(5,0,'order_guest','{\"name\":\"Peter Zozulak\",\"order_id\":9}','88.212.36.69','2017-04-30 01:24:48'),(6,0,'order_guest','{\"name\":\"Peter Zozulak\",\"order_id\":10}','88.212.36.69','2017-04-30 06:52:58'),(7,0,'order_guest','{\"name\":\"peter biros\",\"order_id\":11}','95.102.44.207','2017-04-30 09:51:09'),(8,0,'order_guest','{\"name\":\"Peter Zozulak\",\"order_id\":12}','88.212.36.69','2017-04-30 11:02:07'),(9,0,'order_guest','{\"name\":\"Petet Biros\",\"order_id\":13}','95.103.70.63','2017-04-30 11:24:09'),(10,0,'order_guest','{\"name\":\"Peter Zozulak\",\"order_id\":14}','88.212.36.69','2017-04-30 11:43:18'),(11,0,'order_guest','{\"name\":\"Sk\\u00fa\\u0161ka Promiseo\",\"order_id\":15}','193.58.196.182','2017-05-02 12:04:10'),(12,2,'register','{\"customer_id\":2,\"name\":\"Janko Hrasko\"}','88.212.36.69','2017-05-03 10:01:09'),(13,2,'login','{\"customer_id\":\"2\",\"name\":\"Janko Hrasko\"}','88.212.36.69','2017-05-03 10:07:15'),(14,0,'order_guest','{\"name\":\"Katarina Solenska\",\"order_id\":16}','78.98.186.225','2017-05-04 05:58:57'),(15,0,'order_guest','{\"name\":\"Milan Michalovic\",\"order_id\":17}','178.115.129.241','2017-05-05 07:07:54'),(16,3,'register','{\"customer_id\":3,\"name\":\"Peter Zozulak\"}','88.212.36.69','2017-05-05 19:42:41'),(17,3,'order_account','{\"customer_id\":\"3\",\"name\":\"Peter Zozulak\",\"order_id\":18}','88.212.36.69','2017-05-05 19:42:43'),(18,3,'order_account','{\"customer_id\":\"3\",\"name\":\"Peter Zozulak\",\"order_id\":19}','88.212.36.69','2017-05-05 20:01:14'),(19,0,'order_guest','{\"name\":\"Sk\\u00fa\\u0161ka Promiseo\",\"order_id\":20}','193.58.196.182','2017-05-10 11:03:45'),(20,0,'order_guest','{\"name\":\"TEST TEST\",\"order_id\":21}','85.71.146.121','2017-05-10 19:14:23'),(21,0,'order_guest','{\"name\":\"Roman Hlava\\u010dka\",\"order_id\":22}','87.239.56.27','2017-05-20 19:45:04'),(22,0,'order_guest','{\"name\":\"Katarina Horvathova\",\"order_id\":23}','193.87.134.39','2017-05-23 09:19:04'),(23,0,'order_guest','{\"name\":\"Albert Priecel\",\"order_id\":24}','78.98.185.202','2017-05-24 16:39:02'),(24,4,'register','{\"customer_id\":4,\"name\":\"Zuzana Adaskova\"}','95.170.232.217','2017-05-24 21:18:11'),(25,4,'address_add','{\"customer_id\":\"4\",\"name\":\"Zuzana Adaskova\"}','95.170.232.217','2017-05-24 21:18:12'),(26,4,'order_account','{\"customer_id\":\"4\",\"name\":\"Zuzana Adaskova\",\"order_id\":25}','95.170.232.217','2017-05-24 21:18:14'),(27,0,'order_guest','{\"name\":\"Stevo Polakovic\",\"order_id\":26}','212.89.235.154','2017-05-28 09:54:47'),(28,0,'order_guest','{\"name\":\"Miroslav Martin\\u010dek\",\"order_id\":27}','95.103.189.226','2017-06-01 18:05:50'),(29,0,'order_guest','{\"name\":\"Jana Kirchnerova\",\"order_id\":28}','84.47.92.57','2017-06-03 08:18:52'),(30,0,'order_guest','{\"name\":\"Martina Redajov\\u00e1\",\"order_id\":29}','178.41.206.102','2017-06-06 18:43:23'),(31,0,'order_guest','{\"name\":\"Roland Czufal\",\"order_id\":30}','195.168.122.138','2017-06-09 19:47:34'),(32,0,'order_guest','{\"name\":\"Jaroslav Kamensk\\u00fd\",\"order_id\":31}','84.47.46.149','2017-06-11 19:05:37'),(33,5,'register','{\"customer_id\":5,\"name\":\"Tibor Gavenda\"}','195.146.148.74','2017-06-19 06:41:46'),(34,5,'edit','{\"customer_id\":\"5\",\"name\":\"Tibor Gavenda\"}','195.146.148.74','2017-06-19 06:50:53'),(35,5,'login','{\"customer_id\":\"5\",\"name\":\"Tibor Gavenda\"}','195.146.148.74','2017-06-19 06:56:52'),(36,0,'order_guest','{\"name\":\"Vlastimil \\u0160uhajda\",\"order_id\":32}','178.41.48.61','2017-06-20 19:33:57'),(37,0,'order_guest','{\"name\":\"Zuzana Demkova\",\"order_id\":33}','85.237.234.32','2017-06-25 11:18:59'),(38,0,'order_guest','{\"name\":\"Tereza Pazmanova\",\"order_id\":34}','85.135.156.120','2017-06-25 19:57:04'),(39,0,'order_guest','{\"name\":\"Zuzana Krajnakova\",\"order_id\":35}','178.41.25.92','2017-06-26 07:05:15'),(40,0,'order_guest','{\"name\":\"Paul\\u00edna  KLINKOV\\u00e1\",\"order_id\":36}','178.18.69.3','2017-06-26 11:40:35'),(41,0,'order_guest','{\"name\":\"Timea Axamit\",\"order_id\":37}','188.121.162.129','2017-06-27 09:33:12'),(42,0,'order_guest','{\"name\":\"Ivana Festenburg\",\"order_id\":38}','78.98.156.177','2017-06-27 13:51:34'),(43,0,'order_guest','{\"name\":\"Katarina Kertisova\",\"order_id\":39}','88.212.42.194','2017-06-27 16:12:57'),(44,0,'order_guest','{\"name\":\"Ott\\u00f3 Moln\\u00e1r\",\"order_id\":40}','195.98.28.160','2017-07-04 06:06:29'),(45,0,'order_guest','{\"name\":\"Em\\u00edlia Domanov\\u00e1\",\"order_id\":41}','213.215.118.196','2017-07-04 15:06:43'),(46,0,'order_guest','{\"name\":\"Monika Horonyova\",\"order_id\":42}','78.41.168.134','2017-07-06 17:55:21'),(47,0,'order_guest','{\"name\":\"Petra Hullov\\u00e1\",\"order_id\":43}','195.80.170.58','2017-07-07 07:03:25'),(48,0,'order_guest','{\"name\":\"Alica \\u010cajkov\\u00e1\",\"order_id\":44}','77.234.241.214','2017-07-07 18:09:00'),(49,6,'register','{\"customer_id\":6,\"name\":\"Marcel Gasparovic\"}','195.91.6.238','2017-07-09 05:13:33'),(50,6,'order_account','{\"customer_id\":\"6\",\"name\":\"Marcel Gasparovic\",\"order_id\":45}','195.91.6.238','2017-07-09 05:13:36'),(51,7,'register','{\"customer_id\":7,\"name\":\"Ivan Pozdnyakov\"}','104.236.213.230','2017-07-09 14:41:24'),(52,0,'order_guest','{\"name\":\"Zuzana Doubkov\\u00e1\",\"order_id\":46}','213.151.215.195','2017-07-15 11:19:57'),(53,8,'register','{\"customer_id\":8,\"name\":\"Ivana Festenburg\"}','85.237.234.93','2017-07-15 17:58:08'),(54,8,'order_account','{\"customer_id\":\"8\",\"name\":\"Ivana Festenburg\",\"order_id\":47}','85.237.234.93','2017-07-15 17:58:16'),(55,0,'order_guest','{\"name\":\"Michal Kovacik\",\"order_id\":48}','92.245.6.179','2017-07-17 18:57:09'),(56,0,'order_guest','{\"name\":\"Veronika Berezna\",\"order_id\":49}','88.212.40.254','2017-07-25 21:54:24'),(57,0,'order_guest','{\"name\":\"Zuzana \\u0160ulav\\u00edkov\\u00e1\",\"order_id\":50}','95.103.181.192','2017-07-26 10:22:43'),(58,9,'register','{\"customer_id\":9,\"name\":\"Ivana Kraj\\u010dov\\u00e1\"}','78.98.163.255','2017-07-27 10:56:32'),(59,9,'address_add','{\"customer_id\":\"9\",\"name\":\"Ivana Kraj\\u010dov\\u00e1\"}','78.98.163.255','2017-07-27 10:56:32'),(60,9,'order_account','{\"customer_id\":\"9\",\"name\":\"Ivana Kraj\\u010dov\\u00e1\",\"order_id\":51}','78.98.163.255','2017-07-27 10:56:40'),(61,0,'order_guest','{\"name\":\"Urban Kuzma\",\"order_id\":52}','178.41.210.2','2017-07-27 19:56:12'),(62,0,'order_guest','{\"name\":\"Yvetta Tima\",\"order_id\":53}','78.141.90.131','2017-07-28 17:03:40'),(63,10,'register','{\"customer_id\":10,\"name\":\"Milo\\u0161 Jese\\u0148\\u00e1k\"}','91.127.16.240','2017-07-30 20:00:31'),(64,10,'order_account','{\"customer_id\":\"10\",\"name\":\"Milo\\u0161 Jese\\u0148\\u00e1k\",\"order_id\":54}','91.127.16.240','2017-07-30 20:00:33'),(65,0,'order_guest','{\"name\":\"Zuzana Doubkov\\u00e1\",\"order_id\":55}','213.151.215.195','2017-08-06 11:14:35'),(66,0,'order_guest','{\"name\":\"janka petrigova\",\"order_id\":56}','88.212.41.185','2017-08-13 13:53:14'),(67,0,'order_guest','{\"name\":\"Robert Packa\",\"order_id\":57}','108.171.128.182','2017-08-18 15:16:09'),(68,0,'order_guest','{\"name\":\"marian gula\",\"order_id\":58}','109.230.3.214','2017-08-20 14:43:00'),(69,0,'order_guest','{\"name\":\"Martin Hinka, Ing.\",\"order_id\":59}','62.197.243.212','2017-08-21 12:47:52'),(70,0,'order_guest','{\"name\":\"Martin Hinka, Ing.\",\"order_id\":60}','62.197.243.212','2017-08-21 14:11:36'),(71,0,'order_guest','{\"name\":\"Martin Hinka, Ing.\",\"order_id\":61}','62.197.243.212','2017-08-21 14:19:12'),(72,0,'order_guest','{\"name\":\"Em\\u00edliaDomanov\\u00e1 Domanov\\u00e1\",\"order_id\":62}','178.41.108.123','2017-08-21 14:28:14'),(73,11,'register','{\"customer_id\":11,\"name\":\"Tom\\u00e1\\u0161 Pap\\u0161o\"}','213.181.131.12','2017-08-25 10:31:45'),(74,11,'login','{\"customer_id\":\"11\",\"name\":\"Tom\\u00e1\\u0161 Pap\\u0161o\"}','213.181.131.12','2017-08-25 14:45:38'),(75,11,'order_account','{\"customer_id\":\"11\",\"name\":\"Tom\\u00e1\\u0161 Pap\\u0161o\",\"order_id\":63}','213.181.131.12','2017-08-25 15:02:40'),(76,11,'login','{\"customer_id\":\"11\",\"name\":\"Tom\\u00e1\\u0161 Pap\\u0161o\"}','213.181.131.12','2017-08-26 10:02:11'),(77,0,'order_guest','{\"name\":\"Jana Kirchnerova\",\"order_id\":64}','78.99.14.65','2017-08-26 13:22:12'),(78,11,'login','{\"customer_id\":\"11\",\"name\":\"Tom\\u00e1\\u0161 Pap\\u0161o\"}','213.181.131.12','2017-08-28 12:23:17'),(79,0,'order_guest','{\"name\":\"Tatiana Kudli\\u010dkov\\u00e1\",\"order_id\":65}','90.64.44.255','2017-08-29 18:25:32'),(80,11,'login','{\"customer_id\":\"11\",\"name\":\"Tom\\u00e1\\u0161 Pap\\u0161o\"}','212.15.184.78','2017-09-01 07:29:18'),(81,0,'order_guest','{\"name\":\"Petra Dzur\\u00edkov\\u00e1\",\"order_id\":66}','95.105.217.76','2017-09-04 20:07:15'),(82,11,'login','{\"customer_id\":\"11\",\"name\":\"Tom\\u00e1\\u0161 Pap\\u0161o\"}','213.181.131.12','2017-09-05 07:01:37'),(83,11,'login','{\"customer_id\":\"11\",\"name\":\"Tom\\u00e1\\u0161 Pap\\u0161o\"}','213.181.131.12','2017-09-05 15:36:03'),(84,0,'order_guest','{\"name\":\"Jan \\u0160kumani\\u010d\",\"order_id\":67}','85.237.234.153','2017-09-10 06:02:45'),(85,0,'order_guest','{\"name\":\"Erika G\\u00e1bor\\u00edkov\\u00e1\",\"order_id\":68}','91.127.55.138','2017-09-11 18:41:51'),(86,0,'order_guest','{\"name\":\"Mariana Cizmarova\",\"order_id\":69}','85.216.148.126','2017-09-16 14:50:00'),(87,0,'order_guest','{\"name\":\"Iveta B\\u00e9re\\u0161ov\\u00e1\",\"order_id\":70}','87.197.57.97','2017-09-25 10:58:14'),(88,12,'register','{\"customer_id\":12,\"name\":\"Lucia  Lipnicka \"}','85.237.234.235','2017-10-01 14:47:34'),(89,12,'edit','{\"customer_id\":\"12\",\"name\":\"Lucia  Lipnicka \"}','85.237.234.235','2017-10-01 14:50:47'),(90,12,'address_add','{\"customer_id\":\"12\",\"name\":\"Patrik  Lipnick\\u00fd \"}','85.237.234.235','2017-10-01 14:52:09'),(91,12,'login','{\"customer_id\":\"12\",\"name\":\"Patrik  Lipnick\\u00fd \"}','195.91.97.213','2017-10-01 14:56:43'),(92,12,'login','{\"customer_id\":\"12\",\"name\":\"Patrik  Lipnick\\u00fd \"}','213.151.227.82','2017-10-02 10:25:02'),(93,0,'order_guest','{\"name\":\"Lucia Lalov\\u00e1\",\"order_id\":71}','213.151.248.2','2017-10-06 06:05:52'),(94,0,'order_guest','{\"name\":\"Daniela Pra\\u017eencov\\u00e1\",\"order_id\":72}','188.167.253.23','2017-10-06 16:15:48'),(95,13,'register','{\"customer_id\":13,\"name\":\"Erika Silvova\"}','109.74.159.54','2017-10-10 05:48:19'),(96,13,'order_account','{\"customer_id\":\"13\",\"name\":\"Erika Silvova\",\"order_id\":73}','109.74.159.54','2017-10-10 05:48:26'),(97,13,'login','{\"customer_id\":\"13\",\"name\":\"Erika Silvova\"}','78.99.126.20','2017-10-10 08:44:48'),(98,0,'order_guest','{\"name\":\"Juraj Kr\\u010d\",\"order_id\":74}','193.200.9.216','2017-10-10 10:48:26'),(99,0,'order_guest','{\"name\":\"Simona Repkov\\u00e1\",\"order_id\":75}','82.119.103.118','2017-10-13 08:09:45'),(100,14,'register','{\"customer_id\":14,\"name\":\"Jozef Miku\\u0161ka\"}','78.99.46.121','2017-10-15 10:44:35'),(101,14,'address_add','{\"customer_id\":\"14\",\"name\":\"Jozef Miku\\u0161ka\"}','78.99.46.121','2017-10-15 10:44:35'),(102,14,'order_account','{\"customer_id\":\"14\",\"name\":\"Jozef Miku\\u0161ka\",\"order_id\":76}','78.99.46.121','2017-10-15 10:44:43'),(103,13,'login','{\"customer_id\":\"13\",\"name\":\"Erika Silvova\"}','109.74.159.54','2017-10-15 11:26:30'),(104,14,'login','{\"customer_id\":\"14\",\"name\":\"Jozef Miku\\u0161ka\"}','78.99.46.121','2017-10-15 18:45:35'),(105,0,'order_guest','{\"name\":\"Eva Miho\\u010dkov\\u00e1\",\"order_id\":77}','188.167.61.5','2017-10-18 12:03:58'),(106,11,'login','{\"customer_id\":\"11\",\"name\":\"Tom\\u00e1\\u0161 Pap\\u0161o\"}','213.181.131.12','2017-10-19 08:27:41'),(107,0,'order_guest','{\"name\":\"Ivan  Bratko\",\"order_id\":78}','217.118.99.131','2017-10-23 08:45:56'),(108,0,'order_guest','{\"name\":\"Agnesa Szolnokiova\",\"order_id\":79}','85.237.234.117','2017-10-25 11:03:25'),(109,11,'login','{\"customer_id\":\"11\",\"name\":\"Tom\\u00e1\\u0161 Pap\\u0161o\"}','213.181.131.12','2017-11-02 11:14:33'),(110,0,'order_guest','{\"name\":\"Anna Ki\\u010dkov\\u00e1\",\"order_id\":80}','178.40.162.76','2017-11-06 19:02:27'),(111,15,'register','{\"customer_id\":15,\"name\":\"Monika Kral\\u010d\\u00e1kov\\u00e1 \"}','92.52.11.137','2017-11-07 06:54:40'),(112,15,'login','{\"customer_id\":\"15\",\"name\":\"Monika Kral\\u010d\\u00e1kov\\u00e1 \"}','92.52.11.137','2017-11-07 19:02:56'),(113,15,'login','{\"customer_id\":\"15\",\"name\":\"Monika Kral\\u010d\\u00e1kov\\u00e1 \"}','92.52.11.137','2017-11-07 19:06:21'),(114,15,'login','{\"customer_id\":\"15\",\"name\":\"Monika Kral\\u010d\\u00e1kov\\u00e1 \"}','92.52.11.137','2017-11-07 20:57:11'),(115,15,'login','{\"customer_id\":\"15\",\"name\":\"Monika Kral\\u010d\\u00e1kov\\u00e1 \"}','92.52.11.137','2017-11-08 10:51:22'),(116,0,'order_guest','{\"name\":\"Test Test\",\"order_id\":81}','85.71.146.121','2017-11-12 17:54:33'),(117,0,'order_guest','{\"name\":\"Katar\\u00edna Obertov\\u00e1\",\"order_id\":82}','195.168.66.82','2017-11-13 20:56:15'),(118,0,'order_guest','{\"name\":\"Judita Simcisin Bagoniova\",\"order_id\":83}','185.25.248.212','2017-11-17 20:52:08'),(119,0,'order_guest','{\"name\":\"Peter Braun\",\"order_id\":84}','195.168.186.18','2017-11-20 09:38:39'),(120,0,'order_guest','{\"name\":\"gabriela ga\\u0161par\\u00edkov\\u00e1\",\"order_id\":85}','62.197.235.129','2017-11-21 22:24:42'),(121,16,'register','{\"customer_id\":16,\"name\":\"Mari\\u00e1n Malach\"}','92.52.47.107','2017-11-24 20:02:14'),(122,16,'order_account','{\"customer_id\":\"16\",\"name\":\"Mari\\u00e1n Malach\",\"order_id\":86}','92.52.47.107','2017-11-24 20:02:20'),(123,0,'order_guest','{\"name\":\"Ilja Zarachovski\",\"order_id\":87}','80.188.69.163','2017-11-26 08:43:12'),(124,0,'order_guest','{\"name\":\"Boris Dula\",\"order_id\":88}','78.99.219.245','2017-11-26 18:56:56'),(125,0,'order_guest','{\"name\":\"Jakub Jandel\",\"order_id\":89}','195.91.43.178','2017-11-27 07:39:48'),(126,11,'login','{\"customer_id\":\"11\",\"name\":\"Tom\\u00e1\\u0161 Pap\\u0161o\"}','213.181.131.12','2017-11-28 11:27:55'),(127,11,'login','{\"customer_id\":\"11\",\"name\":\"Tom\\u00e1\\u0161 Pap\\u0161o\"}','213.181.131.12','2017-11-28 11:31:52'),(128,11,'login','{\"customer_id\":\"11\",\"name\":\"Tom\\u00e1\\u0161 Pap\\u0161o\"}','213.181.131.12','2017-11-28 11:33:32'),(129,0,'order_guest','{\"name\":\"Alexander Kozs\\u00e1r\",\"order_id\":90}','5.175.70.152','2017-11-30 07:46:27'),(130,17,'register','{\"customer_id\":17,\"name\":\"Michael Sill\"}','178.143.70.224','2017-12-01 15:18:03'),(131,17,'order_account','{\"customer_id\":\"17\",\"name\":\"Michael Sill\",\"order_id\":91}','178.143.70.224','2017-12-01 15:18:05'),(132,0,'order_guest','{\"name\":\"Anna Ga\\u0161p\\u00e1rkov\\u00e1\",\"order_id\":92}','95.102.232.49','2017-12-03 17:31:12'),(133,0,'order_guest','{\"name\":\"Vladimira Hudakova\",\"order_id\":93}','188.167.250.218','2017-12-04 16:06:29'),(134,18,'register','{\"customer_id\":18,\"name\":\"Tom\\u00e1\\u0161 \\u010curilla\"}','88.212.35.122','2017-12-05 17:44:59'),(135,18,'order_account','{\"customer_id\":\"18\",\"name\":\"Tom\\u00e1\\u0161 \\u010curilla\",\"order_id\":94}','88.212.35.122','2017-12-05 17:45:01'),(136,19,'register','{\"customer_id\":19,\"name\":\"Eva Brunaiov\\u00e1\"}','78.98.2.197','2017-12-06 11:38:37'),(137,19,'order_account','{\"customer_id\":\"19\",\"name\":\"Eva Brunaiov\\u00e1\",\"order_id\":95}','78.98.2.197','2017-12-06 11:38:39'),(138,15,'login','{\"customer_id\":\"15\",\"name\":\"Monika Kral\\u010d\\u00e1kov\\u00e1 \"}','92.52.11.137','2017-12-07 21:03:15'),(139,0,'order_guest','{\"name\":\"michaela korvasov\\u00e1\",\"order_id\":96}','78.99.255.73','2017-12-08 11:49:45'),(140,0,'order_guest','{\"name\":\"Ivan Tomas\",\"order_id\":97}','217.75.82.232','2017-12-10 20:09:06'),(141,0,'order_guest','{\"name\":\"michaela korvasov\\u00e1\",\"order_id\":98}','95.102.186.56','2017-12-22 12:49:36'),(142,0,'order_guest','{\"name\":\"Ivan Rexa\",\"order_id\":99}','88.212.52.52','2017-12-23 16:13:35'),(143,0,'order_guest','{\"name\":\"Judita \\u0160im\\u010di\\u0161in Bagoniov\\u00e1\",\"order_id\":100}','85.248.250.16','2017-12-29 08:04:47'),(144,0,'order_guest','{\"name\":\"Jana Kosdiova\",\"order_id\":101}','188.121.187.110','2018-01-02 11:42:42'),(145,10,'login','{\"customer_id\":\"10\",\"name\":\"Milo\\u0161 Jese\\u0148\\u00e1k\"}','80.242.35.203','2018-01-06 10:11:15'),(146,20,'register','{\"customer_id\":20,\"name\":\"Jan BOGDAN\"}','95.102.216.112','2018-01-06 10:20:32'),(147,20,'order_account','{\"customer_id\":\"20\",\"name\":\"Jan BOGDAN\",\"order_id\":102}','95.102.216.112','2018-01-06 10:22:08'),(148,10,'login','{\"customer_id\":\"10\",\"name\":\"Milo\\u0161 Jese\\u0148\\u00e1k\"}','80.242.35.203','2018-01-06 19:24:52'),(149,10,'address_add','{\"customer_id\":\"10\",\"name\":\"Milo\\u0161 Jese\\u0148\\u00e1k\"}','80.242.35.203','2018-01-06 19:26:15'),(150,10,'order_account','{\"customer_id\":\"10\",\"name\":\"Milo\\u0161 Jese\\u0148\\u00e1k\",\"order_id\":103}','80.242.35.203','2018-01-06 19:26:22'),(151,20,'login','{\"customer_id\":\"20\",\"name\":\"Jan BOGDAN\"}','95.102.216.112','2018-01-07 12:50:50'),(152,0,'order_guest','{\"name\":\"Robert Berky\",\"order_id\":104}','188.123.122.2','2018-01-07 17:33:32'),(153,0,'order_guest','{\"name\":\"J\\u00e1n \\u0160atanek\",\"order_id\":105}','176.61.241.54','2018-01-08 22:20:34'),(154,0,'order_guest','{\"name\":\"Lucia  Al\\u00e1\\u010dov\\u00e1 \",\"order_id\":106}','85.237.234.31','2018-01-09 23:32:37'),(155,0,'order_guest','{\"name\":\"Matej Bobak\",\"order_id\":107}','213.241.85.98','2018-01-11 15:36:57'),(156,21,'register','{\"customer_id\":21,\"name\":\"Nina Kazarkov\\u00e1\"}','78.98.162.64','2018-01-14 13:44:46'),(157,0,'order_guest','{\"name\":\"Peter Anderle\",\"order_id\":108}','195.28.88.36','2018-01-15 12:06:09'),(158,0,'order_guest','{\"name\":\"Zuzana Janska\",\"order_id\":109}','78.98.10.147','2018-01-17 13:55:49'),(159,13,'login','{\"customer_id\":\"13\",\"name\":\"Erika Silvova\"}','91.127.210.85','2018-01-17 14:04:43'),(160,13,'order_account','{\"customer_id\":\"13\",\"name\":\"Erika Silvova\",\"order_id\":110}','91.127.210.85','2018-01-17 14:05:35'),(161,13,'login','{\"customer_id\":\"13\",\"name\":\"Erika Silvova\"}','91.127.210.85','2018-01-17 14:21:06'),(162,11,'login','{\"customer_id\":\"11\",\"name\":\"Tom\\u00e1\\u0161 Pap\\u0161o\"}','213.181.131.12','2018-01-19 10:08:00'),(163,11,'edit','{\"customer_id\":\"11\",\"name\":\"Tom\\u00e1\\u0161 Pap\\u0161o\"}','213.181.131.12','2018-01-19 10:23:29'),(164,11,'order_account','{\"customer_id\":\"11\",\"name\":\"Tom\\u00e1\\u0161 Pap\\u0161o\",\"order_id\":111}','213.181.131.12','2018-01-19 10:24:53'),(165,0,'order_guest','{\"name\":\"Peter Biros\",\"order_id\":112}','78.99.103.72','2018-01-20 20:14:37'),(166,0,'order_guest','{\"name\":\"Andrej Folt\\u00fdn\",\"order_id\":113}','151.236.226.179','2018-01-22 20:47:00'),(167,0,'order_guest','{\"name\":\"Marianna Mu\\u017elaiov\\u00e1\",\"order_id\":114}','195.49.191.152','2018-01-25 10:48:35'),(168,0,'order_guest','{\"name\":\"Martin  Jaros\",\"order_id\":115}','195.91.17.160','2018-01-27 13:23:27'),(169,22,'register','{\"customer_id\":22,\"name\":\"Iveta Megne\"}','213.160.188.221','2018-01-28 14:53:45'),(170,22,'order_account','{\"customer_id\":\"22\",\"name\":\"Iveta Megne\",\"order_id\":116}','213.160.188.221','2018-01-28 14:53:47'),(171,0,'order_guest','{\"name\":\"Jarmila Ciglanov\\u00e1\",\"order_id\":117}','178.40.238.35','2018-02-06 17:58:02'),(172,23,'register','{\"customer_id\":23,\"name\":\"matus szepesi\"}','193.58.196.182','2018-02-07 15:07:31'),(173,0,'order_guest','{\"name\":\"Erik Pastucha\",\"order_id\":118}','195.168.90.202','2018-02-09 07:18:47'),(174,0,'order_guest','{\"name\":\"Dana Sottova\",\"order_id\":119}','195.91.17.225','2018-02-09 17:24:29'),(175,0,'order_guest','{\"name\":\"Jozef Chut\\u0148\\u00e1k\",\"order_id\":120}','188.167.254.121','2018-02-11 10:58:21'),(176,0,'order_guest','{\"name\":\"Ivan  Bratko\",\"order_id\":121}','217.118.99.131','2018-02-12 12:17:43'),(177,0,'order_guest','{\"name\":\"Yokla s.r.o.\",\"order_id\":122}','195.98.15.102','2018-02-18 13:09:53'),(178,0,'order_guest','{\"name\":\"Miroslav Koz\\u00e1rik\",\"order_id\":123}','78.99.51.80','2018-02-19 08:38:24'),(179,0,'order_guest','{\"name\":\"Vladim\\u00edr Kopa\\u0148a\",\"order_id\":124}','87.197.120.178','2018-02-19 12:20:27'),(180,0,'order_guest','{\"name\":\"\\u0160tefan MOCN\\u00dd\",\"order_id\":125}','178.41.224.228','2018-02-23 08:46:16'),(181,0,'order_guest','{\"name\":\"Monika Jancikova\",\"order_id\":126}','95.103.239.146','2018-02-26 22:52:05'),(182,24,'register','{\"customer_id\":24,\"name\":\"Milan Hutkai\"}','195.91.18.202','2018-03-03 22:52:04'),(183,24,'address_add','{\"customer_id\":\"24\",\"name\":\"Milan Hutkai\"}','195.91.18.202','2018-03-03 22:52:05'),(184,24,'order_account','{\"customer_id\":\"24\",\"name\":\"Milan Hutkai\",\"order_id\":127}','195.91.18.202','2018-03-03 22:52:08'),(185,25,'register','{\"customer_id\":25,\"name\":\"\\u0417\\u0434\\u0435\\u0441\\u044c http:\\/\\/CfkqurFe.com \\u0418 \\u043d\\u0430\\u0432\\u0432\\u0435\\u0440\\u043d\\u043e\\u0435  http:\\/\\/CfkqurFe.ru\"}','89.151.179.172','2018-03-05 12:26:17'),(186,0,'order_guest','{\"name\":\"Viktor Kudrna\",\"order_id\":128}','95.102.20.153','2018-03-05 20:15:04'),(187,11,'login','{\"customer_id\":\"11\",\"name\":\"Tom\\u00e1\\u0161 Pap\\u0161o\"}','213.181.131.12','2018-03-07 13:00:43'),(188,0,'order_guest','{\"name\":\"Vladim\\u00edr \\u0160i\\u0161o\",\"order_id\":129}','95.103.182.19','2018-03-09 17:38:30'),(189,0,'order_guest','{\"name\":\"Andrea  Bolhov\\u00e1\",\"order_id\":130}','188.112.89.220','2018-03-11 09:10:13'),(190,0,'order_guest','{\"name\":\"Peter Biros\",\"order_id\":131}','78.99.57.197','2018-03-12 15:43:07'),(191,0,'order_guest','{\"name\":\"Peter Biros\",\"order_id\":132}','178.40.32.226','2018-03-13 18:20:33'),(192,0,'order_guest','{\"name\":\"Eva Gr\\u00e1\\u010dov\\u00e1\",\"order_id\":133}','80.242.41.174','2018-03-15 04:55:57'),(193,0,'order_guest','{\"name\":\"Filip Jurkovi\\u0107\",\"order_id\":134}','176.107.21.241','2018-03-16 23:19:55'),(194,0,'order_guest','{\"name\":\"Ivan  Bratko\",\"order_id\":135}','217.118.99.131','2018-03-20 16:03:17'),(195,0,'order_guest','{\"name\":\"Barbora Ogur\\u010d\\u00e1kov\\u00e1\",\"order_id\":136}','95.233.83.60','2018-03-21 11:51:05'),(196,0,'order_guest','{\"name\":\"\\u013dubo\\u0161 Nekoranec\",\"order_id\":137}','188.112.119.196','2018-03-24 20:38:26'),(197,0,'order_guest','{\"name\":\"Veronika Mr\\u00e1zov\\u00e1\",\"order_id\":138}','87.197.100.162','2018-03-25 17:53:29'),(198,0,'order_guest','{\"name\":\"Michaela Soj\\u010d\\u00edkov\\u00e1\",\"order_id\":139}','91.127.99.35','2018-03-25 19:59:23'),(199,0,'order_guest','{\"name\":\"Peter Biros\",\"order_id\":140}','78.99.57.197','2018-03-27 07:31:47'),(200,0,'order_guest','{\"name\":\"TEST TEST\",\"order_id\":141}','88.212.36.69','2018-03-28 07:24:15'),(201,0,'order_guest','{\"name\":\"Margita Heckova\",\"order_id\":142}','195.146.138.79','2018-03-28 13:58:43'),(202,0,'order_guest','{\"name\":\"martin janosik\",\"order_id\":143}','212.89.228.78','2018-04-09 09:32:27'),(203,0,'order_guest','{\"name\":\"test test\",\"order_id\":144}','193.58.196.182','2018-04-19 12:55:36'),(204,0,'order_guest','{\"name\":\"Judita \\u0160im\\u010di\\u0161in Bagoniov\\u00e1\",\"order_id\":145}','85.248.250.16','2018-04-23 07:21:22'),(205,0,'order_guest','{\"name\":\"Petr Mi\\u0161kay\",\"order_id\":146}','91.127.20.39','2018-04-25 07:20:32'),(206,0,'order_guest','{\"name\":\"Silvia Jur\\u00edkov\\u00e1\",\"order_id\":147}','78.99.30.239','2018-04-25 18:39:18'),(207,0,'order_guest','{\"name\":\"Kvetoslava L\\u00edvov\\u00e1\",\"order_id\":148}','85.135.136.120','2018-05-01 10:07:38'),(208,26,'register','{\"customer_id\":26,\"name\":\"marek sulaj\"}','78.141.122.232','2018-05-01 17:17:48'),(209,26,'order_account','{\"customer_id\":\"26\",\"name\":\"marek sulaj\",\"order_id\":149}','78.141.122.232','2018-05-01 17:17:51'),(210,0,'order_guest','{\"name\":\"Judita \\u0160im\\u010di\\u0161in Bagoniov\\u00e1\",\"order_id\":150}','85.248.250.16','2018-05-03 09:45:59'),(211,0,'order_guest','{\"name\":\"Valer Cmorik\",\"order_id\":151}','176.116.113.76','2018-05-05 05:49:09'),(212,0,'order_guest','{\"name\":\"Andrea Streckova\",\"order_id\":152}','213.160.169.161','2018-05-05 13:49:38'),(213,0,'order_guest','{\"name\":\"Igor Kopeck\\u00fd\",\"order_id\":153}','217.73.20.196','2018-05-06 07:44:33'),(214,0,'order_guest','{\"name\":\"Barbora Lo Bartolo\",\"order_id\":154}','78.99.194.130','2018-05-10 18:33:44'),(215,0,'order_guest','{\"name\":\"Gabriella  Bartalos Szab\\u00f3 \",\"order_id\":155}','87.197.98.92','2018-05-16 10:31:55'),(216,0,'order_guest','{\"name\":\"Viola Jon\\u00e1\\u0161ov\\u00e1\",\"order_id\":156}','85.237.234.93','2018-05-20 09:43:12'),(217,0,'order_guest','{\"name\":\"absbas asbas\",\"order_id\":157}','109.230.40.7','2018-05-22 16:12:45'),(218,0,'order_guest','{\"name\":\"M\\u00e1ria Bajz\\u00edkov\\u00e1\",\"order_id\":158}','109.230.40.7','2018-05-25 16:12:36'),(219,0,'order_guest','{\"name\":\"Ivana Guthova\",\"order_id\":159}','84.245.108.183','2018-05-29 19:25:49'),(220,0,'order_guest','{\"name\":\"Daniela Gondekov\\u00e1\",\"order_id\":160}','193.87.134.39','2018-06-04 14:06:12'),(221,0,'order_guest','{\"name\":\"Eva Kmecova\",\"order_id\":161}','87.201.133.18','2018-06-12 07:49:38'),(222,0,'order_guest','{\"name\":\"Tom\\u00e1\\u0161 Meli\\u0161ek\",\"order_id\":162}','95.102.238.26','2018-06-14 20:02:45'),(223,27,'register','{\"customer_id\":27,\"name\":\"Lydia Placha\"}','178.40.68.28','2018-06-21 19:15:32'),(224,0,'order_guest','{\"name\":\"\\u017daneta Ron\\u010fo\\u0161ov\\u00e1 \",\"order_id\":163}','84.245.120.143','2018-06-22 21:32:48'),(225,0,'order_guest','{\"name\":\"Viera Mat\\u00fa\\u0161kov\\u00e1\",\"order_id\":164}','80.87.220.185','2018-06-23 14:48:47'),(226,0,'order_guest','{\"name\":\"Maria Fertalova\",\"order_id\":165}','217.149.168.107','2018-06-25 11:04:52'),(227,0,'order_guest','{\"name\":\"peter biros\",\"order_id\":166}','78.99.55.19','2018-06-26 12:53:47'),(228,28,'register','{\"customer_id\":28,\"name\":\"Gabriela Zavadsk\\u00e1\"}','178.40.71.135','2018-07-05 08:55:38'),(229,28,'login','{\"customer_id\":\"28\",\"name\":\"Gabriela Zavadsk\\u00e1\"}','178.40.71.135','2018-07-05 09:18:00'),(230,28,'login','{\"customer_id\":\"28\",\"name\":\"Gabriela Zavadsk\\u00e1\"}','178.40.71.135','2018-07-05 09:41:49'),(231,28,'edit','{\"customer_id\":\"28\",\"name\":\"Gabriela Zavadsk\\u00e1\"}','178.40.71.135','2018-07-05 09:46:25'),(232,28,'order_account','{\"customer_id\":\"28\",\"name\":\"Gabriela Zavadsk\\u00e1\",\"order_id\":167}','178.40.71.135','2018-07-05 09:53:57'),(233,28,'forgotten','{\"customer_id\":\"28\",\"name\":\"Gabriela Zavadsk\\u00e1\"}','178.40.71.135','2018-07-05 09:56:01'),(234,28,'login','{\"customer_id\":\"28\",\"name\":\"Gabriela Zavadsk\\u00e1\"}','178.40.71.135','2018-07-05 09:56:27'),(235,28,'login','{\"customer_id\":\"28\",\"name\":\"Gabriela Zavadsk\\u00e1\"}','178.40.71.135','2018-07-05 12:15:07'),(236,28,'login','{\"customer_id\":\"28\",\"name\":\"Gabriela Zavadsk\\u00e1\"}','194.160.184.82','2018-07-06 08:24:13'),(237,0,'order_guest','{\"name\":\"Denis Franc\\u00edk\",\"order_id\":168}','80.81.232.133','2018-07-08 18:31:27'),(238,0,'order_guest','{\"name\":\"Alena Sl\\u00e1dekov\\u00e1\",\"order_id\":169}','95.103.180.119','2018-07-10 10:49:42'),(239,29,'register','{\"customer_id\":29,\"name\":\"Zuzana Svr\\u010dkov\\u00e1\"}','188.167.252.240','2018-07-11 21:25:47'),(240,29,'address_add','{\"customer_id\":\"29\",\"name\":\"Zuzana Svr\\u010dkov\\u00e1\"}','188.167.252.240','2018-07-11 21:32:28'),(241,29,'order_account','{\"customer_id\":\"29\",\"name\":\"Zuzana Svr\\u010dkov\\u00e1\",\"order_id\":170}','188.167.252.240','2018-07-11 21:32:30'),(242,29,'order_account','{\"customer_id\":\"29\",\"name\":\"Zuzana Svr\\u010dkov\\u00e1\",\"order_id\":171}','188.167.252.240','2018-07-11 21:44:54'),(243,29,'login','{\"customer_id\":\"29\",\"name\":\"Zuzana Svr\\u010dkov\\u00e1\"}','188.167.252.240','2018-07-12 06:24:21'),(244,0,'order_guest','{\"name\":\"Lubica Tuzinska\",\"order_id\":172}','109.230.4.184','2018-07-12 21:34:47'),(245,0,'order_guest','{\"name\":\"Judita  Kuchynova\",\"order_id\":173}','91.127.33.53','2018-07-12 22:14:22'),(246,0,'order_guest','{\"name\":\"Lubica Lacinova\",\"order_id\":174}','85.216.232.63','2018-07-13 19:24:19'),(247,0,'order_guest','{\"name\":\"Peter Patyla\",\"order_id\":175}','213.215.82.143','2018-07-16 12:28:40'),(248,29,'login','{\"customer_id\":\"29\",\"name\":\"Zuzana Svr\\u010dkov\\u00e1\"}','188.167.252.227','2018-07-16 15:49:45'),(249,29,'login','{\"customer_id\":\"29\",\"name\":\"Zuzana Svr\\u010dkov\\u00e1\"}','188.167.252.180','2018-07-18 15:11:55'),(250,30,'register','{\"customer_id\":30,\"name\":\"Jana Jedin\\u00e1kov\\u00e1\"}','194.1.228.235','2018-07-24 09:59:29'),(251,30,'order_account','{\"customer_id\":\"30\",\"name\":\"Jana Jedin\\u00e1kov\\u00e1\",\"order_id\":176}','194.1.228.235','2018-07-24 09:59:31'),(252,0,'order_guest','{\"name\":\"Janka Bernhauserov\\u00e1\",\"order_id\":177}','88.149.198.116','2018-07-27 13:34:00'),(253,30,'login','{\"customer_id\":\"30\",\"name\":\"Jana Jedin\\u00e1kov\\u00e1\"}','194.1.228.235','2018-07-30 10:17:29'),(254,0,'order_guest','{\"name\":\"Kristian Gaborik\",\"order_id\":178}','185.33.250.239','2018-07-31 15:05:23'),(255,0,'order_guest','{\"name\":\"ROBERT HOZAK\",\"order_id\":179}','95.102.78.214','2018-08-03 10:35:58'),(256,0,'order_guest','{\"name\":\"Ing,Peter Paulov\\u010d\\u00e1k\",\"order_id\":180}','85.237.234.42','2018-08-04 09:40:17'),(257,0,'order_guest','{\"name\":\"MUDR. Adriana Morvayov\\u00e1\",\"order_id\":181}','78.141.125.225','2018-08-04 19:32:49'),(258,0,'order_guest','{\"name\":\"Em\\u00edlia Fenclov\\u00e1\",\"order_id\":182}','188.123.99.130','2018-08-09 11:16:54'),(259,0,'order_guest','{\"name\":\"Vaclav Dyrsmid\",\"order_id\":183}','188.167.251.198','2018-08-10 13:18:19'),(260,0,'order_guest','{\"name\":\"Stanislav Rehu\\u0161 \",\"order_id\":184}','91.127.231.245','2018-08-15 17:12:04'),(261,0,'order_guest','{\"name\":\"Lenka Sestrienkov\\u00e1\",\"order_id\":185}','95.102.32.33','2018-08-17 08:42:27'),(262,0,'order_guest','{\"name\":\"Alenka Neuschlova\",\"order_id\":186}','212.89.233.190','2018-08-20 09:23:04'),(263,0,'order_guest','{\"name\":\"Beata Beniakova\",\"order_id\":187}','78.3.89.81','2018-08-20 20:21:04'),(264,31,'register','{\"customer_id\":31,\"name\":\"Ant\\u00f3nia V\\u00e9ghov\\u00e1\"}','188.167.183.10','2018-08-25 00:38:02'),(265,0,'order_guest','{\"name\":\"Monika  Papucikova \",\"order_id\":188}','87.244.204.152','2018-08-27 21:12:17'),(266,0,'order_guest','{\"name\":\"Adriana Sill\",\"order_id\":189}','212.5.195.242','2018-08-31 07:02:43'),(267,0,'order_guest','{\"name\":\"Lenka Sestrienkov\\u00e1\",\"order_id\":190}','85.248.47.216','2018-09-02 13:22:15'),(268,0,'order_guest','{\"name\":\"Zuzana Sinayova\",\"order_id\":191}','78.141.66.51','2018-09-02 21:50:02'),(269,0,'order_guest','{\"name\":\"Sandra Sztrakov\\u00e1\",\"order_id\":192}','88.212.36.156','2018-09-04 06:09:38'),(270,0,'order_guest','{\"name\":\"Michal Ruman\",\"order_id\":193}','85.237.234.200','2018-09-05 10:09:29'),(271,0,'order_guest','{\"name\":\"Juraj Belusik\",\"order_id\":194}','213.160.182.200','2018-09-06 05:14:14'),(272,32,'register','{\"customer_id\":32,\"name\":\"SYLVIA ANDREU \"}','83.39.199.74','2018-09-07 10:31:06'),(273,0,'order_guest','{\"name\":\"M\\u00e1ria Bolbot\",\"order_id\":195}','185.250.12.1','2018-09-08 08:28:56'),(274,33,'register','{\"customer_id\":33,\"name\":\"Martin Hrnko\"}','95.105.220.95','2018-09-10 21:08:18'),(275,33,'order_account','{\"customer_id\":\"33\",\"name\":\"Martin Hrnko\",\"order_id\":196}','95.105.220.95','2018-09-10 21:08:20'),(276,34,'register','{\"customer_id\":34,\"name\":\"Dana Filkova\"}','188.121.184.57','2018-09-11 09:58:48'),(277,34,'address_add','{\"customer_id\":\"34\",\"name\":\"Dana Filkova\"}','188.121.184.57','2018-09-11 09:58:49'),(278,34,'order_account','{\"customer_id\":\"34\",\"name\":\"Dana Filkova\",\"order_id\":197}','188.121.184.57','2018-09-11 09:58:53'),(279,0,'order_guest','{\"name\":\"Michal \\u0160efara\",\"order_id\":198}','212.5.197.185','2018-09-11 19:14:39'),(280,35,'register','{\"customer_id\":35,\"name\":\"Ingrid Zelenay\"}','188.167.90.243','2018-09-16 16:48:47'),(281,35,'order_account','{\"customer_id\":\"35\",\"name\":\"Ingrid Zelenay\",\"order_id\":199}','188.167.90.243','2018-09-16 16:48:49'),(282,30,'forgotten','{\"customer_id\":\"30\",\"name\":\"Jana Jedin\\u00e1kov\\u00e1\"}','194.1.227.216','2018-09-19 15:09:34'),(283,30,'reset','{\"customer_id\":\"30\",\"name\":\"Jana Jedin\\u00e1kov\\u00e1\"}','194.1.227.216','2018-09-19 15:10:32'),(284,30,'login','{\"customer_id\":\"30\",\"name\":\"Jana Jedin\\u00e1kov\\u00e1\"}','194.1.227.216','2018-09-19 15:10:51'),(285,36,'register','{\"customer_id\":36,\"name\":\"Andrea Cabadajov\\u00e1\"}','141.136.52.76','2018-09-20 16:33:00'),(286,0,'order_guest','{\"name\":\"libor benadik\",\"order_id\":200}','195.91.4.255','2018-09-23 10:11:13'),(287,37,'register','{\"customer_id\":37,\"name\":\"Jana Faith\"}','88.212.37.57','2018-09-23 20:31:39'),(288,37,'order_account','{\"customer_id\":\"37\",\"name\":\"Jana Faith\",\"order_id\":201}','88.212.37.57','2018-09-23 20:31:40'),(289,38,'register','{\"customer_id\":38,\"name\":\"Michal Luk\\u00e1\\u010d\"}','91.127.238.111','2018-09-25 21:34:55'),(290,38,'login','{\"customer_id\":\"38\",\"name\":\"Michal Luk\\u00e1\\u010d\"}','91.127.238.111','2018-09-25 21:38:02'),(291,38,'order_account','{\"customer_id\":\"38\",\"name\":\"Michal Luk\\u00e1\\u010d\",\"order_id\":202}','91.127.238.111','2018-09-25 21:41:17'),(292,0,'order_guest','{\"name\":\"Meno Priezvisko\",\"order_id\":203}','88.212.36.69','2018-09-26 16:05:04'),(293,0,'order_guest','{\"name\":\"Meno Priezvisko\",\"order_id\":204}','88.212.36.69','2018-09-26 18:00:48'),(294,0,'order_guest','{\"name\":\"Meno Priezvisko\",\"order_id\":205}','88.212.36.69','2018-09-26 18:49:52'),(295,0,'order_guest','{\"name\":\"Meno Priezvisko\",\"order_id\":206}','88.212.36.69','2018-09-26 18:51:02'),(296,0,'order_guest','{\"name\":\"The O2\",\"order_id\":207}','88.212.36.69','2018-09-26 18:55:17'),(297,0,'order_guest','{\"name\":\"Gabriella  Bartalos Szabo\",\"order_id\":214}','87.197.98.92','2018-09-29 09:41:39'),(298,30,'login','{\"customer_id\":\"30\",\"name\":\"Jana Jedin\\u00e1kov\\u00e1\"}','62.152.252.202','2018-10-01 09:39:09'),(299,39,'register','{\"customer_id\":39,\"name\":\"Tom\\u00e1\\u0161 Vrbick\\u00fd\"}','95.47.179.2','2018-10-02 05:56:17'),(300,39,'address_add','{\"customer_id\":\"39\",\"name\":\"Tom\\u00e1\\u0161 Vrbick\\u00fd\"}','95.47.179.2','2018-10-02 05:56:17'),(301,39,'order_account','{\"customer_id\":\"39\",\"name\":\"Tom\\u00e1\\u0161 Vrbick\\u00fd\",\"order_id\":215}','95.47.179.2','2018-10-02 05:56:18'),(302,0,'order_guest','{\"name\":\"Vanda Matu\\u0161ekov\\u00e1\",\"order_id\":216}','217.75.69.195','2018-10-04 17:26:22'),(303,0,'order_guest','{\"name\":\"test test\",\"order_id\":217}','81.200.57.148','2018-10-09 17:47:38'),(304,40,'register','{\"customer_id\":40,\"name\":\"Jan Muzik\"}','195.91.6.181','2018-10-10 17:21:20'),(305,40,'order_account','{\"customer_id\":\"40\",\"name\":\"Jan Muzik\",\"order_id\":218}','195.91.6.181','2018-10-10 17:24:59'),(306,40,'login','{\"customer_id\":\"40\",\"name\":\"Jan Muzik\"}','109.230.35.111','2018-10-16 17:43:46'),(307,41,'login','{\"customer_id\":\"41\",\"name\":\"MUDr. Adriana Morvayov\\u00e1\"}','78.141.125.225','2018-10-20 18:28:50'),(308,41,'edit','{\"customer_id\":\"41\",\"name\":\"MUDr. Adriana Morvayov\\u00e1\"}','78.141.125.225','2018-10-20 18:29:05'),(309,41,'address_add','{\"customer_id\":\"41\",\"name\":\"MUDr. Adriana Morvayov\\u00e1\"}','78.141.125.225','2018-10-20 18:30:47'),(310,41,'address_edit','{\"customer_id\":\"41\",\"name\":\"MUDr. Adriana Morvayov\\u00e1\"}','78.141.125.225','2018-10-20 18:31:27'),(311,41,'address_delete','{\"customer_id\":\"41\",\"name\":\"MUDr. Adriana Morvayov\\u00e1\"}','78.141.125.225','2018-10-20 18:31:42'),(312,41,'login','{\"customer_id\":\"41\",\"name\":\"MUDr. Adriana Morvayov\\u00e1\"}','78.141.125.225','2018-10-21 18:18:26'),(313,42,'register','{\"customer_id\":42,\"name\":\"Petra L\\u00edpov\\u00e1\"}','195.168.55.6','2018-10-24 03:42:16'),(314,0,'order_guest','{\"name\":\"Jana L\",\"order_id\":221}','78.99.55.19','2018-10-24 08:37:34'),(315,0,'order_guest','{\"name\":\"Jozef  Lenhart\",\"order_id\":222}','87.197.132.111','2018-11-01 20:53:03'),(316,0,'order_guest','{\"name\":\"peter biros\",\"order_id\":223}','78.99.55.19','2018-11-02 16:09:00'),(317,0,'order_guest','{\"name\":\"Eva Jacurov\\u00e1\",\"order_id\":224}','194.154.250.190','2018-11-06 09:10:10'),(318,0,'order_guest','{\"name\":\"Du\\u010fan Kudla\",\"order_id\":225}','62.197.243.157','2018-11-07 19:39:24'),(319,0,'order_guest','{\"name\":\"Jana Figurova\",\"order_id\":226}','88.212.37.169','2018-11-14 20:41:24'),(320,0,'order_guest','{\"name\":\"Michal \\u010cierny\",\"order_id\":227}','213.81.163.194','2018-11-15 10:42:11'),(321,0,'order_guest','{\"name\":\"Barbora Hennelov\\u00e1\",\"order_id\":228}','95.102.0.160','2018-11-25 11:48:35'),(322,0,'order_guest','{\"name\":\"ARMEA ARMEA\",\"order_id\":229}','78.99.150.140','2018-11-25 16:37:24'),(323,0,'order_guest','{\"name\":\"Lucia Vankov\\u00e1\",\"order_id\":230}','91.127.151.101','2018-11-25 17:09:04'),(324,0,'order_guest','{\"name\":\"Dominik Neme\\u010dek\",\"order_id\":231}','178.41.173.164','2018-11-25 20:41:38'),(325,0,'order_guest','{\"name\":\"Silvia Krajcovicova\",\"order_id\":232}','77.247.224.44','2018-11-26 12:14:01'),(326,0,'order_guest','{\"name\":\"Branislav Br\\u0161el\",\"order_id\":233}','85.237.234.31','2018-11-26 19:53:06'),(327,0,'order_guest','{\"name\":\"Karol Dudinsk\\u00fd\",\"order_id\":234}','178.40.78.139','2018-11-26 19:53:50'),(328,43,'register','{\"customer_id\":43,\"name\":\"Patricia Ulmanov\\u00e1\"}','87.244.197.247','2018-11-26 21:41:46'),(329,43,'order_account','{\"customer_id\":\"43\",\"name\":\"Patricia Ulmanov\\u00e1\",\"order_id\":235}','87.244.197.247','2018-11-26 21:42:07'),(330,0,'order_guest','{\"name\":\"Matej Jan\\u00edk\",\"order_id\":236}','178.40.191.81','2018-11-30 12:41:33'),(331,0,'order_guest','{\"name\":\"Stanislava Poulov\\u00e1\",\"order_id\":237}','151.236.232.220','2018-12-01 17:57:37'),(332,0,'order_guest','{\"name\":\"M\\u00e1ria Felc\",\"order_id\":238}','88.212.40.34','2018-12-03 16:45:25'),(333,0,'order_guest','{\"name\":\"Filip Trochan\",\"order_id\":239}','31.134.103.231','2018-12-06 08:39:31'),(334,44,'register','{\"customer_id\":44,\"name\":\"Adrian Gabura\"}','62.168.67.19','2018-12-07 10:14:58'),(335,0,'order_guest','{\"name\":\"Alexander Szaraz\",\"order_id\":240}','212.89.224.43','2018-12-10 12:38:34'),(336,0,'order_guest','{\"name\":\"Lucia  Kocov\\u00e1 \",\"order_id\":241}','109.230.22.56','2018-12-10 20:32:35'),(337,0,'order_guest','{\"name\":\"Vlastimil Novotn\\u00fd\",\"order_id\":242}','188.167.17.188','2018-12-12 17:09:19'),(338,45,'register','{\"customer_id\":45,\"name\":\"Kati Moncz\"}','84.245.91.30','2018-12-13 14:23:09'),(339,45,'address_add','{\"customer_id\":\"45\",\"name\":\"Kati Moncz\"}','84.245.91.30','2018-12-13 14:23:09'),(340,45,'order_account','{\"customer_id\":\"45\",\"name\":\"Kati Moncz\",\"order_id\":243}','84.245.91.30','2018-12-13 14:23:10'),(341,0,'order_guest','{\"name\":\"Katar\\u00edna Galov\\u00e1\",\"order_id\":244}','87.197.163.21','2018-12-16 14:41:18'),(342,0,'order_guest','{\"name\":\"Juraj Kr\\u010d\",\"order_id\":245}','193.200.9.216','2018-12-18 11:31:51'),(343,36,'login','{\"customer_id\":\"36\",\"name\":\"Andrea Cabadajov\\u00e1\"}','141.136.52.76','2018-12-27 11:32:50'),(344,0,'order_guest','{\"name\":\"Monika Drgalova\",\"order_id\":246}','178.41.73.167','2019-01-05 13:27:40'),(345,36,'login','{\"customer_id\":\"36\",\"name\":\"Andrea Cabadajov\\u00e1\"}','141.136.52.76','2019-01-05 17:47:22'),(346,44,'login','{\"customer_id\":\"44\",\"name\":\"Adrian Gabura\"}','62.168.67.19','2019-01-07 07:55:22'),(347,44,'order_account','{\"customer_id\":\"44\",\"name\":\"Adrian Gabura\",\"order_id\":247}','62.168.67.19','2019-01-07 07:58:55'),(348,0,'order_guest','{\"name\":\"Zuzana Smieskova\",\"order_id\":248}','85.237.230.122','2019-01-10 15:30:49'),(349,36,'login','{\"customer_id\":\"36\",\"name\":\"Andrea Cabadajov\\u00e1\"}','141.136.52.76','2019-01-10 18:11:58'),(350,0,'order_guest','{\"name\":\"Veronika Celleryova\",\"order_id\":249}','185.144.96.97','2019-01-11 09:57:35'),(351,0,'order_guest','{\"name\":\"Vladislav Drgonec\",\"order_id\":250}','89.173.34.133','2019-01-11 10:08:30'),(352,36,'login','{\"customer_id\":\"36\",\"name\":\"Andrea Cabadajov\\u00e1\"}','95.170.246.42','2019-01-11 10:17:37'),(353,36,'order_account','{\"customer_id\":\"36\",\"name\":\"Andrea Cabadajov\\u00e1\",\"order_id\":251}','95.170.246.42','2019-01-11 10:18:25'),(354,0,'order_guest','{\"name\":\"Editka Vala\\u0161kov\\u00e1\",\"order_id\":252}','95.103.8.209','2019-01-12 19:50:24'),(355,36,'login','{\"customer_id\":\"36\",\"name\":\"Andrea Cabadajov\\u00e1\"}','95.170.246.42','2019-01-14 10:04:34'),(356,36,'login','{\"customer_id\":\"36\",\"name\":\"Andrea Cabadajov\\u00e1\"}','95.170.246.42','2019-01-14 10:59:18'),(357,36,'login','{\"customer_id\":\"36\",\"name\":\"Andrea Cabadajov\\u00e1\"}','95.170.246.42','2019-01-14 12:00:47'),(358,36,'login','{\"customer_id\":\"36\",\"name\":\"Andrea Cabadajov\\u00e1\"}','95.170.246.42','2019-01-14 15:05:15'),(359,36,'login','{\"customer_id\":\"36\",\"name\":\"Andrea Cabadajov\\u00e1\"}','95.170.246.42','2019-01-14 15:40:17'),(360,36,'login','{\"customer_id\":\"36\",\"name\":\"Andrea Cabadajov\\u00e1\"}','95.170.246.42','2019-01-15 06:13:49'),(361,36,'login','{\"customer_id\":\"36\",\"name\":\"Andrea Cabadajov\\u00e1\"}','95.170.246.42','2019-01-15 10:06:13'),(362,36,'login','{\"customer_id\":\"36\",\"name\":\"Andrea Cabadajov\\u00e1\"}','95.170.246.42','2019-01-15 11:14:41'),(363,36,'login','{\"customer_id\":\"36\",\"name\":\"Andrea Cabadajov\\u00e1\"}','95.170.246.42','2019-01-15 12:41:25'),(364,36,'login','{\"customer_id\":\"36\",\"name\":\"Andrea Cabadajov\\u00e1\"}','95.170.246.42','2019-01-15 13:09:04'),(365,36,'login','{\"customer_id\":\"36\",\"name\":\"Andrea Cabadajov\\u00e1\"}','95.170.246.42','2019-01-15 14:29:56'),(366,36,'login','{\"customer_id\":\"36\",\"name\":\"Andrea Cabadajov\\u00e1\"}','141.136.52.76','2019-01-15 19:11:56'),(367,0,'order_guest','{\"name\":\"Peter \\u0160utka\",\"order_id\":253}','80.94.55.2','2019-01-15 21:24:53'),(368,36,'login','{\"customer_id\":\"36\",\"name\":\"Andrea Cabadajov\\u00e1\"}','95.170.246.42','2019-01-16 05:38:44'),(369,36,'login','{\"customer_id\":\"36\",\"name\":\"Andrea Cabadajov\\u00e1\"}','95.170.246.42','2019-01-16 07:02:20'),(370,36,'login','{\"customer_id\":\"36\",\"name\":\"Andrea Cabadajov\\u00e1\"}','95.170.246.42','2019-01-16 08:24:49'),(371,36,'login','{\"customer_id\":\"36\",\"name\":\"Andrea Cabadajov\\u00e1\"}','95.170.246.42','2019-01-16 09:35:26'),(372,36,'login','{\"customer_id\":\"36\",\"name\":\"Andrea Cabadajov\\u00e1\"}','95.170.246.42','2019-01-16 12:05:56'),(373,36,'login','{\"customer_id\":\"36\",\"name\":\"Andrea Cabadajov\\u00e1\"}','95.170.246.42','2019-01-16 14:01:19'),(374,46,'register','{\"customer_id\":46,\"name\":\"O\\u013ega Z\\u00e1poto\\u010dn\\u00e1\"}','178.41.192.4','2019-01-16 14:48:15'),(375,46,'order_account','{\"customer_id\":\"46\",\"name\":\"O\\u013ega Z\\u00e1poto\\u010dn\\u00e1\",\"order_id\":254}','178.41.192.4','2019-01-16 14:50:06'),(376,36,'login','{\"customer_id\":\"36\",\"name\":\"Andrea Cabadajov\\u00e1\"}','95.170.246.42','2019-01-17 09:35:48'),(377,36,'login','{\"customer_id\":\"36\",\"name\":\"Andrea Cabadajov\\u00e1\"}','95.170.246.42','2019-01-17 14:40:34'),(378,36,'login','{\"customer_id\":\"36\",\"name\":\"Andrea Cabadajov\\u00e1\"}','95.170.246.42','2019-01-18 05:26:51'),(379,36,'login','{\"customer_id\":\"36\",\"name\":\"Andrea Cabadajov\\u00e1\"}','141.136.52.76','2019-01-19 10:51:57'),(380,47,'register','{\"customer_id\":47,\"name\":\"O\\u013ega Petr\\u00edkov\\u00e1\"}','92.52.24.12','2019-01-22 14:22:26'),(381,36,'login','{\"customer_id\":\"36\",\"name\":\"Andrea Cabadajov\\u00e1\"}','141.136.52.76','2019-01-22 20:36:13'),(382,0,'order_guest','{\"name\":\"lenka moderov\\u00e1\",\"order_id\":255}','77.48.220.76','2019-01-24 23:14:37'),(383,0,'order_guest','{\"name\":\"eva grafenau\",\"order_id\":256}','91.127.235.0','2019-01-26 22:33:50'),(384,36,'login','{\"customer_id\":\"36\",\"name\":\"Andrea Cabadajov\\u00e1\"}','141.136.52.76','2019-01-28 17:32:53'),(385,0,'order_guest','{\"name\":\"Slavomir Miklu\\u0161\",\"order_id\":257}','178.40.65.193','2019-01-31 15:33:10'),(386,43,'login','{\"customer_id\":\"43\",\"name\":\"Patricia Ulmanov\\u00e1\"}','178.41.60.15','2019-01-31 18:23:54'),(387,43,'order_account','{\"customer_id\":\"43\",\"name\":\"Patricia Ulmanov\\u00e1\",\"order_id\":258}','178.41.60.15','2019-01-31 18:24:26'),(388,36,'login','{\"customer_id\":\"36\",\"name\":\"Andrea Cabadajov\\u00e1\"}','141.136.52.76','2019-02-01 13:56:27'),(389,48,'register','{\"customer_id\":48,\"name\":\"Michaela Zajacova\"}','87.197.166.144','2019-02-03 08:08:23'),(390,48,'order_account','{\"customer_id\":\"48\",\"name\":\"Michaela Zajacova\",\"order_id\":259}','87.197.166.144','2019-02-03 08:08:33'),(391,49,'register','{\"customer_id\":49,\"name\":\"Miriam Kraj\\u010diov\\u00e1\"}','195.91.7.86','2019-02-03 18:54:00'),(392,49,'login','{\"customer_id\":\"49\",\"name\":\"Miriam Kraj\\u010diov\\u00e1\"}','188.123.102.15','2019-02-04 06:58:00'),(393,49,'login','{\"customer_id\":\"49\",\"name\":\"Miriam Kraj\\u010diov\\u00e1\"}','188.123.102.15','2019-02-04 10:58:00'),(394,49,'login','{\"customer_id\":\"49\",\"name\":\"Miriam Kraj\\u010diov\\u00e1\"}','195.91.7.86','2019-02-04 17:09:15'),(395,49,'login','{\"customer_id\":\"49\",\"name\":\"Miriam Kraj\\u010diov\\u00e1\"}','188.123.102.15','2019-02-05 10:18:23'),(396,49,'login','{\"customer_id\":\"49\",\"name\":\"Miriam Kraj\\u010diov\\u00e1\"}','188.123.102.15','2019-02-05 12:25:30'),(397,49,'login','{\"customer_id\":\"49\",\"name\":\"Miriam Kraj\\u010diov\\u00e1\"}','195.91.7.86','2019-02-07 19:21:42'),(398,49,'login','{\"customer_id\":\"49\",\"name\":\"Miriam Kraj\\u010diov\\u00e1\"}','195.91.7.86','2019-02-09 06:48:47'),(399,50,'register','{\"customer_id\":50,\"name\":\"J\\u00e1n Oravkin\"}','78.141.79.241','2019-02-10 18:10:24'),(400,50,'address_add','{\"customer_id\":\"50\",\"name\":\"J\\u00e1n Oravkin\"}','78.141.79.241','2019-02-10 18:10:24'),(401,50,'order_account','{\"customer_id\":\"50\",\"name\":\"J\\u00e1n Oravkin\",\"order_id\":260}','78.141.79.241','2019-02-10 18:10:25'),(402,0,'order_guest','{\"name\":\"martina rudohradska\",\"order_id\":261}','188.167.161.226','2019-02-12 09:46:52'),(403,51,'register','{\"customer_id\":51,\"name\":\"Miroslav Halapin\"}','188.120.18.183','2019-02-12 20:04:09'),(404,51,'order_account','{\"customer_id\":\"51\",\"name\":\"Miroslav Halapin\",\"order_id\":262}','188.120.18.183','2019-02-12 20:04:14'),(405,51,'login','{\"customer_id\":\"51\",\"name\":\"Miroslav Halapin\"}','188.120.18.183','2019-02-13 17:12:39'),(406,51,'login','{\"customer_id\":\"51\",\"name\":\"Miroslav Halapin\"}','188.120.18.183','2019-02-13 22:47:18'),(407,51,'login','{\"customer_id\":\"51\",\"name\":\"Miroslav Halapin\"}','188.120.10.19','2019-02-14 12:41:04'),(408,0,'order_guest','{\"name\":\"Silvia Sedlakova \",\"order_id\":263}','195.91.17.181','2019-02-14 20:44:40'),(409,51,'login','{\"customer_id\":\"51\",\"name\":\"Miroslav Halapin\"}','188.120.18.183','2019-02-14 20:45:10'),(410,51,'order_account','{\"customer_id\":\"51\",\"name\":\"Miroslav Halapin\",\"order_id\":264}','188.120.18.183','2019-02-14 20:46:04'),(411,0,'order_guest','{\"name\":\"Miroslava \\u0160vecov\\u00e1\",\"order_id\":265}','77.234.238.151','2019-02-15 18:05:45'),(412,48,'login','{\"customer_id\":\"48\",\"name\":\"Michaela Zajacova\"}','95.103.154.116','2019-02-15 23:30:58'),(413,52,'register','{\"customer_id\":52,\"name\":\"Andrea Bruncakova\"}','195.80.175.178','2019-02-17 14:07:41'),(414,52,'login','{\"customer_id\":\"52\",\"name\":\"Andrea Bruncakova\"}','195.80.175.178','2019-02-17 18:20:40'),(415,53,'register','{\"customer_id\":53,\"name\":\"Ildik\\u00f3 Borkov\\u00e1\"}','78.99.12.22','2019-02-18 12:32:15'),(416,53,'order_account','{\"customer_id\":\"53\",\"name\":\"Ildik\\u00f3 Borkov\\u00e1\",\"order_id\":266}','78.99.12.22','2019-02-18 12:32:22'),(417,53,'login','{\"customer_id\":\"53\",\"name\":\"Ildik\\u00f3 Borkov\\u00e1\"}','78.99.12.22','2019-02-20 05:57:25'),(418,53,'login','{\"customer_id\":\"53\",\"name\":\"Ildik\\u00f3 Borkov\\u00e1\"}','78.99.12.22','2019-02-20 08:31:44'),(419,53,'login','{\"customer_id\":\"53\",\"name\":\"Ildik\\u00f3 Borkov\\u00e1\"}','78.99.12.22','2019-02-20 09:30:16'),(420,53,'login','{\"customer_id\":\"53\",\"name\":\"Ildik\\u00f3 Borkov\\u00e1\"}','78.99.12.22','2019-02-20 11:48:31'),(421,36,'login','{\"customer_id\":\"36\",\"name\":\"Andrea Cabadajov\\u00e1\"}','95.170.246.42','2019-02-20 14:28:17'),(422,53,'login','{\"customer_id\":\"53\",\"name\":\"Ildik\\u00f3 Borkov\\u00e1\"}','78.99.12.22','2019-02-21 07:53:43'),(423,53,'login','{\"customer_id\":\"53\",\"name\":\"Ildik\\u00f3 Borkov\\u00e1\"}','78.99.12.22','2019-02-22 06:42:24'),(424,53,'login','{\"customer_id\":\"53\",\"name\":\"Ildik\\u00f3 Borkov\\u00e1\"}','78.99.12.22','2019-02-22 09:35:29'),(425,52,'login','{\"customer_id\":\"52\",\"name\":\"Andrea Bruncakova\"}','195.80.175.178','2019-02-22 18:58:12'),(426,0,'order_guest','{\"name\":\"Krist\\u00edna Kijacov\\u00e1\",\"order_id\":267}','78.141.75.211','2019-02-23 08:30:42'),(427,0,'order_guest','{\"name\":\"Tomas  Toth\",\"order_id\":268}','178.40.189.21','2019-02-23 22:21:51'),(428,0,'order_guest','{\"name\":\"Karol Dudinsk\\u00fd ml.\",\"order_id\":269}','185.14.117.0','2019-02-24 16:40:29'),(429,54,'register','{\"customer_id\":54,\"name\":\"Martina Burganov\\u00e1\"}','195.168.66.36','2019-02-25 08:50:32'),(430,54,'order_account','{\"customer_id\":\"54\",\"name\":\"Martina Burganov\\u00e1\",\"order_id\":270}','195.168.66.36','2019-02-25 08:50:38'),(431,36,'login','{\"customer_id\":\"36\",\"name\":\"Andrea Cabadajov\\u00e1\"}','95.170.246.42','2019-02-26 10:20:13'),(432,54,'login','{\"customer_id\":\"54\",\"name\":\"Martina Burganov\\u00e1\"}','195.168.66.36','2019-02-28 09:26:03'),(433,0,'order_guest','{\"name\":\"BAEDUK PARK\",\"order_id\":271}','78.98.91.218','2019-03-04 09:58:38'),(434,0,'order_guest','{\"name\":\"Peter Zavada\",\"order_id\":272}','88.212.60.138','2019-03-05 07:03:51'),(435,0,'order_guest','{\"name\":\"Monika Poussard\",\"order_id\":273}','188.167.251.184','2019-03-05 10:15:56'),(436,54,'login','{\"customer_id\":\"54\",\"name\":\"Martina Burganov\\u00e1\"}','195.168.66.36','2019-03-06 07:51:47'),(437,0,'order_guest','{\"name\":\"Lenka Mar\\u010d\\u00e1kov\\u00e1\",\"order_id\":274}','85.159.109.222','2019-03-08 08:28:31'),(438,0,'order_guest','{\"name\":\"D\\u00e1vid Bart\\u00f3k\",\"order_id\":275}','95.103.19.107','2019-03-12 10:11:24'),(439,55,'register','{\"customer_id\":55,\"name\":\"Jana Tat\\u00e1rov\\u00e1\"}','85.237.234.117','2019-03-12 19:05:19'),(440,55,'order_account','{\"customer_id\":\"55\",\"name\":\"Jana Tat\\u00e1rov\\u00e1\",\"order_id\":276}','85.237.234.117','2019-03-12 19:05:21'),(441,0,'order_guest','{\"name\":\"Test test\",\"order_id\":277}','94.112.15.28','2019-03-15 18:45:18'),(442,56,'register','{\"customer_id\":56,\"name\":\"Marta Pajerska\"}','85.237.234.34','2019-03-16 17:30:17'),(443,56,'order_account','{\"customer_id\":\"56\",\"name\":\"Marta Pajerska\",\"order_id\":278}','85.237.234.34','2019-03-16 17:30:19'),(444,56,'login','{\"customer_id\":\"56\",\"name\":\"Marta Pajerska\"}','85.237.234.34','2019-03-16 17:32:02'),(445,0,'order_guest','{\"name\":\"Franti\\u0161ek Judiak\",\"order_id\":279}','213.81.220.83','2019-03-17 09:44:28'),(446,0,'order_guest','{\"name\":\"Miriam Dama\\u0161kov\\u00e1\",\"order_id\":280}','85.237.234.202','2019-03-17 13:38:38'),(447,0,'order_guest','{\"name\":\"Robert Slavik\",\"order_id\":281}','85.237.234.62','2019-03-18 20:15:57'),(448,56,'login','{\"customer_id\":\"56\",\"name\":\"Marta Pajerska\"}','85.237.234.138','2019-03-18 21:19:53'),(449,0,'order_guest','{\"name\":\"Jan Bryndza\",\"order_id\":282}','213.215.118.194','2019-03-21 20:44:20'),(450,51,'login','{\"customer_id\":\"51\",\"name\":\"Miroslav Halapin\"}','188.120.18.183','2019-03-22 14:10:29'),(451,51,'login','{\"customer_id\":\"51\",\"name\":\"Miroslav Halapin\"}','188.120.18.183','2019-03-22 15:50:14'),(452,0,'order_guest','{\"name\":\"Helena Mikl\\u00f3sov\\u00e1\",\"order_id\":283}','84.47.71.207','2019-03-22 19:57:40'),(453,0,'order_guest','{\"name\":\"Peter Fodor\",\"order_id\":284}','195.91.7.142','2019-03-23 15:05:57'),(454,0,'order_guest','{\"name\":\"Anna Pribolov\\u00e1\",\"order_id\":285}','213.81.129.210','2019-03-24 17:03:46'),(455,0,'order_guest','{\"name\":\"Ludmila Kockova\",\"order_id\":286}','81.217.173.209','2019-03-24 20:14:29'),(456,48,'login','{\"customer_id\":\"48\",\"name\":\"Michaela Zajacova\"}','91.127.37.254','2019-03-25 09:54:09'),(457,57,'register','{\"customer_id\":57,\"name\":\"Gabriela Sieberov\\u00e1\"}','91.127.239.95','2019-03-30 09:07:47'),(458,57,'order_account','{\"customer_id\":\"57\",\"name\":\"Gabriela Sieberov\\u00e1\",\"order_id\":287}','91.127.239.95','2019-03-30 09:07:54'),(459,0,'order_guest','{\"name\":\"Eva Arbec\\u00edkov\\u00e1\",\"order_id\":288}','185.165.38.5','2019-03-30 20:47:23'),(460,51,'login','{\"customer_id\":\"51\",\"name\":\"Miroslav Halapin\"}','85.237.234.137','2019-04-06 21:11:26'),(461,0,'order_guest','{\"name\":\"Marianna Drusov\\u00e1\",\"order_id\":289}','213.81.158.66','2019-04-09 12:10:55'),(462,58,'register','{\"customer_id\":58,\"name\":\"\\u0428 www.italiandesignstudio.com \\u043a\\u043e \\u0429 www.italiandesignstudio.com \\u043d\\u0438\"}','95.81.215.67','2019-04-11 14:46:51'),(463,59,'register','{\"customer_id\":59,\"name\":\"Stanislav Rehu\\u0161 \"}','84.47.84.170','2019-04-14 16:32:05'),(464,59,'order_account','{\"customer_id\":\"59\",\"name\":\"Stanislav Rehu\\u0161 \",\"order_id\":290}','84.47.84.170','2019-04-14 16:32:14'),(465,0,'order_guest','{\"name\":\"Zuzana \\u0160alamonova\",\"order_id\":291}','188.167.250.53','2019-04-14 20:49:11'),(466,0,'order_guest','{\"name\":\"Michaela  \\u010euri\\u0161ova\",\"order_id\":292}','62.197.235.1','2019-04-15 19:42:26'),(467,60,'register','{\"customer_id\":60,\"name\":\"Marek Pikus\"}','91.127.128.136','2019-04-15 22:19:10'),(468,60,'address_add','{\"customer_id\":\"60\",\"name\":\"Marek Pikus\"}','91.127.128.136','2019-04-15 22:19:10'),(469,60,'order_account','{\"customer_id\":\"60\",\"name\":\"Marek Pikus\",\"order_id\":293}','91.127.128.136','2019-04-15 22:19:16'),(470,60,'login','{\"customer_id\":\"60\",\"name\":\"Marek Pikus\"}','178.41.182.183','2019-04-16 13:47:04'),(471,51,'login','{\"customer_id\":\"51\",\"name\":\"Miroslav Halapin\"}','188.120.18.183','2019-04-16 20:00:06'),(472,51,'login','{\"customer_id\":\"51\",\"name\":\"Miroslav Halapin\"}','188.120.10.19','2019-04-17 07:18:44'),(473,0,'order_guest','{\"name\":\"monika  papu\\u010d\\u00edkov\\u00e1 \",\"order_id\":294}','87.244.204.152','2019-04-19 15:21:07'),(474,61,'register','{\"customer_id\":61,\"name\":\"chuck david\"}','95.211.224.199','2019-04-22 05:42:27'),(475,0,'order_guest','{\"name\":\"Stanislav Rehu\\u0161\",\"order_id\":295}','95.102.243.95','2019-04-26 23:07:27'),(476,0,'order_guest','{\"name\":\"Jaroslav  Jedlicka \",\"order_id\":296}','87.244.209.247','2019-04-28 21:29:32'),(477,0,'order_guest','{\"name\":\"Jana Betherov\\u00e1-Vitalit\",\"order_id\":297}','213.151.215.197','2019-04-29 22:07:31'),(478,0,'order_guest','{\"name\":\"Annam\\u00e1ria Kucmanov\\u00e1\",\"order_id\":298}','178.143.18.241','2019-04-30 10:15:02'),(479,0,'order_guest','{\"name\":\"Lenka Durcova\",\"order_id\":299}','85.237.234.215','2019-04-30 12:10:35'),(480,0,'order_guest','{\"name\":\"Milan Vanura\",\"order_id\":300}','195.80.184.124','2019-05-02 14:19:13'),(481,62,'register','{\"customer_id\":62,\"name\":\"Henrich Korec\"}','185.19.74.137','2019-05-02 15:35:18'),(482,62,'order_account','{\"customer_id\":\"62\",\"name\":\"Henrich Korec\",\"order_id\":301}','185.19.74.137','2019-05-02 15:35:20'),(483,0,'order_guest','{\"name\":\"Andrea  Meszarosova\",\"order_id\":302}','178.40.236.166','2019-05-04 09:29:32'),(484,0,'order_guest','{\"name\":\"Barbora Mandzi\",\"order_id\":303}','85.255.236.151','2019-05-06 22:24:23'),(485,0,'order_guest','{\"name\":\"Ren\\u00e1ta Vavrov\\u00e1\",\"order_id\":304}','178.41.61.208','2019-05-09 13:18:01'),(486,63,'register','{\"customer_id\":63,\"name\":\"Zuzana Bako\\u0161ov\\u00e1, MUDr.\"}','92.245.196.128','2019-05-10 21:39:11'),(487,63,'order_account','{\"customer_id\":\"63\",\"name\":\"Zuzana Bako\\u0161ov\\u00e1, MUDr.\",\"order_id\":305}','92.245.196.128','2019-05-10 21:39:12'),(488,0,'order_guest','{\"name\":\"Alena Vesel\\u00e1\",\"order_id\":306}','188.167.91.225','2019-05-15 13:05:17'),(489,0,'order_guest','{\"name\":\"test test\",\"order_id\":307}','81.200.57.148','2019-05-15 23:36:54'),(490,54,'login','{\"customer_id\":\"54\",\"name\":\"Martina Burganov\\u00e1\"}','195.168.66.36','2019-05-17 07:58:30'),(491,54,'order_account','{\"customer_id\":\"54\",\"name\":\"Martina Burganov\\u00e1\",\"order_id\":308}','195.168.66.36','2019-05-17 07:58:58'),(492,0,'order_guest','{\"name\":\"Respiro s.r.o. Jamri\\u0161ka\",\"order_id\":309}','95.103.163.133','2019-05-18 18:59:04'),(493,62,'login','{\"customer_id\":\"62\",\"name\":\"Henrich Korec\"}','194.166.60.5','2019-05-20 07:40:41'),(494,0,'order_guest','{\"name\":\"Alena Vesel\\u00e1\",\"order_id\":310}','188.167.91.225','2019-05-21 10:54:21'),(495,0,'order_guest','{\"name\":\"Vladimir Sommer\",\"order_id\":311}','178.143.43.114','2019-05-23 18:32:51'),(496,0,'order_guest','{\"name\":\"Mark\\u00e9ta Kyjakov\\u00e1\",\"order_id\":312}','85.135.147.137','2019-05-24 09:30:36'),(497,0,'order_guest','{\"name\":\"Renata Pukanova\",\"order_id\":313}','178.40.202.187','2019-06-02 09:19:41'),(498,64,'register','{\"customer_id\":64,\"name\":\"Andrea Kolarikova\"}','85.237.234.98','2019-06-04 19:46:52'),(499,64,'order_account','{\"customer_id\":\"64\",\"name\":\"Andrea Kolarikova\",\"order_id\":314}','85.237.234.98','2019-06-04 19:46:54'),(500,0,'order_guest','{\"name\":\"Henrich Korec\",\"order_id\":315}','178.40.147.84','2019-06-05 09:48:16'),(501,52,'login','{\"customer_id\":\"52\",\"name\":\"Andrea Bruncakova\"}','213.81.218.209','2019-06-05 14:29:19'),(502,64,'login','{\"customer_id\":\"64\",\"name\":\"Andrea Kolarikova\"}','147.175.76.60','2019-06-06 11:04:24'),(503,64,'order_account','{\"customer_id\":\"64\",\"name\":\"Andrea Kolarikova\",\"order_id\":316}','147.175.76.60','2019-06-06 11:04:57'),(504,64,'order_account','{\"customer_id\":\"64\",\"name\":\"Andrea Kolarikova\",\"order_id\":317}','147.175.76.60','2019-06-06 11:19:12'),(505,0,'order_guest','{\"name\":\"Stanislav Gramata\",\"order_id\":318}','83.216.74.83','2019-06-13 23:06:01'),(506,0,'order_guest','{\"name\":\"Alena Balu\\u0161\\u012fkov\\u00e1\",\"order_id\":319}','91.127.38.225','2019-06-14 12:26:51'),(507,65,'register','{\"customer_id\":65,\"name\":\"Marianna Drusov\\u00e1\"}','194.154.240.249','2019-06-16 11:04:29'),(508,65,'order_account','{\"customer_id\":\"65\",\"name\":\"Marianna Drusov\\u00e1\",\"order_id\":320}','194.154.240.249','2019-06-16 11:04:32'),(509,0,'order_guest','{\"name\":\"Ivan Matuska\",\"order_id\":321}','82.119.106.114','2019-06-16 16:23:58'),(510,52,'login','{\"customer_id\":\"52\",\"name\":\"Andrea Bruncakova\"}','213.81.218.209','2019-06-17 09:58:43'),(511,52,'login','{\"customer_id\":\"52\",\"name\":\"Andrea Bruncakova\"}','213.81.218.209','2019-06-17 14:08:41'),(512,52,'login','{\"customer_id\":\"52\",\"name\":\"Andrea Bruncakova\"}','213.81.218.209','2019-06-17 23:12:15'),(513,52,'login','{\"customer_id\":\"52\",\"name\":\"Andrea Bruncakova\"}','213.81.218.209','2019-06-18 18:23:04'),(514,52,'login','{\"customer_id\":\"52\",\"name\":\"Andrea Bruncakova\"}','213.81.218.209','2019-06-18 23:48:19'),(515,0,'order_guest','{\"name\":\"M\\u00e1ria Bern\\u00e1tkov\\u00e1\",\"order_id\":322}','195.28.88.36','2019-06-20 14:12:30'),(516,66,'register','{\"customer_id\":66,\"name\":\"L\\u00fddia Karl\\u00edkov\\u00e1\"}','78.99.101.63','2019-06-24 18:28:42'),(517,66,'order_account','{\"customer_id\":\"66\",\"name\":\"L\\u00fddia Karl\\u00edkov\\u00e1\",\"order_id\":323}','78.99.101.63','2019-06-24 18:28:47'),(518,66,'login','{\"customer_id\":\"66\",\"name\":\"L\\u00fddia Karl\\u00edkov\\u00e1\"}','78.99.101.63','2019-06-24 18:29:56'),(519,0,'order_guest','{\"name\":\"Lineta \\u0160andorov\\u00e1\",\"order_id\":324}','85.248.149.164','2019-07-03 08:55:53'),(520,0,'order_guest','{\"name\":\"Matej Rakovan\",\"order_id\":325}','84.47.43.89','2019-07-03 22:21:26'),(521,52,'login','{\"customer_id\":\"52\",\"name\":\"Andrea Bruncakova\"}','213.81.218.209','2019-07-04 09:35:06'),(522,59,'login','{\"customer_id\":\"59\",\"name\":\"Stanislav Rehu\\u0161 \"}','95.102.175.20','2019-07-05 16:13:59'),(523,59,'order_account','{\"customer_id\":\"59\",\"name\":\"Stanislav Rehu\\u0161 \",\"order_id\":326}','95.102.175.20','2019-07-05 16:14:21'),(524,52,'login','{\"customer_id\":\"52\",\"name\":\"Andrea Bruncakova\"}','85.237.234.33','2019-07-05 23:22:39'),(525,0,'order_guest','{\"name\":\"Lucia Sorokov\\u00e1\",\"order_id\":327}','78.99.65.221','2019-07-07 14:52:03'),(526,0,'order_guest','{\"name\":\"Peter  Ko\\u0161\\u0165\\u00e1l\",\"order_id\":328}','91.226.114.188','2019-07-08 18:03:34'),(527,52,'login','{\"customer_id\":\"52\",\"name\":\"Andrea Bruncakova\"}','213.81.218.209','2019-07-10 13:02:59'),(528,0,'order_guest','{\"name\":\"Ivan Mag\\u00e1t\",\"order_id\":329}','91.127.58.52','2019-07-10 21:22:19'),(529,52,'login','{\"customer_id\":\"52\",\"name\":\"Andrea Bruncakova\"}','213.81.218.209','2019-07-12 14:32:17'),(530,67,'register','{\"customer_id\":67,\"name\":\"PETR PASKO\"}','71.200.196.214','2019-07-13 16:15:29'),(531,52,'login','{\"customer_id\":\"52\",\"name\":\"Andrea Bruncakova\"}','213.81.218.209','2019-07-13 23:43:25'),(532,0,'order_guest','{\"name\":\"Eduard \\u0160tieber\",\"order_id\":330}','88.212.40.115','2019-07-14 10:29:24'),(533,52,'login','{\"customer_id\":\"52\",\"name\":\"Andrea Bruncakova\"}','213.81.218.209','2019-07-15 10:09:16'),(534,52,'login','{\"customer_id\":\"52\",\"name\":\"Andrea Bruncakova\"}','85.237.234.237','2019-07-16 08:56:53'),(535,52,'login','{\"customer_id\":\"52\",\"name\":\"Andrea Bruncakova\"}','213.81.218.209','2019-07-16 17:01:03'),(536,0,'order_guest','{\"name\":\"Krist\\u00edna  Proch\\u00e1zkov\\u00e1 \",\"order_id\":331}','194.154.247.192','2019-07-17 11:15:53'),(537,68,'register','{\"customer_id\":68,\"name\":\"Daniel Morrons\"}','83.102.238.108','2019-07-19 20:17:44'),(538,0,'order_guest','{\"name\":\"Emilia Markovicova\",\"order_id\":332}','91.127.37.137','2019-07-19 21:13:33'),(539,52,'login','{\"customer_id\":\"52\",\"name\":\"Andrea Bruncakova\"}','213.81.218.209','2019-07-20 09:04:32'),(540,52,'login','{\"customer_id\":\"52\",\"name\":\"Andrea Bruncakova\"}','85.237.234.194','2019-07-21 00:24:39'),(541,0,'order_guest','{\"name\":\"Richard \\u0160imora\",\"order_id\":333}','188.214.108.12','2019-07-21 14:25:09'),(542,0,'order_guest','{\"name\":\"Martim Buj\\u0148\\u00e1k\",\"order_id\":334}','185.227.168.97','2019-07-21 20:24:59'),(543,0,'order_guest','{\"name\":\"Lenka Mar\\u010d\\u00e1kov\\u00e1\",\"order_id\":335}','85.159.109.222','2019-07-22 11:48:46'),(544,0,'order_guest','{\"name\":\"Gabriela Dominik\",\"order_id\":336}','178.40.174.150','2019-07-22 22:41:02'),(545,0,'order_guest','{\"name\":\"Vojtech Bertok\",\"order_id\":337}','195.168.57.58','2019-07-23 15:22:40'),(546,0,'order_guest','{\"name\":\"Vladim\\u00edr  Jamri\\u0161ka\",\"order_id\":339}','80.242.36.113','2019-07-24 10:42:37'),(547,0,'order_guest','{\"name\":\"Jozef Hegedu\\u0161\",\"order_id\":340}','78.98.206.69','2019-07-24 17:51:04'),(548,0,'order_guest','{\"name\":\"Lenka Purg\\u00e1tov\\u00e1\",\"order_id\":341}','185.133.60.12','2019-07-24 19:35:03'),(549,0,'order_guest','{\"name\":\"Lucia Schneiderov\\u00e1\",\"order_id\":342}','85.237.234.41','2019-07-25 10:18:06'),(550,0,'order_guest','{\"name\":\"Iveta \\u017divorov\\u00e1\",\"order_id\":343}','91.219.132.144','2019-07-25 22:52:06'),(551,52,'login','{\"customer_id\":\"52\",\"name\":\"Andrea Bruncakova\"}','85.237.234.54','2019-07-25 22:54:36'),(552,69,'register','{\"customer_id\":69,\"name\":\"jana  juri\\u0161i\\u010dov\\u00e1 \"}','78.141.75.65','2019-07-28 10:42:35'),(553,69,'order_account','{\"customer_id\":\"69\",\"name\":\"jana  juri\\u0161i\\u010dov\\u00e1 \",\"order_id\":344}','78.141.75.65','2019-07-28 10:42:38'),(554,0,'order_guest','{\"name\":\"Test test\",\"order_id\":345}','94.112.15.28','2019-07-29 20:44:54'),(555,0,'order_guest','{\"name\":\"Tom\\u00e1\\u0161 Szoke\",\"order_id\":346}','188.167.255.205','2019-07-30 10:30:41'),(556,0,'order_guest','{\"name\":\"Romana Gregorova\",\"order_id\":347}','62.197.243.84','2019-07-30 10:35:28'),(557,0,'order_guest','{\"name\":\"Andrea Luhov\\u00e1\",\"order_id\":348}','185.152.115.146','2019-07-30 12:50:47'),(558,70,'register','{\"customer_id\":70,\"name\":\"ROBERT HEFNER\"}','92.52.5.239','2019-07-30 18:30:50'),(559,70,'login','{\"customer_id\":\"70\",\"name\":\"ROBERT HEFNER\"}','92.52.5.239','2019-07-30 18:31:15'),(560,71,'register','{\"customer_id\":71,\"name\":\"Jan Dubis\"}','188.167.251.219','2019-07-30 18:45:05'),(561,71,'order_account','{\"customer_id\":\"71\",\"name\":\"Jan Dubis\",\"order_id\":349}','188.167.251.219','2019-07-30 18:45:06'),(562,0,'order_guest','{\"name\":\"Marek Palacka\",\"order_id\":350}','178.41.209.243','2019-07-30 19:29:08'),(563,65,'login','{\"customer_id\":\"65\",\"name\":\"Marianna Drusov\\u00e1\"}','213.81.158.66','2019-07-31 11:57:07'),(564,0,'order_guest','{\"name\":\"Kristian Gaborik\",\"order_id\":351}','212.203.51.23','2019-07-31 17:21:31'),(565,0,'order_guest','{\"name\":\"Hana Bolebruchov\\u00e1\",\"order_id\":352}','188.167.251.227','2019-08-01 09:57:07'),(566,0,'order_guest','{\"name\":\"Stela Kocingerov\\u00e1\",\"order_id\":353}','213.151.236.158','2019-08-01 11:10:16'),(567,0,'order_guest','{\"name\":\"Gabriel Aranyossy \",\"order_id\":354}','85.248.36.198','2019-08-01 12:32:28'),(568,0,'order_guest','{\"name\":\"ROBERT HEFNER\",\"order_id\":355}','92.52.5.239','2019-08-01 16:30:17'),(569,52,'login','{\"customer_id\":\"52\",\"name\":\"Andrea Bruncakova\"}','85.237.234.196','2019-08-03 23:38:40'),(570,0,'order_guest','{\"name\":\"Silvia Uradnickova\",\"order_id\":356}','78.41.169.165','2019-08-06 13:45:43'),(571,0,'order_guest','{\"name\":\"Michal G\\u00e9ci\",\"order_id\":357}','89.173.41.167','2019-08-06 20:37:54'),(572,0,'order_guest','{\"name\":\"Michal Lacko\",\"order_id\":358}','90.64.125.136','2019-08-08 19:55:51'),(573,0,'order_guest','{\"name\":\"Branislav Pat\\u00e1\\u010dik\",\"order_id\":359}','213.181.132.209','2019-08-09 21:35:58'),(574,72,'register','{\"customer_id\":72,\"name\":\"Iveta Krchn\\u00e1rov\\u00e1\"}','62.197.235.1','2019-08-10 08:06:25'),(575,72,'edit','{\"customer_id\":\"72\",\"name\":\"Iveta Krchn\\u00e1rov\\u00e1\"}','62.197.235.1','2019-08-10 08:10:00'),(576,72,'login','{\"customer_id\":\"72\",\"name\":\"Iveta Krchn\\u00e1rov\\u00e1\"}','62.197.235.1','2019-08-10 08:43:19'),(577,72,'order_account','{\"customer_id\":\"72\",\"name\":\"Iveta Krchn\\u00e1rov\\u00e1\",\"order_id\":360}','62.197.235.1','2019-08-10 08:44:38'),(578,73,'register','{\"customer_id\":73,\"name\":\"Daniel Morrons\"}','5.164.212.19','2019-08-10 11:46:54'),(579,39,'login','{\"customer_id\":\"39\",\"name\":\"Tom\\u00e1\\u0161 Vrbick\\u00fd\"}','95.47.179.2','2019-08-10 18:07:54'),(580,39,'password','{\"customer_id\":\"39\",\"name\":\"Tom\\u00e1\\u0161 Vrbick\\u00fd\"}','95.47.179.2','2019-08-10 18:08:25'),(581,39,'login','{\"customer_id\":\"39\",\"name\":\"Tom\\u00e1\\u0161 Vrbick\\u00fd\"}','95.47.179.2','2019-08-10 18:09:09'),(582,0,'order_guest','{\"name\":\"Iveta Kov\\u00e1\\u010dikov\\u00e1\",\"order_id\":361}','91.127.18.250','2019-08-10 19:55:20'),(583,72,'login','{\"customer_id\":\"72\",\"name\":\"Iveta Krchn\\u00e1rov\\u00e1\"}','62.197.235.1','2019-08-11 07:50:06'),(584,72,'login','{\"customer_id\":\"72\",\"name\":\"Iveta Krchn\\u00e1rov\\u00e1\"}','62.197.235.1','2019-08-11 17:00:28'),(585,52,'login','{\"customer_id\":\"52\",\"name\":\"Andrea Bruncakova\"}','213.81.218.209','2019-08-14 09:20:35'),(586,52,'login','{\"customer_id\":\"52\",\"name\":\"Andrea Bruncakova\"}','213.81.218.209','2019-08-14 14:42:13'),(587,0,'order_guest','{\"name\":\"Ondrej Tk\\u00e1\\u010d\",\"order_id\":362}','62.197.243.174','2019-08-14 16:30:01'),(588,52,'login','{\"customer_id\":\"52\",\"name\":\"Andrea Bruncakova\"}','213.81.218.209','2019-08-14 21:27:54'),(589,52,'login','{\"customer_id\":\"52\",\"name\":\"Andrea Bruncakova\"}','213.81.218.209','2019-08-15 06:00:02'),(590,52,'login','{\"customer_id\":\"52\",\"name\":\"Andrea Bruncakova\"}','213.81.218.209','2019-08-15 08:10:01'),(591,0,'order_guest','{\"name\":\"Petra Hromcov\\u00e1\",\"order_id\":363}','188.167.100.89','2019-08-15 09:47:36'),(592,74,'register','{\"customer_id\":74,\"name\":\"Matild  Blahova\"}','85.135.226.144','2019-08-15 13:57:23'),(593,74,'address_add','{\"customer_id\":\"74\",\"name\":\"Matild  Blahova\"}','85.135.226.144','2019-08-15 14:02:56'),(594,74,'address_edit','{\"customer_id\":\"74\",\"name\":\"Matild  Blahova\"}','85.135.226.144','2019-08-15 14:03:31'),(595,74,'order_account','{\"customer_id\":\"74\",\"name\":\"Matild  Blahova\",\"order_id\":364}','85.135.226.144','2019-08-15 14:05:05'),(596,52,'login','{\"customer_id\":\"52\",\"name\":\"Andrea Bruncakova\"}','213.81.218.209','2019-08-15 16:34:01'),(597,52,'login','{\"customer_id\":\"52\",\"name\":\"Andrea Bruncakova\"}','213.81.218.209','2019-08-15 21:02:43'),(598,52,'login','{\"customer_id\":\"52\",\"name\":\"Andrea Bruncakova\"}','213.81.218.209','2019-08-15 22:13:47'),(599,0,'order_guest','{\"name\":\"Martin Jenca\",\"order_id\":365}','178.41.16.213','2019-08-16 20:09:51'),(600,75,'register','{\"customer_id\":75,\"name\":\"Andrea Tothova\"}','87.197.100.150','2019-08-17 14:03:43'),(601,75,'order_account','{\"customer_id\":\"75\",\"name\":\"Andrea Tothova\",\"order_id\":366}','87.197.100.150','2019-08-17 14:03:49'),(602,76,'register','{\"customer_id\":76,\"name\":\"Anna Hlubikova\"}','84.245.121.221','2019-08-18 13:37:44'),(603,0,'order_guest','{\"name\":\"Jaroslav Majdan\",\"order_id\":367}','78.99.169.174','2019-08-19 09:08:44'),(604,72,'login','{\"customer_id\":\"72\",\"name\":\"Iveta Krchn\\u00e1rov\\u00e1\"}','62.197.235.1','2019-08-19 09:13:00'),(605,72,'edit','{\"customer_id\":\"72\",\"name\":\"Iveta Krchn\\u00e1rov\\u00e1\"}','62.197.235.1','2019-08-19 09:13:35'),(606,0,'order_guest','{\"name\":\"Ivan Zelen\\u00fd\",\"order_id\":368}','82.113.33.90','2019-08-19 20:58:12'),(607,77,'register','{\"customer_id\":77,\"name\":\"Pavel Poliak\"}','194.160.76.124','2019-08-20 07:51:23'),(608,77,'edit','{\"customer_id\":\"77\",\"name\":\"Pavel Poliak\"}','194.160.76.124','2019-08-20 08:08:19'),(609,77,'address_edit','{\"customer_id\":\"77\",\"name\":\"Pavel Poliak\"}','194.160.76.124','2019-08-20 08:08:55'),(610,77,'login','{\"customer_id\":\"77\",\"name\":\"Pavel Poliak\"}','194.160.76.124','2019-08-20 09:39:55'),(611,77,'order_account','{\"customer_id\":\"77\",\"name\":\"Pavel Poliak\",\"order_id\":369}','194.160.76.124','2019-08-20 10:08:45'),(612,0,'order_guest','{\"name\":\"Tomas Gajdos\",\"order_id\":370}','85.237.234.168','2019-08-20 12:10:49'),(613,52,'login','{\"customer_id\":\"52\",\"name\":\"Andrea Bruncakova\"}','213.81.218.209','2019-08-20 22:19:48'),(614,0,'order_guest','{\"name\":\"Eva Polakova\",\"order_id\":371}','159.253.109.9','2019-08-21 20:48:58'),(615,0,'order_guest','{\"name\":\"Al\\u017ebeta Korti\\u0161ov\\u00e1\",\"order_id\":372}','87.197.163.240','2019-08-23 15:20:22'),(616,52,'login','{\"customer_id\":\"52\",\"name\":\"Andrea Bruncakova\"}','85.237.234.215','2019-08-24 14:34:57'),(617,0,'order_guest','{\"name\":\"Jaroslava Srn\\u00e1kov\\u00e1\",\"order_id\":373}','178.41.209.45','2019-08-26 20:25:34'),(618,52,'login','{\"customer_id\":\"52\",\"name\":\"Andrea Bruncakova\"}','85.237.234.229','2019-08-29 14:22:55'),(619,52,'login','{\"customer_id\":\"52\",\"name\":\"Andrea Bruncakova\"}','85.237.234.229','2019-08-29 15:48:06'),(620,52,'login','{\"customer_id\":\"52\",\"name\":\"Andrea Bruncakova\"}','85.237.234.140','2019-08-29 22:54:15'),(621,52,'login','{\"customer_id\":\"52\",\"name\":\"Andrea Bruncakova\"}','85.237.234.140','2019-08-30 16:45:00'),(622,0,'order_guest','{\"name\":\"Helena Tothova\",\"order_id\":374}','151.236.226.226','2019-08-31 17:03:31'),(623,0,'order_guest','{\"name\":\"Daniela Sabolova\",\"order_id\":375}','188.121.182.233','2019-08-31 21:53:30');

--
-- Table structure for table `oc_customer_group`
--

 SET character_set_client = utf8mb4 ;
CREATE TABLE `oc_customer_group` (
  `customer_group_id` int(11) NOT NULL AUTO_INCREMENT,
  `approval` int(1) NOT NULL,
  `sort_order` int(3) NOT NULL,
  PRIMARY KEY (`customer_group_id`)
) ENGINE=MyISAM AUTO_INCREMENT=2 DEFAULT CHARSET=utf8;

--
-- Dumping data for table `oc_customer_group`
--

INSERT INTO `oc_customer_group` VALUES (1,0,1);

--
-- Table structure for table `oc_customer_group_description`
--

 SET character_set_client = utf8mb4 ;
CREATE TABLE `oc_customer_group_description` (
  `customer_group_id` int(11) NOT NULL,
  `language_id` int(11) NOT NULL,
  `name` varchar(32) NOT NULL,
  `description` text NOT NULL,
  PRIMARY KEY (`customer_group_id`,`language_id`)
) ENGINE=MyISAM DEFAULT CHARSET=utf8;

--
-- Dumping data for table `oc_customer_group_description`
--

INSERT INTO `oc_customer_group_description` VALUES (1,1,'Default','test'),(1,2,'Default','test'),(1,3,'Default','test'),(1,4,'Default','test');

--
-- Table structure for table `oc_customer_history`
--

 SET character_set_client = utf8mb4 ;
CREATE TABLE `oc_customer_history` (
  `customer_history_id` int(11) NOT NULL AUTO_INCREMENT,
  `customer_id` int(11) NOT NULL,
  `comment` text NOT NULL,
  `date_added` datetime NOT NULL,
  PRIMARY KEY (`customer_history_id`)
) ENGINE=MyISAM DEFAULT CHARSET=utf8;

--
-- Dumping data for table `oc_customer_history`
--


--
-- Table structure for table `oc_customer_ip`
--

 SET character_set_client = utf8mb4 ;
CREATE TABLE `oc_customer_ip` (
  `customer_ip_id` int(11) NOT NULL AUTO_INCREMENT,
  `customer_id` int(11) NOT NULL,
  `ip` varchar(40) NOT NULL,
  `date_added` datetime NOT NULL,
  PRIMARY KEY (`customer_ip_id`),
  KEY `ip` (`ip`)
) ENGINE=MyISAM AUTO_INCREMENT=114 DEFAULT CHARSET=utf8;

--
-- Dumping data for table `oc_customer_ip`
--

INSERT INTO `oc_customer_ip` VALUES (1,1,'91.127.215.139','2017-04-27 10:43:27'),(2,2,'88.212.36.69','2017-05-03 10:01:09'),(3,3,'88.212.36.69','2017-05-05 19:42:41'),(4,4,'95.170.232.217','2017-05-24 21:18:12'),(5,5,'195.146.148.74','2017-06-19 06:41:46'),(6,6,'195.91.6.238','2017-07-09 05:13:33'),(7,7,'104.236.213.230','2017-07-09 14:41:25'),(8,7,'37.146.167.198','2017-07-09 14:56:04'),(9,8,'85.237.234.93','2017-07-15 17:58:08'),(10,9,'78.98.163.255','2017-07-27 10:56:32'),(11,10,'91.127.16.240','2017-07-30 20:00:31'),(12,11,'213.181.131.12','2017-08-25 10:31:46'),(13,11,'212.15.184.78','2017-09-01 07:29:18'),(14,12,'85.237.234.235','2017-10-01 14:47:35'),(15,12,'195.91.97.213','2017-10-01 14:56:43'),(16,12,'213.151.227.82','2017-10-02 10:25:02'),(17,13,'109.74.159.54','2017-10-10 05:48:19'),(18,13,'78.99.126.20','2017-10-10 08:44:48'),(19,14,'78.99.46.121','2017-10-15 10:44:35'),(20,15,'92.52.11.137','2017-11-07 06:54:40'),(21,16,'92.52.47.107','2017-11-24 20:02:14'),(22,17,'178.143.70.224','2017-12-01 15:18:03'),(23,18,'88.212.35.122','2017-12-05 17:44:59'),(24,19,'78.98.2.197','2017-12-06 11:38:37'),(25,10,'80.242.35.203','2018-01-06 10:11:15'),(26,20,'95.102.216.112','2018-01-06 10:20:33'),(27,20,'46.135.76.90','2018-01-07 13:16:30'),(28,21,'78.98.162.64','2018-01-14 13:44:46'),(29,13,'91.127.210.85','2018-01-17 14:04:43'),(30,22,'213.160.188.221','2018-01-28 14:53:45'),(31,23,'193.58.196.182','2018-02-07 15:07:31'),(32,24,'195.91.18.202','2018-03-03 22:52:05'),(33,25,'89.151.179.172','2018-03-05 12:26:24'),(34,26,'78.141.122.232','2018-05-01 17:17:49'),(35,27,'178.40.68.28','2018-06-21 19:15:33'),(36,28,'178.40.71.135','2018-07-05 08:55:39'),(37,28,'194.160.184.82','2018-07-06 08:24:13'),(38,29,'188.167.252.240','2018-07-11 21:25:48'),(39,29,'188.167.252.227','2018-07-16 15:49:45'),(40,29,'188.167.252.180','2018-07-18 15:11:55'),(41,30,'194.1.228.235','2018-07-24 09:59:29'),(42,31,'188.167.183.10','2018-08-25 00:38:03'),(43,32,'83.39.199.74','2018-09-07 10:31:06'),(44,33,'95.105.220.95','2018-09-10 21:08:18'),(45,34,'188.121.184.57','2018-09-11 09:58:49'),(46,35,'188.167.90.243','2018-09-16 16:48:47'),(47,30,'194.1.227.216','2018-09-19 15:10:51'),(48,36,'141.136.52.76','2018-09-20 16:33:01'),(49,37,'88.212.37.57','2018-09-23 20:31:39'),(50,38,'91.127.238.111','2018-09-25 21:34:55'),(51,30,'62.152.252.202','2018-10-01 09:39:09'),(52,39,'95.47.179.2','2018-10-02 05:56:17'),(53,40,'195.91.6.181','2018-10-10 17:21:21'),(54,40,'109.230.35.111','2018-10-16 17:43:46'),(55,41,'78.141.125.225','2018-10-20 18:28:50'),(56,42,'195.168.55.6','2018-10-24 03:42:20'),(57,43,'87.244.197.247','2018-11-26 21:41:56'),(58,44,'62.168.67.19','2018-12-07 10:14:58'),(59,45,'84.245.91.30','2018-12-13 14:23:09'),(60,36,'95.170.246.42','2019-01-11 10:17:37'),(61,46,'178.41.192.4','2019-01-16 14:48:15'),(62,47,'92.52.24.12','2019-01-22 14:22:26'),(63,43,'178.41.60.15','2019-01-31 18:23:55'),(64,48,'87.197.166.144','2019-02-03 08:08:23'),(65,49,'195.91.7.86','2019-02-03 18:54:00'),(66,49,'188.123.102.15','2019-02-04 06:58:00'),(67,50,'78.141.79.241','2019-02-10 18:10:24'),(68,51,'188.120.18.183','2019-02-12 20:04:09'),(69,51,'188.120.10.19','2019-02-14 12:41:04'),(70,48,'95.103.154.116','2019-02-15 23:30:58'),(71,52,'195.80.175.178','2019-02-17 14:07:42'),(72,53,'78.99.12.22','2019-02-18 12:32:15'),(73,54,'195.168.66.36','2019-02-25 08:50:32'),(74,55,'85.237.234.117','2019-03-12 19:05:19'),(75,56,'85.237.234.34','2019-03-16 17:30:17'),(76,56,'85.237.234.138','2019-03-18 21:19:53'),(77,48,'91.127.37.254','2019-03-25 09:54:09'),(78,57,'91.127.239.95','2019-03-30 09:07:47'),(79,51,'85.237.234.137','2019-04-06 21:11:26'),(80,58,'95.81.215.67','2019-04-11 14:46:55'),(81,59,'84.47.84.170','2019-04-14 16:32:05'),(82,60,'91.127.128.136','2019-04-15 22:19:10'),(83,60,'178.41.182.183','2019-04-16 13:47:04'),(84,61,'95.211.224.199','2019-04-22 05:42:28'),(85,62,'185.19.74.137','2019-05-02 15:35:19'),(86,63,'92.245.196.128','2019-05-10 21:39:11'),(87,62,'194.166.60.5','2019-05-20 07:40:41'),(88,64,'85.237.234.98','2019-06-04 19:46:52'),(89,52,'213.81.218.209','2019-06-05 14:29:19'),(90,64,'147.175.76.60','2019-06-06 11:04:24'),(91,65,'194.154.240.249','2019-06-16 11:04:29'),(92,66,'78.99.101.63','2019-06-24 18:28:42'),(93,59,'95.102.175.20','2019-07-05 16:14:01'),(94,52,'85.237.234.33','2019-07-05 23:22:39'),(95,67,'71.200.196.214','2019-07-13 16:15:29'),(96,52,'85.237.234.237','2019-07-16 08:56:53'),(97,68,'83.102.238.108','2019-07-19 20:17:45'),(98,52,'85.237.234.194','2019-07-21 00:24:39'),(99,52,'85.237.234.54','2019-07-25 22:54:36'),(100,69,'78.141.75.65','2019-07-28 10:42:35'),(101,70,'92.52.5.239','2019-07-30 18:30:50'),(102,71,'188.167.251.219','2019-07-30 18:45:05'),(103,65,'213.81.158.66','2019-07-31 11:57:07'),(104,52,'85.237.234.196','2019-08-03 23:38:40'),(105,72,'62.197.235.1','2019-08-10 08:06:26'),(106,73,'5.164.212.19','2019-08-10 11:46:54'),(107,74,'85.135.226.144','2019-08-15 13:57:24'),(108,75,'87.197.100.150','2019-08-17 14:03:45'),(109,76,'84.245.121.221','2019-08-18 13:37:44'),(110,77,'194.160.76.124','2019-08-20 07:51:24'),(111,52,'85.237.234.215','2019-08-24 14:34:57'),(112,52,'85.237.234.229','2019-08-29 14:22:56'),(113,52,'85.237.234.140','2019-08-29 22:54:15');

--
-- Table structure for table `oc_customer_login`
--

 SET character_set_client = utf8mb4 ;
CREATE TABLE `oc_customer_login` (
  `customer_login_id` int(11) NOT NULL AUTO_INCREMENT,
  `email` varchar(96) NOT NULL,
  `ip` varchar(40) NOT NULL,
  `total` int(4) NOT NULL,
  `date_added` datetime NOT NULL,
  `date_modified` datetime NOT NULL,
  PRIMARY KEY (`customer_login_id`),
  KEY `email` (`email`),
  KEY `ip` (`ip`)
) ENGINE=MyISAM AUTO_INCREMENT=293 DEFAULT CHARSET=utf8;

--
-- Dumping data for table `oc_customer_login`
--

INSERT INTO `oc_customer_login` VALUES (1,'admin','88.212.36.69',1,'2017-03-28 20:35:38','2017-03-28 20:35:38'),(2,'pbiros','91.127.215.139',3,'2017-04-26 13:59:34','2017-04-26 13:59:59'),(3,'pbiros','95.102.44.207',5,'2017-04-28 14:47:40','2017-05-10 12:56:05'),(4,'b.a.ly.a.s.o.vk.on.stantin75@1.aaple.ru','185.26.113.100',1,'2017-05-04 10:41:51','2017-05-04 10:41:51'),(5,'mulo@try-rx.com','146.185.223.111',1,'2017-05-09 08:44:36','2017-05-09 08:44:36'),(6,'r8974jjil@gmail.com','46.161.9.35',1,'2017-05-15 02:13:13','2017-05-15 02:13:13'),(7,'marchapmay@007game.ru','178.158.115.187',1,'2017-05-25 12:27:14','2017-05-25 12:27:14'),(8,'mnyiimm@kinogomyhit.ru','178.158.115.187',1,'2017-05-25 18:04:27','2017-05-25 18:04:27'),(9,'grnoskovatf2@mail.ru','109.86.72.163',1,'2017-05-29 01:11:46','2017-05-29 01:11:46'),(10,'lenoretimpermanhcad@yahoo.com','146.185.223.87',1,'2017-06-08 17:20:17','2017-06-08 17:20:17'),(11,'mr.brian23@mail.ru','77.243.189.243',1,'2017-06-16 20:56:15','2017-06-16 20:56:15'),(12,'ekuwatu@mail.ru','195.22.126.190',1,'2017-06-18 10:05:28','2017-06-18 10:05:28'),(13,'mr.brian23@mail.ru','185.156.172.131',1,'2017-06-19 00:13:17','2017-06-19 00:13:17'),(14,'vladislava1@rxmail.xyz','87.110.140.188',1,'2017-06-23 05:14:38','2017-06-23 05:14:38'),(15,'anthony@rxmail.xyz','87.110.140.188',1,'2017-06-23 07:53:36','2017-06-23 07:53:36'),(16,'sebastian1@rxmail.xyz','87.110.140.188',1,'2017-06-23 17:53:33','2017-06-23 17:53:33'),(17,'ctyo@1.aaple.ru','37.147.108.24',1,'2017-06-30 00:04:34','2017-06-30 00:04:34'),(18,'tormonsntormonsn@gmail.com','5.1.27.31',1,'2017-07-11 04:48:53','2017-07-11 04:48:53'),(19,'michaela.furdova@gmail.com','85.216.206.30',1,'2017-07-16 13:32:38','2017-07-16 13:32:38'),(20,'','78.99.107.151',1,'2017-07-16 15:21:15','2017-07-16 15:21:15'),(21,'sweria@progonrumarket.ru','37.113.27.248',1,'2017-07-22 04:10:23','2017-07-22 04:10:23'),(22,'edgetried@gmail.com','46.161.9.6',1,'2017-07-28 02:27:34','2017-07-28 02:27:34'),(23,'anitaskcz@gmail.com','85.237.234.242',2,'2017-07-31 08:14:41','2017-07-31 08:15:11'),(24,'morshonka@yandex.ru','89.28.24.190',1,'2017-07-31 13:21:48','2017-07-31 13:21:48'),(25,'charlescakah@mail.ru','88.147.153.26',1,'2017-08-07 07:39:27','2017-08-07 07:39:27'),(26,'laelebeidiorg@mail.ru','146.185.223.114',2,'2017-08-10 01:30:51','2017-08-25 14:07:19'),(27,'quonahquee@bestmailonline.com','178.137.83.166',2,'2017-08-22 06:48:40','2017-08-25 14:23:37'),(28,'robercarlos22@mail.ru','77.243.183.197',1,'2017-08-22 13:57:18','2017-08-22 13:57:18'),(29,'zoe@sitehost.pw','37.115.215.125',1,'2017-08-28 11:00:40','2017-08-28 11:00:40'),(30,'szegqxsqgb@mailmefast.info','46.161.9.3',1,'2017-08-30 17:33:53','2017-08-30 17:33:53'),(31,'pkfgqeptuj@mailmefast.info','46.161.9.3',1,'2017-08-30 18:49:46','2017-08-30 18:49:46'),(32,'faustinaprosserbcfp@yahoo.com','178.137.80.1',2,'2017-09-03 00:20:55','2017-09-03 00:29:50'),(34,'utesossamanolwh@yahoo.com','134.249.55.103',2,'2017-09-13 22:05:57','2017-09-14 00:54:57'),(35,'kangya3750@yahoo.co.jp','220.250.19.161',1,'2017-09-14 22:49:33','2017-09-14 22:49:33'),(36,'bolonkamin@yandex.ru','89.28.24.190',1,'2017-09-22 14:52:02','2017-09-22 14:52:02'),(38,'jamemn@22meds.com','146.185.223.245',1,'2017-10-11 09:10:36','2017-10-11 09:10:36'),(39,'williamblipti@mail.ru','46.161.9.3',1,'2017-10-11 22:23:45','2017-10-11 22:23:45'),(40,'michaela.furdova@gmail.com','195.168.37.28',2,'2017-10-13 09:39:10','2017-10-13 09:39:21'),(42,'office@seetrade.sk','109.74.159.54',1,'2017-10-15 11:26:10','2017-10-15 11:26:10'),(44,'justkn@3drugs.com','146.185.223.45',1,'2017-10-28 11:29:24','2017-10-28 11:29:24'),(45,'clarafuece@edu-paper.com','151.249.164.95',1,'2017-10-29 22:33:06','2017-10-29 22:33:06'),(46,'bakusovaa@gmail.com','95.105.217.76',1,'2017-11-02 18:13:34','2017-11-02 18:13:34'),(47,'gavriilgoloperov@gmail.com','79.173.83.153',2,'2017-11-08 09:39:05','2017-11-10 16:53:49'),(48,'rynnkleemann4r69r21a@yahoo.com','146.185.223.221',2,'2017-11-08 14:25:25','2017-11-09 02:45:34'),(49,'erafblactab@mail.ru','79.173.83.153',2,'2017-11-15 19:01:07','2017-11-16 00:47:04'),(50,'dannysilva121m@yahoo.com','46.161.9.3',1,'2017-11-17 08:54:15','2017-11-17 08:54:15'),(51,'januszek45aleme@gmail.com','188.146.164.107',1,'2017-11-17 10:02:55','2017-11-17 10:02:55'),(52,'demenadmi@mail.ru','79.173.83.153',2,'2017-11-21 09:45:33','2017-11-21 17:45:18'),(54,'kazuyogurley5412q4m40@yahoo.com','146.185.223.25',1,'2017-12-12 17:29:33','2017-12-12 17:29:33'),(55,'lzkajwzdp@48m.info','195.184.208.222',1,'2017-12-13 19:46:00','2017-12-13 19:46:00'),(56,'ajeiliezan@fastmailforyou.net','178.137.83.166',1,'2017-12-26 15:21:27','2017-12-26 15:21:27'),(57,'btwie3n@1syn.info','195.184.208.223',1,'2017-12-28 00:51:34','2017-12-28 00:51:34'),(58,'','95.102.216.112',1,'2018-01-06 10:14:54','2018-01-06 10:14:54'),(59,'908 80','95.102.216.112',1,'2018-01-07 12:49:42','2018-01-07 12:49:42'),(60,'salif@2.zzuma.ru\r\n','37.147.108.24',1,'2018-01-10 10:17:22','2018-01-10 10:17:22'),(62,'througselleweb@mail.ru','94.231.151.120',3,'2018-01-31 10:34:52','2018-02-01 17:47:51'),(63,'krynurb@igf-lr3.com','146.185.223.245',1,'2018-02-01 21:30:20','2018-02-01 21:30:20'),(64,'juhas.ala@icloud.com','213.181.131.78',4,'2018-02-22 14:45:53','2018-02-22 14:46:39'),(66,'backsteraner@mail.ru','94.231.151.120',3,'2018-03-07 06:30:30','2018-03-08 06:42:09'),(67,'elfiebarnett@yahoo.com','146.185.223.25',1,'2018-03-13 20:05:44','2018-03-13 20:05:44'),(68,'bes.t@seobest.website','85.195.116.66',1,'2018-03-31 20:47:47','2018-03-31 20:47:47'),(69,'best@seobest.website','85.195.116.66',1,'2018-04-01 07:47:18','2018-04-01 07:47:18'),(70,'t.op.@bestsky.info','85.195.116.66',1,'2018-04-01 08:23:57','2018-04-01 08:23:57'),(71,'bes.t.@seobest.website','85.195.116.66',1,'2018-04-01 14:15:02','2018-04-01 14:15:02'),(72,'b.e.st@seobest.website','85.195.116.66',1,'2018-04-01 18:35:20','2018-04-01 18:35:20'),(73,'be.st@seobest.website','85.195.116.66',1,'2018-04-01 19:30:12','2018-04-01 19:30:12'),(74,'gaborik.kristian@gmail.com','185.33.250.239',7,'2018-04-05 14:28:27','2018-08-08 18:41:51'),(75,'larsine@maill.webcam','146.185.223.150',1,'2018-04-25 13:36:51','2018-04-25 13:36:51'),(76,'vladiksiso@gmail.com','95.103.131.20',1,'2018-04-26 15:04:52','2018-04-26 15:04:52'),(77,'sweria@altrmed.ru','94.181.167.66',1,'2018-05-07 21:48:21','2018-05-07 21:48:21'),(78,'samburton202@aol.co.uk','46.161.9.14',1,'2018-06-07 16:20:57','2018-06-07 16:20:57'),(79,'jonasovaviola@gmail.com','90.176.10.67',3,'2018-06-08 05:56:04','2018-06-08 05:56:33'),(80,'sweria@grek1.ru','46.105.124.55',10,'2018-06-12 13:39:09','2018-07-29 19:06:03'),(81,'sergey6wasc@mail.ru','94.103.231.235',1,'2018-06-13 21:02:57','2018-06-13 21:02:57'),(82,'sweria@grek1.ru','37.113.46.170',1,'2018-06-18 09:15:26','2018-06-18 09:15:26'),(83,'georgemills3563@gmail.com','83.139.181.222',1,'2018-07-03 17:09:18','2018-07-03 17:09:18'),(84,'zavadskagabriela@gmailcom','194.160.184.82',2,'2018-07-06 08:23:38','2018-07-06 08:23:42'),(85,'zavadskagabriela@gmail.com.sk','194.160.184.82',2,'2018-07-06 08:24:03','2018-07-06 08:24:06'),(86,'herve.bourdeaux@noos.fr','188.165.229.75',2,'2018-07-15 07:04:57','2018-07-15 11:55:48'),(87,'','188.167.252.227',1,'2018-07-16 15:49:09','2018-07-16 15:49:09'),(88,'svrckovazvgmail.com','188.167.252.180',1,'2018-07-18 15:10:24','2018-07-18 15:10:24'),(89,'','188.167.252.180',1,'2018-07-18 15:10:52','2018-07-18 15:10:52'),(90,'folisephelix@yahoo.com','31.184.238.92',1,'2018-07-31 07:52:23','2018-07-31 07:52:23'),(91,'matfluine@wmaill.site','31.184.238.111',1,'2018-08-08 05:53:15','2018-08-08 05:53:15'),(92,'ilomark@op.pl','84.240.9.6',1,'2018-08-26 10:55:52','2018-08-26 10:55:52'),(93,'pafka@op.pl','213.159.38.90',1,'2018-09-08 14:01:43','2018-09-08 14:01:43'),(96,'andrea@webtraffico.top','2.224.128.114',2,'2018-09-20 11:21:37','2018-09-21 14:05:49'),(95,'','194.1.227.216',1,'2018-09-19 15:10:41','2018-09-19 15:10:41'),(97,'jonasovaviola@gmail.com','90.176.10.68',2,'2018-09-26 06:11:15','2018-09-26 06:13:26'),(98,'duweu.wo.ndj92@gmail.com','95.133.25.72',1,'2018-09-27 01:14:41','2018-09-27 01:14:41'),(99,'hkgekw@canadaonline.pw','188.72.127.245',1,'2018-09-28 07:02:43','2018-09-28 07:02:43'),(100,'andrea@webtraffico.top','217.64.113.203',1,'2018-09-29 13:28:06','2018-09-29 13:28:06'),(101,'sranuga@regiopost.trade ','5.188.210.9',1,'2018-10-09 04:28:36','2018-10-09 04:28:36'),(102,'chrisurwick@rainmail.win ','5.188.210.11',1,'2018-10-09 07:17:24','2018-10-09 07:17:24'),(103,'billtvid@pochtar.men ','5.188.210.7',1,'2018-10-13 16:53:35','2018-10-13 16:53:35'),(104,'bluejeans@pochtar.men ','5.188.210.9',1,'2018-10-13 18:13:51','2018-10-13 18:13:51'),(105,'ast8400@pochtar.men ','5.188.210.11',1,'2018-10-14 03:00:05','2018-10-14 03:00:05'),(106,'ghjrte@mail.ru','37.113.19.203',1,'2018-10-17 05:41:19','2018-10-17 05:41:19'),(107,'francoa@regiopost.trade ','5.188.210.7',1,'2018-10-17 22:00:47','2018-10-17 22:00:47'),(108,'oznewbie@regiopost.trade ','5.188.210.9',1,'2018-10-18 00:03:03','2018-10-18 00:03:03'),(109,'xiangzhen11@regiopost.trade ','5.188.210.11',1,'2018-10-18 07:05:13','2018-10-18 07:05:13'),(110,'garycoho@regiopost.trade ','5.188.210.7',1,'2018-10-19 00:50:48','2018-10-19 00:50:48'),(111,'maxatocm@pochtar.men ','5.188.210.9',1,'2018-10-19 18:58:11','2018-10-19 18:58:11'),(114,'dirisonto@yandex.com','83.97.23.180',1,'2018-10-23 11:26:12','2018-10-23 11:26:12'),(115,'sabbgj@canadianonline.email','5.62.159.40',1,'2018-10-23 14:08:13','2018-10-23 14:08:13'),(116,'qsbckg@viagracy.com','5.62.159.77',1,'2018-11-01 05:33:51','2018-11-01 05:33:51'),(117,'xbceci@online-pills.xyz','185.71.1.25',1,'2018-11-04 21:35:21','2018-11-04 21:35:21'),(118,'','91.236.116.223',1,'2018-11-09 04:10:32','2018-11-09 04:10:32'),(119,'ckjkou@viagrasy.com','185.101.70.53',1,'2018-11-13 00:22:46','2018-11-13 00:22:46'),(120,'gundosovitchjebrail@yandex.com','185.255.96.99',7,'2018-11-14 17:04:03','2018-12-14 04:59:58'),(121,'eftfebggx@canadians.biz','191.101.24.84',1,'2018-11-21 10:37:51','2018-11-21 10:37:51'),(122,'bywcsvssp@onlinecanada.biz','5.189.206.27',1,'2018-11-23 10:44:08','2018-11-23 10:44:08'),(123,'noreply@findbusinessfunding-247.com','185.234.219.246',1,'2018-11-25 10:25:47','2018-11-25 10:25:47'),(124,'yqkzxt@canadianonline.email','185.223.165.146',1,'2018-11-27 20:21:49','2018-11-27 20:21:49'),(125,'tlyoyi@viagrasy.com','191.101.24.36',1,'2018-11-28 00:31:46','2018-11-28 00:31:46'),(126,'ujqzio@usa-tooday.biz','185.46.85.79',1,'2018-12-02 20:31:20','2018-12-02 20:31:20'),(127,'fghserf@bigmir.net','31.184.238.114',1,'2018-12-09 20:43:51','2018-12-09 20:43:51'),(128,'ellnacy@zmail.website','31.184.238.222',1,'2018-12-12 00:50:41','2018-12-12 00:50:41'),(129,'nyixsr@viagracy.com','5.62.154.17',1,'2018-12-18 12:42:03','2018-12-18 12:42:03'),(130,'052 01','141.136.52.76',3,'2018-12-27 11:32:30','2019-01-19 10:50:20'),(131,'dingolers@yandex.com','213.166.71.110',1,'2019-01-06 21:44:59','2019-01-06 21:44:59'),(132,'wil.doker@yandex.com','213.166.71.110',1,'2019-01-07 20:11:36','2019-01-07 20:11:36'),(133,'kimdoker@yandex.com','213.166.71.110',1,'2019-01-09 05:16:36','2019-01-09 05:16:36'),(134,'wilrimov@yandex.com','213.166.71.110',1,'2019-01-09 20:09:46','2019-01-09 20:09:46'),(135,'sid.golers@yandex.com','213.166.71.110',1,'2019-01-10 15:31:56','2019-01-10 15:31:56'),(136,'venvaler@yandex.com','213.166.71.110',1,'2019-01-11 14:37:11','2019-01-11 14:37:11'),(137,'pro.valg@yandex.com','31.184.238.190',1,'2019-01-14 18:32:27','2019-01-14 18:32:27'),(138,'koptevandrey88@gmail.com','176.36.21.189',5,'2019-01-16 12:53:14','2019-01-31 01:30:04'),(139,'bil.gersen@yandex.com','213.166.71.35',1,'2019-01-18 23:12:57','2019-01-18 23:12:57'),(142,'shamrykenkokatya@gmail.com','176.36.21.189',4,'2019-01-22 14:42:44','2019-03-06 23:51:03'),(143,'jakhensel@yandex.com','213.166.71.35',1,'2019-01-23 04:40:10','2019-01-23 04:40:10'),(144,'whitersvic@yandex.com','213.166.71.35',1,'2019-01-25 01:31:17','2019-01-25 01:31:17'),(145,'andreacabadajova@gmail.com','141.136.52.76',2,'2019-01-28 17:30:33','2019-01-28 17:30:56'),(146,'putyanhinvasya@gmail.com','176.36.21.189',3,'2019-01-30 01:15:25','2019-03-04 17:15:29'),(148,'andrea@caldiae.top','2.224.128.114',10,'2019-02-05 16:47:36','2019-02-18 09:43:14'),(149,'03221','195.91.7.86',1,'2019-02-07 19:21:17','2019-02-07 19:21:17'),(150,'filippberk@yandex.com','213.166.71.35',1,'2019-02-08 04:03:11','2019-02-08 04:03:11'),(151,'timwilems@yandex.com','213.166.71.35',1,'2019-02-11 16:46:42','2019-02-11 16:46:42'),(152,'whitersj@yandex.com','213.166.71.35',1,'2019-02-12 13:59:11','2019-02-12 13:59:11'),(153,'','195.80.175.178',1,'2019-02-17 18:20:12','2019-02-17 18:20:12'),(154,'andrea3032002@yahoo.com','195.80.175.178',1,'2019-02-22 18:57:50','2019-02-22 18:57:50'),(155,'temur.berk@yandex.com','176.57.71.26',1,'2019-02-27 17:07:05','2019-02-27 17:07:05'),(156,'mouserf6msen@mail.ru','178.159.37.34',1,'2019-03-11 19:15:45','2019-03-11 19:15:45'),(158,'kenigadce128@rambler.ru','31.184.238.248',1,'2019-03-22 15:14:03','2019-03-22 15:14:03'),(159,'ktpvn410@gmail.com','46.172.18.208',1,'2019-04-09 08:45:04','2019-04-09 08:45:04'),(160,'rjermyn@gmail.com','162.62.20.117',1,'2019-04-12 12:43:33','2019-04-12 12:43:33'),(161,'ktpvn410@gmail.com','46.172.18.84',1,'2019-04-13 12:51:22','2019-04-13 12:51:22'),(162,'johnston@promailbiznes.ru','5.248.225.14',1,'2019-04-13 14:17:00','2019-04-13 14:17:00'),(163,'valerleohnard@yandex.com','213.166.70.62',1,'2019-04-14 12:58:57','2019-04-14 12:58:57'),(165,'ktpvn410@gmail.com','46.172.18.55',1,'2019-04-25 19:46:10','2019-04-25 19:46:10'),(166,'ktpvn410@gmail.com','46.172.18.139',2,'2019-04-28 22:16:40','2019-05-09 13:11:02'),(167,'dbrunk02@yahoo.com','188.138.188.34',1,'2019-05-12 11:46:01','2019-05-12 11:46:01'),(168,'jaklim','195.91.16.200',1,'2019-05-12 19:24:14','2019-05-12 19:24:14'),(169,'jaklim@centrum.sk','195.91.16.200',2,'2019-05-12 19:24:57','2019-05-12 19:25:23'),(170,'msanders@digitalmps.com','54.249.220.105',1,'2019-05-14 15:26:26','2019-05-14 15:26:26'),(171,'1.618033@libero.it','195.176.3.19',1,'2019-05-21 15:46:16','2019-05-21 15:46:16'),(172,'alexey9345.rox@gmail.com','185.255.96.99',1,'2019-05-22 02:28:34','2019-05-22 02:28:34'),(173,'s.b.o.n.c.an.g.@gmail.com','5.188.210.44',1,'2019-05-22 11:41:45','2019-05-22 11:41:45'),(174,'fffonaewrdfrgew32f@yandex.com','31.184.238.190',1,'2019-05-22 23:54:23','2019-05-22 23:54:23'),(175,'alexey1363.rox@gmail.com','185.255.96.99',1,'2019-05-23 20:06:11','2019-05-23 20:06:11'),(176,'valera.banifatov@mail.ru','31.184.238.53',1,'2019-05-24 12:24:05','2019-05-24 12:24:05'),(177,'kobaidze.gena@mail.ru','31.184.238.234',1,'2019-05-24 12:39:50','2019-05-24 12:39:50'),(178,'sutherland.heath@gmail.com','188.138.188.34',1,'2019-05-24 20:27:16','2019-05-24 20:27:16'),(179,'aavila@rialtousd.org','188.138.188.34',2,'2019-05-27 18:25:29','2019-05-27 19:56:09'),(180,'ktpvn413@gmail.com','46.172.18.117',2,'2019-05-28 18:20:05','2019-05-31 23:12:09'),(181,'craig@skylightsolutions.net','188.138.188.34',2,'2019-05-28 20:47:44','2019-05-28 21:24:22'),(182,'kozlyk312@gmail.com','176.36.21.189',1,'2019-05-29 08:49:22','2019-05-29 08:49:22'),(183,'carichard8@gmail.com','188.138.188.34',1,'2019-05-30 15:56:16','2019-05-30 15:56:16'),(184,'','213.81.218.209',1,'2019-06-05 12:27:22','2019-06-05 12:27:22'),(185,'andrea3032002@yahoo.com','213.81.218.209',5,'2019-06-05 12:27:56','2019-08-15 06:09:43'),(186,'andreabruncakova@gmail.com','213.81.218.209',1,'2019-06-05 12:29:13','2019-06-05 12:29:13'),(188,'timsidebottom@gmail.com','188.138.188.34',2,'2019-06-06 13:46:42','2019-06-06 15:23:12'),(189,'no-reply@seoturbina.ru','213.178.45.41',1,'2019-06-09 03:26:13','2019-06-09 03:26:13'),(190,'fcilgk4f@list.ru','176.57.71.55',1,'2019-06-09 17:38:55','2019-06-09 17:38:55'),(191,'mitelite@eclipso.eu','195.242.213.203',1,'2019-06-12 07:26:52','2019-06-12 07:26:52'),(192,'mitelite@eclipso.eu','81.171.75.163',1,'2019-06-13 20:29:16','2019-06-13 20:29:16'),(193,'adamribson@cleanings.pro','213.178.45.41',1,'2019-06-14 09:14:33','2019-06-14 09:14:33'),(194,'taralicciardello@yahoo.com ','103.41.106.77',1,'2019-06-14 09:39:11','2019-06-14 09:39:11'),(195,'krimit106@yahoo.com','188.138.188.34',1,'2019-06-14 21:36:13','2019-06-14 21:36:13'),(196,'gaborik.kristian@gmail.com','212.203.51.56',3,'2019-06-15 16:58:11','2019-06-15 17:00:39'),(199,'news66@charter.net','49.144.46.103',1,'2019-06-17 10:49:54','2019-06-17 10:49:54'),(200,'anndrea.bruncakova@gmail.com','213.81.218.209',1,'2019-06-17 12:08:26','2019-06-17 12:08:26'),(201,'beyondrevolution@gmail.com','72.79.13.98',1,'2019-06-18 03:14:00','2019-06-18 03:14:00'),(202,'no-reply@vape4style.com','213.178.45.41',1,'2019-06-18 06:00:32','2019-06-18 06:00:32'),(203,'fsuadina@hotmail.com','188.138.188.34',1,'2019-06-19 04:11:07','2019-06-19 04:11:07'),(204,'allenzen0@gmail.com','110.136.88.48',1,'2019-06-19 07:00:50','2019-06-19 07:00:50'),(205,'procurement@fallriverha.org','188.138.188.34',1,'2019-06-19 07:32:09','2019-06-19 07:32:09'),(206,'allenzen0@gmail.com','192.169.218.103',1,'2019-06-19 12:59:40','2019-06-19 12:59:40'),(207,'allenzen0@gmail.com','188.138.188.34',1,'2019-06-19 16:39:53','2019-06-19 16:39:53'),(208,'dharris2012@frontier.com','188.138.188.34',1,'2019-06-20 08:15:42','2019-06-20 08:15:42'),(209,'franslyarias@yahoo.com','188.138.188.34',1,'2019-06-20 19:15:42','2019-06-20 19:15:42'),(210,'super.ksn2016@yandex.ru','188.138.188.34',1,'2019-06-21 08:09:24','2019-06-21 08:09:24'),(211,'jpn92@aol.com','193.112.253.3',1,'2019-06-22 22:08:33','2019-06-22 22:08:33'),(212,'samara@centrsnab163.ru','213.178.45.41',1,'2019-06-25 08:21:32','2019-06-25 08:21:32'),(213,'trijackson1226@yahoo.com','188.138.188.34',1,'2019-06-26 12:39:03','2019-06-26 12:39:03'),(214,'coreyporter90@yahoo.com','157.119.190.56',1,'2019-06-27 07:49:44','2019-06-27 07:49:44'),(215,'grand-pr@yandex.ru','188.138.188.34',1,'2019-06-29 15:06:59','2019-06-29 15:06:59'),(216,'bbzmos@gmail.com','95.128.167.236',1,'2019-06-30 13:58:38','2019-06-30 13:58:38'),(217,'noreply@hobook.ru','37.9.154.28',1,'2019-07-02 09:17:51','2019-07-02 09:17:51'),(218,'steffi-gottschling@web.de','188.138.188.34',1,'2019-07-02 16:35:38','2019-07-02 16:35:38'),(219,'kenakrul@gmail.com','188.138.188.34',1,'2019-07-03 18:00:04','2019-07-03 18:00:04'),(220,'andreavinai@libero.it','188.138.188.34',1,'2019-07-04 08:57:59','2019-07-04 08:57:59'),(221,'no-reply@seoturbina.ru','37.9.154.28',2,'2019-07-05 03:40:58','2019-07-07 01:01:04'),(222,'s.bon.c.a.n.g@gmail.com','5.188.210.2',1,'2019-07-10 03:45:14','2019-07-10 03:45:14'),(223,'s.b.on.c.an.g.@gmail.com','5.188.210.2',1,'2019-07-11 01:07:03','2019-07-11 01:07:03'),(224,'bronwynhackney@gmail.com','166.78.100.218',1,'2019-07-11 20:48:10','2019-07-11 20:48:10'),(225,'izeyger@gmail.com','188.138.188.34',1,'2019-07-12 18:30:03','2019-07-12 18:30:03'),(226,'socialcord12@yahoo.com','188.138.188.34',1,'2019-07-15 14:17:33','2019-07-15 14:17:33'),(227,'trumburty@yandex.com','37.113.139.212',1,'2019-07-19 16:46:48','2019-07-19 16:46:48'),(228,'no-reply@akvasos.ru','92.240.140.60',1,'2019-07-20 12:01:53','2019-07-20 12:01:53'),(229,'m0mobssfegs@yandex.com','85.209.90.108',1,'2019-07-22 09:55:13','2019-07-22 09:55:13'),(230,'maids1@maidsmanhattan.club','92.240.140.60',1,'2019-07-23 01:48:55','2019-07-23 01:48:55'),(231,'artemo.lego.v.ich1.96.4@gmail.com\r\n','94.181.36.16',1,'2019-07-24 08:19:11','2019-07-24 08:19:11'),(232,'romayunusov000@mail.ru','176.110.134.2',1,'2019-07-26 09:06:24','2019-07-26 09:06:24'),(233,'maids1@maidsmanhattan.club','92.240.138.144',1,'2019-07-26 09:36:37','2019-07-26 09:36:37'),(234,'efahtiacochi5843@gmail.com','92.240.138.144',1,'2019-07-26 23:23:19','2019-07-26 23:23:19'),(235,'bruce.messam@gmail.com','93.157.254.39',1,'2019-07-29 05:01:55','2019-07-29 05:01:55'),(236,'crazyorange@hydrakozel.press','89.238.150.8',1,'2019-07-29 13:33:28','2019-07-29 13:33:28'),(237,'steven.thompson.calif@gmail.com','93.157.254.39',1,'2019-07-31 05:44:34','2019-07-31 05:44:34'),(239,'truxanov1985@ukr.net','176.36.21.189',1,'2019-08-01 15:54:04','2019-08-01 15:54:04'),(240,'makssemenovsk@rambler.ru','78.102.24.171',2,'2019-08-01 18:54:44','2019-08-13 16:12:06'),(241,'p.it.er.m.or.ga.n.s.po.rts.t.o.r.e.world20.16@gmail.com','37.115.206.78',1,'2019-08-02 00:53:07','2019-08-02 00:53:07'),(242,'slovakserce@gazeta.pl','185.245.85.152',1,'2019-08-02 11:43:28','2019-08-02 11:43:28'),(243,'slovakserce@gazeta.pl','185.104.185.12',1,'2019-08-05 15:28:56','2019-08-05 15:28:56'),(244,'mikeolewooth@maidservicenyc.pro','95.128.163.99',1,'2019-08-05 22:33:01','2019-08-05 22:33:01'),(245,'emaly@manhattan-massage.com','95.128.163.99',1,'2019-08-06 13:09:24','2019-08-06 13:09:24'),(246,'slovakserce@gazeta.pl','37.120.158.110',1,'2019-08-07 00:05:39','2019-08-07 00:05:39'),(247,'pi.t.e.rmor.g.a.nspo.rt.s.torew.o.rld2.016@gmail.com','37.115.206.78',1,'2019-08-07 07:44:48','2019-08-07 07:44:48'),(248,'goledeq@mail.ru','77.233.22.170',1,'2019-08-07 19:58:35','2019-08-07 19:58:35'),(249,'murzilkinaalina@gmail.com','92.49.220.75',1,'2019-08-08 04:26:07','2019-08-08 04:26:07'),(250,'avesters@yandex.ru','94.19.146.179',1,'2019-08-09 19:18:10','2019-08-09 19:18:10'),(251,'fevgen708@gmail.com','188.163.109.153',1,'2019-08-10 04:19:15','2019-08-10 04:19:15'),(252,'tomasvrbicky@gmail.com','95.47.179.2',1,'2019-08-10 16:08:58','2019-08-10 16:08:58'),(253,'v1k1nav@ya.ru','185.118.164.113',1,'2019-08-11 02:02:14','2019-08-11 02:02:14'),(254,'tsum@hydrakozel.press','89.238.154.116',1,'2019-08-11 14:38:01','2019-08-11 14:38:01'),(255,'a.rt.em.olego.v.i.c.h.1.9.64@gmail.com\r\n','37.113.137.179',1,'2019-08-11 19:10:31','2019-08-11 19:10:31'),(256,'p.i.termor.gansp.ortstor.e.wo.rld2.0.1.6.@gmail.com','37.115.206.78',1,'2019-08-12 08:15:32','2019-08-12 08:15:32'),(257,'alenfastkovsky@maidservicenyc.pro','95.128.163.99',1,'2019-08-13 06:32:01','2019-08-13 06:32:01'),(258,'rumasero@mail.ru','77.233.20.132',1,'2019-08-15 04:23:57','2019-08-15 04:23:57'),(259,'vic7ente@yandex.ru','91.121.79.130',1,'2019-08-15 23:40:07','2019-08-15 23:40:07'),(260,'fev.gen708@gmail.com','188.163.109.153',1,'2019-08-16 15:29:27','2019-08-16 15:29:27'),(261,'pi.t.e.r.mo.rg.ans.po.r.tsto.rew.orl.d.20.1.6@gmail.com','5.248.165.110',1,'2019-08-17 17:35:34','2019-08-17 17:35:34'),(262,'berguciems@gmail.com','164.68.116.227',1,'2019-08-19 04:56:45','2019-08-19 04:56:45'),(263,'','62.197.235.1',1,'2019-08-19 07:12:47','2019-08-19 07:12:47'),(264,'kathrynneugszadubina@yandex.com','185.255.96.99',1,'2019-08-19 18:31:51','2019-08-19 18:31:51'),(266,'alenfastkovsky@maidservicenyc.pro','92.240.139.200',1,'2019-08-20 20:48:21','2019-08-20 20:48:21'),(267,'milemilefos@gazeta.pl','185.104.185.87',1,'2019-08-21 11:30:06','2019-08-21 11:30:06'),(268,'mcrmp@yandex.com','37.113.169.213',1,'2019-08-21 23:38:19','2019-08-21 23:38:19'),(269,'7nxzdlir0l@seoshnek.had.su','95.182.120.6',1,'2019-08-22 01:03:58','2019-08-22 01:03:58'),(270,'scott@accrueequity.com.au','95.110.230.142',1,'2019-08-22 06:50:08','2019-08-22 06:50:08'),(271,'uzi_zaray@hotmail.com','185.99.187.31',1,'2019-08-22 21:00:39','2019-08-22 21:00:39'),(272,'pite.rm.o.r.ga.n.s.portst.orew.orld.2.0.16.@gmail.com','5.248.165.110',1,'2019-08-22 21:02:23','2019-08-22 21:02:23'),(273,'highquality@hydrakozel.press','89.238.154.116',1,'2019-08-22 22:47:00','2019-08-22 22:47:00'),(274,'stanislavfomichyov1996698i09n@rambler.ru','85.25.211.184',1,'2019-08-23 11:07:07','2019-08-23 11:07:07'),(275,'murt4r@yandex.com','37.113.169.213',1,'2019-08-23 20:05:25','2019-08-23 20:05:25'),(276,'efahtiacochi5843@gmail.com','92.240.139.200',1,'2019-08-24 09:36:33','2019-08-24 09:36:33'),(277,'je.csww22qqa@gmail.com','5.189.64.57',1,'2019-08-25 12:29:26','2019-08-25 12:29:26'),(278,'lolnoobspam@yandex.ru','151.80.46.114',1,'2019-08-25 20:26:35','2019-08-25 20:26:35'),(279,'mitelite@eclipso.eu','207.180.251.145',1,'2019-08-25 23:15:59','2019-08-25 23:15:59'),(280,'steve.bannon@fourr.org','64.188.3.214',1,'2019-08-26 07:37:32','2019-08-26 07:37:32'),(281,'vasegorov86@mail.ru','109.126.240.229',1,'2019-08-26 20:39:01','2019-08-26 20:39:01'),(282,'gangbang@hydrapetuh.lgbt','89.238.154.116',1,'2019-08-27 16:31:20','2019-08-27 16:31:20'),(283,'p.i.term.or.ga.nsp.o.r.tsto.rew.o.rl.d2.0.16.@gmail.com','5.248.165.110',1,'2019-08-27 17:52:31','2019-08-27 17:52:31'),(284,'stanislavmoi1u2z@mail.ru','91.78.38.179',1,'2019-08-28 00:10:58','2019-08-28 00:10:58'),(285,'guerry@screentight.com','41.216.163.46',1,'2019-08-28 03:01:31','2019-08-28 03:01:31'),(286,'becks31622@myblogmail.xyz','185.108.104.20',1,'2019-08-29 17:55:54','2019-08-29 17:55:54'),(287,'jec.sww22qqa@gmail.com','5.189.64.57',1,'2019-08-30 03:05:02','2019-08-30 03:05:02'),(288,'vurdonov85@ukr.net','176.36.21.189',1,'2019-08-30 06:59:27','2019-08-30 06:59:27'),(289,'vasiliefremov21@gmail.com','87.228.52.83',1,'2019-08-31 08:55:17','2019-08-31 08:55:17'),(290,'tsongysr57@gmail.com','188.138.188.34',1,'2019-09-01 10:15:27','2019-09-01 10:15:27'),(291,'p.it.e.r.m.organ.sp.o.r.ts.t.or.ew.orld.2.0.1.6@gmail.com','5.248.165.110',1,'2019-09-01 13:14:24','2019-09-01 13:14:24'),(292,'fe.vgen708@gmail.com','188.163.109.153',1,'2019-09-02 23:33:17','2019-09-02 23:33:17');

--
-- Table structure for table `oc_customer_online`
--

 SET character_set_client = utf8mb4 ;
CREATE TABLE `oc_customer_online` (
  `ip` varchar(40) NOT NULL,
  `customer_id` int(11) NOT NULL,
  `url` text NOT NULL,
  `referer` text NOT NULL,
  `date_added` datetime NOT NULL,
  PRIMARY KEY (`ip`)
) ENGINE=MyISAM DEFAULT CHARSET=utf8;

--
-- Dumping data for table `oc_customer_online`
--

INSERT INTO `oc_customer_online` VALUES ('46.229.168.143',0,'http://www.italiandesignstudio.com/rozkladacie-stoly/cb4724-m-160-eminence?filter_manufacturer_id=49&amp;instock=true','','2019-09-03 05:20:53'),('212.200.83.219',0,'http://www.italiandesignstudio.com/site2017.sql','http://www.italiandesignstudio.com/site2017.sql','2019-09-03 05:20:29'),('54.36.150.65',0,'http://www.italiandesignstudio.com/visiace-svietidla/bloom','','2019-09-03 05:20:29'),('46.229.168.145',0,'http://www.italiandesignstudio.com/nabytok/brick-3','','2019-09-03 05:33:12'),('8.37.71.83',0,'http://www.italiandesignstudio.com/match','','2019-09-03 04:43:52'),('54.36.149.25',0,'http://www.italiandesignstudio.com/kresla-a-pohovky/gotham-woody-soft-lounge/chairs-more','','2019-09-03 05:34:24'),('54.36.150.178',0,'http://www.italiandesignstudio.com/gervasoni/inout','','2019-09-03 04:46:23'),('54.36.149.1',0,'http://www.italiandesignstudio.com/nabytok/finny?filter_manufacturer_id=36','','2019-09-03 04:39:24'),('66.249.64.53',0,'http://www.italiandesignstudio.com/pohovky-a-sedacky?manufacturer_id=75','','2019-09-03 05:33:51'),('46.229.168.161',0,'http://www.italiandesignstudio.com/kovove-stolicky?page=6','','2019-09-03 05:33:41'),('13.66.139.0',0,'http://www.italiandesignstudio.com/nabytok/vesiaky?page={page}','','2019-09-03 05:31:48'),('8.37.70.167',0,'http://www.italiandesignstudio.com/light-air','','2019-09-03 05:17:26'),('84.245.121.17',0,'http://www.italiandesignstudio.com/index.php?route=information%2Fcontact&amp;utm_source=facebook&amp;utm_medium=brand&amp;utm_campaign=fb-predajna','http://m.facebook.com/','2019-09-03 05:12:31'),('46.229.168.131',0,'http://www.italiandesignstudio.com/drevene-barove-stolicky/emma-stool-up','','2019-09-03 05:19:08'),('46.229.168.135',0,'http://www.italiandesignstudio.com/nabytok/doplnky/pop-2','','2019-09-03 05:26:31'),('46.229.168.136',0,'http://www.italiandesignstudio.com/drevene-stolicky/lucio','','2019-09-03 05:07:01'),('66.249.65.181',0,'http://www.italiandesignstudio.com/nabytok/spring-2?limit=100','','2019-09-03 05:02:30'),('148.64.56.66',0,'http://www.italiandesignstudio.com/laguna-63298','','2019-09-03 05:15:49'),('151.236.225.253',0,'http://www.italiandesignstudio.com/letny-vypredaj?utm_source=facebook&amp;utm_medium=banner&amp;utm_campaign=fb-zaujmy&amp;utm_content=letny-vypredaj&amp;fbclid=IwAR2QAqBDjhPdNMub7Fxv-X8KM1v3XdktHVpbdLONgNR_a8DoYzunCEUEm2s','https://m.facebook.com/','2019-09-03 05:02:50'),('178.143.41.20',0,'http://www.italiandesignstudio.com/letny-vypredaj?utm_source=facebook&amp;utm_medium=banner&amp;utm_campaign=fb-zaujmy&amp;utm_content=letny-vypredaj','http://m.facebook.com/','2019-09-03 05:09:04'),('148.64.56.124',0,'http://www.italiandesignstudio.com/match','','2019-09-03 05:28:03'),('46.229.168.133',0,'http://www.italiandesignstudio.com/plastove-stolicky?filter_manufacturer_id=12','','2019-09-03 05:32:36'),('85.237.234.231',0,'http://www.italiandesignstudio.com/','https://www.italiandesignstudio.com/','2019-09-03 05:33:47'),('194.154.251.24',0,'http://www.italiandesignstudio.com/','https://www.italiandesignstudio.com/','2019-09-03 04:42:51'),('122.163.223.40',0,'http://www.italiandesignstudio.com/a.sql','http://www.italiandesignstudio.com/a.sql','2019-09-03 04:43:03'),('46.229.168.149',0,'http://www.italiandesignstudio.com/emporium/cantinetta','','2019-09-03 05:28:10'),('194.1.216.254',0,'http://www.italiandesignstudio.com/letny-vypredaj?utm_source=facebook&amp;utm_medium=banner&amp;utm_campaign=fb-zaujmy&amp;utm_content=letny-vypredaj&amp;fbclid=IwAR0VA29O_xSwXuuWwWZvK68kfVv-LxqKRGw5xjq2D9LTq3GXZFy7vHLxZ9k','https://www.facebook.com/','2019-09-03 05:16:53'),('46.229.168.152',0,'http://www.italiandesignstudio.com/plastove-stoly?filter_manufacturer_id=88','','2019-09-03 05:18:32'),('5.188.210.18',0,'http://www.italiandesignstudio.com/index.php','https://www.italiandesignstudio.com/index.php','2019-09-03 04:49:54'),('148.64.56.65',0,'http://www.italiandesignstudio.com/amantia','','2019-09-03 04:45:47'),('46.229.168.151',0,'http://www.italiandesignstudio.com/zia-bice-s','','2019-09-03 05:24:10'),('54.36.149.47',0,'http://www.italiandesignstudio.com/barove-zahradne-stolicky?manufacturer_id=119','','2019-09-03 04:48:28'),('17.58.100.237',0,'http://www.italiandesignstudio.com/konzoly','','2019-09-03 05:34:26'),('46.229.168.150',0,'http://www.italiandesignstudio.com/stoly-a-stolicky?manufacturer_id=19&amp;page=4','','2019-09-03 05:27:37'),('213.81.239.138',0,'http://www.italiandesignstudio.com/','https://www.italiandesignstudio.com/nest-3?utm_source=favi&amp;utm_medium=cpc&amp;utm_campaign=favi-kresla&amp;utm_term=a1ed9785-5fa6-4a32-a29b-1eb20c8f4677','2019-09-03 05:02:11'),('46.229.168.146',0,'http://www.italiandesignstudio.com/svietidla/fa3116dt','','2019-09-03 05:31:25'),('109.230.40.181',0,'http://www.italiandesignstudio.com/letny-vypredaj?utm_source=facebook&amp;utm_medium=banner&amp;utm_campaign=fb-zaujmy&amp;utm_content=letny-vypredaj','http://m.facebook.com/','2019-09-03 05:19:08'),('46.229.168.140',0,'http://www.italiandesignstudio.com/calligaris-outlet/cs1380-gu-juliet/calligaris-outlet-2','','2019-09-03 05:22:49'),('141.8.142.27',0,'http://www.italiandesignstudio.com/','','2019-09-03 05:11:59'),('18.130.255.254',0,'http://www.italiandesignstudio.com/','','2019-09-03 05:28:38'),('54.36.150.89',0,'http://www.italiandesignstudio.com/drevene-stoly/ironica-q/ton','','2019-09-03 04:37:15'),('178.40.121.175',0,'http://www.italiandesignstudio.com/','https://www.italiandesignstudio.com/','2019-09-03 04:56:27'),('46.229.168.141',0,'http://www.italiandesignstudio.com/kovove-stolicky/date','','2019-09-03 05:28:59'),('46.229.168.162',0,'http://www.italiandesignstudio.com/pohovky-a-sedacky/asami-2p?filter_manufacturer_id=16','','2019-09-03 05:11:18'),('46.229.168.154',0,'http://www.italiandesignstudio.com/doplnky/piazza','','2019-09-03 05:24:57'),('46.229.168.132',0,'http://www.italiandesignstudio.com/calunene-stolicky/sesha','','2019-09-03 05:33:54'),('217.149.168.163',0,'http://www.italiandesignstudio.com/letny-vypredaj?utm_source=facebook&amp;utm_medium=banner&amp;utm_campaign=fb-remarketing&amp;utm_content=letny-vypredaj','http://m.facebook.com/','2019-09-03 05:10:28'),('54.36.148.215',0,'http://www.italiandesignstudio.com/svietidla/visiace-svietidla','','2019-09-03 05:18:09'),('157.55.39.175',0,'http://www.italiandesignstudio.com/arc-en-ciel-346','','2019-09-03 05:30:40'),('46.229.168.139',0,'http://www.italiandesignstudio.com/nabytok/roma','','2019-09-03 05:30:13'),('54.36.150.94',0,'http://www.italiandesignstudio.com/ml444','','2019-09-03 04:59:09'),('54.36.148.217',0,'http://www.italiandesignstudio.com/loop-r','','2019-09-03 05:13:44'),('37.58.2.146',0,'http://www.italiandesignstudio.com/','https://www.italiandesignstudio.com/','2019-09-03 05:13:48'),('46.229.168.134',0,'http://www.italiandesignstudio.com/dot-sg','','2019-09-03 05:31:47'),('54.36.150.17',0,'http://www.italiandesignstudio.com/kovove-stoly/globe-table?filter_manufacturer_id=23','','2019-09-03 05:32:43'),('8.37.71.64',0,'http://www.italiandesignstudio.com/archimede-set','','2019-09-03 05:08:10'),('54.36.149.12',0,'http://www.italiandesignstudio.com/stoly-a-stolicky/bikini/metalmobil','','2019-09-03 04:53:57'),('54.36.148.205',0,'http://www.italiandesignstudio.com/drevene-stoly/fiandre-ext/bontempi-casa','','2019-09-03 05:24:57'),('118.99.104.132',0,'http://www.italiandesignstudio.com/b.sql','http://www.italiandesignstudio.com/b.sql','2019-09-03 05:03:34'),('217.75.85.4',0,'http://www.italiandesignstudio.com/index.php?route=product/category&amp;path=141_239','https://www.italiandesignstudio.com/ciclamino','2019-09-03 05:33:50'),('148.251.69.139',0,'http://www.italiandesignstudio.com/zrkadla?page=2','','2019-09-03 04:47:18'),('8.37.70.243',0,'http://www.italiandesignstudio.com/domino-t','','2019-09-03 05:08:55'),('40.77.167.163',0,'http://www.italiandesignstudio.com/azzurra-specchio','','2019-09-03 05:32:34'),('46.229.168.148',0,'http://www.italiandesignstudio.com/stoly-a-stolicky/stolicky/calunene-stolicky/cs1095-cruiser','','2019-09-03 05:23:24'),('54.36.150.189',0,'http://www.italiandesignstudio.com/calligaris-outlet?manufacturer_id=156','','2019-09-03 04:34:54'),('54.36.148.163',0,'http://www.italiandesignstudio.com/drevene-barove-stolicky/cacao-sg','','2019-09-03 04:55:40'),('54.36.148.231',0,'http://www.italiandesignstudio.com/nabytok/kniznice?manufacturer_id=156','','2019-09-03 04:54:58'),('54.36.148.128',0,'http://www.italiandesignstudio.com/midj-outlet?manufacturer_id=149','','2019-09-03 04:55:00'),('157.55.39.154',0,'http://www.italiandesignstudio.com/orion','','2019-09-03 05:34:05'),('207.46.13.142',0,'http://www.italiandesignstudio.com/robots.txt','','2019-09-03 05:00:11'),('165.227.72.66',0,'http://www.italiandesignstudio.com/blog/wp-login.php','http://www.italiandesignstudio.com/blog/wp-login.php','2019-09-03 04:38:22'),('213.81.183.29',0,'http://www.italiandesignstudio.com/letny-vypredaj?gclid=EAIaIQobChMIhrnCquqz5AIVBASLCh12AwKlEAEYASAAEgKCN_D_BwE','https://googleads.g.doubleclick.net/pagead/ads?client=ca-pub-9764504208199432&amp;output=html&amp;h=280&amp;slotname=9616451247&amp;adk=4184026227&amp;adf=3923244620&amp;w=336&amp;lmt=1567485447&amp;guci=1.2.0.0.2.2.0.0&amp;url=https%3A%2F%2Fhnonline.sk%2Fsvet%2F1999532-hurikan-dorian-zoslabol-stale-vsak-zostava-nebezpecny&amp;flash=0&amp;wgl=1&amp;adsid=ChAI8Puy6wUQs7Wws7P-wbsvEi8A8wun3qhUIvK_1pGovLelAMWQjsvqf5vO1oEA3VPs-TChRhqVep3IlzDx_ctIoA&amp;dt=1567485447474&amp;bpp=7&amp;bdt=5568&amp;fdt=34&amp;idt=34&amp;shv=r20190826&amp;cbv=r20190131&amp;saldr=sa&amp;abxe=1&amp;correlator=7997276773785&amp;frm=20&amp;pv=1&amp;ga_vid=402628539.1536566905&amp;ga_sid=1567485443&amp;ga_hid=1155573372&amp;ga_fc=0&amp;iag=0&amp;icsg=2860931403481600&amp;dssz=139&amp;mdo=0&amp;mso=0&amp;u_tz=120&amp;u_his=3&amp;u_java=0&amp;u_h=1080&amp;u_w=1920&amp;u_ah=1040&amp;u_aw=1920&amp;u_cd=24&amp;u_nplug=3&amp;u_nmime=4&amp;adx=674&amp;ady=1683&amp;biw=1903&amp;bih=937&amp;scr_x=0&amp;scr_y=932&amp;eid=20199335%2C21062887%2C21064387%2C21064529%2C21061795&amp;oid=3&amp;ref=https%3A%2F%2Fwww.google.com%2F&amp;rx=0&amp;eae=0&amp;fc=656&amp;brdim=0%2C0%2C0%2C0%2C1920%2C0%2C1920%2C1040%2C1920%2C937&amp;vis=1&amp;rsz=o%7Co%7CoeE%7C&amp;abl=NS&amp;pfx=0&amp;fu=16&amp;bc=31&amp;jar=2019-9-2-12&amp;osw_key=2379261097&amp;ifi=4&amp;uci=a!4&amp;fsb=1&amp;xpc=URURfJ1EAV&amp;p=https%3A//hnonline.sk&amp;dtd=42','2019-09-03 04:38:25'),('54.36.149.37',0,'http://www.italiandesignstudio.com/zahrada/cliff-t','','2019-09-03 05:00:49'),('54.36.149.103',0,'http://www.italiandesignstudio.com/pa2510','','2019-09-03 04:52:53'),('88.212.37.141',0,'http://www.italiandesignstudio.com/outlet?sort=p.price&amp;order=ASC&amp;gclid=EAIaIQobChMIuaD_o6r_4gIVlkDgCh1v8wvlEAEYASAAEgLGwvD_BwE','','2019-09-03 04:51:18'),('40.77.167.83',0,'http://www.italiandesignstudio.com/birillo','','2019-09-03 05:33:54'),('66.249.64.55',0,'http://www.italiandesignstudio.com/tonin-casa?sort=p.model&amp;order=DESC&amp;limit=21&amp;page=6','','2019-09-03 05:34:15'),('54.36.150.164',0,'http://www.italiandesignstudio.com/calunene-stolicky/mu23','','2019-09-03 04:38:17'),('8.37.71.29',0,'http://www.italiandesignstudio.com/isotta-p-2501','','2019-09-03 04:38:00'),('46.229.168.147',0,'http://www.italiandesignstudio.com/8014-el-wave','','2019-09-03 05:32:57'),('148.64.56.122',0,'http://www.italiandesignstudio.com/voil','','2019-09-03 04:51:51'),('66.249.89.119',0,'http://www.italiandesignstudio.com/trampoliere-sg-2','','2019-09-03 04:59:30'),('188.214.108.44',0,'http://www.italiandesignstudio.com/','https://realizacie.italiandesignstudio.com/','2019-09-03 04:44:36'),('46.229.168.129',0,'http://www.italiandesignstudio.com/robots.txt','','2019-09-03 05:31:24'),('8.37.71.12',0,'http://www.italiandesignstudio.com/four','','2019-09-03 05:15:57'),('8.37.70.215',0,'http://www.italiandesignstudio.com/lavinia-120','','2019-09-03 05:12:46'),('8.37.70.201',0,'http://www.italiandesignstudio.com/chic-t','','2019-09-03 05:22:30'),('8.37.71.30',0,'http://www.italiandesignstudio.com/thalya-mat','','2019-09-03 05:16:18'),('46.229.168.138',0,'http://www.italiandesignstudio.com/kavove-a-konferencne-stoliky?filter_manufacturer_id=155','','2019-09-03 05:24:18'),('66.249.64.57',0,'http://www.italiandesignstudio.com/barove-stolicky?filter_manufacturer_id=14&amp;instock=true','','2019-09-03 05:33:09'),('85.237.234.225',0,'http://www.italiandesignstudio.com/letny-vypredaj?utm_source=facebook&amp;utm_medium=banner&amp;utm_campaign=fb-remarketing&amp;utm_content=letny-vypredaj','http://m.facebook.com/','2019-09-03 05:01:14'),('46.229.168.130',0,'http://www.italiandesignstudio.com/emu/arc-en-ciel-314?page=%7Bpage%7D','','2019-09-03 05:03:02'),('31.13.127.2',0,'http://www.italiandesignstudio.com/index.php?route=information%2Fcontact&amp;utm_source=facebook&amp;utm_medium=brand&amp;utm_campaign=fb-predajna','','2019-09-03 05:31:26'),('54.36.150.122',0,'http://www.italiandesignstudio.com/kavove-a-konferencne-stoliky/pezzo-t?filter_manufacturer_id=109','','2019-09-03 04:54:49'),('216.244.66.195',0,'http://www.italiandesignstudio.com/robots.txt','','2019-09-03 05:29:17'),('46.229.168.137',0,'http://www.italiandesignstudio.com/adrenalina/circle%20chair','','2019-09-03 05:29:06'),('54.36.148.33',0,'http://www.italiandesignstudio.com/stoly-a-stolicky/stolicky/drevene-stolicky/?product_id=1418','','2019-09-03 04:47:39'),('46.229.168.142',0,'http://www.italiandesignstudio.com/panama-s','','2019-09-03 05:33:56'),('54.36.150.3',0,'http://www.italiandesignstudio.com/drevene-stolicky/dojo-c','','2019-09-03 04:59:16'),('88.198.69.233',0,'http://www.italiandesignstudio.com/plastove-barove-stolicky?filter_manufacturer_id=17','','2019-09-03 05:30:36'),('84.16.46.36',0,'http://www.italiandesignstudio.com/','https://www.italiandesignstudio.com/','2019-09-03 05:09:31'),('46.229.168.144',0,'http://www.italiandesignstudio.com/zahrada/lehatka/touch','','2019-09-03 04:35:10'),('8.37.70.42',0,'http://www.italiandesignstudio.com/beetle-cube','','2019-09-03 05:21:04'),('54.36.148.63',0,'http://www.italiandesignstudio.com/kancelarske-pohovky-a-kresla?manufacturer_id=32','','2019-09-03 05:21:04'),('176.88.217.6',0,'http://www.italiandesignstudio.com/','https://www.italiandesignstudio.com/','2019-09-03 05:25:16'),('176.107.17.138',0,'http://www.italiandesignstudio.com/','https://www.italiandesignstudio.com/','2019-09-03 05:25:20'),('46.229.168.163',0,'http://www.italiandesignstudio.com/gervasoni/cork','','2019-09-03 05:33:46'),('46.229.168.153',0,'http://www.italiandesignstudio.com/rozkladacie-stoly/marte','','2019-09-03 04:46:47'),('63.143.42.242',0,'http://www.italiandesignstudio.com/index.php/?route=product/product&amp;product_id=-1','https://www.italiandesignstudio.com/index.php/?route=product/product&amp;product_id=-1','2019-09-03 05:33:53'),('148.64.56.76',0,'http://www.italiandesignstudio.com/vst132','','2019-09-03 04:38:48'),('152.195.142.136',0,'http://www.italiandesignstudio.com/robots.txt','','2019-09-03 04:58:54'),('91.127.214.158',0,'http://www.italiandesignstudio.com/stoly-a-stolicky/barove-stolicky/drevene-barove-stolicky?sort=pd.name&amp;order=DESC&amp;limit=25','https://www.google.com/','2019-09-03 04:40:58');

--
-- Table structure for table `oc_customer_reward`
--

 SET character_set_client = utf8mb4 ;
CREATE TABLE `oc_customer_reward` (
  `customer_reward_id` int(11) NOT NULL AUTO_INCREMENT,
  `customer_id` int(11) NOT NULL DEFAULT '0',
  `order_id` int(11) NOT NULL DEFAULT '0',
  `description` text NOT NULL,
  `points` int(8) NOT NULL DEFAULT '0',
  `date_added` datetime NOT NULL,
  PRIMARY KEY (`customer_reward_id`)
) ENGINE=MyISAM DEFAULT CHARSET=utf8;

--
-- Dumping data for table `oc_customer_reward`
--


--
-- Table structure for table `oc_customer_search`
--

 SET character_set_client = utf8mb4 ;
CREATE TABLE `oc_customer_search` (
  `customer_search_id` int(11) NOT NULL AUTO_INCREMENT,
  `store_id` int(11) NOT NULL,
  `language_id` int(11) NOT NULL,
  `customer_id` int(11) NOT NULL,
  `keyword` varchar(255) NOT NULL,
  `category_id` int(11) DEFAULT NULL,
  `sub_category` tinyint(1) NOT NULL,
  `description` tinyint(1) NOT NULL,
  `products` int(11) NOT NULL,
  `ip` varchar(40) NOT NULL,
  `date_added` datetime NOT NULL,
  PRIMARY KEY (`customer_search_id`)
) ENGINE=MyISAM AUTO_INCREMENT=16149 DEFAULT CHARSET=utf8;

--
-- Dumping data for table `oc_customer_search`
--

INSERT INTO `oc_customer_search` VALUES (1,0,4,0,'foliage',0,0,0,4,'88.212.36.69','2017-04-25 20:27:35'),(2,0,4,0,'foliage',0,0,0,4,'88.212.36.69','2017-04-25 20:28:49'),(3,0,4,0,'foliage',0,0,0,4,'88.212.36.69','2017-04-25 20:28:59'),(4,0,4,0,'foliage',0,0,0,4,'88.212.36.69','2017-04-25 20:30:37'),(5,0,4,0,'foliage',0,0,0,4,'91.127.215.139','2017-04-27 10:40:31'),(6,0,4,0,'foliage',0,0,0,4,'91.127.215.139','2017-04-27 10:40:32'),(7,0,4,0,'foliage',0,0,0,4,'91.127.215.139','2017-04-27 10:40:34'),(8,0,4,0,'move',0,0,0,4,'91.127.215.139','2017-04-27 11:23:07'),(9,0,4,0,'Apelle',0,0,0,7,'95.103.70.63','2017-04-27 19:52:41'),(10,0,4,0,'Apep',0,0,0,0,'95.103.70.63','2017-04-27 19:53:21'),(11,0,4,0,'Apel',0,0,0,7,'95.103.70.63','2017-04-27 19:53:36'),(12,0,4,0,'Apell',0,0,0,7,'95.103.70.63','2017-04-27 20:01:52'),(13,0,4,0,'artisticco',0,0,0,0,'95.102.44.207','2017-04-28 12:29:34'),(14,0,4,0,'artistico',0,0,0,4,'95.102.44.207','2017-04-28 12:29:49'),(15,0,4,0,'net',0,0,0,8,'95.102.44.207','2017-04-28 12:31:26'),(16,0,4,0,'artistico',0,0,0,4,'95.102.44.207','2017-04-28 12:55:34'),(17,0,4,0,'foliage',0,0,0,4,'95.102.44.207','2017-04-28 13:17:42'),(18,0,4,0,'gravity',0,0,0,2,'95.102.44.207','2017-04-28 13:22:47'),(19,0,4,0,'love',0,0,0,14,'95.102.44.207','2017-04-28 15:52:04'),(20,0,4,0,'of love ',0,0,0,22,'95.102.44.207','2017-04-28 15:52:31'),(21,0,4,0,'of love ',0,0,0,22,'95.102.44.207','2017-04-28 15:53:03'),(22,0,4,0,'audrey',0,0,0,4,'88.212.36.69','2017-04-29 12:32:38'),(23,0,4,0,'audrey',0,0,0,4,'88.212.36.69','2017-04-29 12:35:13'),(24,0,4,0,'audrey',0,0,0,4,'88.212.36.69','2017-04-29 12:35:31'),(25,0,4,0,'aka',0,0,0,4,'88.212.36.69','2017-04-30 10:01:09'),(26,0,4,0,'aka',0,0,0,4,'88.212.36.69','2017-04-30 10:02:11'),(27,0,4,0,'aka',0,0,0,4,'88.212.36.69','2017-04-30 10:02:28'),(28,0,4,0,'aka',0,0,0,4,'88.212.36.69','2017-04-30 10:03:22'),(29,0,4,0,'310',0,0,0,1,'95.103.70.63','2017-04-30 12:06:36'),(30,0,4,0,'cartell',0,0,0,0,'188.112.72.100','2017-05-01 08:40:52'),(31,0,4,0,'kartel',0,0,0,0,'188.112.72.100','2017-05-01 08:40:56'),(32,0,4,0,'kartell',0,0,0,0,'188.112.72.100','2017-05-01 08:41:01'),(33,0,4,0,'sharon',0,0,0,2,'88.212.37.136','2017-05-01 10:49:46'),(34,0,4,0,'sharon',0,0,0,2,'88.212.37.136','2017-05-01 10:50:36'),(35,0,4,0,'sharon',0,0,0,2,'88.212.37.136','2017-05-01 10:50:42'),(36,0,4,0,'sonny',0,0,0,3,'88.212.37.136','2017-05-01 10:51:54'),(37,0,4,0,'bab',0,0,0,13,'78.99.59.123','2017-05-01 12:31:20'),(38,0,4,0,'artistico',0,0,0,4,'163.172.73.167','2017-05-01 15:21:35'),(39,0,4,0,'Sunset',0,0,0,2,'92.245.5.120','2017-05-01 19:00:40'),(40,0,4,0,'Sunset',0,0,0,2,'92.245.5.120','2017-05-01 19:02:27'),(41,0,4,0,'artistico',0,0,0,4,'5.189.131.73','2017-05-02 02:37:06'),(42,0,4,0,'gravity',0,0,0,2,'5.189.131.73','2017-05-02 02:37:10'),(43,0,4,0,'CS1040 Fly',0,0,0,1,'95.102.44.207','2017-05-02 10:23:32'),(44,0,4,0,'110',0,0,0,12,'95.102.44.207','2017-05-02 10:56:17'),(45,0,4,0,'ls9',0,0,0,1,'95.102.44.207','2017-05-02 11:02:52'),(46,0,4,0,'MU70 Basso',0,0,0,1,'95.102.44.207','2017-05-02 11:06:00'),(47,0,4,0,'Baby 125/Y',0,0,0,1,'95.102.44.207','2017-05-02 11:10:22'),(48,0,4,0,'	OG505',0,0,0,0,'95.102.44.207','2017-05-02 11:28:01'),(49,0,4,0,'	OG505',0,0,0,0,'95.102.44.207','2017-05-02 11:28:29'),(50,0,4,0,'	11',0,0,0,50,'95.102.44.207','2017-05-02 11:29:14'),(51,0,4,0,'	AV303',0,0,0,1,'95.102.44.207','2017-05-02 11:29:23'),(52,0,4,0,'	AV303',0,0,0,1,'95.102.44.207','2017-05-02 11:39:59'),(53,0,4,0,'110',0,0,0,12,'95.102.44.207','2017-05-02 11:40:12'),(54,0,4,0,'ls9',0,0,0,1,'95.102.44.207','2017-05-02 11:40:59'),(55,0,4,0,'ls9',0,0,0,1,'95.102.44.207','2017-05-02 11:41:23'),(56,0,4,0,'MU70 Basso',0,0,0,1,'95.102.44.207','2017-05-02 11:42:01'),(57,0,4,0,'Baby 125/Y',0,0,0,1,'95.102.44.207','2017-05-02 11:42:57'),(58,0,4,0,'sea',0,0,0,5,'95.102.44.207','2017-05-02 11:45:59'),(59,0,4,0,'MU70 Basso',0,0,0,1,'95.102.44.207','2017-05-02 11:52:04'),(60,0,4,0,'Smile-P',0,0,0,1,'95.102.44.207','2017-05-02 11:52:31'),(61,0,4,0,'Sai 2275',0,0,0,2,'95.102.44.207','2017-05-02 11:53:39'),(62,0,4,0,'LS10',0,0,0,1,'95.102.44.207','2017-05-02 11:58:56'),(63,0,4,0,'Z-Alu',0,0,0,2,'95.102.44.207','2017-05-02 12:00:24'),(64,0,4,0,'Bon Bon 2680',0,0,0,1,'95.102.44.207','2017-05-02 12:05:21'),(65,0,4,0,'first',0,0,0,1,'95.102.44.207','2017-05-02 12:08:27'),(66,0,4,0,'125',0,0,0,6,'95.102.44.207','2017-05-02 12:15:57'),(67,0,4,0,'masters',0,0,0,2,'5.157.126.163','2017-05-02 12:17:13'),(68,0,4,0,'pretty',0,0,0,1,'95.102.44.207','2017-05-02 12:26:34'),(69,0,4,0,'pretty',0,0,0,1,'95.102.44.207','2017-05-02 12:26:53'),(70,0,4,0,'pretty',0,0,0,1,'95.102.44.207','2017-05-02 12:29:14'),(71,0,4,0,'pretty',0,0,0,1,'95.102.44.207','2017-05-02 12:29:44'),(72,0,4,0,'pretty',0,0,0,1,'95.102.44.207','2017-05-02 12:32:28'),(73,0,4,0,'122',0,0,0,2,'95.102.44.207','2017-05-02 12:33:08'),(74,0,4,0,'122',0,0,0,2,'95.102.44.207','2017-05-02 12:35:01'),(75,0,4,0,'122',0,0,0,2,'95.102.44.207','2017-05-02 12:35:41'),(76,0,4,0,'MU49',0,0,0,1,'95.102.44.207','2017-05-02 12:36:14'),(77,0,4,0,'MU49',0,0,0,1,'95.102.44.207','2017-05-02 12:38:52'),(78,0,4,0,'ls6',0,0,0,1,'95.102.44.207','2017-05-02 12:42:50'),(79,0,4,0,'ls6',0,0,0,1,'95.102.44.207','2017-05-02 12:44:35'),(80,0,4,0,'piu',0,0,0,4,'95.102.44.207','2017-05-02 13:01:06'),(81,0,4,0,'piu',0,0,0,4,'95.102.44.207','2017-05-02 13:03:23'),(82,0,4,0,'ls8',0,0,0,1,'95.102.44.207','2017-05-02 13:04:23'),(83,0,4,0,'ls8',0,0,0,1,'95.102.44.207','2017-05-02 13:06:09'),(84,0,4,0,'smile',0,0,0,2,'95.102.44.207','2017-05-02 13:40:40'),(85,0,4,0,'MU47',0,0,0,2,'95.102.44.207','2017-05-02 14:03:09'),(86,0,4,0,'MU47',0,0,0,2,'95.102.44.207','2017-05-02 14:06:16'),(87,0,4,0,'MU85',0,0,0,1,'95.102.44.207','2017-05-02 14:10:51'),(88,0,4,0,'MU85',0,0,0,1,'95.102.44.207','2017-05-02 14:11:10'),(89,0,4,0,'chloe',0,0,0,7,'95.102.44.207','2017-05-02 14:12:30'),(90,0,4,0,'chloe',0,0,0,7,'95.102.44.207','2017-05-02 14:22:46'),(91,0,4,0,'lucre',0,0,0,2,'95.102.44.207','2017-05-02 14:40:56'),(92,0,4,0,'zeta',0,0,0,3,'95.102.44.207','2017-05-02 14:43:35'),(93,0,4,0,'gio',0,0,0,12,'95.102.44.207','2017-05-02 14:47:26'),(94,0,4,0,'pepper',0,0,0,2,'95.102.44.207','2017-05-02 14:51:28'),(95,0,4,0,'Pesrali',0,0,0,0,'88.212.37.56','2017-05-02 15:02:42'),(96,0,4,0,'Pedrali',0,0,0,0,'88.212.37.56','2017-05-02 15:03:00'),(97,0,4,0,'Pedrali',0,0,0,0,'88.212.37.56','2017-05-02 15:03:13'),(98,0,4,0,'Pedrali',166,0,0,0,'88.212.37.56','2017-05-02 15:03:24'),(99,0,4,0,'Volt',166,0,0,0,'88.212.37.56','2017-05-02 15:03:34'),(100,0,4,0,'mu81',0,0,0,3,'95.102.44.207','2017-05-02 15:59:51'),(101,0,4,0,'mu81',0,0,0,3,'95.102.44.207','2017-05-02 16:00:50'),(102,0,4,0,'lolita',0,0,0,1,'95.102.44.207','2017-05-02 16:04:00'),(103,0,4,0,'lolita',0,0,0,1,'95.102.44.207','2017-05-02 16:06:41'),(104,0,4,0,'drop',0,0,0,5,'95.102.44.207','2017-05-03 07:24:34'),(105,0,4,0,'drop',0,0,0,5,'95.102.44.207','2017-05-03 07:26:04'),(106,0,4,0,'TT1054',0,0,0,1,'95.102.44.207','2017-05-03 07:35:44'),(107,0,4,0,'queen of love',0,0,0,2,'95.102.44.207','2017-05-03 07:36:32'),(108,0,4,0,'artisticco',0,0,0,0,'95.102.44.207','2017-05-03 07:40:37'),(109,0,4,0,'artistic',0,0,0,4,'95.102.44.207','2017-05-03 07:40:45'),(110,0,4,0,'collete',0,0,0,0,'95.102.44.207','2017-05-03 07:49:47'),(111,0,4,0,'colette',0,0,0,5,'95.102.44.207','2017-05-03 07:49:53'),(112,0,4,0,'foliage',0,0,0,4,'95.102.44.207','2017-05-03 07:55:32'),(113,0,4,0,'bora bis',0,0,0,1,'95.102.44.207','2017-05-03 08:00:03'),(114,0,4,0,'happy',0,0,0,5,'95.102.44.207','2017-05-03 08:05:00'),(115,0,4,0,'tt1060',0,0,0,1,'95.102.44.207','2017-05-03 08:15:03'),(116,0,4,0,'tt106',0,0,0,2,'95.102.44.207','2017-05-03 08:26:39'),(117,0,4,0,'diva',0,0,0,17,'95.102.44.207','2017-05-03 08:26:45'),(118,0,4,0,'diva',0,0,0,17,'95.102.44.207','2017-05-03 08:28:02'),(119,0,4,0,'riva',0,0,0,2,'95.102.44.207','2017-05-03 08:30:40'),(120,0,4,0,'riva',0,0,0,2,'95.102.44.207','2017-05-03 08:31:07'),(121,0,4,0,'gio p',0,0,0,3,'95.102.44.207','2017-05-03 08:33:17'),(122,0,4,0,'gio p',0,0,0,3,'95.102.44.207','2017-05-03 08:34:11'),(123,0,4,0,'fiorellina',0,0,0,2,'95.102.44.207','2017-05-03 08:45:10'),(124,0,4,0,'rig28',0,0,0,1,'95.102.44.207','2017-05-03 08:45:53'),(125,0,4,0,'lucky',0,0,0,1,'95.102.44.207','2017-05-03 08:49:42'),(126,0,4,0,'regina',0,0,0,2,'95.102.44.207','2017-05-03 08:53:04'),(127,0,4,0,'bora',0,0,0,2,'95.102.44.207','2017-05-03 09:25:57'),(128,0,4,0,'zip fiory',0,0,0,0,'95.102.44.207','2017-05-03 09:26:17'),(129,0,4,0,'zip fior',0,0,0,1,'95.102.44.207','2017-05-03 09:26:22'),(130,0,4,0,'zip fior',0,0,0,1,'95.102.44.207','2017-05-03 09:26:23'),(131,0,4,0,'evergre',0,0,0,1,'95.102.44.207','2017-05-03 11:20:40'),(132,0,4,0,'Evergreen',0,0,0,1,'95.102.44.207','2017-05-03 11:20:54'),(133,0,4,0,'Ever',0,0,0,2,'95.102.44.207','2017-05-03 11:21:56'),(134,0,4,0,'costa',0,0,0,2,'95.102.44.207','2017-05-03 11:30:48'),(135,0,4,0,'costa',0,0,0,2,'95.102.44.207','2017-05-03 11:32:11'),(136,0,4,0,'arkua',0,0,0,1,'95.102.44.207','2017-05-03 11:36:44'),(137,0,4,0,'av101',0,0,0,1,'95.102.44.207','2017-05-03 11:41:34'),(138,0,4,0,'erica',0,0,0,2,'95.102.44.207','2017-05-03 11:45:41'),(139,0,4,0,'uni',0,0,0,27,'95.102.44.207','2017-05-03 11:50:29'),(140,0,4,0,'uni',0,0,0,27,'95.102.44.207','2017-05-03 11:50:51'),(141,0,4,0,'uni',0,0,0,27,'95.102.44.207','2017-05-03 11:50:59'),(142,0,4,0,'gala',0,0,0,3,'95.102.44.207','2017-05-03 11:53:25'),(143,0,4,0,'gap',0,0,0,1,'78.98.121.226','2017-05-03 11:53:30'),(144,0,4,0,'ls4',0,0,0,1,'95.102.44.207','2017-05-03 11:54:52'),(145,0,4,0,'dama',0,0,0,4,'95.102.44.207','2017-05-03 11:59:30'),(146,0,4,0,'gap',0,0,0,1,'78.98.121.226','2017-05-03 12:01:47'),(147,0,4,0,'mu33',0,0,0,1,'95.102.44.207','2017-05-03 12:03:35'),(148,0,4,0,'palma',0,0,0,2,'95.102.44.207','2017-05-03 12:13:50'),(149,0,4,0,'catalina',0,0,0,2,'95.102.44.207','2017-05-03 12:55:52'),(150,0,4,0,'nene',0,0,0,6,'95.102.44.207','2017-05-03 13:09:37'),(151,0,4,0,'foliage',0,0,0,4,'5.9.62.130','2017-05-03 13:37:30'),(152,0,4,0,'rig',0,0,0,45,'95.102.44.207','2017-05-03 15:40:26'),(153,0,4,0,'aloe',0,0,0,2,'195.98.27.6','2017-05-03 16:32:40'),(154,0,4,0,'aloe',0,0,0,2,'195.98.27.6','2017-05-03 16:33:13'),(155,0,4,0,'aloe',0,0,0,2,'195.98.27.6','2017-05-03 16:33:30'),(156,0,4,0,'aloe',0,0,0,2,'195.98.27.6','2017-05-03 16:33:52'),(157,0,4,0,'isidoro',0,0,0,1,'95.102.44.207','2017-05-04 08:00:27'),(158,0,4,0,'postel',0,0,0,0,'195.91.97.24','2017-05-04 10:00:06'),(159,0,4,0,'posteľ',0,0,0,0,'195.91.97.24','2017-05-04 10:00:19'),(160,0,4,0,'kreslo',0,0,0,0,'195.91.97.24','2017-05-04 10:00:37'),(161,0,4,0,'kreslo',177,0,0,4,'195.91.97.24','2017-05-04 10:00:47'),(162,0,4,0,'posteľ',177,0,0,0,'195.91.97.24','2017-05-04 10:00:59'),(163,0,4,0,'kreslo',177,0,0,4,'195.91.97.24','2017-05-04 10:01:08'),(164,0,4,0,'posteľ',177,0,0,0,'195.91.97.24','2017-05-04 10:01:30'),(165,0,4,0,'jazz',0,0,0,2,'95.102.44.207','2017-05-04 10:16:24'),(166,0,4,0,'Stolička kartell',0,0,0,0,'5.22.154.11','2017-05-04 12:02:41'),(167,0,4,0,'midj',0,0,0,0,'84.242.72.134','2017-05-04 12:51:07'),(168,0,4,0,'artistico',0,0,0,4,'178.40.79.2','2017-05-04 13:27:28'),(169,0,4,0,'clip',0,0,0,7,'95.102.44.207','2017-05-04 14:23:22'),(170,0,4,0,'clip',0,0,0,7,'95.102.44.207','2017-05-04 14:23:47'),(171,0,4,0,'clip',0,0,0,7,'95.102.44.207','2017-05-04 14:23:53'),(172,0,4,0,'sonny',0,0,0,3,'88.212.37.136','2017-05-04 14:48:29'),(173,0,4,0,'clip',0,0,0,7,'88.212.36.69','2017-05-04 15:48:13'),(174,0,4,0,'clip',0,0,0,7,'88.212.36.69','2017-05-04 15:50:01'),(175,0,4,0,'clip',0,0,0,7,'88.212.36.69','2017-05-04 15:50:24'),(176,0,4,0,'hopla',0,0,0,2,'95.102.44.207','2017-05-05 06:50:41'),(177,0,4,0,'rain',0,0,0,1,'92.52.55.173','2017-05-05 10:13:28'),(178,0,4,0,'Aurora',0,0,0,1,'85.135.145.69','2017-05-05 11:40:52'),(179,0,4,0,'6252',0,0,0,0,'85.135.145.69','2017-05-05 11:41:29'),(180,0,4,0,'W magic',0,0,0,1,'85.216.206.30','2017-05-05 14:06:10'),(181,0,4,0,'pedrali',0,0,0,0,'185.69.106.66','2017-05-05 14:17:38'),(182,0,4,0,'Pigale',0,0,0,0,'185.69.106.66','2017-05-05 14:26:36'),(183,0,4,0,'Pigale',0,0,0,0,'185.69.106.66','2017-05-05 14:26:41'),(184,0,4,0,'Pigale',0,0,0,0,'185.69.106.66','2017-05-05 14:26:44'),(185,0,4,0,'Pigalle',0,0,0,9,'185.69.106.66','2017-05-05 14:26:56'),(186,0,4,0,'Pigalle',0,0,0,9,'185.69.106.66','2017-05-05 14:27:44'),(187,0,4,0,'Pigalle',0,0,0,9,'185.69.106.66','2017-05-05 14:31:07'),(188,0,4,0,'Pigalle',0,0,0,9,'185.69.106.66','2017-05-05 14:31:36'),(189,0,4,0,'Pigalle',0,0,0,9,'185.69.106.66','2017-05-05 14:31:58'),(190,0,4,0,'arpa',0,0,0,3,'95.102.44.207','2017-05-05 15:05:26'),(191,0,4,0,'arpa',0,0,0,3,'95.102.44.207','2017-05-05 15:06:33'),(192,0,4,0,'osuna',0,0,0,2,'95.102.44.207','2017-05-05 15:19:28'),(193,0,4,0,'110',0,0,0,12,'95.102.44.207','2017-05-05 15:26:00'),(194,0,4,0,'110',0,0,0,12,'95.102.44.207','2017-05-05 15:29:14'),(195,0,4,0,'nau',0,0,0,0,'95.102.44.207','2017-05-05 15:52:06'),(196,0,4,0,'midj',0,0,0,0,'178.143.18.169','2017-05-05 16:18:31'),(197,0,4,0,'bora',0,0,0,2,'62.197.235.1','2017-05-05 17:56:48'),(198,0,4,0,'Luis',0,0,0,0,'89.173.227.145','2017-05-06 10:03:01'),(199,0,4,0,'foliage',0,0,0,4,'178.40.240.16','2017-05-06 16:16:01'),(200,0,4,0,'barov',0,0,0,0,'178.40.225.209','2017-05-06 16:31:47'),(201,0,4,0,'foliage',0,0,0,4,'178.41.40.101','2017-05-06 17:16:04'),(202,0,4,0,'konferencny stolik',0,0,0,0,'95.105.130.218','2017-05-07 04:45:39'),(203,0,4,0,'konferencny ',0,0,0,0,'95.105.130.218','2017-05-07 04:45:51'),(204,0,4,0,'sto',0,0,0,21,'95.105.130.218','2017-05-07 04:46:21'),(205,0,4,0,'konferenčný stôl',0,0,0,0,'91.219.132.62','2017-05-07 07:43:48'),(206,0,4,0,'Artisticco',0,0,0,0,'88.212.36.69','2017-05-07 08:32:18'),(207,0,4,0,'portofino',0,0,0,4,'88.212.36.69','2017-05-07 08:52:26'),(208,0,4,0,'Latina',0,0,0,3,'195.91.6.117','2017-05-07 15:22:27'),(209,0,4,0,'Latina',0,0,0,3,'195.91.6.117','2017-05-07 15:43:49'),(210,0,4,0,'Latina',0,0,0,3,'195.91.6.117','2017-05-07 16:06:59'),(211,0,4,0,'foliage',0,0,0,4,'90.64.69.102','2017-05-07 18:28:19'),(212,0,4,0,'sharon',0,0,0,2,'92.52.54.146','2017-05-08 09:57:10'),(213,0,4,0,'clara',0,0,0,3,'92.52.54.146','2017-05-08 09:58:57'),(214,0,4,0,'clara',0,0,0,3,'92.52.54.146','2017-05-08 10:00:01'),(215,0,4,0,'bontempi',0,0,0,0,'92.52.54.146','2017-05-08 10:06:45'),(216,0,4,0,'latina',0,0,0,3,'178.143.34.203','2017-05-08 10:38:30'),(217,0,4,0,'Masters',0,0,0,2,'95.103.70.63','2017-05-09 03:49:24'),(218,0,4,0,'minush',0,0,0,0,'212.89.229.106','2017-05-09 07:13:52'),(219,0,4,0,'Postel',0,0,0,0,'151.236.226.171','2017-05-09 07:21:15'),(220,0,4,0,'rain',0,0,0,1,'92.52.54.146','2017-05-09 09:22:38'),(221,0,4,0,'Ibis',0,0,0,5,'195.91.46.90','2017-05-09 10:02:34'),(222,0,4,0,'four kartell',0,0,0,0,'193.87.99.186','2017-05-09 10:22:00'),(223,0,4,0,'four',0,0,0,3,'193.87.99.186','2017-05-09 10:32:19'),(224,0,4,0,'artistico',0,0,0,4,'66.249.76.14','2017-05-09 12:47:53'),(225,0,4,0,'ibis 02',0,0,0,2,'87.197.136.80','2017-05-09 13:02:32'),(226,0,4,0,'110',0,0,0,12,'95.102.44.207','2017-05-09 15:04:07'),(227,0,4,0,'amburgo',0,0,0,3,'85.216.153.129','2017-05-09 16:29:22'),(228,0,4,0,'amburgo',0,0,0,3,'85.216.153.129','2017-05-09 16:30:54'),(229,0,4,0,'pug',0,0,0,1,'85.216.153.129','2017-05-09 17:16:28'),(230,0,4,0,'Konzola',0,0,0,0,'85.216.206.30','2017-05-09 18:37:20'),(231,0,4,0,'Prirucny stolik',0,0,0,0,'85.216.206.30','2017-05-09 19:02:02'),(232,0,4,0,'bar',0,0,0,15,'178.143.113.218','2017-05-09 19:19:27'),(233,0,4,0,'barovy',0,0,0,0,'178.143.113.218','2017-05-09 19:20:33'),(234,0,4,0,'H5-DPLR',0,0,0,0,'95.102.44.207','2017-05-10 06:33:43'),(235,0,4,0,'fly',0,0,0,12,'95.102.44.207','2017-05-10 07:18:55'),(236,0,4,0,'pult',0,0,0,0,'95.105.252.241','2017-05-10 09:08:49'),(237,0,4,0,'pult',0,0,0,0,'95.105.252.241','2017-05-10 09:09:12'),(238,0,4,0,'Fiordaliso',0,0,0,0,'95.102.44.207','2017-05-10 11:04:17'),(239,0,4,0,'Postel',0,0,0,0,'151.236.226.213','2017-05-10 12:08:36'),(240,0,4,0,'Postel',0,0,0,0,'151.236.226.213','2017-05-10 13:46:39'),(241,0,4,0,'midj',0,0,0,0,'5.157.126.163','2017-05-10 13:48:25'),(242,0,4,0,'nenè',0,0,0,6,'5.157.126.163','2017-05-10 13:53:52'),(243,0,4,0,'bongo',0,0,0,3,'5.157.126.163','2017-05-10 14:14:49'),(244,0,4,0,'bongo',0,0,0,3,'5.157.126.163','2017-05-10 14:16:38'),(245,0,4,0,'sonny',0,0,0,3,'95.102.44.207','2017-05-10 14:30:09'),(246,0,4,0,'kiara p',0,0,0,0,'193.58.196.182','2017-05-11 06:30:57'),(247,0,4,0,'kiara',0,0,0,0,'193.58.196.182','2017-05-11 06:31:00'),(248,0,4,0,'kiara',0,0,0,0,'193.58.196.182','2017-05-11 06:31:05'),(249,0,4,0,'san marino',0,0,0,0,'213.81.171.172','2017-05-11 07:29:39'),(250,0,4,0,'tt883',0,0,0,0,'95.102.44.207','2017-05-11 08:00:23'),(251,0,4,0,'up chair',0,0,0,6,'95.102.44.207','2017-05-11 09:14:04'),(252,0,4,0,'up chair',0,0,0,6,'95.102.44.207','2017-05-11 09:15:56'),(253,0,4,0,'up stool',0,0,0,3,'95.102.44.207','2017-05-11 09:31:40'),(254,0,4,0,'bontempi',0,0,0,0,'92.52.54.146','2017-05-11 11:25:39'),(255,0,4,0,'bontempi casa clara',0,0,0,0,'92.52.54.146','2017-05-11 11:54:46'),(256,0,4,0,'bontempi casa clara',0,0,0,0,'92.52.54.146','2017-05-11 11:54:53'),(257,0,4,0,'stolicka 110',0,0,0,0,'95.102.46.9','2017-05-11 12:36:23'),(258,0,4,0,'stolicka 110',0,0,0,0,'95.102.46.9','2017-05-11 12:36:53'),(259,0,4,0,'stolicka 110',0,0,0,0,'95.102.46.9','2017-05-11 13:04:23'),(260,0,4,0,'stolicka 110',0,0,0,0,'95.102.46.9','2017-05-11 13:04:26'),(261,0,4,0,'archie',0,0,0,1,'217.79.140.2','2017-05-11 13:32:01'),(262,0,4,0,'artistico',0,0,0,4,'188.165.234.52','2017-05-12 02:46:28'),(263,0,4,0,'up chair',0,0,0,6,'95.102.44.207','2017-05-12 07:55:13'),(264,0,4,0,'sharon',0,0,0,2,'92.52.54.146','2017-05-12 08:08:52'),(265,0,4,0,'bi',0,0,0,65,'95.102.44.207','2017-05-12 10:58:43'),(266,0,4,0,'bi',0,0,0,65,'95.102.44.207','2017-05-12 10:59:43'),(267,0,4,0,'bi',0,0,0,65,'95.102.44.207','2017-05-12 11:07:35'),(268,0,4,0,'bi',0,0,0,65,'95.102.44.207','2017-05-12 11:07:45'),(269,0,4,0,'bi',0,0,0,65,'95.102.44.207','2017-05-12 11:07:54'),(270,0,4,0,'bi',0,0,0,65,'95.102.44.207','2017-05-12 11:08:05'),(271,0,4,0,'bi',0,0,0,65,'95.102.44.207','2017-05-12 11:08:20'),(272,0,4,0,'luigi',0,0,0,1,'95.102.44.207','2017-05-12 11:10:42'),(273,0,4,0,'pechino',0,0,0,3,'95.102.44.207','2017-05-12 13:13:03'),(274,0,4,0,'pechino',0,0,0,3,'95.102.44.207','2017-05-12 13:13:12'),(275,0,4,0,'up chair',0,0,0,6,'95.102.44.207','2017-05-12 13:16:52'),(276,0,4,0,'up chair',0,0,0,6,'95.102.44.207','2017-05-12 15:52:38'),(277,0,4,0,'Lavica',0,0,0,0,'46.14.158.89','2017-05-12 17:45:37'),(278,0,4,0,'Lavica',0,0,0,0,'46.14.158.89','2017-05-12 17:45:43'),(279,0,4,0,'Lavica',0,0,0,24,'46.14.158.89','2017-05-12 17:45:47'),(280,0,4,0,'Lavica',0,0,0,24,'46.14.158.89','2017-05-12 17:46:11'),(281,0,4,0,'Lavica',0,0,0,24,'46.14.158.89','2017-05-12 17:46:18'),(282,0,4,0,'Lavica',0,0,0,0,'46.14.158.89','2017-05-12 17:46:20'),(283,0,4,0,'kreslo',0,0,0,0,'95.103.1.192','2017-05-13 15:11:12'),(284,0,4,0,'kreslo',0,0,0,0,'95.103.1.192','2017-05-13 15:11:19'),(285,0,4,0,'artistico',0,0,0,4,'66.249.76.157','2017-05-13 17:47:03'),(286,0,4,0,'esprit',0,0,0,0,'92.52.48.33','2017-05-14 00:39:51'),(287,0,4,0,'esprit',0,0,0,0,'92.52.48.33','2017-05-14 00:40:46'),(288,0,4,0,'Fris',0,0,0,1,'95.102.44.207','2017-05-14 11:44:19'),(289,0,4,0,'Up chair',0,0,0,6,'195.91.43.81','2017-05-14 11:49:40'),(290,0,4,0,'Up chair',0,0,0,6,'195.91.43.81','2017-05-14 12:10:14'),(291,0,4,0,'konferenčn',0,0,0,0,'84.47.49.215','2017-05-15 07:57:43'),(292,0,4,0,'Barové stoličky',0,0,0,0,'80.94.55.5','2017-05-15 08:42:28'),(293,0,4,0,'sharon',0,0,0,2,'92.52.54.146','2017-05-15 11:26:31'),(294,0,4,0,'nuvola',0,0,0,5,'88.212.37.136','2017-05-15 18:10:46'),(295,0,4,0,'nuvola',0,0,0,5,'88.212.37.136','2017-05-15 18:12:50'),(296,0,4,0,'sharon',0,0,0,2,'88.212.37.136','2017-05-15 18:13:05'),(297,0,4,0,'sonny',0,0,0,3,'88.212.37.136','2017-05-15 18:14:29'),(298,0,4,0,'https://www.italiandesignstudio.com',0,0,0,0,'88.212.37.136','2017-05-15 18:22:23'),(299,0,4,0,'articco glassdio.com',0,0,0,0,'88.212.37.136','2017-05-15 18:22:34'),(300,0,4,0,'articco glass',0,0,0,0,'88.212.37.136','2017-05-15 18:22:38'),(301,0,4,0,'articco glassdio.com',0,0,0,0,'88.212.37.136','2017-05-15 18:22:46'),(302,0,4,0,'https://www.italiandesignstudio.com',0,0,0,0,'88.212.37.136','2017-05-15 18:22:49'),(303,0,4,0,'artisticco glass',0,0,0,0,'88.212.37.136','2017-05-15 18:23:07'),(304,0,4,0,'bora',0,0,0,2,'62.197.235.1','2017-05-15 20:04:36'),(305,0,4,0,'up chair',0,0,0,6,'95.102.44.207','2017-05-16 10:51:02'),(306,0,4,0,'up chair',0,0,0,6,'95.102.44.207','2017-05-16 10:51:24'),(307,0,4,0,'up chair',0,0,0,6,'95.102.44.207','2017-05-16 10:52:04'),(308,0,4,0,'master',0,0,0,3,'95.102.44.207','2017-05-16 10:53:57'),(309,0,4,0,'glis',0,0,0,6,'95.102.44.207','2017-05-16 10:58:34'),(310,0,4,0,'sled',0,0,0,2,'95.102.44.207','2017-05-16 11:06:17'),(311,0,4,0,'zoe',0,0,0,5,'95.102.44.207','2017-05-16 11:06:38'),(312,0,4,0,'raf',0,0,0,11,'95.102.44.207','2017-05-16 11:08:29'),(313,0,4,0,'raf',0,0,0,11,'95.102.44.207','2017-05-16 11:08:56'),(314,0,4,0,'CS5041-W Magic-J',0,0,0,1,'85.216.206.30','2017-05-16 11:40:17'),(315,0,4,0,'re trouve',0,0,0,5,'178.143.48.227','2017-05-16 12:38:06'),(316,0,4,0,'Eminence',0,0,0,8,'178.143.58.12','2017-05-16 15:56:28'),(317,0,4,0,'Astrid',0,0,0,1,'178.143.58.12','2017-05-16 15:59:45'),(318,0,4,0,'artistico',0,0,0,4,'66.249.76.95','2017-05-17 02:49:37'),(319,0,4,0,'masters',0,0,0,2,'188.167.157.227','2017-05-17 07:34:50'),(320,0,4,0,'Louis ghost',0,0,0,1,'193.93.72.170','2017-05-17 09:01:26'),(321,0,4,0,'Headdemock',0,0,0,1,'195.91.4.38','2017-05-17 09:34:42'),(322,0,4,0,'drop',0,0,0,5,'84.245.120.132','2017-05-17 11:16:39'),(323,0,4,0,'drop',0,0,0,5,'84.245.120.132','2017-05-17 11:20:08'),(324,0,4,0,'eminence',0,0,0,8,'95.102.44.207','2017-05-17 11:42:12'),(325,0,4,0,'eminence',0,0,0,8,'95.102.44.207','2017-05-17 12:14:24'),(326,0,4,0,'bar',0,0,0,15,'178.143.113.218','2017-05-17 14:21:43'),(327,0,4,0,'barova',0,0,0,0,'178.143.113.218','2017-05-17 14:22:08'),(328,0,4,0,'artistico',0,0,0,4,'45.63.4.198','2017-05-17 16:48:53'),(329,0,4,0,'artistico',0,0,0,4,'77.88.47.44','2017-05-17 21:15:36'),(330,0,4,0,'siren',0,0,0,2,'95.102.44.207','2017-05-18 14:39:42'),(331,0,4,0,'penelope',0,0,0,1,'95.102.44.207','2017-05-18 16:07:48'),(332,0,4,0,'postele',0,0,0,0,'202.66.149.66','2017-05-18 17:31:13'),(333,0,4,0,'ensemble',0,0,0,2,'95.160.8.42','2017-05-19 06:51:35'),(334,0,4,0,'michelangelo',0,0,0,1,'95.160.8.42','2017-05-19 06:54:49'),(335,0,4,0,'blog',0,0,0,2,'95.102.44.207','2017-05-19 07:06:21'),(336,0,4,0,'zebra',0,0,0,19,'95.102.44.207','2017-05-19 07:06:33'),(337,0,4,0,'artistico',0,0,0,4,'5.255.250.4','2017-05-19 10:00:57'),(338,0,4,0,'up chair',0,0,0,6,'95.102.44.207','2017-05-19 10:12:08'),(339,0,4,0,'eminence',0,0,0,8,'95.102.44.207','2017-05-19 13:05:52'),(340,0,4,0,'artistico',0,0,0,4,'95.102.195.89','2017-05-19 17:40:08'),(341,0,4,0,'sedačky',0,0,0,0,'95.102.195.89','2017-05-19 18:03:14'),(342,0,4,0,'apelle',0,0,0,7,'95.102.44.207','2017-05-20 07:30:05'),(343,0,4,0,'apelle',0,0,0,7,'95.102.44.207','2017-05-20 07:31:22'),(344,0,4,0,'Kreslo',0,0,0,0,'178.143.150.71','2017-05-20 10:51:22'),(345,0,4,0,'Kreslá',0,0,0,0,'178.143.150.71','2017-05-20 10:51:32'),(346,0,4,0,'artistico',0,0,0,4,'185.26.92.74','2017-05-20 15:01:51'),(347,0,4,0,'REPIEGO-OZZIE',0,0,0,0,'88.212.40.167','2017-05-20 17:13:36'),(348,0,4,0,'REPIEGO-OZZIE',0,0,0,0,'88.212.40.167','2017-05-20 17:13:59'),(349,0,4,0,'REPIEGO-OZZIO',0,0,0,0,'88.212.40.167','2017-05-20 17:15:28'),(350,0,4,0,'RIPIEGO-OZZIO',0,0,0,0,'88.212.40.167','2017-05-20 17:16:14'),(351,0,4,0,'RIPIEGO-OZZIO',0,0,0,0,'88.212.40.167','2017-05-20 17:16:22'),(352,0,4,0,'312-plastová   CB 1663 ACADEMY    GEL-SL',0,0,0,0,'88.212.40.167','2017-05-20 17:18:32'),(353,0,4,0,'312',0,0,0,1,'88.212.40.167','2017-05-20 17:18:47'),(354,0,4,0,'312',0,0,0,1,'88.212.40.167','2017-05-20 17:19:11'),(355,0,4,0,' CB 1663 ACADEMY',0,0,0,1,'88.212.40.167','2017-05-20 17:19:37'),(356,0,4,0,'GEL-SL',0,0,0,1,'88.212.40.167','2017-05-20 17:20:17'),(357,0,4,0,'GEL-SL',0,0,0,1,'88.212.40.167','2017-05-20 17:22:12'),(358,0,4,0,'-312',0,0,0,0,'88.212.40.167','2017-05-20 17:22:33'),(359,0,4,0,'312',0,0,0,1,'88.212.40.167','2017-05-20 17:22:41'),(360,0,4,0,'CB 1663 ACADEMY',0,0,0,1,'88.212.40.167','2017-05-20 17:23:38'),(361,0,4,0,'CB 1663 ACADEMY',0,0,0,1,'88.212.40.167','2017-05-20 17:23:51'),(362,0,4,0,'artistico',0,0,0,4,'66.249.76.93','2017-05-20 23:22:11'),(363,0,4,0,'apelle',0,0,0,7,'95.102.44.207','2017-05-21 11:52:58'),(364,0,4,0,'next',0,0,0,2,'95.102.44.207','2017-05-21 12:04:40'),(365,0,4,0,'AV309A ',0,0,0,1,'95.102.44.207','2017-05-22 07:12:24'),(366,0,4,0,'MIDJ',0,0,0,0,'5.157.126.163','2017-05-22 08:45:43'),(367,0,4,0,'BONGO',0,0,0,3,'5.157.126.163','2017-05-22 08:45:52'),(368,0,4,0,'fagor',0,0,0,0,'176.102.108.213','2017-05-22 09:35:11'),(369,0,4,0,'digestory',0,0,0,0,'176.102.108.213','2017-05-22 09:36:27'),(370,0,4,0,'digestory',0,0,0,0,'176.102.108.213','2017-05-22 09:36:33'),(371,0,4,0,'bongo',0,0,0,3,'5.157.126.163','2017-05-22 11:37:42'),(372,0,4,0,'skladacia',0,0,0,0,'193.87.134.39','2017-05-22 15:50:37'),(373,0,4,0,'váza',0,0,0,0,'193.87.134.39','2017-05-22 15:51:26'),(374,0,4,0,'FA3148T',0,0,0,1,'95.102.44.207','2017-05-22 16:00:30'),(375,0,4,0,'Ginevra',0,0,0,3,'91.127.161.243','2017-05-22 20:27:34'),(376,0,4,0,'argo',0,0,0,6,'91.127.161.243','2017-05-22 20:48:43'),(377,0,4,0,'740',0,0,0,0,'95.102.44.207','2017-05-23 07:45:35'),(378,0,4,0,'margot pop',0,0,0,0,'95.102.44.207','2017-05-23 08:58:35'),(379,0,4,0,'stolička',0,0,0,0,'193.87.134.39','2017-05-23 09:15:38'),(380,0,4,0,'next table',0,0,0,1,'95.102.44.207','2017-05-23 10:10:26'),(381,0,4,0,'round',0,0,0,14,'95.102.44.207','2017-05-23 10:23:13'),(382,0,4,0,'tondina sg',0,0,0,1,'95.102.44.207','2017-05-23 11:07:22'),(383,0,4,0,'tondina sg',0,0,0,1,'95.102.44.207','2017-05-23 11:07:54'),(384,0,4,0,'gloss',0,0,0,3,'95.102.44.207','2017-05-23 11:24:26'),(385,0,4,0,'loop',0,0,0,28,'95.102.44.207','2017-05-23 11:25:47'),(386,0,4,0,'tondin',0,0,0,6,'95.102.44.207','2017-05-23 11:34:11'),(387,0,4,0,'tondin',0,0,0,6,'95.102.44.207','2017-05-23 11:36:48'),(388,0,4,0,'tondin',0,0,0,7,'95.102.44.207','2017-05-23 11:39:53'),(389,0,4,0,'tondin',0,0,0,7,'95.102.44.207','2017-05-23 11:40:17'),(390,0,4,0,'tondin',0,0,0,7,'95.102.44.207','2017-05-23 11:41:54'),(391,0,4,0,'tondin',0,0,0,7,'95.102.44.207','2017-05-23 11:43:26'),(392,0,4,0,'tondin',0,0,0,7,'95.102.44.207','2017-05-23 11:48:01'),(393,0,4,0,'tondin',0,0,0,7,'95.102.44.207','2017-05-23 11:48:08'),(394,0,4,0,'margot pop',0,0,0,1,'95.102.44.207','2017-05-23 11:51:43'),(395,0,4,0,'Livenza ',0,0,0,1,'95.102.44.207','2017-05-23 12:50:22'),(396,0,4,0,'nuvola ',0,0,0,5,'88.212.37.136','2017-05-23 16:26:40'),(397,0,4,0,'nuvola ',0,0,0,5,'88.212.37.136','2017-05-23 16:26:43'),(398,0,4,0,'nuvola ',0,0,0,5,'88.212.37.136','2017-05-23 16:27:07'),(399,0,4,0,'midj',0,0,0,0,'88.212.37.136','2017-05-23 16:27:50'),(400,0,4,0,'Perla',0,0,0,1,'95.103.111.175','2017-05-23 20:05:51'),(401,0,4,0,'cantarutti',0,0,0,0,'217.75.93.195','2017-05-24 06:31:43'),(402,0,4,0,'apell',0,0,0,7,'95.102.44.207','2017-05-24 08:08:15'),(403,0,4,0,'apell',0,0,0,7,'95.102.44.207','2017-05-24 08:10:59'),(404,0,4,0,'apell',0,0,0,7,'95.102.44.207','2017-05-24 08:12:40'),(405,0,4,0,'bongo',0,0,0,3,'95.102.44.207','2017-05-24 08:17:42'),(406,0,4,0,'bongo',0,0,0,3,'95.102.44.207','2017-05-24 08:22:35'),(407,0,4,0,'bongo',0,0,0,3,'95.102.44.207','2017-05-24 08:24:52'),(408,0,4,0,'guappa',0,0,0,0,'95.102.44.207','2017-05-24 08:32:53'),(409,0,4,0,'guapa',0,0,0,6,'95.102.44.207','2017-05-24 08:33:04'),(410,0,4,0,'h5',0,0,0,4,'95.102.44.207','2017-05-24 08:49:00'),(411,0,4,0,'h5 dp',0,0,0,0,'95.102.44.207','2017-05-24 08:50:52'),(412,0,4,0,'H5-DPL',0,0,0,1,'95.102.44.207','2017-05-24 09:08:05'),(413,0,4,0,'istar',0,0,0,4,'95.102.44.207','2017-05-24 09:13:45'),(414,0,4,0,'istar',0,0,0,4,'95.102.44.207','2017-05-24 09:15:23'),(415,0,4,0,'istar',0,0,0,4,'95.102.44.207','2017-05-24 09:16:07'),(416,0,4,0,'italia',0,0,0,7,'95.102.44.207','2017-05-24 09:16:45'),(417,0,4,0,'italia',0,0,0,7,'95.102.44.207','2017-05-24 09:18:56'),(418,0,4,0,'joe',0,0,0,8,'95.102.44.207','2017-05-24 09:50:42'),(419,0,4,0,'frise',0,0,0,0,'95.102.44.207','2017-05-24 09:54:47'),(420,0,4,0,'fris',0,0,0,1,'95.102.44.207','2017-05-24 09:55:43'),(421,0,4,0,'fris',0,0,0,1,'95.102.44.207','2017-05-24 09:58:39'),(422,0,4,0,'joe',0,0,0,8,'95.102.44.207','2017-05-24 09:58:41'),(423,0,4,0,'frise',0,0,0,0,'95.102.44.207','2017-05-24 09:59:38'),(424,0,4,0,'light',0,0,0,16,'95.102.44.207','2017-05-24 10:00:41'),(425,0,4,0,'sonny',0,0,0,3,'95.102.44.207','2017-05-24 10:02:45'),(426,0,4,0,'sonny',0,0,0,3,'95.102.44.207','2017-05-24 10:04:57'),(427,0,4,0,'ibis',0,0,0,5,'95.102.44.207','2017-05-24 10:50:43'),(428,0,4,0,'glis',0,0,0,6,'95.102.44.207','2017-05-24 10:51:11'),(429,0,4,0,'city',0,0,0,6,'95.102.44.207','2017-05-24 11:35:41'),(430,0,4,0,'harold',0,0,0,1,'95.102.44.207','2017-05-24 11:40:38'),(431,0,4,0,'hugo',0,0,0,0,'95.102.44.207','2017-05-24 11:41:46'),(432,0,4,0,'len',0,0,0,10,'95.102.44.207','2017-05-24 11:43:31'),(433,0,4,0,'marche',0,0,0,1,'95.102.44.207','2017-05-24 11:45:10'),(434,0,4,0,'molise',0,0,0,1,'95.102.44.207','2017-05-24 11:48:11'),(435,0,4,0,'nettuno',0,0,0,0,'95.102.44.207','2017-05-24 11:49:48'),(436,0,4,0,'paloma',0,0,0,1,'95.102.44.207','2017-05-24 12:13:50'),(437,0,4,0,'trick',0,0,0,1,'95.102.44.207','2017-05-24 12:20:01'),(438,0,4,0,'vanity',0,0,0,3,'95.102.44.207','2017-05-24 12:21:29'),(439,0,4,0,'jack',0,0,0,2,'95.102.44.207','2017-05-24 12:40:19'),(440,0,4,0,'jack',0,0,0,2,'95.102.44.207','2017-05-24 13:01:50'),(441,0,4,0,'jack',0,0,0,2,'95.102.44.207','2017-05-24 13:01:55'),(442,0,4,0,'jack',0,0,0,3,'95.102.44.207','2017-05-24 13:02:23'),(443,0,4,0,'PA126A ',0,0,0,1,'95.102.44.207','2017-05-24 16:43:31'),(444,0,4,0,'gravity',0,0,0,2,'66.249.75.21','2017-05-24 17:05:34'),(445,0,4,0,'Clara',0,0,0,3,'95.103.70.63','2017-05-25 00:43:37'),(446,0,4,0,'spencer',0,0,0,0,'178.143.110.121','2017-05-25 07:22:01'),(447,0,4,0,'Spencer',0,0,0,0,'178.143.82.125','2017-05-25 07:31:47'),(448,0,4,0,'Spencer',0,0,0,0,'178.143.82.125','2017-05-25 07:31:59'),(449,0,4,0,'Spencer',0,0,0,0,'178.143.82.125','2017-05-25 07:32:04'),(450,0,4,0,'Spencer',0,0,0,0,'178.143.82.125','2017-05-25 07:32:22'),(451,0,4,0,'foliage',0,0,0,4,'88.212.37.68','2017-05-25 13:00:22'),(452,0,4,0,'foliage',0,0,0,4,'88.212.37.68','2017-05-25 13:01:55'),(453,0,4,0,'osuna',0,0,0,2,'95.102.44.207','2017-05-25 14:32:22'),(454,0,4,0,'osuna',0,0,0,2,'95.102.44.207','2017-05-25 14:32:34'),(455,0,4,0,'heart',0,0,0,3,'95.102.44.207','2017-05-25 14:35:42'),(456,0,4,0,'heart',0,0,0,3,'95.102.44.207','2017-05-25 14:36:02'),(457,0,4,0,'heart',0,0,0,3,'95.102.44.207','2017-05-25 14:36:11'),(458,0,4,0,'foliage',0,0,0,4,'78.99.244.230','2017-05-25 14:37:30'),(459,0,4,0,'foliage',0,0,0,4,'78.99.244.230','2017-05-25 14:41:22'),(460,0,4,0,'simba',0,0,0,2,'95.102.44.207','2017-05-25 14:41:57'),(461,0,4,0,'foliage',0,0,0,4,'78.99.244.230','2017-05-25 14:42:04'),(462,0,4,0,'simba',0,0,0,2,'95.102.44.207','2017-05-25 14:42:10'),(463,0,4,0,'foliage',0,0,0,4,'78.99.244.230','2017-05-25 14:42:29'),(464,0,4,0,'diama',0,0,0,2,'95.102.44.207','2017-05-25 14:48:22'),(465,0,4,0,'diama',0,0,0,2,'95.102.44.207','2017-05-25 14:48:29'),(466,0,4,0,'diama',0,0,0,2,'95.102.44.207','2017-05-25 14:48:43'),(467,0,4,0,'rap',0,0,0,7,'95.102.44.207','2017-05-25 14:50:27'),(468,0,4,0,'olbia',0,0,0,2,'95.102.44.207','2017-05-25 14:57:28'),(469,0,4,0,'olbia',0,0,0,2,'95.102.44.207','2017-05-25 14:57:37'),(470,0,4,0,'olbia',0,0,0,2,'95.102.44.207','2017-05-25 14:57:42'),(471,0,4,0,'suite',0,0,0,2,'95.102.44.207','2017-05-25 15:00:40'),(472,0,4,0,'hot',0,0,0,7,'95.102.44.207','2017-05-25 15:06:07'),(473,0,4,0,' 8068f-roma',0,0,0,0,'95.102.44.207','2017-05-25 15:07:15'),(474,0,4,0,'roma',0,0,0,4,'95.102.44.207','2017-05-25 15:07:21'),(475,0,4,0,'roma',0,0,0,4,'95.102.44.207','2017-05-25 15:08:55'),(476,0,4,0,'roma',0,0,0,4,'95.102.44.207','2017-05-25 15:11:27'),(477,0,4,0,'roma',0,0,0,4,'95.102.44.207','2017-05-25 15:11:48'),(478,0,4,0,' 1352-fox ',0,0,0,0,'95.102.44.207','2017-05-25 15:12:39'),(479,0,4,0,'fox ',0,0,0,3,'95.102.44.207','2017-05-25 15:12:56'),(480,0,4,0,'bontempi',0,0,0,0,'193.87.75.108','2017-05-25 21:17:42'),(481,0,4,0,'bontempi',0,0,0,0,'193.87.75.108','2017-05-25 21:19:54'),(482,0,4,0,'stoličky pepper2325',0,0,0,0,'193.87.75.108','2017-05-25 21:34:53'),(483,0,4,0,'PE PPER',0,0,0,4,'193.87.75.108','2017-05-25 21:35:41'),(484,0,4,0,'PE PPER',0,0,0,4,'193.87.75.108','2017-05-25 21:36:10'),(485,0,4,0,'RIVA BISTROL',0,0,0,0,'193.87.75.108','2017-05-25 21:37:01'),(486,0,4,0,'RIVA BISTROL',0,0,0,0,'193.87.75.108','2017-05-25 21:37:52'),(487,0,4,0,'BONTEMPI CASA',0,0,0,0,'193.87.75.108','2017-05-25 21:39:20'),(488,0,4,0,'BONTEMPI CASA',0,0,0,0,'193.87.75.108','2017-05-25 21:48:52'),(489,0,4,0,'GEL-SL',0,0,0,1,'158.197.81.129','2017-05-26 05:34:16'),(490,0,4,0,'GEL-SL',0,0,0,1,'158.197.81.129','2017-05-26 05:35:47'),(491,0,4,0,'REPIEGO-OZZIE ',0,0,0,0,'158.197.81.129','2017-05-26 05:36:04'),(492,0,4,0,'REPIEGO-OZZIE ',0,0,0,0,'158.197.81.129','2017-05-26 05:36:19'),(493,0,4,0,'REPIEG-OZZI ',0,0,0,0,'158.197.81.129','2017-05-26 05:36:29'),(494,0,4,0,'REPIEGO-OZZIE ',0,0,0,0,'158.197.81.129','2017-05-26 05:36:33'),(495,0,4,0,'REPIEGO-OZZIE ',0,0,0,0,'158.197.81.129','2017-05-26 05:39:02'),(496,0,4,0,'Manželské postele',0,0,0,0,'178.41.230.170','2017-05-26 06:24:07'),(497,0,4,0,'Manželské postele',0,0,0,0,'178.41.230.170','2017-05-26 06:24:28'),(498,0,4,0,'artistico',0,0,0,4,'62.84.148.170','2017-05-26 07:20:50'),(499,0,4,0,'Manželská posteľ',0,0,0,0,'178.41.230.170','2017-05-26 07:32:24'),(500,0,4,0,'Manželská posteľ',0,0,0,73,'178.41.230.170','2017-05-26 07:32:33'),(501,0,4,0,'Manželská posteľ',0,0,0,73,'178.41.230.170','2017-05-26 07:33:25'),(502,0,4,0,'Manželská posteľ',0,0,0,73,'178.41.230.170','2017-05-26 07:34:50'),(503,0,4,0,'Manželská posteľ',0,0,0,73,'178.41.230.170','2017-05-26 07:35:42'),(504,0,4,0,'Manželská posteľ',0,0,0,73,'178.41.230.170','2017-05-26 07:36:24'),(505,0,4,0,'Manželská posteľ',0,0,0,73,'178.41.230.170','2017-05-26 07:36:49'),(506,0,4,0,'Manželská posteľ',0,0,0,73,'178.41.230.170','2017-05-26 07:37:09'),(507,0,4,0,'foliage',0,0,0,4,'193.87.99.78','2017-05-26 08:29:17'),(508,0,4,0,'artistico',0,0,0,4,'188.165.196.25','2017-05-26 10:07:39'),(509,0,4,0,'elettra',0,0,0,0,'95.102.44.207','2017-05-26 12:37:53'),(510,0,4,0,'elettra',0,0,0,0,'95.102.44.207','2017-05-26 12:49:20'),(511,0,4,0,'istar',0,0,0,4,'95.102.44.207','2017-05-26 13:37:40'),(512,0,4,0,'ice',0,0,0,28,'95.102.44.207','2017-05-26 14:35:02'),(513,0,4,0,'ice',0,0,0,28,'95.102.44.207','2017-05-26 14:35:16'),(514,0,4,0,'gel',0,0,0,9,'95.102.44.207','2017-05-26 15:02:59'),(515,0,4,0,'Masters',0,0,0,2,'95.103.70.63','2017-05-27 03:25:26'),(516,0,4,0,'loe',0,0,0,10,'95.102.44.207','2017-05-27 07:16:43'),(517,0,4,0,'leo',0,0,0,13,'95.102.44.207','2017-05-27 07:17:13'),(518,0,4,0,'marche',0,0,0,1,'95.102.44.207','2017-05-27 07:41:16'),(519,0,4,0,'marche',0,0,0,2,'95.102.44.207','2017-05-27 08:22:15'),(520,0,4,0,'kiko',0,0,0,0,'95.102.44.207','2017-05-27 08:54:28'),(521,0,4,0,'marche',0,0,0,2,'95.102.44.207','2017-05-27 10:22:25'),(522,0,4,0,'Manželská posteľ',0,0,0,73,'151.236.224.13','2017-05-27 13:53:01'),(523,0,4,0,'gravity',0,0,0,2,'66.249.75.16','2017-05-27 23:05:31'),(524,0,4,0,'Manželská posteľ',0,0,0,73,'178.41.230.170','2017-05-28 05:30:32'),(525,0,4,0,'foliage',0,0,0,4,'31.24.177.211','2017-05-28 09:09:20'),(526,0,4,0,'artistico',0,0,0,4,'50.116.2.119','2017-05-28 15:23:37'),(527,0,4,0,'artistico',0,0,0,4,'77.75.78.161','2017-05-28 18:10:24'),(528,0,4,0,'eden',0,0,0,1,'95.102.44.207','2017-05-29 06:57:32'),(529,0,4,0,'leo',0,0,0,13,'95.102.44.207','2017-05-29 10:00:44'),(530,0,4,0,'magyster',0,0,0,1,'95.102.44.207','2017-05-29 10:26:56'),(531,0,4,0,'Astrid',0,0,0,1,'213.81.140.170','2017-05-29 10:42:20'),(532,0,4,0,'foliage',0,0,0,4,'188.123.106.105','2017-05-29 11:27:05'),(533,0,4,0,'nettun',0,0,0,1,'95.102.44.207','2017-05-29 13:23:59'),(534,0,4,0,'artistico',0,0,0,4,'45.55.238.112','2017-05-29 17:53:35'),(535,0,4,0,'Pedrali Koi-Booki 370',0,0,0,0,'141.136.51.253','2017-05-30 07:00:34'),(536,0,4,0,'Pedrali Koi-Booki 370',0,0,0,0,'141.136.51.253','2017-05-30 07:01:51'),(537,0,4,0,' up chair',0,0,0,6,'95.102.44.207','2017-05-30 08:23:52'),(538,0,4,0,'light',0,0,0,16,'95.102.44.207','2017-05-30 10:32:04'),(539,0,4,0,'Paloma',0,0,0,1,'95.102.44.207','2017-05-30 13:14:13'),(540,0,4,0,'Paloma',0,0,0,2,'95.102.44.207','2017-05-30 13:14:50'),(541,0,4,0,'Pungitopo',0,0,0,1,'95.102.44.207','2017-05-30 13:26:23'),(542,0,4,0,'tiffany',0,0,0,1,'95.102.44.207','2017-05-30 14:35:39'),(543,0,4,0,'tiffany',0,0,0,2,'95.102.44.207','2017-05-30 14:44:05'),(544,0,4,0,'artistico',0,0,0,4,'77.75.79.119','2017-05-30 20:39:15'),(545,0,4,0,'Pedrali Koi-Booki 370',0,0,0,0,'141.136.51.253','2017-05-31 06:00:59'),(546,0,4,0,'7209',0,0,0,1,'5.157.126.163','2017-05-31 12:30:47'),(547,0,4,0,'7209',0,0,0,1,'5.157.126.163','2017-05-31 12:31:22'),(548,0,4,0,'lisetta',0,0,0,1,'5.157.126.163','2017-05-31 12:34:14'),(549,0,4,0,'mary',0,0,0,4,'5.157.126.163','2017-05-31 12:35:09'),(550,0,4,0,'6325',0,0,0,1,'5.157.126.163','2017-05-31 12:36:07'),(551,0,4,0,'7202',0,0,0,1,'5.157.126.163','2017-05-31 12:40:49'),(552,0,4,0,'7200',0,0,0,1,'5.157.126.163','2017-05-31 12:41:08'),(553,0,4,0,'bolero',0,0,0,3,'95.102.44.207','2017-05-31 12:41:09'),(554,0,4,0,'amira',0,0,0,2,'5.157.126.163','2017-05-31 12:42:30'),(555,0,4,0,'konferenčné stolíky',0,0,0,0,'178.143.191.210','2017-06-01 07:37:39'),(556,0,4,0,'konferenčný',0,0,0,0,'178.143.191.210','2017-06-01 07:37:46'),(557,0,4,0,'cross',0,0,0,4,'95.102.44.207','2017-06-01 11:29:36'),(558,0,4,0,'ids vr 32',0,0,0,0,'95.102.44.207','2017-06-01 12:40:48'),(559,0,4,0,'IDS VR 32',0,0,0,0,'95.102.44.207','2017-06-01 15:04:47'),(560,0,4,0,'artistico',0,0,0,4,'77.75.78.170','2017-06-01 16:59:48'),(561,0,4,0,'artistico',0,0,0,4,'66.249.76.91','2017-06-01 19:25:08'),(562,0,4,0,'artistico',0,0,0,4,'54.198.33.50','2017-06-02 04:35:36'),(563,0,4,0,'fenix',0,0,0,0,'136.173.162.129','2017-06-02 11:13:45'),(564,0,4,0,'foliage',0,0,0,4,'195.168.209.3','2017-06-02 19:44:53'),(565,0,4,0,'foliage',0,0,0,4,'195.168.209.3','2017-06-02 19:50:06'),(566,0,4,0,'fenix doha',0,0,0,0,'136.173.162.129','2017-06-02 20:52:58'),(567,0,4,0,'foliage',0,0,0,4,'87.244.194.138','2017-06-02 21:03:13'),(568,0,4,0,'artistico',0,0,0,4,'77.88.47.12','2017-06-02 21:31:44'),(569,0,4,0,'gravity',0,0,0,2,'66.249.76.93','2017-06-03 09:27:41'),(570,0,4,0,'Emu',0,0,0,0,'95.105.128.7','2017-06-03 13:24:50'),(571,0,4,0,'Shade',0,0,0,2,'95.105.128.7','2017-06-03 13:25:04'),(572,0,4,0,'Shade',0,0,0,2,'95.105.128.7','2017-06-03 13:46:53'),(573,0,4,0,'Shade',0,0,0,2,'95.103.70.63','2017-06-03 13:49:31'),(574,0,4,0,'artistico',0,0,0,4,'157.55.39.66','2017-06-04 07:19:33'),(575,0,4,0,'Emu',0,0,0,0,'178.189.209.91','2017-06-04 07:55:53'),(576,0,4,0,'postel',0,0,0,0,'62.197.243.124','2017-06-04 08:40:43'),(577,0,4,0,'Kontajner',0,0,0,0,'78.98.3.225','2017-06-04 09:18:28'),(578,0,4,0,'kartell',0,0,0,0,'178.41.106.181','2017-06-04 19:44:53'),(579,0,4,0,'zrkadlo',0,0,0,0,'178.41.106.181','2017-06-04 19:53:02'),(580,0,4,0,'foliage',0,0,0,4,'178.143.160.217','2017-06-04 19:55:57'),(581,0,4,0,'tonin',0,0,0,0,'5.157.126.163','2017-06-05 08:20:29'),(582,0,4,0,'narciso',0,0,0,0,'5.157.126.163','2017-06-05 08:21:04'),(583,0,4,0,'narciso',0,0,0,0,'5.157.126.163','2017-06-05 08:22:12'),(584,0,4,0,'anemone',0,0,0,4,'5.157.126.163','2017-06-05 08:22:30'),(585,0,4,0,'bliss',0,0,0,0,'141.143.213.50','2017-06-05 09:06:11'),(586,0,4,0,'gliss',0,0,0,6,'141.143.213.50','2017-06-05 09:06:17'),(587,0,4,0,'av',0,0,0,77,'95.102.44.207','2017-06-05 11:16:56'),(588,0,4,0,'nene',0,0,0,6,'92.52.54.146','2017-06-05 14:20:18'),(589,0,4,0,'malik',0,0,0,1,'92.52.54.146','2017-06-05 14:20:33'),(590,0,4,0,'linda',0,0,0,1,'92.52.54.146','2017-06-05 14:29:07'),(591,0,4,0,'Guapa ',0,0,0,6,'85.237.234.9','2017-06-05 16:00:18'),(592,0,4,0,'Emu',0,0,0,0,'85.237.234.9','2017-06-05 16:00:43'),(593,0,4,0,'Guapa ',0,0,0,6,'85.237.234.9','2017-06-05 16:00:46'),(594,0,4,0,'foliage',0,0,0,4,'95.102.44.75','2017-06-05 19:53:36'),(595,0,4,0,'foliage',0,0,0,4,'95.102.44.75','2017-06-05 19:53:37'),(596,0,4,0,'artistico',0,0,0,4,'77.66.1.97','2017-06-06 19:30:22'),(597,0,4,0,'artistico',0,0,0,4,'207.46.13.189','2017-06-07 05:28:30'),(598,0,4,0,'artistico',0,0,0,4,'40.77.167.150','2017-06-07 06:07:14'),(599,0,4,0,'knot',0,0,0,0,'95.102.44.207','2017-06-07 07:57:00'),(600,0,4,0,'artistico',0,0,0,4,'66.249.76.93','2017-06-07 08:49:41'),(601,0,4,0,'anemone',0,0,0,4,'88.212.37.4','2017-06-07 09:31:44'),(602,0,4,0,'anemone',0,0,0,4,'88.212.37.4','2017-06-07 09:32:13'),(603,0,4,0,'nuda',0,0,0,5,'95.102.44.207','2017-06-07 14:44:52'),(604,0,4,0,'aa',0,0,0,0,'88.212.36.69','2017-06-07 15:42:59'),(605,0,4,0,'',0,0,0,3158,'88.212.36.69','2017-06-07 15:43:35'),(606,0,4,0,'foliage',0,0,0,4,'213.160.184.148','2017-06-08 05:29:01'),(607,0,4,0,'artistico',0,0,0,4,'213.160.184.148','2017-06-08 05:29:09'),(608,0,4,0,'artistico',0,0,0,4,'213.160.184.148','2017-06-08 05:30:04'),(609,0,4,0,'artistico',0,0,0,4,'207.46.13.50','2017-06-08 05:36:40'),(610,0,4,0,'CS4031MV Performance-C 110 ',0,0,0,1,'95.102.44.207','2017-06-08 09:57:54'),(611,0,4,0,'Queen of love',0,0,0,2,'78.98.144.100','2017-06-08 10:17:32'),(612,0,4,0,'CS4031MV Performance-C 110 ',0,0,0,1,'95.102.44.207','2017-06-08 10:23:05'),(613,0,4,0,'artistico',0,0,0,4,'104.236.89.15','2017-06-08 11:16:52'),(614,0,4,0,'Postel',0,0,0,0,'188.167.251.75','2017-06-08 14:23:07'),(615,0,4,0,'Postel',0,0,0,0,'188.167.251.75','2017-06-08 14:26:26'),(616,0,4,0,'pa126',0,0,0,2,'95.105.128.7','2017-06-08 16:13:26'),(617,0,4,0,'pa126',0,0,0,2,'95.105.128.7','2017-06-08 16:13:33'),(618,0,4,0,'hemp',0,0,0,2,'95.102.44.207','2017-06-08 16:16:19'),(619,0,4,0,'artistico',0,0,0,4,'207.46.13.15','2017-06-09 04:48:31'),(620,0,4,0,'calligaris',0,0,0,0,'91.127.171.42','2017-06-09 06:09:33'),(621,0,4,0,'Queen of love',0,0,0,2,'87.197.158.179','2017-06-09 07:49:32'),(622,0,4,0,'artistico',0,0,0,4,'46.105.100.183','2017-06-09 08:21:43'),(623,0,4,0,'kvetinac',0,0,0,0,'195.49.191.151','2017-06-09 09:01:58'),(624,0,4,0,'kvetináč',0,0,0,0,'195.49.191.151','2017-06-09 09:02:03'),(625,0,4,0,'stolicka mannenquin',0,0,0,0,'95.102.130.250','2017-06-09 09:05:17'),(626,0,4,0,'stolicka mannenquin 2660',0,0,0,0,'95.102.130.250','2017-06-09 09:05:37'),(627,0,4,0,'Magic',0,0,0,4,'85.216.206.30','2017-06-09 10:14:39'),(628,0,4,0,'Pristavny stolik',0,0,0,0,'85.216.206.30','2017-06-09 11:04:41'),(629,0,4,0,'snow',0,0,0,3,'193.134.161.64','2017-06-09 15:53:52'),(630,0,4,0,'etnico',0,0,0,1,'193.134.161.64','2017-06-09 15:56:43'),(631,0,4,0,'OG298B',0,0,0,1,'195.168.122.138','2017-06-09 19:49:40'),(632,0,4,0,'artistico',0,0,0,4,'207.46.13.15','2017-06-10 04:24:38'),(633,0,4,0,'artistico',0,0,0,4,'66.249.69.219','2017-06-10 05:42:00'),(634,0,4,0,'foliage',0,0,0,4,'88.212.37.159','2017-06-10 05:54:35'),(635,0,4,0,'foliage',0,0,0,4,'88.212.37.159','2017-06-10 05:55:01'),(636,0,4,0,'CB1427 Led ',0,0,0,1,'95.102.44.207','2017-06-10 06:56:08'),(637,0,4,0,'nočný stolík',0,0,0,0,'87.197.182.50','2017-06-10 08:45:51'),(638,0,4,0,'artistico',0,0,0,4,'66.249.76.95','2017-06-10 12:59:44'),(639,0,4,0,'foliage',0,0,0,4,'78.99.11.126','2017-06-10 16:30:48'),(640,0,4,0,'artistico',0,0,0,4,'66.249.76.91','2017-06-11 00:05:34'),(641,0,4,0,'artistico',0,0,0,4,'66.249.69.221','2017-06-11 00:07:56'),(642,0,4,0,'artistico',0,0,0,4,'66.249.76.93','2017-06-11 00:16:13'),(643,0,4,0,'artistico',0,0,0,4,'66.249.76.91','2017-06-11 00:17:24'),(644,0,4,0,'artistico',0,0,0,4,'66.249.69.219','2017-06-11 00:18:20'),(645,0,4,0,'artistico',0,0,0,4,'66.249.76.91','2017-06-11 00:30:25'),(646,0,4,0,'artistico',0,0,0,4,'66.249.76.91','2017-06-11 00:56:27'),(647,0,4,0,'artistico',0,0,0,4,'66.249.76.91','2017-06-11 01:05:56'),(648,0,4,0,'artistico',0,0,0,4,'66.249.69.219','2017-06-11 01:21:18'),(649,0,4,0,'artistico',0,0,0,4,'66.249.69.219','2017-06-11 01:26:02'),(650,0,4,0,'artistico',0,0,0,4,'66.249.76.95','2017-06-11 01:42:36'),(651,0,4,0,'artistico',0,0,0,4,'66.249.76.91','2017-06-11 02:05:04'),(652,0,4,0,'artistico',0,0,0,4,'66.249.76.91','2017-06-11 02:15:44'),(653,0,4,0,'artistico',0,0,0,4,'66.249.76.91','2017-06-11 02:31:33'),(654,0,4,0,'artistico',0,0,0,4,'66.249.76.91','2017-06-11 02:37:01'),(655,0,4,0,'artistico',0,0,0,4,'66.249.76.91','2017-06-11 04:55:12'),(656,0,4,0,'artistico',0,0,0,4,'66.249.76.91','2017-06-11 05:30:38'),(657,0,4,0,'artistico',0,0,0,4,'66.249.76.91','2017-06-11 05:38:59'),(658,0,4,0,'artistico',0,0,0,4,'66.249.76.91','2017-06-11 05:49:15'),(659,0,4,0,'artistico',0,0,0,4,'66.249.76.91','2017-06-11 05:54:15'),(660,0,4,0,'artistico',0,0,0,4,'66.249.69.219','2017-06-11 06:11:50'),(661,0,4,0,'artistico',0,0,0,4,'66.249.76.91','2017-06-11 07:26:04'),(662,0,4,0,'artistico',0,0,0,4,'66.249.76.91','2017-06-11 09:42:23'),(663,0,4,0,'artistico',0,0,0,4,'66.249.69.219','2017-06-11 09:59:47'),(664,0,4,0,'artistico',0,0,0,4,'66.249.76.91','2017-06-11 10:27:50'),(665,0,4,0,'artistico',0,0,0,4,'66.249.76.91','2017-06-11 10:39:25'),(666,0,4,0,'artistico',0,0,0,4,'66.249.76.91','2017-06-11 10:54:53'),(667,0,4,0,'artistico',0,0,0,4,'66.249.69.219','2017-06-11 11:14:14'),(668,0,4,0,'artistico',0,0,0,4,'66.249.69.221','2017-06-11 11:40:49'),(669,0,4,0,'artistico',0,0,0,4,'66.249.76.91','2017-06-11 13:13:09'),(670,0,4,0,'artistico',0,0,0,4,'66.249.76.91','2017-06-11 13:32:32'),(671,0,4,0,'artistico',0,0,0,4,'66.249.69.219','2017-06-11 13:38:18'),(672,0,4,0,'artistico',0,0,0,4,'66.249.76.91','2017-06-11 13:49:53'),(673,0,4,0,'artistico',0,0,0,4,'66.249.76.91','2017-06-11 13:57:37'),(674,0,4,0,'artistico',0,0,0,4,'66.249.76.91','2017-06-11 13:59:34'),(675,0,4,0,'artistico',0,0,0,4,'66.249.69.219','2017-06-11 14:02:50'),(676,0,4,0,'artistico',0,0,0,4,'66.249.76.91','2017-06-11 14:07:17'),(677,0,4,0,'artistico',0,0,0,4,'66.249.69.219','2017-06-11 14:13:06'),(678,0,4,0,'artistico',0,0,0,4,'66.249.76.91','2017-06-11 14:21:47'),(679,0,4,0,'artistico',0,0,0,4,'66.249.76.95','2017-06-11 14:27:35'),(680,0,4,0,'artistico',0,0,0,4,'66.249.76.91','2017-06-11 17:37:49'),(681,0,4,0,'artistico',0,0,0,4,'66.249.76.91','2017-06-11 17:42:53'),(682,0,4,0,'artistico',0,0,0,4,'66.249.76.91','2017-06-11 17:45:31'),(683,0,4,0,'artistico',0,0,0,4,'66.249.76.91','2017-06-11 17:59:02'),(684,0,4,0,'artistico',0,0,0,4,'66.249.76.91','2017-06-11 18:00:12'),(685,0,4,0,'Knihovnica',0,0,0,0,'84.47.46.149','2017-06-11 19:06:47'),(686,0,4,0,'Police',0,0,0,0,'84.47.46.149','2017-06-11 19:06:56'),(687,0,4,0,'kartell',0,0,0,0,'212.89.237.88','2017-06-11 20:33:23'),(688,0,4,0,'artistico',0,0,0,4,'66.249.76.91','2017-06-11 21:23:46'),(689,0,4,0,'artistico',0,0,0,4,'66.249.76.91','2017-06-11 21:36:21'),(690,0,4,0,'artistico',0,0,0,4,'66.249.69.91','2017-06-11 21:38:12'),(691,0,4,0,'artistico',0,0,0,4,'66.249.76.91','2017-06-11 22:31:30'),(692,0,4,0,'artistico',0,0,0,4,'66.249.76.91','2017-06-12 01:39:53'),(693,0,4,0,'artistico',0,0,0,4,'66.249.76.91','2017-06-12 01:42:27'),(694,0,4,0,'artistico',0,0,0,4,'66.249.76.91','2017-06-12 01:50:26'),(695,0,4,0,'artistico',0,0,0,4,'66.249.69.91','2017-06-12 02:17:22'),(696,0,4,0,'artistico',0,0,0,4,'66.249.69.91','2017-06-12 02:50:34'),(697,0,4,0,'artistico',0,0,0,4,'66.249.76.91','2017-06-12 03:15:05'),(698,0,4,0,'Alhambra S ',0,0,0,2,'95.102.44.207','2017-06-12 06:42:00'),(699,0,4,0,'Alhambra S ',0,0,0,2,'95.102.44.207','2017-06-12 07:23:10'),(700,0,4,0,'Alhambra S ',0,0,0,2,'95.102.44.207','2017-06-12 07:24:27'),(701,0,4,0,'Domingo Salotti Ronda',0,0,0,0,'193.58.196.182','2017-06-12 07:26:50'),(702,0,4,0,'Domingo Salotti',0,0,0,0,'193.58.196.182','2017-06-12 07:26:56'),(703,0,4,0,'Salotti',0,0,0,0,'193.58.196.182','2017-06-12 07:27:01'),(704,0,4,0,'ronda',0,0,0,4,'193.58.196.182','2017-06-12 07:27:05'),(705,0,4,0,'Alhambra S ',0,0,0,2,'95.102.44.207','2017-06-12 07:27:50'),(706,0,4,0,'artistico',0,0,0,4,'66.249.76.91','2017-06-12 10:03:33'),(707,0,4,0,'artistico',0,0,0,4,'66.249.75.194','2017-06-12 12:04:05'),(708,0,4,0,'apell',0,0,0,7,'95.102.44.207','2017-06-12 12:08:00'),(709,0,4,0,'IDS AV101	',0,0,0,0,'193.58.196.182','2017-06-12 14:11:30'),(710,0,4,0,'AV101	',0,0,0,1,'193.58.196.182','2017-06-12 14:11:40'),(711,0,4,0,'foliage',0,0,0,4,'89.173.207.109','2017-06-12 18:24:24'),(712,0,4,0,'Queen ',0,0,0,4,'78.98.141.98','2017-06-12 19:43:46'),(713,0,4,0,'Queen',0,0,0,4,'78.98.141.98','2017-06-12 19:48:13'),(714,0,4,0,'artistico',0,0,0,4,'66.249.76.91','2017-06-13 00:17:55'),(715,0,4,0,'artistico',0,0,0,4,'66.249.76.91','2017-06-13 01:01:57'),(716,0,4,0,'artistico',0,0,0,4,'66.249.76.91','2017-06-13 01:09:51'),(717,0,4,0,'artistico',0,0,0,4,'66.249.76.91','2017-06-13 01:26:20'),(718,0,4,0,'artistico',0,0,0,4,'66.249.76.91','2017-06-13 01:36:34'),(719,0,4,0,'artistico',0,0,0,4,'66.249.76.91','2017-06-13 04:08:52'),(720,0,4,0,'artistico',0,0,0,4,'66.249.76.91','2017-06-13 04:18:03'),(721,0,4,0,'artistico',0,0,0,4,'66.249.69.219','2017-06-13 04:19:51'),(722,0,4,0,'uni',0,0,0,27,'88.212.60.199','2017-06-13 05:54:17'),(723,0,4,0,'Colico Design Exit Sunbed.lux',0,0,0,0,'193.58.196.182','2017-06-13 06:36:45'),(724,0,4,0,'Colico Design Exit Sunbed',0,0,0,0,'193.58.196.182','2017-06-13 06:37:31'),(725,0,4,0,'Colico Design Exit Sunbed',0,0,0,0,'193.58.196.182','2017-06-13 06:37:37'),(726,0,4,0,'Colico Design',0,0,0,0,'193.58.196.182','2017-06-13 06:37:42'),(727,0,4,0,'Colico ',0,0,0,0,'193.58.196.182','2017-06-13 06:37:50'),(728,0,4,0,'sunbed',0,0,0,1,'193.58.196.182','2017-06-13 06:37:55'),(729,0,4,0,'bugia ',0,0,0,1,'95.102.44.207','2017-06-13 06:58:59'),(730,0,4,0,'Chiocciola ',0,0,0,0,'95.102.44.207','2017-06-13 06:59:42'),(731,0,4,0,'form',0,0,0,9,'95.102.44.207','2017-06-13 07:11:46'),(732,0,4,0,'freeline',0,0,0,2,'95.102.44.207','2017-06-13 07:25:53'),(733,0,4,0,'freeline ',0,0,0,4,'95.102.44.207','2017-06-13 07:34:09'),(734,0,4,0,'nord',0,0,0,2,'95.102.44.207','2017-06-13 07:35:26'),(735,0,4,0,'nord',0,0,0,4,'95.102.44.207','2017-06-13 07:38:27'),(736,0,4,0,'offset',0,0,0,0,'95.102.44.207','2017-06-13 07:45:23'),(737,0,4,0,'piega',0,0,0,0,'95.102.44.207','2017-06-13 07:55:12'),(738,0,4,0,'Chiocciola Big Promo',0,0,0,1,'95.102.44.207','2017-06-13 08:05:44'),(739,0,4,0,'Chiocciola Big Promo',0,0,0,1,'95.102.44.207','2017-06-13 08:05:55'),(740,0,4,0,'form',0,0,0,10,'95.102.44.207','2017-06-13 08:06:49'),(741,0,4,0,'form',0,0,0,10,'95.102.44.207','2017-06-13 08:07:05'),(742,0,4,0,'form',0,0,0,10,'95.102.44.207','2017-06-13 08:07:11'),(743,0,4,0,'nord',0,0,0,5,'95.102.44.207','2017-06-13 08:09:15'),(744,0,4,0,'nord',0,0,0,5,'95.102.44.207','2017-06-13 08:11:09'),(745,0,4,0,'narcis',0,0,0,0,'95.102.44.207','2017-06-13 10:48:07'),(746,0,4,0,'CB 1427 Led,',0,0,0,0,'95.102.44.207','2017-06-13 11:23:37'),(747,0,4,0,'artistico',0,0,0,4,'66.249.76.91','2017-06-13 20:13:23'),(748,0,4,0,'artistico',0,0,0,4,'66.249.75.14','2017-06-14 00:06:22'),(749,0,4,0,'artistico',0,0,0,4,'66.249.76.91','2017-06-14 00:17:05'),(750,0,4,0,'artistico',0,0,0,4,'66.249.76.91','2017-06-14 04:11:05'),(751,0,4,0,'artistico',0,0,0,4,'66.249.76.91','2017-06-14 06:38:06'),(752,0,4,0,'milano',0,0,0,4,'95.103.79.248','2017-06-14 07:56:41'),(753,0,4,0,'artistico',0,0,0,4,'66.249.76.91','2017-06-14 08:04:47'),(754,0,4,0,'foliage',0,0,0,4,'95.103.88.118','2017-06-14 08:11:20'),(755,0,4,0,'artistico',0,0,0,4,'77.75.77.72','2017-06-14 12:55:14'),(756,0,4,0,'Oste',0,0,0,0,'95.103.79.248','2017-06-14 14:21:29'),(757,0,4,0,'4717 W',0,0,0,1,'95.103.79.248','2017-06-14 14:52:47'),(758,0,4,0,'4717 W',0,0,0,1,'95.103.79.248','2017-06-14 14:54:01'),(759,0,4,0,'4717 W',0,0,0,1,'95.103.79.248','2017-06-14 14:54:05'),(760,0,4,0,'artistico',0,0,0,4,'94.199.151.22','2017-06-14 21:14:28'),(761,0,4,0,'foliage',0,0,0,4,'188.123.100.211','2017-06-15 06:39:03'),(762,0,4,0,'foliage',0,0,0,4,'188.123.100.211','2017-06-15 06:39:25'),(763,0,4,0,'jedalensky stol',0,0,0,0,'194.250.98.243','2017-06-15 11:43:23'),(764,0,4,0,' stol',0,0,0,0,'194.250.98.243','2017-06-15 11:43:34'),(765,0,4,0,'jedalensky stol',0,0,0,0,'194.250.98.243','2017-06-15 11:43:39'),(766,0,4,0,'dine',0,0,0,1,'95.103.79.248','2017-06-15 15:33:22'),(767,0,4,0,'1543',0,0,0,0,'217.75.82.232','2017-06-15 20:37:09'),(768,0,4,0,'1543',172,0,0,0,'217.75.82.232','2017-06-15 20:37:21'),(769,0,4,0,'artistico',0,0,0,4,'66.249.64.221','2017-06-16 01:27:09'),(770,0,4,0,'epica',0,0,0,2,'188.167.233.19','2017-06-16 09:16:34'),(771,0,4,0,'rosa',0,0,0,1,'194.1.231.218','2017-06-16 13:26:34'),(772,0,4,0,'Sofio TS',0,0,0,0,'95.102.162.128','2017-06-16 13:29:00'),(773,0,4,0,'dine',0,0,0,1,'194.1.231.218','2017-06-16 14:09:31'),(774,0,4,0,'PA 373',0,0,0,1,'194.1.231.218','2017-06-16 14:10:04'),(775,0,4,0,'IGLO',0,0,0,2,'194.1.231.218','2017-06-16 14:10:15'),(776,0,4,0,'Babah',0,0,0,4,'88.212.36.69','2017-06-16 15:44:50'),(777,0,4,0,'artistico',0,0,0,4,'66.249.76.91','2017-06-16 23:55:01'),(778,0,4,0,'artistico',0,0,0,4,'66.249.64.155','2017-06-17 00:03:46'),(779,0,4,0,'artistico',0,0,0,4,'66.249.76.91','2017-06-17 00:12:05'),(780,0,4,0,'artistico',0,0,0,4,'66.249.64.157','2017-06-17 09:40:20'),(781,0,4,0,'Jedno lozkova postel',0,0,0,0,'37.58.4.84','2017-06-17 10:22:16'),(782,0,4,0,'Postel',0,0,0,0,'37.58.4.84','2017-06-17 10:22:45'),(783,0,4,0,'Manzelske postely',0,0,0,0,'37.58.4.84','2017-06-17 10:23:11'),(784,0,4,0,'Postel',0,0,0,0,'37.58.4.84','2017-06-17 10:23:18'),(785,0,4,0,'Jedno lozkova postel',0,0,0,0,'37.58.4.84','2017-06-17 10:23:21'),(786,0,4,0,'368449',0,0,0,0,'78.99.235.196','2017-06-17 13:06:28'),(787,0,4,0,'multifunzionale',0,0,0,0,'78.99.235.196','2017-06-17 13:07:28'),(788,0,4,0,'Postel',0,0,0,0,'193.179.147.46','2017-06-17 18:58:26'),(789,0,4,0,'Postel',0,0,0,151,'193.179.147.46','2017-06-17 18:58:40'),(790,0,4,0,'artistico',0,0,0,4,'5.255.250.4','2017-06-17 21:21:15'),(791,0,4,0,'artistico',0,0,0,4,'77.75.76.162','2017-06-18 01:14:46'),(792,0,4,0,'artistico',0,0,0,4,'159.203.102.156','2017-06-18 09:10:11'),(793,0,4,0,'sofa molly',0,0,0,0,'77.234.254.149','2017-06-18 11:20:17'),(794,0,4,0,'Molly 3P',0,0,0,0,'77.234.254.149','2017-06-18 11:25:12'),(795,0,4,0,'Sofo TS',0,0,0,0,'92.52.20.19','2017-06-18 15:16:54'),(796,0,4,0,'Soffio TS',0,0,0,0,'92.52.20.19','2017-06-18 15:17:06'),(797,0,4,0,'spring',0,0,0,3,'195.98.15.243','2017-06-18 17:48:35'),(798,0,4,0,'spring',0,0,0,3,'195.98.15.243','2017-06-18 17:48:57'),(799,0,4,0,'artistico',0,0,0,4,'5.255.250.4','2017-06-18 21:14:06'),(800,0,4,0,'Postele',198,0,0,0,'85.237.234.15','2017-06-18 23:29:31'),(801,0,4,0,'Postele',198,0,0,30,'85.237.234.15','2017-06-18 23:29:37'),(802,0,4,0,'Postele',198,0,0,30,'85.237.234.15','2017-06-18 23:30:31'),(803,0,4,0,'Postele',198,0,0,30,'85.237.234.15','2017-06-18 23:31:55'),(804,0,4,0,'Postele',198,0,0,30,'85.237.234.15','2017-06-18 23:33:05'),(805,0,4,0,'Postele',198,0,0,30,'85.237.234.15','2017-06-18 23:33:16'),(806,0,4,0,'Postele',198,0,0,30,'85.237.234.15','2017-06-18 23:34:14'),(807,0,4,0,'love',0,0,0,15,'95.103.79.248','2017-06-19 08:15:07'),(808,0,4,0,'exterierove stolicky',0,0,0,0,'78.99.80.84','2017-06-19 15:19:51'),(809,0,4,0,'aragona',0,0,0,1,'95.103.79.248','2017-06-19 16:29:10'),(810,0,4,0,'tudor',0,0,0,0,'95.103.79.248','2017-06-19 16:30:51'),(811,0,4,0,'postel',0,0,0,0,'85.237.234.114','2017-06-19 20:59:30'),(812,0,4,0,'dine',0,0,0,1,'194.1.231.218','2017-06-20 07:00:10'),(813,0,4,0,'dine',0,0,0,1,'194.1.231.218','2017-06-20 07:06:10'),(814,0,4,0,'cross',0,0,0,4,'194.1.231.218','2017-06-20 07:06:18'),(815,0,4,0,'cross',0,0,0,4,'194.1.231.218','2017-06-20 07:07:26'),(816,0,4,0,'Záhradný stolik',0,0,0,0,'78.99.16.8','2017-06-20 08:29:08'),(817,0,4,0,'miss petra',0,0,0,1,'95.103.101.93','2017-06-20 08:32:32'),(818,0,4,0,'Mademoiselle à la mode ',0,0,0,1,'95.103.79.248','2017-06-21 06:40:03'),(819,0,4,0,'alhambra s',0,0,0,2,'84.16.32.54','2017-06-21 07:19:48'),(820,0,4,0,'retro s',0,0,0,1,'185.69.106.66','2017-06-21 08:15:26'),(821,0,4,0,'foliage',0,0,0,4,'78.98.216.76','2017-06-21 09:10:39'),(822,0,4,0,'sonny',0,0,0,3,'95.103.79.248','2017-06-21 13:00:27'),(823,0,4,0,'sonny',0,0,0,3,'95.103.79.248','2017-06-21 13:04:37'),(824,0,4,0,'wrap ',0,0,0,0,'95.103.79.248','2017-06-21 13:29:18'),(825,0,4,0,'zeus',0,0,0,5,'95.103.79.248','2017-06-21 14:33:56'),(826,0,4,0,'Koberce',0,0,0,0,'91.127.178.154','2017-06-21 19:07:23'),(827,0,4,0,'malik',0,0,0,1,'78.141.100.76','2017-06-21 21:13:26'),(828,0,4,0,'tonon',0,0,0,0,'78.141.100.76','2017-06-21 21:15:47'),(829,0,4,0,'tonin',0,0,0,0,'78.141.100.76','2017-06-21 21:15:53'),(830,0,4,0,'tonin casa',0,0,0,0,'78.141.100.76','2017-06-21 21:16:01'),(831,0,4,0,'Nene',0,0,0,6,'5.90.32.177','2017-06-22 05:05:46'),(832,0,4,0,'Nene',0,0,0,299,'5.90.32.177','2017-06-22 05:05:54'),(833,0,4,0,'Nene',0,0,0,299,'5.90.32.177','2017-06-22 05:07:18'),(834,0,4,0,'Prado',0,0,0,3,'217.75.82.234','2017-06-22 08:06:29'),(835,0,4,0,'meme',0,0,0,0,'193.58.196.182','2017-06-22 08:52:27'),(836,0,4,0,'zahrada',0,0,0,0,'193.58.196.182','2017-06-22 08:52:35'),(837,0,4,0,'emu',0,0,0,0,'193.58.196.182','2017-06-22 08:52:44'),(838,0,4,0,'emu',0,0,0,0,'193.58.196.182','2017-06-22 08:53:12'),(839,0,4,0,'fatbox',0,0,0,0,'193.58.196.182','2017-06-22 08:53:21'),(840,0,4,0,'fatboy',0,0,0,0,'193.58.196.182','2017-06-22 08:53:29'),(841,0,4,0,'tai',0,0,0,4,'193.58.196.182','2017-06-22 08:53:33'),(842,0,4,0,'emu',0,0,0,0,'193.58.196.182','2017-06-22 08:54:08'),(843,0,4,0,'zahrad',0,0,0,0,'193.58.196.182','2017-06-22 08:54:13'),(844,0,4,0,'zahrada',0,0,0,0,'193.58.196.182','2017-06-22 08:54:15'),(845,0,4,0,'zahrada',0,0,0,0,'193.58.196.182','2017-06-22 08:54:20'),(846,0,4,0,'zahrada',0,0,0,0,'193.58.196.182','2017-06-22 08:54:21'),(847,0,4,0,'zahrada',0,0,0,30,'193.58.196.182','2017-06-22 08:54:32'),(848,0,4,0,'tai',0,0,0,4,'193.58.196.182','2017-06-22 08:54:41'),(849,0,4,0,'emi',0,0,0,17,'193.58.196.182','2017-06-22 08:55:09'),(850,0,4,0,'ap',0,0,0,54,'193.58.196.182','2017-06-22 08:55:25'),(851,0,4,0,'Prado',0,0,0,3,'195.91.28.11','2017-06-22 09:20:32'),(852,0,4,0,'	Kate 2341',0,0,0,0,'95.103.79.248','2017-06-22 09:40:05'),(853,0,4,0,'	Kate ',0,0,0,0,'95.103.79.248','2017-06-22 09:40:12'),(854,0,4,0,'sonny',0,0,0,3,'95.103.79.248','2017-06-22 10:41:03'),(855,0,4,0,'mademo',0,0,0,4,'95.103.79.248','2017-06-22 11:37:57'),(856,0,4,0,'artistico',0,0,0,4,'66.249.75.219','2017-06-22 12:47:41'),(857,0,4,0,'363',0,0,0,0,'95.103.79.248','2017-06-22 13:46:31'),(858,0,4,0,'portland',0,0,0,1,'95.103.79.248','2017-06-22 15:53:43'),(859,0,4,0,'esprit',0,0,0,0,'95.103.79.248','2017-06-22 16:49:49'),(860,0,4,0,'artistico',0,0,0,4,'5.255.250.4','2017-06-22 22:56:44'),(861,0,4,0,'artistico',0,0,0,4,'5.255.250.4','2017-06-22 23:02:09'),(862,0,4,0,'artistico',0,0,0,4,'188.165.196.25','2017-06-23 03:43:14'),(863,0,4,0,'cover',0,0,0,6,'95.103.79.248','2017-06-23 08:26:39'),(864,0,4,0,'foliage',0,0,0,4,'95.103.20.222','2017-06-23 09:23:10'),(865,0,4,0,'calligaris air ',0,0,0,0,'85.248.250.16','2017-06-23 11:19:06'),(866,0,4,0,'Love',0,0,0,15,'85.237.234.27','2017-06-23 11:46:11'),(867,0,4,0,'Queen of love',0,0,0,2,'85.237.234.27','2017-06-23 11:46:27'),(868,0,4,0,'foliage',0,0,0,4,'178.40.8.151','2017-06-23 12:45:19'),(869,0,4,0,'midj',0,0,0,0,'178.143.191.210','2017-06-23 14:12:18'),(870,0,4,0,'calligaris air ',0,0,0,0,'40.78.27.43','2017-06-23 19:01:52'),(871,0,4,0,'Kreslo',0,0,0,0,'213.215.83.32','2017-06-23 20:20:03'),(872,0,4,0,'Kreslo',0,0,0,0,'213.215.83.32','2017-06-23 20:20:35'),(873,0,4,0,'Queen of love',0,0,0,2,'88.212.40.114','2017-06-23 20:40:45'),(874,0,4,0,'artistico',0,0,0,4,'66.249.76.95','2017-06-24 05:25:05'),(875,0,4,0,'sonny',0,0,0,3,'95.103.79.248','2017-06-24 09:15:02'),(876,0,4,0,'Queen of love',0,0,0,2,'88.212.40.114','2017-06-24 09:51:48'),(877,0,4,0,'gravity',0,0,0,2,'66.249.76.91','2017-06-24 10:30:42'),(878,0,4,0,'gravity',0,0,0,2,'66.249.75.221','2017-06-24 10:54:28'),(879,0,4,0,'gravity',0,0,0,2,'66.249.75.221','2017-06-24 13:02:17'),(880,0,4,0,'artistico',0,0,0,4,'66.249.76.91','2017-06-24 16:55:25'),(881,0,4,0,'artistico',0,0,0,4,'66.249.76.91','2017-06-24 17:50:37'),(882,0,4,0,'artistico',0,0,0,4,'66.249.66.67','2017-06-25 04:54:56'),(883,0,4,0,'gravity',0,0,0,2,'66.249.76.95','2017-06-25 05:56:44'),(884,0,4,0,'Fermob',0,0,0,0,'185.69.106.66','2017-06-25 06:30:02'),(885,0,4,0,'Slide',0,0,0,0,'195.168.209.3','2017-06-25 07:44:50'),(886,0,4,0,'pigalle stôl',0,0,0,0,'185.69.106.66','2017-06-25 12:33:22'),(887,0,4,0,'Pigalle',0,0,0,9,'185.69.106.66','2017-06-25 12:38:56'),(888,0,4,0,'multiunzionale',0,0,0,0,'84.47.90.174','2017-06-26 01:38:05'),(889,0,4,0,'Multifunkcione',0,0,0,0,'78.98.141.98','2017-06-26 06:17:57'),(890,0,4,0,'gravity',0,0,0,2,'66.249.75.219','2017-06-26 06:28:11'),(891,0,4,0,'gravity',0,0,0,2,'66.249.75.219','2017-06-26 07:11:32'),(892,0,4,0,' multifunzionale',0,0,0,0,'95.103.79.248','2017-06-26 07:16:42'),(893,0,4,0,'Stôl',0,0,0,0,'95.102.231.147','2017-06-26 07:32:38'),(894,0,4,0,'Stoly',0,0,0,0,'95.102.231.147','2017-06-26 07:32:48'),(895,0,4,0,'Stôl',0,0,0,2230,'95.102.231.147','2017-06-26 07:33:08'),(896,0,4,0,'Stôl',0,0,0,2230,'95.102.231.147','2017-06-26 07:33:28'),(897,0,4,0,'Stôl',0,0,0,2230,'95.102.231.147','2017-06-26 07:34:00'),(898,0,4,0,'Stôl',0,0,0,2230,'95.102.231.147','2017-06-26 07:34:24'),(899,0,4,0,'Stôl',0,0,0,2230,'95.102.231.147','2017-06-26 07:34:45'),(900,0,4,0,'Stôl',0,0,0,2231,'95.102.231.147','2017-06-26 07:35:11'),(901,0,4,0,'4717 W ',0,0,0,1,'95.103.79.248','2017-06-26 07:41:11'),(902,0,4,0,'Secret ',0,0,0,1,'95.103.79.248','2017-06-26 07:44:22'),(903,0,4,0,'heaven',0,0,0,7,'185.69.106.66','2017-06-26 09:07:50'),(904,0,4,0,'Slnečník ',0,0,0,0,'95.102.141.209','2017-06-26 12:01:53'),(905,0,4,0,'foliage',0,0,0,4,'178.143.209.72','2017-06-26 14:14:49'),(906,0,4,0,'PD 126',0,0,0,0,'85.237.234.205','2017-06-26 14:48:44'),(907,0,4,0,'PA 126',0,0,0,2,'85.237.234.205','2017-06-26 14:49:02'),(908,0,4,0,'PA 126',0,0,0,2,'85.237.234.205','2017-06-26 14:50:30'),(909,0,4,0,'PA 126',0,0,0,2,'85.237.234.205','2017-06-26 14:50:48'),(910,0,4,0,'PD 126',0,0,0,0,'85.237.234.205','2017-06-26 14:50:50'),(911,0,4,0,'Biele jedálenské stoličky ',0,0,0,0,'85.237.234.205','2017-06-26 14:51:16'),(912,0,4,0,'stolicka 60cm',0,0,0,0,'178.40.89.216','2017-06-26 14:54:32'),(913,0,4,0,'amy',0,0,0,1,'91.113.25.200','2017-06-26 16:28:56'),(914,0,4,0,'solid',0,0,0,0,'91.113.25.200','2017-06-26 16:29:21'),(915,0,4,0,'amy',0,0,0,1,'91.113.25.200','2017-06-26 16:37:08'),(916,0,4,0,'amy',0,0,0,1,'91.113.25.200','2017-06-26 16:46:21'),(917,0,4,0,'Amy',0,0,0,1,'78.98.141.98','2017-06-26 17:35:07'),(918,0,4,0,'gravity',0,0,0,2,'66.249.64.157','2017-06-27 03:45:22'),(919,0,4,0,'gravity',0,0,0,2,'66.249.64.159','2017-06-27 06:59:22'),(920,0,4,0,'Barové stoličky ',0,0,0,0,'78.98.107.159','2017-06-27 07:55:40'),(921,0,4,0,'Barové stoličky ',192,0,0,0,'78.98.107.159','2017-06-27 07:56:11'),(922,0,4,0,'Barové stoličky ',192,0,0,0,'78.98.107.159','2017-06-27 07:56:22'),(923,0,4,0,'knot',0,0,0,0,'95.103.79.248','2017-06-27 09:02:28'),(924,0,4,0,'foliage',0,0,0,4,'188.121.162.129','2017-06-27 09:31:07'),(925,0,4,0,'gravity',0,0,0,2,'66.249.76.91','2017-06-27 10:28:29'),(926,0,4,0,'Sonny',0,0,0,3,'195.91.46.203','2017-06-27 10:35:27'),(927,0,4,0,'son',0,0,0,9,'199.19.249.196','2017-06-27 11:15:47'),(928,0,4,0,'son',0,0,0,9,'62.200.229.136','2017-06-27 11:15:47'),(929,0,4,0,'son',0,0,0,9,'62.200.229.136','2017-06-27 11:15:56'),(930,0,4,0,'son',0,0,0,9,'62.200.229.136','2017-06-27 11:16:13'),(931,0,4,0,'calligaris',0,0,0,0,'193.58.196.182','2017-06-27 13:00:24'),(932,0,4,0,'kresla',0,0,0,0,'193.58.196.182','2017-06-27 13:04:35'),(933,0,4,0,'La Bohème 3 ',0,0,0,1,'95.103.79.248','2017-06-27 14:31:48'),(934,0,4,0,'tia',0,0,0,1,'88.212.37.136','2017-06-27 20:06:28'),(935,0,4,0,'artistico',0,0,0,4,'5.255.250.4','2017-06-28 01:11:12'),(936,0,4,0,'artistico',0,0,0,4,'77.88.47.12','2017-06-28 01:12:02'),(937,0,4,0,'foliage',0,0,0,4,'194.96.236.38','2017-06-28 07:02:35'),(938,0,4,0,'artistico',0,0,0,4,'45.55.138.159','2017-06-28 07:36:31'),(939,0,4,0,'cover sg',0,0,0,1,'95.103.79.248','2017-06-28 08:49:34'),(940,0,4,0,'bontempi casa',0,0,0,0,'85.237.234.40','2017-06-28 15:07:20'),(941,0,4,0,'tai',0,0,0,4,'85.237.234.40','2017-06-28 15:07:39'),(942,0,4,0,'Bontempi casa',192,0,0,0,'85.237.234.40','2017-06-28 15:09:42'),(943,0,4,0,'spálňa',0,0,0,0,'91.221.110.136','2017-06-28 16:18:48'),(944,0,4,0,'váza',0,0,0,0,'178.41.25.92','2017-06-28 20:48:41'),(945,0,4,0,'kvetináče',0,0,0,0,'178.41.25.92','2017-06-28 20:48:50'),(946,0,4,0,'cleo',0,0,0,10,'95.103.79.248','2017-06-29 07:20:44'),(947,0,4,0,'love',0,0,0,16,'95.103.79.248','2017-06-29 09:59:14'),(948,0,4,0,'barova stolicka',0,0,0,0,'178.40.157.189','2017-06-29 12:42:17'),(949,0,4,0,'liu',0,0,0,5,'95.103.79.248','2017-06-29 15:56:48'),(950,0,4,0,'liu',0,0,0,5,'95.103.79.248','2017-06-29 15:57:53'),(951,0,4,0,'liu',0,0,0,5,'95.103.79.248','2017-06-29 16:08:54'),(952,0,4,0,'Afra',0,0,0,2,'78.98.141.98','2017-06-29 19:52:28'),(953,0,4,0,'cover',0,0,0,6,'95.103.79.248','2017-06-30 08:45:19'),(954,0,4,0,'cover',0,0,0,6,'95.103.79.248','2017-06-30 08:46:23'),(955,0,4,0,'cover',0,0,0,6,'95.103.79.248','2017-06-30 08:48:17'),(956,0,4,0,'optic',0,0,0,1,'95.103.79.248','2017-06-30 10:52:26'),(957,0,4,0,'foliage',0,0,0,4,'195.168.44.182','2017-06-30 11:37:56'),(958,0,4,0,'foliage',0,0,0,4,'195.168.44.182','2017-06-30 11:38:56'),(959,0,4,0,'sharon',0,0,0,2,'95.103.79.248','2017-06-30 12:04:22'),(960,0,4,0,'apell',0,0,0,7,'194.244.10.74','2017-06-30 12:05:31'),(961,0,4,0,'sharon',0,0,0,2,'95.103.79.248','2017-06-30 12:07:09'),(962,0,4,0,'clara',0,0,0,3,'95.103.79.248','2017-06-30 12:12:43'),(963,0,4,0,'clara',0,0,0,3,'95.103.79.248','2017-06-30 12:14:14'),(964,0,4,0,'clara',0,0,0,3,'195.212.58.199','2017-06-30 12:19:08'),(965,0,4,0,'clara',0,0,0,3,'195.212.58.199','2017-06-30 12:20:30'),(966,0,4,0,'clara',0,0,0,3,'195.212.58.199','2017-06-30 12:22:08'),(967,0,4,0,'sharon',0,0,0,2,'195.212.58.199','2017-06-30 12:23:05'),(968,0,4,0,'Čiara',0,0,0,0,'88.212.27.30','2017-06-30 13:37:37'),(969,0,4,0,'clara',0,0,0,3,'88.212.27.30','2017-06-30 13:39:19'),(970,0,4,0,'clara',0,0,0,3,'88.212.27.30','2017-06-30 13:40:16'),(971,0,4,0,'igloo',0,0,0,2,'95.103.79.248','2017-06-30 14:14:30'),(972,0,4,0,'Stolicka tai',0,0,0,0,'85.237.234.159','2017-06-30 14:21:40'),(973,0,4,0,'Tai',0,0,0,4,'85.237.234.159','2017-06-30 14:21:57'),(974,0,4,0,'clara',0,0,0,3,'88.212.27.30','2017-06-30 16:15:11'),(975,0,4,0,'clara',0,0,0,3,'88.212.27.30','2017-06-30 16:17:21'),(976,0,4,0,'clara',0,0,0,3,'88.212.27.30','2017-06-30 16:20:13'),(977,0,4,0,'love',0,0,0,17,'95.103.79.248','2017-07-01 07:39:57'),(978,0,4,0,'love',0,0,0,17,'95.103.79.248','2017-07-01 07:41:20'),(979,0,4,0,'love',0,0,0,17,'95.103.79.248','2017-07-01 07:42:13'),(980,0,4,0,'love',0,0,0,17,'95.103.79.248','2017-07-01 07:42:47'),(981,0,4,0,'love',0,0,0,17,'95.103.79.248','2017-07-01 07:43:36'),(982,0,4,0,'love',0,0,0,17,'95.103.79.248','2017-07-01 07:44:17'),(983,0,4,0,'amy',0,0,0,1,'194.152.167.101','2017-07-01 08:04:05'),(984,0,4,0,'Volt S678',0,0,0,0,'158.255.30.30','2017-07-01 08:27:14'),(985,0,4,0,'Volt S678',0,0,0,0,'158.255.30.30','2017-07-01 08:27:27'),(986,0,4,0,'Volt S678',0,0,0,0,'158.255.30.30','2017-07-01 08:27:30'),(987,0,4,0,'Volt S678',173,0,0,0,'158.255.30.30','2017-07-01 08:28:07'),(988,0,4,0,'Volt S678',173,0,0,0,'158.255.30.30','2017-07-01 08:28:14'),(989,0,4,0,'Volt S678',173,0,0,0,'158.255.30.30','2017-07-01 08:30:28'),(990,0,4,0,'Volt S678',173,0,0,0,'158.255.30.30','2017-07-01 08:30:30'),(991,0,4,0,'Volt S678',0,0,0,0,'158.255.30.30','2017-07-01 08:30:32'),(992,0,4,0,'audrey',0,0,0,4,'95.103.79.248','2017-07-01 08:36:06'),(993,0,4,0,'bourgie',0,0,0,0,'95.103.79.248','2017-07-01 08:40:00'),(994,0,4,0,'Bourgie',0,0,0,0,'95.103.79.248','2017-07-01 08:40:16'),(995,0,4,0,'clara',0,0,0,3,'95.103.79.248','2017-07-01 09:07:44'),(996,0,4,0,'clara',0,0,0,3,'95.103.79.248','2017-07-01 09:23:46'),(997,0,4,0,'clara',0,0,0,3,'95.103.79.248','2017-07-01 09:24:20'),(998,0,4,0,'barova',0,0,0,0,'194.152.167.101','2017-07-01 11:40:05'),(999,0,4,0,'barova',0,0,0,0,'194.152.167.101','2017-07-01 11:40:21'),(1000,0,4,0,'barová stolička',0,0,0,0,'194.152.167.101','2017-07-01 11:40:47'),(1001,0,4,0,'foliage',0,0,0,4,'95.103.52.99','2017-07-01 13:10:46'),(1002,0,4,0,'Tai',0,0,0,4,'88.212.37.136','2017-07-01 13:50:50'),(1003,0,4,0,'foliage',0,0,0,4,'213.181.136.113','2017-07-01 16:29:37'),(1004,0,4,0,'pedrali',0,0,0,0,'194.152.167.101','2017-07-01 21:12:13'),(1005,0,4,0,'reziserska',0,0,0,0,'95.105.165.153','2017-07-01 21:50:57'),(1006,0,4,0,'Postele',0,0,0,0,'37.58.0.208','2017-07-02 08:10:56'),(1007,0,4,0,'Perla',0,0,0,1,'195.91.98.21','2017-07-02 09:25:02'),(1008,0,4,0,'foliage',0,0,0,4,'178.143.68.102','2017-07-02 18:50:45'),(1009,0,4,0,'light air b',0,0,0,0,'95.103.79.248','2017-07-03 08:02:24'),(1010,0,4,0,'jozo',0,0,0,0,'95.103.79.248','2017-07-03 08:43:07'),(1011,0,4,0,'jozo',0,0,0,0,'95.103.79.248','2017-07-03 08:46:51'),(1012,0,4,0,'jozo',0,0,0,0,'95.103.79.248','2017-07-03 08:46:52'),(1013,0,4,0,'jozo',0,0,0,0,'95.103.79.248','2017-07-03 08:53:05'),(1014,0,4,0,'jozo',0,0,0,0,'95.103.79.248','2017-07-03 08:53:06'),(1015,0,4,0,'jozo',0,0,0,1,'95.103.79.248','2017-07-03 08:53:52'),(1016,0,4,0,'epica',0,0,0,2,'95.103.79.248','2017-07-03 10:29:29'),(1017,0,4,0,'epica',0,0,0,2,'95.103.79.248','2017-07-03 10:29:45'),(1018,0,4,0,'up chair',0,0,0,6,'95.103.79.248','2017-07-03 10:32:31'),(1019,0,4,0,'luig',0,0,0,2,'95.103.79.248','2017-07-03 11:43:17'),(1020,0,4,0,'luig',0,0,0,2,'95.103.79.248','2017-07-03 11:50:23'),(1021,0,4,0,'luig',0,0,0,2,'95.103.79.248','2017-07-03 11:50:51'),(1022,0,4,0,'luig',0,0,0,2,'95.103.79.248','2017-07-03 11:52:35'),(1023,0,4,0,'luig',0,0,0,2,'95.103.79.248','2017-07-03 11:53:40'),(1024,0,4,0,'leau',0,0,0,0,'95.103.79.248','2017-07-03 15:02:44'),(1025,0,4,0,'fris',0,0,0,1,'95.103.79.248','2017-07-03 15:37:09'),(1026,0,4,0,'twist',0,0,0,11,'95.103.79.248','2017-07-03 16:05:44'),(1027,0,4,0,'clara',0,0,0,3,'95.103.79.248','2017-07-03 16:12:34'),(1028,0,4,0,'lavice',0,0,0,0,'95.105.167.223','2017-07-03 16:32:24'),(1029,0,4,0,'Tokyo',0,0,0,2,'85.237.234.181','2017-07-03 20:30:53'),(1030,0,4,0,'Aragona',0,0,0,1,'85.237.234.181','2017-07-03 20:31:35'),(1031,0,4,0,'Aragona',0,0,0,1,'85.237.234.181','2017-07-03 20:32:46'),(1032,0,4,0,'amy',0,0,0,1,'192.164.42.196','2017-07-03 21:16:57'),(1033,0,4,0,'740',0,0,0,1,'95.103.79.248','2017-07-04 08:52:52'),(1034,0,4,0,'Siena',0,0,0,1,'195.212.58.200','2017-07-04 08:56:09'),(1035,0,4,0,'twist',0,0,0,12,'95.103.79.248','2017-07-04 09:47:50'),(1036,0,4,0,'twist',0,0,0,12,'95.103.79.248','2017-07-04 09:49:39'),(1037,0,4,0,'twist',0,0,0,12,'95.103.79.248','2017-07-04 09:49:59'),(1038,0,4,0,'twist',0,0,0,12,'95.103.79.248','2017-07-04 09:51:33'),(1039,0,4,0,'Bourgie',0,0,0,1,'95.103.79.248','2017-07-04 14:42:42'),(1040,0,4,0,'Attila',0,0,0,1,'95.103.79.248','2017-07-04 14:44:36'),(1041,0,4,0,'Audrey Soft by Sottsass',0,0,0,1,'95.103.79.248','2017-07-04 14:46:16'),(1042,0,4,0,'Audrey Soft by Sottsass',0,0,0,1,'95.103.79.248','2017-07-04 14:47:02'),(1043,0,4,0,'Bloom O',0,0,0,5,'95.103.79.248','2017-07-04 14:48:52'),(1044,0,4,0,'Bloom W',0,0,0,1,'95.103.79.248','2017-07-04 14:50:30'),(1045,0,4,0,'Calice',0,0,0,1,'95.103.79.248','2017-07-04 14:53:03'),(1046,0,4,0,'Calice',0,0,0,1,'95.103.79.248','2017-07-04 14:54:49'),(1047,0,4,0,'Calice',0,0,0,1,'95.103.79.248','2017-07-04 14:56:40'),(1048,0,4,0,'Clap P',0,0,0,2,'95.103.79.248','2017-07-04 14:57:10'),(1049,0,4,0,'Clap P',0,0,0,2,'95.103.79.248','2017-07-04 14:58:07'),(1050,0,4,0,'Componibili 4953',0,0,0,0,'95.103.79.248','2017-07-04 14:58:24'),(1051,0,4,0,'Componibili ',0,0,0,1,'95.103.79.248','2017-07-04 14:58:48'),(1052,0,4,0,'Componibili ',0,0,0,1,'95.103.79.248','2017-07-04 14:58:57'),(1053,0,4,0,'Componibili ',0,0,0,1,'95.103.79.248','2017-07-04 14:59:45'),(1054,0,4,0,'FL/Y',0,0,0,4,'95.103.79.248','2017-07-04 15:00:37'),(1055,0,4,0,'FL/Y',0,0,0,4,'95.103.79.248','2017-07-04 15:01:09'),(1056,0,4,0,'FL/Y',0,0,0,4,'95.103.79.248','2017-07-04 15:01:27'),(1057,0,4,0,'FL/Y',0,0,0,4,'95.103.79.248','2017-07-04 15:01:49'),(1058,0,4,0,'Frilly',0,0,0,1,'95.103.79.248','2017-07-04 15:03:18'),(1059,0,4,0,'Gastone',0,0,0,1,'95.103.79.248','2017-07-04 15:06:13'),(1060,0,4,0,'Ghost Buster',0,0,0,2,'95.103.79.248','2017-07-04 15:06:32'),(1061,0,4,0,'Gè',0,0,0,73,'95.103.79.248','2017-07-04 15:07:06'),(1062,0,4,0,'Gè',0,0,0,73,'95.103.79.248','2017-07-04 15:07:20'),(1063,0,4,0,'La Bohème',0,0,0,2,'95.103.79.248','2017-07-04 15:25:27'),(1064,0,4,0,'La Bohème',0,0,0,2,'95.103.79.248','2017-07-04 15:25:47'),(1065,0,4,0,'La Bohème',0,0,0,2,'95.103.79.248','2017-07-04 15:26:17'),(1066,0,4,0,'La Marie',0,0,0,1,'95.103.79.248','2017-07-04 15:26:36'),(1067,0,4,0,'Light-Air',0,0,0,4,'95.103.79.248','2017-07-04 15:27:36'),(1068,0,4,0,'Light-Air',0,0,0,4,'95.103.79.248','2017-07-04 15:28:01'),(1069,0,4,0,'Light-Air',0,0,0,4,'95.103.79.248','2017-07-04 15:28:18'),(1070,0,4,0,'Light-Air',0,0,0,4,'95.103.79.248','2017-07-04 15:28:56'),(1071,0,4,0,'Lou Lou Ghost',0,0,0,2,'95.103.79.248','2017-07-04 15:29:16'),(1072,0,4,0,'Lou Lou Ghost',0,0,0,2,'95.103.79.248','2017-07-04 15:29:38'),(1073,0,4,0,'Lou Lou Ghost',0,0,0,2,'95.103.79.248','2017-07-04 15:32:08'),(1074,0,4,0,'Lou Lou Kids',0,0,0,1,'95.103.79.248','2017-07-04 15:33:04'),(1075,0,4,0,'Masters stool',0,0,0,1,'95.103.79.248','2017-07-04 15:35:39'),(1076,0,4,0,'Masters stool',0,0,0,1,'95.103.79.248','2017-07-04 15:37:35'),(1077,0,4,0,'Max-Beam',0,0,0,1,'95.103.79.248','2017-07-04 15:39:34'),(1078,0,4,0,'Max-Beam',0,0,0,1,'95.103.79.248','2017-07-04 15:40:36'),(1079,0,4,0,'Optic',0,0,0,1,'95.103.79.248','2017-07-04 15:43:01'),(1080,0,4,0,'Pilastro',0,0,0,1,'95.103.79.248','2017-07-04 15:43:19'),(1081,0,4,0,'Planet ',0,0,0,6,'95.103.79.248','2017-07-04 15:45:37'),(1082,0,4,0,'Planet ',0,0,0,6,'95.103.79.248','2017-07-04 15:45:56'),(1083,0,4,0,'Sound-Rack',0,0,0,1,'95.103.79.248','2017-07-04 15:47:41'),(1084,0,4,0,'Sparkle',0,0,0,2,'95.103.79.248','2017-07-04 15:47:58'),(1085,0,4,0,'Sparkle',0,0,0,2,'95.103.79.248','2017-07-04 15:48:22'),(1086,0,4,0,'Take',0,0,0,1,'95.103.79.248','2017-07-04 15:52:13'),(1087,0,4,0,'Take',0,0,0,1,'95.103.79.248','2017-07-04 15:52:38'),(1088,0,4,0,'Thalya',0,0,0,2,'95.103.79.248','2017-07-04 15:52:56'),(1089,0,4,0,'Thalya',0,0,0,2,'95.103.79.248','2017-07-04 15:53:18'),(1090,0,4,0,'Thalya',0,0,0,2,'95.103.79.248','2017-07-04 15:54:09'),(1091,0,4,0,'TipTop',0,0,0,5,'95.103.79.248','2017-07-04 15:54:29'),(1092,0,4,0,'TipTop',0,0,0,5,'95.103.79.248','2017-07-04 15:54:46'),(1093,0,4,0,'TipTop',0,0,0,5,'95.103.79.248','2017-07-04 15:54:58'),(1094,0,4,0,'Uncle Jim',0,0,0,1,'95.103.79.248','2017-07-04 15:55:43'),(1095,0,4,0,'Uncle Jim',0,0,0,1,'95.103.79.248','2017-07-04 15:56:05'),(1096,0,4,0,'Victoria Ghost',0,0,0,1,'95.103.79.248','2017-07-04 15:56:50'),(1097,0,4,0,'Victoria Ghost',0,0,0,1,'95.103.79.248','2017-07-04 15:57:39'),(1098,0,4,0,'É applique',0,0,0,1,'95.103.79.248','2017-07-04 15:58:13'),(1099,0,4,0,'amy',0,0,0,1,'193.81.25.134','2017-07-05 11:29:00'),(1100,0,4,0,'step',0,0,0,8,'91.113.31.177','2017-07-05 17:31:59'),(1101,0,4,0,'ally',0,0,0,6,'91.113.31.177','2017-07-05 18:09:58'),(1102,0,4,0,'amy',0,0,0,1,'91.113.31.177','2017-07-05 18:19:42'),(1103,0,4,0,'amy',0,0,0,1,'91.113.31.177','2017-07-05 19:57:30'),(1104,0,4,0,'mu 26',0,0,0,1,'95.103.79.248','2017-07-06 06:35:00'),(1105,0,4,0,'artistico',0,0,0,5,'77.75.77.95','2017-07-06 08:08:38'),(1106,0,4,0,'postel',0,0,0,0,'195.91.16.180','2017-07-06 08:47:28'),(1107,0,4,0,'posteľˇ',0,0,0,0,'195.91.16.180','2017-07-06 08:47:38'),(1108,0,4,0,'posteľˇ',0,0,0,0,'195.91.16.180','2017-07-06 08:47:40'),(1109,0,4,0,'posteľˇ',0,0,0,0,'195.91.16.180','2017-07-06 08:47:47'),(1110,0,4,0,'chen',0,0,0,4,'95.103.79.248','2017-07-06 11:32:05'),(1111,0,4,0,'chen',0,0,0,4,'95.103.79.248','2017-07-06 11:34:06'),(1112,0,4,0,'chen',0,0,0,4,'195.168.36.130','2017-07-06 12:13:57'),(1113,0,4,0,'foliage',0,0,0,4,'95.103.46.230','2017-07-06 13:09:42'),(1114,0,4,0,'foliage',0,0,0,4,'95.103.46.230','2017-07-06 13:11:13'),(1115,0,4,0,'foliage',0,0,0,4,'85.237.234.145','2017-07-06 17:42:22'),(1116,0,4,0,'foliage',0,0,0,4,'62.2.169.162','2017-07-06 17:55:03'),(1117,0,4,0,'artistico',0,0,0,5,'91.121.79.180','2017-07-07 00:39:36'),(1118,0,4,0,'foliage',0,0,0,4,'37.58.0.71','2017-07-07 06:41:12'),(1119,0,4,0,'Finny',0,0,0,1,'85.237.234.85','2017-07-07 08:29:49'),(1120,0,4,0,'zebra',0,0,0,21,'95.103.79.248','2017-07-07 08:38:42'),(1121,0,4,0,'sami',0,0,0,6,'95.103.79.248','2017-07-07 12:13:51'),(1122,0,4,0,'clara',0,0,0,3,'95.103.79.248','2017-07-07 12:15:39'),(1123,0,4,0,'milano',0,0,0,5,'95.103.79.248','2017-07-07 12:15:55'),(1124,0,4,0,'milano',0,0,0,5,'95.103.79.248','2017-07-07 12:16:24'),(1125,0,4,0,'milano',0,0,0,5,'95.103.79.248','2017-07-07 12:16:35'),(1126,0,4,0,'milano',0,0,0,5,'95.103.79.248','2017-07-07 12:16:53'),(1127,0,4,0,'hidra',0,0,0,2,'95.103.79.248','2017-07-07 12:19:10'),(1128,0,4,0,'koka',0,0,0,0,'95.103.79.248','2017-07-07 12:20:31'),(1129,0,4,0,'cokka',0,0,0,1,'95.103.79.248','2017-07-07 12:21:00'),(1130,0,4,0,'barove stolicky',0,0,0,0,'188.112.79.206','2017-07-07 13:26:09'),(1131,0,4,0,'barove stolicky',0,0,0,0,'188.112.79.206','2017-07-07 13:26:21'),(1132,0,4,0,'barove stolicky',173,0,0,0,'188.112.79.206','2017-07-07 13:26:52'),(1133,0,4,0,'gotham',0,0,0,10,'95.103.79.248','2017-07-07 13:50:54'),(1134,0,4,0,'gotham',0,0,0,10,'95.103.79.248','2017-07-07 13:52:00'),(1135,0,4,0,'gotham',0,0,0,10,'95.103.79.248','2017-07-07 14:25:44'),(1136,0,4,0,'rolf',0,0,0,0,'88.212.40.254','2017-07-07 15:36:05'),(1137,0,4,0,'mio',0,0,0,0,'88.212.40.254','2017-07-07 15:36:18'),(1138,0,4,0,'mio',0,0,0,0,'88.212.40.254','2017-07-07 15:36:31'),(1139,0,4,0,'rolf',0,0,0,0,'88.212.40.254','2017-07-07 15:36:33'),(1140,0,4,0,'uncle jack',0,0,0,1,'194.96.233.12','2017-07-07 17:52:49'),(1141,0,4,0,'Posteľ',0,0,0,0,'85.237.234.143','2017-07-07 19:21:55'),(1142,0,4,0,'amy',0,0,0,1,'194.96.233.12','2017-07-07 19:51:33'),(1143,0,4,0,'artistico',0,0,0,5,'159.203.105.194','2017-07-08 04:20:39'),(1144,0,4,0,'CS4031MV Performance-C 110 ',0,0,0,1,'95.103.79.248','2017-07-08 08:35:17'),(1145,0,4,0,'clara',0,0,0,3,'185.23.113.168','2017-07-08 11:51:00'),(1146,0,4,0,'Sonny',0,0,0,4,'195.168.37.154','2017-07-08 14:13:33'),(1147,0,4,0,'Gotham',0,0,0,10,'195.168.37.154','2017-07-08 14:14:34'),(1148,0,4,0,'Gotham',0,0,0,10,'85.237.234.193','2017-07-08 14:15:37'),(1149,0,4,0,'Siena',0,0,0,1,'85.237.234.193','2017-07-08 14:19:35'),(1150,0,4,0,'Siena',0,0,0,1,'85.237.234.193','2017-07-08 14:20:57'),(1151,0,4,0,'KAALLSAI',0,0,0,0,'88.212.36.69','2017-07-08 15:23:20'),(1152,0,4,0,'all saints',0,0,0,0,'88.212.36.69','2017-07-08 15:23:29'),(1153,0,4,0,'tensione',0,0,0,1,'88.212.36.69','2017-07-08 15:23:41'),(1154,0,4,0,'atilla',0,0,0,0,'88.212.36.69','2017-07-08 15:26:12'),(1155,0,4,0,'atil',0,0,0,0,'88.212.36.69','2017-07-08 15:26:15'),(1156,0,4,0,'Kartel',0,0,0,0,'193.93.72.170','2017-07-08 16:43:14'),(1157,0,4,0,'talenti',0,0,0,0,'91.113.31.83','2017-07-08 17:24:23'),(1158,0,4,0,'chic',0,0,0,11,'91.113.31.83','2017-07-08 17:41:01'),(1159,0,4,0,'step',0,0,0,8,'91.113.31.83','2017-07-08 18:07:01'),(1160,0,4,0,'foliage',0,0,0,4,'195.168.135.210','2017-07-08 21:42:14'),(1161,0,4,0,'Aspettavo',0,0,0,1,'195.91.6.238','2017-07-09 05:07:19'),(1162,0,4,0,'Aspettavo',0,0,0,1,'195.91.6.238','2017-07-09 05:07:45'),(1163,0,4,0,'H-horse',0,0,0,1,'195.168.66.84','2017-07-09 07:13:30'),(1164,0,4,0,'E',0,0,0,1436,'195.168.66.84','2017-07-09 07:16:11'),(1165,0,4,0,'É',0,0,0,1436,'195.168.66.84','2017-07-09 07:16:33'),(1166,0,4,0,'artistico',0,0,0,5,'77.75.78.162','2017-07-09 07:20:25'),(1167,0,4,0,'H-horse',0,0,0,1,'195.168.66.84','2017-07-09 07:30:57'),(1168,0,4,0,'violet',0,0,0,2,'188.167.143.87','2017-07-09 11:03:38'),(1169,0,4,0,'amore',0,0,0,2,'95.105.220.95','2017-07-09 13:52:07'),(1170,0,4,0,'Siena',0,0,0,1,'84.47.54.146','2017-07-09 13:52:57'),(1171,0,4,0,'Siena',0,0,0,1,'84.47.54.146','2017-07-09 13:53:01'),(1172,0,4,0,'Posteľ',0,0,0,0,'85.216.197.0','2017-07-09 19:56:02'),(1173,0,4,0,'reziserska',0,0,0,0,'95.221.53.29','2017-07-10 01:07:58'),(1174,0,4,0,'artistico',0,0,0,5,'66.249.69.91','2017-07-10 01:31:43'),(1175,0,4,0,'1352 fox',0,0,0,2,'193.58.196.182','2017-07-10 07:23:34'),(1176,0,4,0,'8190 kos',0,0,0,1,'193.58.196.182','2017-07-10 07:23:55'),(1177,0,4,0,'É',0,0,0,1435,'95.103.79.248','2017-07-10 08:38:47'),(1178,0,4,0,'Barove stolicky',0,0,0,0,'178.143.191.138','2017-07-10 09:43:18'),(1179,0,4,0,'1477',0,0,0,0,'77.247.224.28','2017-07-10 09:49:16'),(1180,0,4,0,'CB1477',0,0,0,0,'77.247.224.28','2017-07-10 09:49:23'),(1181,0,4,0,'1039',0,0,0,1,'77.247.224.28','2017-07-10 09:49:30'),(1182,0,4,0,'1270',0,0,0,1,'77.247.224.28','2017-07-10 09:52:27'),(1183,0,4,0,'1427',0,0,0,1,'77.247.224.28','2017-07-10 09:54:37'),(1184,0,4,0,'1428',0,0,0,1,'77.247.224.28','2017-07-10 09:54:43'),(1185,0,4,0,'1405',0,0,0,1,'77.247.224.28','2017-07-10 09:54:46'),(1186,0,4,0,'Igloo',0,0,0,2,'178.143.191.138','2017-07-10 11:23:02'),(1187,0,4,0,'Amy set',0,0,0,1,'88.116.104.34','2017-07-10 12:02:10'),(1188,0,4,0,'Amy set',0,0,0,1,'88.116.104.34','2017-07-10 12:04:04'),(1189,0,4,0,'Amy set',0,0,0,1,'88.116.104.34','2017-07-10 12:05:51'),(1190,0,4,0,'Step set',0,0,0,1,'88.116.104.34','2017-07-10 12:06:02'),(1191,0,4,0,'Amy set',0,0,0,1,'88.116.104.34','2017-07-10 12:07:14'),(1192,0,4,0,'Step set',0,0,0,1,'88.116.104.34','2017-07-10 12:07:48'),(1193,0,4,0,'ChenAi',0,0,0,0,'85.237.234.226','2017-07-10 12:42:17'),(1194,0,4,0,'ChenAi',0,0,0,0,'85.237.234.226','2017-07-10 12:43:47'),(1195,0,4,0,'stol ariel',0,0,0,0,'88.212.41.185','2017-07-10 14:50:24'),(1196,0,4,0,'stol ariel',0,0,0,0,'88.212.41.185','2017-07-10 14:50:39'),(1197,0,4,0,'Lido',0,0,0,2,'85.237.234.77','2017-07-10 17:31:13'),(1198,0,4,0,' Slash, značka Colico design, ',0,0,0,0,'91.148.25.118','2017-07-11 06:18:52'),(1199,0,4,0,'CB 1405 led',0,0,0,1,'95.103.79.248','2017-07-11 08:55:59'),(1200,0,4,0,'CB 1405 led',0,0,0,1,'95.103.79.248','2017-07-11 08:56:45'),(1201,0,4,0,'Diavoletto',0,0,0,1,'95.103.79.248','2017-07-11 08:56:59'),(1202,0,4,0,'Diavoletto',0,0,0,1,'95.103.79.248','2017-07-11 08:57:18'),(1203,0,4,0,'Ego p',0,0,0,3,'95.103.79.248','2017-07-11 08:57:32'),(1204,0,4,0,'Zoe S',0,0,0,2,'95.103.79.248','2017-07-11 08:59:01'),(1205,0,4,0,'Ego p',0,0,0,3,'95.103.79.248','2017-07-11 09:00:33'),(1206,0,4,0,'Diavoletto',0,0,0,1,'95.103.79.248','2017-07-11 09:00:37'),(1207,0,4,0,'Diavoletto',0,0,0,1,'95.103.79.248','2017-07-11 09:01:20'),(1208,0,4,0,'ego p',0,0,0,3,'95.103.79.248','2017-07-11 09:01:29'),(1209,0,4,0,'Nene',0,0,0,6,'89.173.192.254','2017-07-11 10:38:46'),(1210,0,4,0,'Nene',0,0,0,6,'89.173.192.254','2017-07-11 10:39:13'),(1211,0,4,0,'Nene',0,0,0,6,'89.173.192.254','2017-07-11 10:39:41'),(1212,0,4,0,'catalina',0,0,0,2,'188.167.1.24','2017-07-11 11:25:04'),(1213,0,4,0,'Lido',0,0,0,2,'85.237.234.77','2017-07-11 11:26:42'),(1214,0,4,0,'dalia',0,0,0,0,'95.103.79.248','2017-07-11 14:14:04'),(1215,0,4,0,'sam',0,0,0,9,'95.103.79.248','2017-07-11 14:15:03'),(1216,0,4,0,'2802',0,0,0,1,'109.230.9.144','2017-07-11 17:12:09'),(1217,0,4,0,'Miss B POP 2802',0,0,0,1,'109.230.9.144','2017-07-11 17:13:07'),(1218,0,4,0,'foliage',0,0,0,4,'62.197.243.159','2017-07-11 20:41:57'),(1219,0,4,0,'Midj',0,0,0,0,'62.197.235.129','2017-07-11 21:29:06'),(1220,0,4,0,'Konzola',0,0,0,0,'62.197.235.129','2017-07-11 21:42:58'),(1221,0,4,0,'foliage',0,0,0,4,'95.103.26.4','2017-07-12 04:56:53'),(1222,0,4,0,'perla',0,0,0,1,'95.103.79.248','2017-07-12 07:54:33'),(1223,0,4,0,'perla',0,0,0,1,'95.103.79.248','2017-07-12 07:55:16'),(1224,0,4,0,'artistico',0,0,0,5,'77.75.78.171','2017-07-12 08:20:11'),(1225,0,4,0,'apelle',0,0,0,7,'95.103.79.248','2017-07-12 11:13:15'),(1226,0,4,0,'ego p',0,0,0,3,'95.103.79.248','2017-07-12 14:01:52'),(1227,0,4,0,'zoe s',0,0,0,2,'95.103.79.248','2017-07-12 14:03:18'),(1228,0,4,0,'GUAPA AT',0,0,0,0,'194.244.10.74','2017-07-12 14:21:14'),(1229,0,4,0,'GUAPA',0,0,0,7,'194.244.10.74','2017-07-12 14:21:17'),(1230,0,4,0,'jam',0,0,0,8,'95.103.79.248','2017-07-12 15:10:29'),(1231,0,4,0,'jam',0,0,0,8,'95.103.79.248','2017-07-12 15:13:04'),(1232,0,4,0,'gs870',0,0,0,0,'95.103.79.248','2017-07-12 15:21:59'),(1233,0,4,0,'gs',0,0,0,2,'95.103.79.248','2017-07-12 15:22:09'),(1234,0,4,0,'fenice',0,0,0,5,'95.170.247.97','2017-07-12 18:18:35'),(1235,0,4,0,'kávové a konferenčné',0,0,0,0,'95.105.214.89','2017-07-12 19:25:03'),(1236,0,4,0,'konferenčný',0,0,0,0,'95.105.214.89','2017-07-12 19:28:58'),(1237,0,4,0,'konferenčný',188,0,0,0,'95.105.214.89','2017-07-12 19:29:14'),(1238,0,4,0,'artistico',0,0,0,5,'5.255.250.4','2017-07-12 23:36:20'),(1239,0,4,0,'foliage',0,0,0,4,'178.40.68.168','2017-07-13 05:10:02'),(1240,0,4,0,'luigi',0,0,0,2,'95.103.79.248','2017-07-13 09:42:04'),(1241,0,4,0,'Performance C 110',0,0,0,2,'95.103.79.248','2017-07-13 11:02:46'),(1242,0,4,0,'Maiorca T',0,0,0,1,'95.103.79.248','2017-07-13 11:11:30'),(1243,0,4,0,'Open-VT',0,0,0,0,'95.103.79.248','2017-07-13 11:14:11'),(1244,0,4,0,'Open',0,0,0,5,'95.103.79.248','2017-07-13 11:14:40'),(1245,0,4,0,'Bridge T',0,0,0,1,'95.103.79.248','2017-07-13 11:16:57'),(1246,0,4,0,'ghost',0,0,0,7,'95.103.79.248','2017-07-13 14:56:09'),(1247,0,4,0,'foliage',0,0,0,4,'178.40.64.83','2017-07-13 16:14:23'),(1248,0,4,0,'foliage',0,0,0,4,'95.102.12.1','2017-07-13 20:43:12'),(1249,0,4,0,'luigi',0,0,0,2,'95.103.79.248','2017-07-14 09:25:40'),(1250,0,4,0,'luigi',0,0,0,2,'95.103.79.248','2017-07-14 09:25:48'),(1251,0,4,0,'stoomgenerator',0,0,0,0,'92.109.244.127','2017-07-14 12:40:49'),(1252,0,4,0,'stoomgenerator',0,0,0,0,'92.109.244.127','2017-07-14 12:41:20'),(1253,0,4,0,'net',0,0,0,10,'95.103.79.248','2017-07-14 13:43:44'),(1254,0,4,0,'net',0,0,0,10,'95.103.79.248','2017-07-14 14:05:27'),(1255,0,4,0,'stolik',0,0,0,0,'213.151.215.195','2017-07-14 18:26:20'),(1256,0,4,0,'konferencny stolik',0,0,0,0,'213.151.215.195','2017-07-14 18:26:44'),(1257,0,4,0,'komoda',0,0,0,0,'213.151.215.195','2017-07-14 18:28:15'),(1258,0,4,0,'komoda',203,0,0,0,'213.151.215.195','2017-07-14 18:28:41'),(1259,0,4,0,'Chenei',0,0,0,0,'195.160.182.47','2017-07-14 20:15:21'),(1260,0,4,0,'Chennai',0,0,0,4,'195.160.182.47','2017-07-14 20:15:54'),(1261,0,4,0,'Chennai',0,0,0,4,'195.160.182.47','2017-07-14 20:16:39'),(1262,0,4,0,'Chenei',0,0,0,0,'195.160.182.47','2017-07-14 20:16:42'),(1263,0,4,0,'foliage',0,0,0,4,'91.127.185.60','2017-07-14 20:22:02'),(1264,0,4,0,'Calligaris',0,0,0,0,'86.56.172.19','2017-07-14 20:37:18'),(1265,0,4,0,'Caligaris',0,0,0,0,'86.56.172.19','2017-07-14 20:37:29'),(1266,0,4,0,'Sole',0,0,0,3,'185.69.106.66','2017-07-15 07:19:37'),(1267,0,4,0,'komoda',0,0,0,0,'213.151.215.195','2017-07-15 10:25:41'),(1268,0,4,0,'komoda',0,0,0,0,'213.151.215.195','2017-07-15 10:25:53'),(1269,0,4,0,'apelle ct',0,0,0,1,'213.151.215.195','2017-07-15 11:16:11'),(1270,0,4,0,'Sole',0,0,0,3,'185.69.106.66','2017-07-15 12:03:14'),(1271,0,4,0,'Sole',0,0,0,3,'185.69.106.66','2017-07-15 12:12:08'),(1272,0,4,0,'Sole',0,0,0,3,'185.69.106.66','2017-07-15 12:12:17'),(1273,0,4,0,'foliage',0,0,0,4,'100.43.91.10','2017-07-15 13:00:03'),(1274,0,4,0,'Sole',0,0,0,3,'185.69.106.66','2017-07-15 13:01:35'),(1275,0,4,0,'Bolero S',0,0,0,1,'78.98.141.98','2017-07-15 18:11:19'),(1276,0,4,0,'H-horse',0,0,0,1,'195.91.5.71','2017-07-15 19:02:09'),(1277,0,4,0,'Sole',0,0,0,3,'185.69.106.66','2017-07-15 21:13:00'),(1278,0,4,0,'Stol',0,0,0,0,'85.237.234.82','2017-07-16 00:03:37'),(1279,0,4,0,'Stol',166,0,0,1,'85.237.234.82','2017-07-16 00:04:14'),(1280,0,4,0,'karo',0,0,0,0,'188.167.254.83','2017-07-16 07:55:16'),(1281,0,4,0,'Zrkadlo',0,0,0,0,'85.216.184.158','2017-07-16 09:04:07'),(1282,0,4,0,'Zrkadlo',0,0,0,0,'85.216.184.158','2017-07-16 09:04:14'),(1283,0,4,0,'Zrkadlo',0,0,0,0,'85.216.184.158','2017-07-16 09:04:15'),(1284,0,4,0,'Zrkadlo',0,0,0,0,'85.216.184.158','2017-07-16 09:04:19'),(1285,0,4,0,'foliage',0,0,0,4,'188.167.110.32','2017-07-16 11:19:38'),(1286,0,4,0,'emu round',0,0,0,0,'194.96.253.15','2017-07-16 12:25:18'),(1287,0,4,0,'emu',0,0,0,0,'194.96.253.15','2017-07-16 12:25:37'),(1288,0,4,0,'athena',0,0,0,2,'194.96.253.15','2017-07-16 12:32:00'),(1289,0,4,0,'Skladacia stolicka',0,0,0,0,'85.216.206.30','2017-07-16 13:10:25'),(1290,0,4,0,'Skladacia ',0,0,0,17,'85.216.206.30','2017-07-16 13:10:59'),(1291,0,4,0,'Ozzio skladacia',0,0,0,0,'85.216.206.30','2017-07-16 13:12:27'),(1292,0,4,0,'Ozzio ',0,0,0,22,'85.216.206.30','2017-07-16 13:12:41'),(1293,0,4,0,'amy',0,0,0,1,'194.96.253.15','2017-07-16 13:13:01'),(1294,0,4,0,'Ozzio ',0,0,0,22,'85.216.206.30','2017-07-16 13:15:45'),(1295,0,4,0,'Ozzio ',0,0,0,22,'85.216.206.30','2017-07-16 13:24:18'),(1296,0,4,0,'Ozzio ',0,0,0,22,'85.216.206.30','2017-07-16 13:26:26'),(1297,0,4,0,'Ozzio ',0,0,0,22,'85.216.206.30','2017-07-16 13:27:30'),(1298,0,4,0,'babar',0,0,0,0,'194.96.253.15','2017-07-16 17:48:11'),(1299,0,4,0,'arper',0,0,0,0,'194.96.253.15','2017-07-16 17:48:34'),(1300,0,4,0,'vankúše',0,0,0,0,'77.247.224.38','2017-07-16 19:57:48'),(1301,0,4,0,'HAG',0,0,0,2,'89.173.81.87','2017-07-16 21:40:55'),(1302,0,4,0,'chili',0,0,0,1,'78.98.48.38','2017-07-16 21:47:43'),(1303,0,4,0,'furniture',0,0,0,0,'176.107.17.216','2017-07-17 08:25:28'),(1304,0,4,0,'raff',0,0,0,11,'95.103.79.248','2017-07-17 11:13:10'),(1305,0,4,0,'raff',0,0,0,11,'95.103.79.248','2017-07-17 11:13:37'),(1306,0,4,0,'jam',0,0,0,8,'95.103.79.248','2017-07-17 11:14:30'),(1307,0,4,0,'foliage',0,0,0,4,'212.89.240.94','2017-07-17 11:52:20'),(1308,0,4,0,'CB4724-M 130 Eminence',0,0,0,1,'95.103.79.248','2017-07-17 14:57:50'),(1309,0,4,0,'vitra',0,0,0,0,'84.16.39.168','2017-07-17 16:01:31'),(1310,0,4,0,'foliage',0,0,0,4,'91.219.132.169','2017-07-17 18:25:36'),(1311,0,4,0,'skrine ',0,0,0,0,'95.102.239.98','2017-07-17 21:48:14'),(1312,0,4,0,'skriňa',0,0,0,0,'95.102.239.98','2017-07-17 21:48:42'),(1313,0,4,0,'knižnica',0,0,0,0,'95.102.239.98','2017-07-17 21:48:58'),(1314,0,4,0,'artistico',0,0,0,5,'77.88.47.12','2017-07-17 23:42:42'),(1315,0,4,0,'artistico',0,0,0,5,'45.55.197.129','2017-07-18 00:14:31'),(1316,0,4,0,'Buggle-Up',0,0,0,1,'95.103.79.248','2017-07-18 06:19:20'),(1317,0,4,0,'CB1189 Suite',0,0,0,2,'95.103.79.248','2017-07-18 07:12:54'),(1318,0,4,0,'CB1189 Suite',0,0,0,2,'95.103.79.248','2017-07-18 07:13:44'),(1319,0,4,0,'CB1189 Suite',0,0,0,2,'95.103.79.248','2017-07-18 07:14:03'),(1320,0,4,0,'foliage',0,0,0,4,'77.88.47.12','2017-07-18 07:33:22'),(1321,0,4,0,'afro',0,0,0,3,'95.103.79.248','2017-07-18 11:27:43'),(1322,0,4,0,'colico pure',0,0,0,0,'188.167.168.162','2017-07-18 12:46:15'),(1323,0,4,0,'pure',0,0,0,18,'188.167.168.162','2017-07-18 12:46:22'),(1324,0,4,0,'Sole',0,0,0,3,'185.69.106.66','2017-07-18 15:43:06'),(1325,0,4,0,'lyze',0,0,0,0,'192.164.43.54','2017-07-18 17:10:43'),(1326,0,4,0,'yard',0,0,0,8,'192.164.43.54','2017-07-18 17:10:57'),(1327,0,4,0,'amy',0,0,0,1,'192.164.43.54','2017-07-18 17:57:33'),(1328,0,4,0,'Bora bis',0,0,0,1,'78.98.141.98','2017-07-18 20:18:32'),(1329,0,4,0,'cleo',0,0,0,10,'192.164.43.54','2017-07-18 20:20:12'),(1330,0,4,0,'PA126 ',0,0,0,2,'78.98.141.98','2017-07-18 20:22:57'),(1331,0,4,0,'AV309A',0,0,0,1,'95.103.79.248','2017-07-19 07:39:54'),(1332,0,4,0,'AV309A ',0,0,0,1,'95.103.79.248','2017-07-19 07:41:00'),(1333,0,4,0,'apelle',0,0,0,7,'194.244.10.74','2017-07-19 08:47:36'),(1334,0,4,0,'cover',0,0,0,6,'194.244.10.74','2017-07-19 08:48:11'),(1335,0,4,0,'apelle',0,0,0,7,'194.244.10.74','2017-07-19 08:48:33'),(1336,0,4,0,'cover',0,0,0,6,'194.244.10.74','2017-07-19 08:48:36'),(1337,0,4,0,'sily',0,0,0,0,'194.244.10.74','2017-07-19 08:48:45'),(1338,0,4,0,'silvy',0,0,0,0,'194.244.10.74','2017-07-19 08:48:48'),(1339,0,4,0,'SILVY SBR TS',0,0,0,0,'194.244.10.74','2017-07-19 08:49:06'),(1340,0,4,0,'elettra',0,0,0,0,'194.244.10.74','2017-07-19 08:49:21'),(1341,0,4,0,'f12',0,0,0,1,'194.244.10.74','2017-07-19 08:49:31'),(1342,0,4,0,'guapa',0,0,0,7,'194.244.10.74','2017-07-19 08:49:46'),(1343,0,4,0,'joe',0,0,0,8,'194.244.10.74','2017-07-19 08:50:37'),(1344,0,4,0,'nene',0,0,0,6,'194.244.10.74','2017-07-19 08:52:13'),(1345,0,4,0,'ola',0,0,0,14,'194.244.10.74','2017-07-19 08:52:26'),(1346,0,4,0,'portofino',0,0,0,4,'194.244.10.74','2017-07-19 08:52:37'),(1347,0,4,0,'bond',0,0,0,2,'194.244.10.74','2017-07-19 08:52:48'),(1348,0,4,0,'london',0,0,0,3,'194.244.10.74','2017-07-19 08:54:53'),(1349,0,4,0,'Peel Club',0,0,0,1,'95.103.79.248','2017-07-19 12:19:48'),(1350,0,4,0,'alham',0,0,0,4,'95.103.79.248','2017-07-19 12:59:17'),(1351,0,4,0,'akademy',0,0,0,0,'95.103.79.248','2017-07-19 13:02:33'),(1352,0,4,0,'academy',0,0,0,4,'95.103.79.248','2017-07-19 13:02:43'),(1353,0,4,0,'academy',0,0,0,4,'95.103.79.248','2017-07-19 13:04:18'),(1354,0,4,0,'apelle',0,0,0,7,'194.244.10.74','2017-07-19 14:56:16'),(1355,0,4,0,'stolick',0,0,0,0,'78.98.150.48','2017-07-19 20:45:30'),(1356,0,4,0,'artistico',0,0,0,5,'40.77.167.34','2017-07-20 02:31:38'),(1357,0,4,0,'Avatat',0,0,0,0,'95.103.103.202','2017-07-20 05:09:11'),(1358,0,4,0,'Avatar',0,0,0,3,'95.103.103.202','2017-07-20 05:09:28'),(1359,0,4,0,'AV309A ',0,0,0,1,'195.98.28.160','2017-07-20 07:31:56'),(1360,0,4,0,'nočný stolík',0,0,0,0,'195.146.145.172','2017-07-20 07:43:24'),(1361,0,4,0,'nočný stolík',0,0,0,0,'195.146.145.172','2017-07-20 07:43:54'),(1362,0,4,0,'ghost',0,0,0,7,'95.103.79.248','2017-07-20 09:14:21'),(1363,0,4,0,'imperial',0,0,0,2,'95.103.79.248','2017-07-20 10:22:53'),(1364,0,4,0,'louis',0,0,0,1,'95.103.79.248','2017-07-20 10:27:58'),(1365,0,4,0,'igloo',0,0,0,2,'95.103.79.248','2017-07-20 10:29:35'),(1366,0,4,0,'igloo',0,0,0,2,'95.103.79.248','2017-07-20 10:29:55'),(1367,0,4,0,'la marie',0,0,0,1,'95.103.79.248','2017-07-20 10:31:13'),(1368,0,4,0,'Calligaris',0,0,0,0,'213.225.5.83','2017-07-20 14:07:56'),(1369,0,4,0,'Caligaris',0,0,0,0,'213.225.5.83','2017-07-20 14:08:08'),(1370,0,4,0,'Calligaris',0,0,0,0,'213.225.5.83','2017-07-20 14:08:15'),(1371,0,4,0,'Kartell',0,0,0,0,'195.91.28.157','2017-07-20 18:41:01'),(1372,0,4,0,'Kartel',0,0,0,0,'195.91.28.157','2017-07-20 18:42:04'),(1373,0,4,0,'jump',0,0,0,1,'88.212.40.254','2017-07-20 19:52:07'),(1374,0,4,0,'artistico',0,0,0,5,'37.187.56.47','2017-07-21 04:23:57'),(1375,0,4,0,'Sole',0,0,0,3,'185.69.106.66','2017-07-21 06:19:33'),(1376,0,4,0,'Headdemock',0,0,0,1,'95.103.79.248','2017-07-21 06:48:51'),(1377,0,4,0,'PA126',0,0,0,2,'87.197.167.20','2017-07-21 07:18:16'),(1378,0,4,0,'perla',0,0,0,1,'95.103.79.248','2017-07-21 09:16:29'),(1379,0,4,0,'real',0,0,0,3,'195.168.235.162','2017-07-21 09:29:22'),(1380,0,4,0,'giove',0,0,0,2,'195.168.235.162','2017-07-21 09:33:10'),(1381,0,4,0,'283',0,0,0,4,'88.212.36.69','2017-07-21 09:52:37'),(1382,0,4,0,'artistico',0,0,0,5,'69.30.198.242','2017-07-21 10:18:58'),(1383,0,4,0,'gravity',0,0,0,2,'69.30.198.242','2017-07-21 10:19:51'),(1384,0,4,0,'coli',0,0,0,0,'88.212.36.69','2017-07-21 10:41:58'),(1385,0,4,0,'vešiak',0,0,0,0,'188.121.164.33','2017-07-21 10:43:06'),(1386,0,4,0,'vešiaky',205,0,0,0,'188.121.164.33','2017-07-21 10:43:35'),(1387,0,4,0,'vešiaky',0,0,0,0,'188.121.164.33','2017-07-21 10:43:49'),(1388,0,4,0,'fotorámik',0,0,0,0,'88.212.46.157','2017-07-21 11:05:18'),(1389,0,4,0,'flos',0,0,0,0,'78.98.14.111','2017-07-21 13:16:29'),(1390,0,4,0,'Argo',0,0,0,8,'78.99.98.105','2017-07-21 13:31:40'),(1391,0,4,0,'foliage',0,0,0,4,'88.198.0.163','2017-07-22 07:28:56'),(1392,0,4,0,'Barové stoličky',0,0,0,0,'88.212.40.28','2017-07-22 07:43:19'),(1393,0,4,0,'Postele',0,0,0,0,'91.127.127.90','2017-07-22 09:11:21'),(1394,0,4,0,'Postele',0,0,0,0,'91.127.127.90','2017-07-22 09:19:32'),(1395,0,4,0,'foliage',0,0,0,4,'178.202.133.110','2017-07-22 15:08:27'),(1396,0,4,0,'artistico',0,0,0,5,'77.88.5.77','2017-07-22 22:08:35'),(1397,0,4,0,'esprit',0,0,0,0,'92.52.48.33','2017-07-23 07:25:11'),(1398,0,4,0,'Postel',0,0,0,0,'95.103.102.96','2017-07-23 09:02:53'),(1399,0,4,0,'foliage',0,0,0,4,'85.237.234.138','2017-07-23 09:56:58'),(1400,0,4,0,'Componibili ',0,0,0,1,'78.98.14.111','2017-07-23 10:01:19'),(1401,0,4,0,'jedlove',0,0,0,0,'86.110.240.110','2017-07-23 10:42:47'),(1402,0,4,0,'jedloveho',0,0,0,0,'86.110.240.110','2017-07-23 10:42:58'),(1403,0,4,0,'jedloveho',0,0,0,12,'86.110.240.110','2017-07-23 10:43:03'),(1404,0,4,0,'jedľového',0,0,0,12,'86.110.240.110','2017-07-23 10:43:43'),(1405,0,4,0,'pedrali',0,0,0,0,'95.170.249.133','2017-07-24 05:34:05'),(1406,0,4,0,'Pedrali',0,0,0,0,'95.170.249.133','2017-07-24 05:35:01'),(1407,0,4,0,'planet',0,0,0,6,'95.103.79.248','2017-07-24 08:12:18'),(1408,0,4,0,'artistico',0,0,0,5,'77.75.77.109','2017-07-24 08:16:08'),(1409,0,4,0,'queen',0,0,0,4,'95.103.79.248','2017-07-24 08:37:32'),(1410,0,4,0,'aple',0,0,0,0,'95.103.79.248','2017-07-24 08:38:36'),(1411,0,4,0,'foliage',0,0,0,4,'188.167.250.235','2017-07-24 09:20:01'),(1412,0,4,0,'bizzoto',0,0,0,0,'95.103.79.248','2017-07-24 10:19:43'),(1413,0,4,0,'Small',0,0,0,7,'80.242.41.179','2017-07-24 11:51:49'),(1414,0,4,0,'Small',0,0,0,7,'80.242.41.179','2017-07-24 11:53:25'),(1415,0,4,0,'foliage',0,0,0,4,'95.103.79.248','2017-07-24 12:18:23'),(1416,0,4,0,'eros plastic',0,0,0,0,'88.212.37.159','2017-07-24 14:50:49'),(1417,0,4,0,'midj',0,0,0,0,'178.143.191.210','2017-07-24 15:24:39'),(1418,0,4,0,'midj',0,0,0,0,'178.143.191.210','2017-07-24 15:24:58'),(1419,0,4,0,'midj',0,0,0,0,'178.143.191.210','2017-07-24 15:25:11'),(1420,0,4,0,'midj',0,0,0,0,'178.143.191.210','2017-07-24 15:25:36'),(1421,0,4,0,'ros',0,0,0,15,'95.103.79.248','2017-07-24 15:39:38'),(1422,0,4,0,'artistico',0,0,0,5,'85.237.234.193','2017-07-24 16:00:29'),(1423,0,4,0,'barové stoličky',0,0,0,0,'85.237.234.193','2017-07-24 16:09:53'),(1424,0,4,0,'foliage',0,0,0,4,'80.242.33.33','2017-07-24 16:16:46'),(1425,0,4,0,'Picapau',0,0,0,1,'85.237.234.193','2017-07-24 16:24:35'),(1426,0,4,0,'kartell',0,0,0,0,'91.127.16.240','2017-07-24 16:29:38'),(1427,0,4,0,'kartell',0,0,0,0,'91.127.16.240','2017-07-24 16:47:26'),(1428,0,4,0,'lapalma',0,0,0,0,'194.96.254.33','2017-07-24 19:58:45'),(1429,0,4,0,'lapalma',0,0,0,0,'194.96.254.33','2017-07-24 20:39:56'),(1430,0,4,0,'artistico',0,0,0,5,'66.249.66.4','2017-07-25 04:45:42'),(1431,0,4,0,'fox',0,0,0,4,'95.103.79.248','2017-07-25 09:43:33'),(1432,0,4,0,'4717 W',0,0,0,1,'95.103.79.248','2017-07-25 10:32:21'),(1433,0,4,0,'tip top mono',0,0,0,1,'95.103.79.248','2017-07-25 10:56:12'),(1434,0,4,0,'eminence',0,0,0,12,'95.103.79.248','2017-07-25 11:37:46'),(1435,0,4,0,'eminence',0,0,0,12,'95.103.79.248','2017-07-25 11:38:08'),(1436,0,4,0,'eminence',0,0,0,12,'95.103.79.248','2017-07-25 11:38:24'),(1437,0,4,0,'eminence',0,0,0,13,'95.103.79.248','2017-07-25 11:46:59'),(1438,0,4,0,'eminence',0,0,0,13,'95.103.79.248','2017-07-25 11:47:16'),(1439,0,4,0,'connubia',0,0,0,0,'82.99.162.124','2017-07-25 12:40:22'),(1440,0,4,0,'eminence',0,0,0,14,'95.103.79.248','2017-07-25 13:09:05'),(1441,0,4,0,'eminence',0,0,0,15,'95.103.79.248','2017-07-25 13:14:38'),(1442,0,4,0,'eminence',0,0,0,16,'95.103.79.248','2017-07-25 13:27:52'),(1443,0,4,0,'4717',0,0,0,2,'95.103.79.248','2017-07-25 13:55:45'),(1444,0,4,0,'mardi',0,0,0,0,'95.103.79.248','2017-07-25 14:46:01'),(1445,0,4,0,'Sedi',0,0,0,2,'195.12.158.2','2017-07-25 15:01:18'),(1446,0,4,0,'artistico',0,0,0,5,'66.249.76.93','2017-07-25 16:42:07'),(1447,0,4,0,'Playa',0,0,0,3,'95.103.54.206','2017-07-25 18:53:17'),(1448,0,4,0,'foliage',0,0,0,4,'95.105.197.45','2017-07-25 20:53:43'),(1449,0,4,0,'foliage',0,0,0,4,'178.40.50.9','2017-07-26 07:50:13'),(1450,0,4,0,'komoda',0,0,0,0,'84.47.53.211','2017-07-26 08:53:20'),(1451,0,4,0,'vitrina',0,0,0,0,'84.47.53.211','2017-07-26 08:59:27'),(1452,0,4,0,'kabu',0,0,0,1,'95.103.79.248','2017-07-26 15:10:26'),(1453,0,4,0,'Sedacky',0,0,0,0,'95.103.66.58','2017-07-26 20:14:59'),(1454,0,4,0,'Sedacky',0,0,0,0,'95.103.66.58','2017-07-26 20:15:38'),(1455,0,4,0,'Sedacky',0,0,0,0,'95.103.66.58','2017-07-26 20:16:34'),(1456,0,4,0,'suny obyvacka',0,0,0,0,'85.237.234.7','2017-07-27 00:29:47'),(1457,0,4,0,'jam',0,0,0,8,'95.103.79.248','2017-07-27 07:12:50'),(1458,0,4,0,'CS4031ML Performance',0,0,0,1,'95.103.79.248','2017-07-27 08:13:30'),(1459,0,4,0,'CB1085 Hero',0,0,0,0,'95.103.79.248','2017-07-27 08:26:11'),(1460,0,4,0,'Helios',0,0,0,0,'95.103.79.248','2017-07-27 08:27:06'),(1461,0,4,0,'CB1312 Helios',0,0,0,0,'95.103.79.248','2017-07-27 08:27:24'),(1462,0,4,0,'CB1312 ',0,0,0,0,'95.103.79.248','2017-07-27 08:27:33'),(1463,0,4,0,'Gio P 2314',0,0,0,1,'95.103.79.248','2017-07-27 08:29:07'),(1464,0,4,0,'Ara 315',0,0,0,1,'95.103.79.248','2017-07-27 08:31:21'),(1465,0,4,0,'Ara 315',0,0,0,1,'95.103.79.248','2017-07-27 08:31:46'),(1466,0,4,0,'Acquamarina',0,0,0,1,'95.103.79.248','2017-07-27 08:36:25'),(1467,0,4,0,'sole',0,0,0,3,'185.69.106.66','2017-07-27 09:16:22'),(1468,0,4,0,'foliage',0,0,0,4,'87.197.133.199','2017-07-27 09:28:01'),(1469,0,4,0,'jam',0,0,0,8,'95.103.79.248','2017-07-27 11:37:49'),(1470,0,4,0,'jam',0,0,0,8,'95.103.79.248','2017-07-27 11:38:25'),(1471,0,4,0,'sonny',0,0,0,4,'95.103.79.248','2017-07-27 11:43:57'),(1472,0,4,0,'baron',0,0,0,13,'95.103.79.248','2017-07-27 11:44:52'),(1473,0,4,0,'baron',0,0,0,13,'95.103.79.248','2017-07-27 11:47:14'),(1474,0,4,0,'sai',0,0,0,4,'95.103.79.248','2017-07-27 12:15:12'),(1475,0,4,0,'sai',0,0,0,4,'95.103.79.248','2017-07-27 12:15:57'),(1476,0,4,0,'SAI C',0,0,0,1,'82.142.67.98','2017-07-27 12:25:56'),(1477,0,4,0,'evans',0,0,0,0,'95.103.79.248','2017-07-27 16:27:31'),(1478,0,4,0,'evans',0,0,0,0,'95.103.79.248','2017-07-27 16:29:08'),(1479,0,4,0,'evans',0,0,0,0,'95.103.79.248','2017-07-27 16:33:14'),(1480,0,4,0,'Postel',0,0,0,0,'178.41.55.143','2017-07-27 18:18:15'),(1481,0,4,0,'Postel',0,0,0,0,'178.41.55.143','2017-07-27 18:18:21'),(1482,0,4,0,'artistico',0,0,0,5,'77.88.5.119','2017-07-27 21:30:06'),(1483,0,4,0,'artistico',0,0,0,5,'45.55.133.219','2017-07-27 22:46:14'),(1484,0,4,0,'Bloom W	',0,0,0,1,'193.58.196.182','2017-07-28 07:19:53'),(1485,0,4,0,'CB4724-M 130 Eminence',0,0,0,2,'95.103.79.248','2017-07-28 09:13:16'),(1486,0,4,0,'juta',0,0,0,1,'95.103.79.248','2017-07-28 09:30:38'),(1487,0,4,0,'juta',0,0,0,1,'95.103.79.248','2017-07-28 09:30:59'),(1488,0,4,0,'apell',0,0,0,7,'95.103.79.248','2017-07-28 09:50:20'),(1489,0,4,0,'CB4724-M 130 Eminence A',0,0,0,0,'95.103.79.248','2017-07-28 10:05:29'),(1490,0,4,0,'CB4724-M 130 Eminen',0,0,0,2,'95.103.79.248','2017-07-28 10:05:40'),(1491,0,4,0,'Bora',0,0,0,2,'95.210.41.244','2017-07-28 10:08:29'),(1492,0,4,0,'Bora',0,0,0,2,'95.210.41.244','2017-07-28 10:10:15'),(1493,0,4,0,'Libeccio',0,0,0,1,'95.210.41.244','2017-07-28 10:10:29'),(1494,0,4,0,'foliage',0,0,0,4,'78.98.228.122','2017-07-28 11:09:37'),(1495,0,4,0,'foliage',0,0,0,4,'78.98.228.122','2017-07-28 11:10:36'),(1496,0,4,0,'hag sofi mesh',0,0,0,0,'217.75.89.53','2017-07-28 13:09:37'),(1497,0,4,0,'hag sofi mesh',0,0,0,0,'217.75.89.53','2017-07-28 13:12:50'),(1498,0,4,0,'foliage',0,0,0,4,'109.230.31.106','2017-07-28 19:12:48'),(1499,0,4,0,'Perla',0,0,0,1,'78.99.87.157','2017-07-28 19:41:26'),(1500,0,4,0,'meritto',0,0,0,0,'109.230.59.63','2017-07-28 19:44:01'),(1501,0,4,0,'sony',0,0,0,0,'109.230.59.63','2017-07-28 19:44:14'),(1502,0,4,0,'Futu',0,0,0,3,'37.58.6.11','2017-07-28 22:15:04'),(1503,0,4,0,'Chennai',0,0,0,4,'109.230.9.84','2017-07-30 04:55:34'),(1504,0,4,0,'perla',0,0,0,1,'78.99.75.186','2017-07-30 09:25:47'),(1505,0,4,0,'foliage',0,0,0,4,'81.161.61.23','2017-07-30 12:46:12'),(1506,0,4,0,'artistico',0,0,0,5,'180.76.15.146','2017-07-30 18:19:22'),(1507,0,4,0,'Chennai',0,0,0,4,'188.167.186.234','2017-07-30 19:44:36'),(1508,0,4,0,'artistico',0,0,0,5,'66.249.76.95','2017-07-30 23:44:45'),(1509,0,4,0,'artistico',0,0,0,5,'66.249.75.14','2017-07-30 23:53:43'),(1510,0,4,0,'artistico',0,0,0,5,'66.249.76.91','2017-07-31 00:02:45'),(1511,0,4,0,'artistico',0,0,0,5,'66.249.75.14','2017-07-31 00:11:42'),(1512,0,4,0,'artistico',0,0,0,5,'66.249.76.95','2017-07-31 01:13:24'),(1513,0,4,0,'artistico',0,0,0,5,'66.249.69.141','2017-07-31 07:22:10'),(1514,0,4,0,'obyvacia stena',0,0,0,0,'85.237.234.242','2017-07-31 08:11:51'),(1515,0,4,0,'margherita',0,0,0,2,'95.103.79.248','2017-07-31 08:31:18'),(1516,0,4,0,'Peel Club',0,0,0,1,'95.103.79.248','2017-07-31 10:17:43'),(1517,0,4,0,'CB1910 Rosie Soft',0,0,0,1,'95.103.79.248','2017-07-31 12:15:19'),(1518,0,4,0,'siren',0,0,0,2,'95.103.79.248','2017-07-31 12:45:03'),(1519,0,4,0,'artistico',0,0,0,5,'66.249.76.95','2017-07-31 18:26:23'),(1520,0,4,0,'artistico',0,0,0,5,'66.249.76.91','2017-07-31 19:16:47'),(1521,0,4,0,'artistico',0,0,0,5,'180.76.15.23','2017-07-31 19:26:58'),(1522,0,4,0,'paris stolicka',0,0,0,0,'213.81.166.72','2017-07-31 20:43:00'),(1523,0,4,0,'paris stolicka',0,0,0,0,'213.81.166.72','2017-07-31 20:43:43'),(1524,0,4,0,'paris stolicka',0,0,0,0,'213.81.166.72','2017-07-31 20:45:01'),(1525,0,4,0,'artistico',0,0,0,5,'66.249.76.91','2017-07-31 22:44:03'),(1526,0,4,0,'foliage',0,0,0,4,'62.197.192.174','2017-08-01 05:31:37'),(1527,0,4,0,'foliage',0,0,0,4,'62.197.192.174','2017-08-01 05:33:22'),(1528,0,4,0,'artistico',0,0,0,5,'66.249.76.95','2017-08-01 06:26:02'),(1529,0,4,0,'jozo 22',0,0,0,1,'95.103.79.248','2017-08-01 06:26:05'),(1530,0,4,0,'mast',0,0,0,3,'95.103.79.248','2017-08-01 06:50:39'),(1531,0,4,0,'konzola afrodita',0,0,0,0,'212.55.248.170','2017-08-01 07:52:00'),(1532,0,4,0,'CS1273 L\'Eau',0,0,0,2,'95.103.79.248','2017-08-01 09:13:09'),(1533,0,4,0,'CS1273 L\'Eau',0,0,0,2,'95.103.79.248','2017-08-01 09:14:10'),(1534,0,4,0,'Gravity™',0,0,0,2,'95.103.79.248','2017-08-01 09:36:53'),(1535,0,4,0,'Gravity™',0,0,0,2,'95.103.79.248','2017-08-01 09:37:16'),(1536,0,4,0,'Gravity™',0,0,0,2,'95.103.79.248','2017-08-01 09:37:38'),(1537,0,4,0,'Gravity™',0,0,0,2,'95.103.79.248','2017-08-01 09:37:45'),(1538,0,4,0,'Gravity™',0,0,0,2,'95.103.79.248','2017-08-01 09:38:18'),(1539,0,4,0,'PA126',0,0,0,2,'95.103.79.248','2017-08-01 09:45:52'),(1540,0,4,0,'PA126',0,0,0,2,'95.103.79.248','2017-08-01 09:51:07'),(1541,0,4,0,'PA126',0,0,0,2,'95.103.79.248','2017-08-01 09:52:42'),(1542,0,4,0,'PA126',0,0,0,2,'95.103.79.248','2017-08-01 10:14:16'),(1543,0,4,0,'CB1910 Rosie Soft',0,0,0,1,'95.103.79.248','2017-08-01 13:00:12'),(1544,0,4,0,'jam',0,0,0,8,'95.103.79.248','2017-08-01 14:39:06'),(1545,0,4,0,'CS4031ML',0,0,0,1,'95.103.79.248','2017-08-01 15:34:48'),(1546,0,4,0,'artistico',0,0,0,5,'66.249.76.93','2017-08-01 19:19:11'),(1547,0,4,0,'artistico',0,0,0,5,'66.249.76.95','2017-08-01 20:14:29'),(1548,0,4,0,'structure',0,0,0,2,'95.103.123.201','2017-08-01 20:55:06'),(1549,0,4,0,'gravity',0,0,0,2,'66.249.76.93','2017-08-01 21:35:32'),(1550,0,4,0,'artistico',0,0,0,5,'180.76.15.14','2017-08-02 05:22:15'),(1551,0,4,0,'tulu',0,0,0,1,'87.197.149.161','2017-08-02 07:57:35'),(1552,0,4,0,'tule',0,0,0,0,'87.197.149.161','2017-08-02 07:57:41'),(1553,0,4,0,'artistico',0,0,0,5,'180.76.15.143','2017-08-02 18:19:56'),(1554,0,4,0,'artistico',0,0,0,5,'77.88.5.77','2017-08-02 21:07:55'),(1555,0,4,0,'up chair',0,0,0,6,'95.103.79.248','2017-08-03 12:28:07'),(1556,0,4,0,'Argo',0,0,0,8,'151.236.225.174','2017-08-03 13:10:44'),(1557,0,4,0,'argo',0,0,0,8,'151.236.225.174','2017-08-03 13:15:32'),(1558,0,4,0,'pure lo',0,0,0,15,'95.103.79.248','2017-08-03 13:36:04'),(1559,0,4,0,'artistico\'A=0',0,0,0,0,'176.108.188.1','2017-08-03 14:04:23'),(1560,0,4,0,'sonny pb q',0,0,0,0,'109.230.24.171','2017-08-03 17:53:58'),(1561,0,4,0,'foliage',0,0,0,4,'87.239.56.51','2017-08-04 06:25:05'),(1562,0,4,0,'Chennai',0,0,0,4,'82.119.116.150','2017-08-04 06:45:06'),(1563,0,4,0,'artistico',0,0,0,5,'192.95.29.116','2017-08-04 07:00:23'),(1564,0,4,0,'foliage',0,0,0,4,'195.49.191.151','2017-08-04 07:48:57'),(1565,0,4,0,'foliage',0,0,0,4,'195.49.191.151','2017-08-04 07:49:18'),(1566,0,4,0,'minimo',0,0,0,0,'95.103.79.248','2017-08-04 08:01:05'),(1567,0,4,0,'foliage',0,0,0,4,'88.212.37.138','2017-08-04 09:16:29'),(1568,0,4,0,'Extrem',0,0,0,1,'78.98.178.236','2017-08-04 10:47:17'),(1569,0,4,0,'Extrem',0,0,0,1,'78.98.178.236','2017-08-04 11:03:22'),(1570,0,4,0,'artistico',0,0,0,5,'62.202.6.127','2017-08-04 11:13:41'),(1571,0,4,0,'artistico',0,0,0,5,'62.202.6.127','2017-08-04 11:15:00'),(1572,0,4,0,'artistico',0,0,0,5,'62.202.6.127','2017-08-04 11:15:53'),(1573,0,4,0,'Finny',0,0,0,1,'62.197.243.160','2017-08-04 19:23:25'),(1574,0,4,0,'zebra',0,0,0,21,'195.168.70.147','2017-08-05 07:40:22'),(1575,0,4,0,'Postel',0,0,0,0,'37.58.1.140','2017-08-05 08:28:20'),(1576,0,4,0,'Postel',197,0,0,0,'37.58.1.140','2017-08-05 08:28:38'),(1577,0,4,0,'zande',0,0,0,0,'95.103.79.248','2017-08-05 09:03:09'),(1578,0,4,0,'zande',0,0,0,0,'95.103.79.248','2017-08-05 09:03:33'),(1579,0,4,0,'oka',0,0,0,1,'95.103.79.248','2017-08-05 09:05:28'),(1580,0,4,0,'skladom',0,0,0,0,'95.103.79.248','2017-08-05 12:50:52'),(1581,0,4,0,'foliage',0,0,0,4,'95.105.188.219','2017-08-05 19:24:53'),(1582,0,4,0,'malik',0,0,0,1,'178.143.181.198','2017-08-06 08:28:19'),(1583,0,4,0,'L\'Eau',0,0,0,5,'46.229.228.247','2017-08-06 10:22:32'),(1584,0,4,0,'L\'Eau',0,0,0,5,'46.229.228.247','2017-08-06 10:23:05'),(1585,0,4,0,'L\'Eau',0,0,0,5,'46.229.228.247','2017-08-06 10:23:26'),(1586,0,4,0,'L\'Eau',0,0,0,5,'46.229.228.247','2017-08-06 10:23:50'),(1587,0,4,0,'L\'Eau',0,0,0,5,'46.229.228.247','2017-08-06 10:24:04'),(1588,0,4,0,'1477',0,0,0,0,'46.229.228.247','2017-08-06 10:26:56'),(1589,0,4,0,'CB',0,0,0,121,'46.229.228.247','2017-08-06 10:29:11'),(1590,0,4,0,'CB1477',0,0,0,0,'46.229.228.247','2017-08-06 10:29:29'),(1591,0,4,0,'CB',0,0,0,121,'46.229.228.247','2017-08-06 10:29:35'),(1592,0,4,0,'CB',0,0,0,121,'46.229.228.247','2017-08-06 10:29:47'),(1593,0,4,0,'CB',171,0,0,0,'46.229.228.247','2017-08-06 10:30:03'),(1594,0,4,0,'CB',166,0,0,0,'46.229.228.247','2017-08-06 10:30:16'),(1595,0,4,0,'CB',0,0,0,121,'46.229.228.247','2017-08-06 10:30:22'),(1596,0,4,0,'CB',0,0,0,121,'46.229.228.247','2017-08-06 10:30:37'),(1597,0,4,0,'CB',0,0,0,121,'46.229.228.247','2017-08-06 10:31:09'),(1598,0,4,0,'CB',0,0,0,121,'46.229.228.247','2017-08-06 10:31:40'),(1599,0,4,0,'CB',0,0,0,121,'46.229.228.247','2017-08-06 10:31:52'),(1600,0,4,0,'CB',0,0,0,121,'46.229.228.247','2017-08-06 10:32:07'),(1601,0,4,0,'Eau',0,0,0,5,'46.229.228.247','2017-08-06 10:37:55'),(1602,0,4,0,'Eau',0,0,0,5,'46.229.228.247','2017-08-06 10:38:27'),(1603,0,4,0,'Eau',0,0,0,5,'46.229.228.247','2017-08-06 10:42:53'),(1604,0,4,0,'L\'Eau',0,0,0,5,'46.229.228.247','2017-08-06 10:43:27'),(1605,0,4,0,'Kniznica',0,0,0,0,'85.237.234.20','2017-08-06 11:55:29'),(1606,0,4,0,'Hidra',0,0,0,2,'78.99.103.98','2017-08-06 13:49:29'),(1607,0,4,0,'Hidra',0,0,0,2,'78.99.103.98','2017-08-06 13:51:17'),(1608,0,4,0,'Hidra',0,0,0,2,'78.99.103.98','2017-08-06 13:52:22'),(1609,0,4,0,'Hidra',0,0,0,2,'78.99.103.98','2017-08-06 13:53:12'),(1610,0,4,0,'Hidra',0,0,0,2,'78.99.103.98','2017-08-06 13:53:25'),(1611,0,4,0,'Hidra',0,0,0,2,'78.99.103.98','2017-08-06 13:53:40'),(1612,0,4,0,'Hidra',0,0,0,2,'78.99.103.98','2017-08-06 13:53:56'),(1613,0,4,0,'oregon',0,0,0,1,'90.64.61.198','2017-08-06 20:16:11'),(1614,0,4,0,'thesis',0,0,0,3,'90.64.61.198','2017-08-06 20:30:37'),(1615,0,4,0,'alice v chair',0,0,0,1,'90.64.61.198','2017-08-06 20:52:05'),(1616,0,4,0,'ice 800',0,0,0,1,'90.64.61.198','2017-08-06 20:52:51'),(1617,0,4,0,'ice',0,0,0,32,'90.64.61.198','2017-08-06 20:53:32'),(1618,0,4,0,'thesis',0,0,0,3,'90.64.61.198','2017-08-06 20:57:29'),(1619,0,4,0,'giove',0,0,0,3,'90.64.61.198','2017-08-06 20:58:04'),(1620,0,4,0,'giove',0,0,0,3,'90.64.61.198','2017-08-06 21:01:39'),(1621,0,4,0,'thesis',0,0,0,3,'90.64.61.198','2017-08-06 21:02:22'),(1622,0,4,0,'thesis',0,0,0,3,'90.64.61.198','2017-08-06 21:08:06'),(1623,0,4,0,'artistico',0,0,0,5,'45.55.244.72','2017-08-06 23:24:08'),(1624,0,4,0,'Compo',0,0,0,5,'195.91.4.138','2017-08-07 07:41:22'),(1625,0,4,0,'foliage',0,0,0,4,'213.215.84.6','2017-08-07 15:11:36'),(1626,0,4,0,'foliage',0,0,0,4,'213.215.84.6','2017-08-07 15:12:20'),(1627,0,4,0,'foliage',0,0,0,4,'88.80.230.62','2017-08-07 18:30:48'),(1628,0,4,0,'artistico',0,0,0,5,'77.88.5.77','2017-08-07 19:11:39'),(1629,0,4,0,'midj italia',0,0,0,0,'188.167.168.162','2017-08-08 07:10:22'),(1630,0,4,0,'Componibili ',0,0,0,5,'195.91.73.189','2017-08-08 07:34:27'),(1631,0,4,0,'Postel',0,0,0,0,'89.135.105.3','2017-08-08 16:11:17'),(1632,0,4,0,'Postele',0,0,0,0,'89.135.105.3','2017-08-08 16:11:27'),(1633,0,4,0,'Manželská posteľ',0,0,0,0,'89.135.105.3','2017-08-08 16:13:00'),(1634,0,4,0,'Akeo',0,0,0,2,'195.91.5.168','2017-08-08 17:17:06'),(1635,0,4,0,'Akeo',0,0,0,2,'195.91.5.168','2017-08-08 17:21:39'),(1636,0,4,0,'Akeo',0,0,0,2,'195.91.5.168','2017-08-08 17:23:21'),(1637,0,4,0,'Chennai',0,0,0,4,'84.245.121.89','2017-08-08 18:59:15'),(1638,0,4,0,'Manželská posteľ',0,0,0,0,'89.135.105.11','2017-08-09 09:46:00'),(1639,0,4,0,'apelle',0,0,0,7,'85.248.250.16','2017-08-09 12:02:55'),(1640,0,4,0,'apelle',0,0,0,7,'85.248.250.16','2017-08-09 12:03:31'),(1641,0,4,0,'apelle',0,0,0,7,'85.248.250.16','2017-08-09 12:03:51'),(1642,0,4,0,'queen of love',0,0,0,2,'193.193.170.254','2017-08-09 13:18:34'),(1643,0,4,0,'Tatsit ',0,0,0,0,'195.91.6.84','2017-08-09 22:26:08'),(1644,0,4,0,'Varier',0,0,0,0,'195.91.6.84','2017-08-09 22:26:36'),(1645,0,4,0,'Variable balans',0,0,0,2,'195.91.6.84','2017-08-09 22:27:42'),(1646,0,4,0,'Tatsit',0,0,0,0,'195.91.6.84','2017-08-09 22:28:43'),(1647,0,4,0,'Varier',0,0,0,0,'195.91.6.84','2017-08-09 22:28:57'),(1648,0,4,0,'Varier tatsit',0,0,0,0,'195.91.6.84','2017-08-09 22:29:15'),(1649,0,4,0,'Gravity',0,0,0,2,'85.237.234.9','2017-08-10 05:49:04'),(1650,0,4,0,'Chennai',0,0,0,4,'212.55.231.58','2017-08-10 16:21:20'),(1651,0,4,0,'Chennai',0,0,0,4,'212.55.231.58','2017-08-10 16:21:57'),(1652,0,4,0,'calligaris',0,0,0,0,'77.247.226.211','2017-08-10 17:20:15'),(1653,0,4,0,'Pure loop mini dandy',0,0,0,2,'85.237.234.27','2017-08-11 04:10:50'),(1654,0,4,0,'konferenčné stoly',0,0,0,0,'178.41.108.123','2017-08-11 13:11:50'),(1655,0,4,0,'konferenčné stoly',0,0,0,1,'178.41.108.123','2017-08-11 13:12:04'),(1656,0,4,0,'Posteľ',0,0,0,0,'188.123.100.83','2017-08-12 07:22:35'),(1657,0,4,0,'Postel',0,0,0,0,'188.123.100.83','2017-08-12 07:22:44'),(1658,0,4,0,'Manželská',0,0,0,0,'188.123.100.83','2017-08-12 07:22:55'),(1659,0,4,0,'artistico',0,0,0,5,'5.255.250.181','2017-08-12 19:23:18'),(1660,0,4,0,'jam',0,0,0,8,'178.143.167.20','2017-08-12 21:42:36'),(1661,0,4,0,'jam',0,0,0,8,'178.143.167.20','2017-08-12 21:46:26'),(1662,0,4,0,'alice v chair',0,0,0,1,'178.143.167.20','2017-08-12 21:47:44'),(1663,0,4,0,'ice',0,0,0,32,'178.143.167.20','2017-08-12 21:48:17'),(1664,0,4,0,'ice',0,0,0,32,'178.143.167.20','2017-08-12 21:48:27'),(1665,0,4,0,'l eau sh',0,0,0,1,'178.143.167.20','2017-08-12 21:50:25'),(1666,0,4,0,'sami',0,0,0,6,'178.143.167.20','2017-08-12 21:59:29'),(1667,0,4,0,'foliage',0,0,0,4,'91.127.181.134','2017-08-13 05:40:33'),(1668,0,4,0,'foliage',0,0,0,4,'95.102.167.29','2017-08-13 13:50:58'),(1669,0,4,0,'Stoličky ',0,0,0,0,'178.41.3.15','2017-08-13 14:44:14'),(1670,0,4,0,'artistico',0,0,0,5,'66.249.76.95','2017-08-13 15:36:49'),(1671,0,4,0,'PA126',0,0,0,2,'85.237.234.143','2017-08-13 21:02:06'),(1672,0,4,0,'Dafne ',0,0,0,4,'85.237.234.143','2017-08-13 21:03:41'),(1673,0,4,0,'Dafne ',0,0,0,4,'85.237.234.143','2017-08-13 21:05:01'),(1674,0,4,0,'PA126',0,0,0,2,'85.237.234.143','2017-08-13 21:05:10'),(1675,0,4,0,'eros',0,0,0,4,'213.151.244.121','2017-08-14 08:00:26'),(1676,0,4,0,'eros, 4-nohá chrómová',0,0,0,0,'213.151.244.121','2017-08-14 08:02:01'),(1677,0,4,0,'eros',0,0,0,4,'213.151.244.121','2017-08-14 08:02:14'),(1678,0,4,0,'eros',0,0,0,5,'213.151.244.121','2017-08-14 08:02:35'),(1679,0,4,0,'livensa',0,0,0,0,'95.103.79.248','2017-08-14 08:24:07'),(1680,0,4,0,'suite',0,0,0,2,'95.103.79.248','2017-08-14 08:31:32'),(1681,0,4,0,'suite',0,0,0,2,'95.103.79.248','2017-08-14 08:31:41'),(1682,0,4,0,'foliage',0,0,0,4,'81.161.60.198','2017-08-14 09:14:47'),(1683,0,4,0,'SEDACKA',0,0,0,0,'81.161.60.198','2017-08-14 09:24:12'),(1684,0,4,0,'Ariel 6832',0,0,0,1,'95.103.79.248','2017-08-14 10:12:40'),(1685,0,4,0,'componibili',0,0,0,5,'188.123.100.211','2017-08-14 10:52:26'),(1686,0,4,0,'ratan',0,0,0,0,'213.215.118.195','2017-08-14 13:39:25'),(1687,0,4,0,'igloo',0,0,0,2,'95.103.79.248','2017-08-14 14:03:35'),(1688,0,4,0,'Isy S 2353',0,0,0,0,'95.103.79.248','2017-08-14 14:05:25'),(1689,0,4,0,'Isy S',0,0,0,9,'95.103.79.248','2017-08-14 14:05:38'),(1690,0,4,0,'One More Please',0,0,0,1,'95.103.79.248','2017-08-14 14:09:46'),(1691,0,4,0,'Slim',0,0,0,4,'178.41.3.15','2017-08-14 14:36:55'),(1692,0,4,0,'isy',0,0,0,9,'95.103.79.248','2017-08-14 14:54:51'),(1693,0,4,0,'artistico',0,0,0,5,'78.98.151.3','2017-08-14 17:31:58'),(1694,0,4,0,'calligaris',0,0,0,0,'85.216.209.5','2017-08-15 07:21:39'),(1695,0,4,0,'caligaris',0,0,0,0,'85.216.209.5','2017-08-15 07:21:45'),(1696,0,4,0,'calligaris',0,0,0,0,'85.216.209.5','2017-08-15 07:23:00'),(1697,0,4,0,'Fatboy',0,0,0,0,'85.237.234.101','2017-08-15 10:11:24'),(1698,0,4,0,'Fatboy',0,0,0,0,'85.237.234.101','2017-08-15 10:11:29'),(1699,0,4,0,'Fatboy',0,0,0,0,'85.237.234.101','2017-08-15 10:11:33'),(1700,0,4,0,'artistico',0,0,0,5,'68.180.228.96','2017-08-15 23:23:47'),(1701,0,4,0,'3d colour 775',0,0,0,1,'95.102.108.75','2017-08-16 11:57:23'),(1702,0,4,0,'cs1273',0,0,0,2,'95.102.108.75','2017-08-16 12:01:03'),(1703,0,4,0,'cs1380',0,0,0,1,'95.102.108.75','2017-08-16 12:01:22'),(1704,0,4,0,'f12',0,0,0,1,'95.102.108.75','2017-08-16 12:02:02'),(1705,0,4,0,'gel-sl',0,0,0,1,'95.102.108.75','2017-08-16 12:03:34'),(1706,0,4,0,'kasper',0,0,0,1,'95.102.108.75','2017-08-16 12:04:06'),(1707,0,4,0,'breeze',0,0,0,1,'95.102.108.75','2017-08-16 12:06:32'),(1708,0,4,0,'cs1380',0,0,0,1,'95.102.108.75','2017-08-16 12:09:27'),(1709,0,4,0,'cs1380',0,0,0,1,'95.102.108.75','2017-08-16 12:21:12'),(1710,0,4,0,'academy',0,0,0,15,'95.103.79.248','2017-08-16 13:15:11'),(1711,0,4,0,'farbe',0,0,0,1,'95.103.79.248','2017-08-16 13:18:30'),(1712,0,4,0,'midj',0,0,0,0,'188.167.168.162','2017-08-16 13:22:10'),(1713,0,4,0,'light B',0,0,0,3,'188.167.168.162','2017-08-16 13:23:06'),(1714,0,4,0,'illi',0,0,0,1,'95.103.79.248','2017-08-16 13:30:21'),(1715,0,4,0,'net',0,0,0,10,'109.230.20.206','2017-08-16 13:53:33'),(1716,0,4,0,'net relax',0,0,0,0,'109.230.20.206','2017-08-16 13:54:09'),(1717,0,4,0,'net',0,0,0,10,'109.230.20.206','2017-08-16 13:54:15'),(1718,0,4,0,'step',0,0,0,8,'109.230.20.206','2017-08-16 13:55:06'),(1719,0,4,0,'madame',0,0,0,4,'95.103.79.248','2017-08-16 14:05:14'),(1720,0,4,0,'artistico',0,0,0,5,'104.236.121.248','2017-08-16 22:53:52'),(1721,0,4,0,'foliage',0,0,0,4,'89.173.58.21','2017-08-17 04:00:33'),(1722,0,4,0,'illy',0,0,0,5,'188.167.47.127','2017-08-17 06:08:34'),(1723,0,4,0,'kvetináč',0,0,0,0,'213.160.176.83','2017-08-17 06:27:25'),(1724,0,4,0,'sedačka',0,0,0,0,'213.160.176.83','2017-08-17 06:27:31'),(1725,0,4,0,'sedačka',0,0,0,0,'213.160.176.83','2017-08-17 06:27:44'),(1726,0,4,0,'foliage',0,0,0,4,'91.127.134.135','2017-08-17 07:16:12'),(1727,0,4,0,'cs1380',0,0,0,1,'95.102.108.75','2017-08-17 07:58:17'),(1728,0,4,0,'midj',0,0,0,0,'188.167.168.162','2017-08-17 09:30:26'),(1729,0,4,0,'sonny',0,0,0,4,'95.103.79.248','2017-08-17 09:30:31'),(1730,0,4,0,'sonny',0,0,0,4,'95.103.79.248','2017-08-17 09:32:15'),(1731,0,4,0,'sonny',0,0,0,4,'95.103.79.248','2017-08-17 09:34:04'),(1732,0,4,0,'4717W',0,0,0,0,'85.237.234.164','2017-08-17 19:00:00'),(1733,0,4,0,'artistico',0,0,0,5,'77.88.5.77','2017-08-17 19:23:31'),(1734,0,4,0,'artistico',0,0,0,5,'198.27.80.144','2017-08-18 07:43:05'),(1735,0,4,0,'Gel-L',0,0,0,1,'109.230.7.221','2017-08-18 08:22:52'),(1736,0,4,0,'Gel-L',0,0,0,1,'109.230.7.221','2017-08-18 08:23:31'),(1737,0,4,0,'foliage',0,0,0,4,'95.103.124.221','2017-08-18 09:11:07'),(1738,0,4,0,'caluneme postel s uloznym priestorom a matracom,160x20écm',0,0,0,0,'88.212.36.23','2017-08-18 09:34:33'),(1739,0,4,0,'caluneme postel s uloznym priestorom a matracom,160x20écm',0,0,0,0,'88.212.36.23','2017-08-18 09:35:28'),(1740,0,4,0,'siren',0,0,0,2,'95.103.79.248','2017-08-18 11:38:57'),(1741,0,4,0,'ice',0,0,0,33,'188.167.41.46','2017-08-18 11:55:01'),(1742,0,4,0,'ice',0,0,0,33,'188.167.41.46','2017-08-18 12:12:54'),(1743,0,4,0,'caligaris',0,0,0,0,'188.167.41.46','2017-08-18 12:15:27'),(1744,0,4,0,'ice',0,0,0,33,'188.167.41.46','2017-08-18 12:15:42'),(1745,0,4,0,'thesis',0,0,0,3,'188.167.41.46','2017-08-18 12:18:52'),(1746,0,4,0,'eminence',0,0,0,16,'188.167.41.46','2017-08-18 12:20:49'),(1747,0,4,0,'eminence',0,0,0,16,'188.167.41.46','2017-08-18 12:22:51'),(1748,0,4,0,'eminence',0,0,0,16,'188.167.41.46','2017-08-18 12:23:22'),(1749,0,4,0,'new york',0,0,0,12,'188.167.41.46','2017-08-18 12:23:53'),(1750,0,4,0,'eminence',0,0,0,16,'188.167.41.46','2017-08-18 12:24:07'),(1751,0,4,0,'eminence',0,0,0,16,'188.167.41.46','2017-08-18 12:24:31'),(1752,0,4,0,'eminence',0,0,0,16,'188.167.41.46','2017-08-18 12:25:11'),(1753,0,4,0,'ice',0,0,0,33,'188.167.41.46','2017-08-18 12:25:37'),(1754,0,4,0,'baron',0,0,0,13,'188.167.41.46','2017-08-18 12:26:39'),(1755,0,4,0,'eminence',0,0,0,16,'188.167.41.46','2017-08-18 12:27:59'),(1756,0,4,0,'eminence',0,0,0,16,'188.167.41.46','2017-08-18 12:28:31'),(1757,0,4,0,'eminence',0,0,0,16,'188.167.41.46','2017-08-18 12:29:13'),(1758,0,4,0,'eminence',0,0,0,16,'188.167.41.46','2017-08-18 12:29:29'),(1759,0,4,0,'eminence',0,0,0,16,'188.167.41.46','2017-08-18 12:29:50'),(1760,0,4,0,'eminence',0,0,0,16,'188.167.41.46','2017-08-18 12:30:33'),(1761,0,4,0,'eminence',0,0,0,16,'188.167.41.46','2017-08-18 12:30:43'),(1762,0,4,0,'eminence',0,0,0,16,'188.167.41.46','2017-08-18 12:30:58'),(1763,0,4,0,'eminence',0,0,0,16,'188.167.41.46','2017-08-18 12:31:23'),(1764,0,4,0,'gil',0,0,0,2,'95.103.79.248','2017-08-18 15:14:12'),(1765,0,4,0,'artistico',0,0,0,5,'93.158.161.202','2017-08-19 08:23:45'),(1766,0,4,0,'calligaris',0,0,0,0,'188.167.41.46','2017-08-19 11:07:49'),(1767,0,4,0,'cipro',0,0,0,1,'85.216.193.252','2017-08-19 13:37:35'),(1768,0,4,0,'Emu',0,0,0,0,'85.237.234.150','2017-08-19 16:39:09'),(1769,0,4,0,'Sole',0,0,0,3,'185.69.106.66','2017-08-20 07:36:43'),(1770,0,4,0,'Classico',0,0,0,0,'37.58.3.212','2017-08-20 10:32:57'),(1771,0,4,0,'Konferencny stolik',0,0,0,0,'213.81.133.242','2017-08-20 14:44:22'),(1772,0,4,0,'konferenčné stoly',0,0,0,0,'213.215.118.196','2017-08-20 16:35:32'),(1773,0,4,0,'stolíky',0,0,0,0,'213.215.118.196','2017-08-20 16:35:54'),(1774,0,4,0,'stolíky',0,0,0,7,'213.215.118.196','2017-08-20 16:36:02'),(1775,0,4,0,'stolíky',0,0,0,7,'213.215.118.196','2017-08-20 16:36:22'),(1776,0,4,0,'príručné stoly',0,0,0,0,'213.215.118.196','2017-08-20 16:36:39'),(1777,0,4,0,'príručné stoly',0,0,0,0,'213.215.118.196','2017-08-20 16:36:44'),(1778,0,4,0,'príručné stoly',0,0,0,0,'213.215.118.196','2017-08-20 16:36:58'),(1779,0,4,0,'príručné stoly',0,0,0,0,'213.215.118.196','2017-08-20 16:37:21'),(1780,0,4,0,'príručné stoly',0,0,0,0,'213.215.118.196','2017-08-20 16:37:43'),(1781,0,4,0,'konferenčné stoly',0,0,0,0,'213.215.118.196','2017-08-20 16:37:59'),(1782,0,4,0,'kávový stolík',0,0,0,0,'213.215.118.196','2017-08-20 16:41:12'),(1783,0,4,0,'kávový stolík',0,0,0,5,'213.215.118.196','2017-08-20 16:52:44'),(1784,0,4,0,'artistico',0,0,0,5,'66.249.76.91','2017-08-21 06:27:37'),(1785,0,4,0,'perla',0,0,0,1,'95.103.79.248','2017-08-21 07:57:45'),(1786,0,4,0,'artistico',0,0,0,5,'66.249.76.91','2017-08-21 09:35:06'),(1787,0,4,0,'Harvey',0,0,0,1,'178.40.222.246','2017-08-21 09:44:23'),(1788,0,4,0,'alicia',0,0,0,0,'178.41.108.123','2017-08-21 10:11:03'),(1789,0,4,0,'konferenčné stoly',0,0,0,0,'178.41.108.123','2017-08-21 10:11:44'),(1790,0,4,0,'konferenčné stoly',0,0,0,0,'178.41.108.123','2017-08-21 10:11:52'),(1791,0,4,0,'cross stolík',0,0,0,0,'178.41.108.123','2017-08-21 10:13:38'),(1792,0,4,0,'CS4031 MV Performance 110',0,0,0,2,'95.103.79.248','2017-08-21 10:18:53'),(1793,0,4,0,'CS4031 MV Performance 110',0,0,0,2,'95.103.79.248','2017-08-21 10:20:44'),(1794,0,4,0,'CS4031 MV Performance 110',0,0,0,2,'95.103.79.248','2017-08-21 10:57:55'),(1795,0,4,0,'key',0,0,0,1,'95.103.79.248','2017-08-21 12:41:33'),(1796,0,4,0,'fly',0,0,0,13,'95.103.79.248','2017-08-21 12:47:13'),(1797,0,4,0,'fly',0,0,0,13,'95.103.79.248','2017-08-21 12:47:59'),(1798,0,4,0,'ginevra',0,0,0,3,'95.103.79.248','2017-08-21 12:51:37'),(1799,0,4,0,'ginevra',0,0,0,3,'95.103.79.248','2017-08-21 12:53:22'),(1800,0,4,0,'ginevra',0,0,0,3,'95.103.79.248','2017-08-21 13:11:43'),(1801,0,4,0,'agro',0,0,0,0,'95.103.79.248','2017-08-21 14:22:54'),(1802,0,4,0,'nočn',0,0,0,0,'178.143.191.210','2017-08-21 14:49:48'),(1803,0,4,0,'Barové stoličky',0,0,0,0,'88.212.40.28','2017-08-21 15:23:34'),(1804,0,4,0,'Barové stoličky drevené',0,0,0,0,'88.212.40.28','2017-08-21 15:24:07'),(1805,0,4,0,'Barové stoličky drevené',0,0,0,0,'88.212.40.28','2017-08-21 15:24:13'),(1806,0,4,0,'Barové stoličky',0,0,0,0,'88.212.40.28','2017-08-21 15:24:20'),(1807,0,4,0,'artistico',0,0,0,5,'207.46.13.3','2017-08-22 02:54:59'),(1808,0,4,0,'artistico',0,0,0,5,'188.167.47.127','2017-08-22 05:42:07'),(1809,0,4,0,'foliage',0,0,0,4,'77.88.5.77','2017-08-22 06:38:32'),(1810,0,4,0,'isy ',0,0,0,9,'95.103.79.248','2017-08-22 07:30:46'),(1811,0,4,0,'Gel-SG',0,0,0,1,'95.103.79.248','2017-08-22 07:49:49'),(1812,0,4,0,'artistico',0,0,0,5,'212.5.203.33','2017-08-22 07:50:44'),(1813,0,4,0,'artistico',0,0,0,5,'212.5.203.33','2017-08-22 07:50:52'),(1814,0,4,0,'playa',0,0,0,3,'95.103.79.248','2017-08-22 07:59:53'),(1815,0,4,0,'playa',0,0,0,3,'95.103.79.248','2017-08-22 08:00:11'),(1816,0,4,0,'Wave S 2541',0,0,0,0,'95.103.79.248','2017-08-22 08:01:54'),(1817,0,4,0,'Wave ',0,0,0,17,'95.103.79.248','2017-08-22 08:02:02'),(1818,0,4,0,'eminence',0,0,0,16,'188.167.41.46','2017-08-22 11:47:21'),(1819,0,4,0,'eminence',0,0,0,16,'188.167.41.46','2017-08-22 11:49:02'),(1820,0,4,0,'eminence',0,0,0,16,'188.167.41.46','2017-08-22 11:49:13'),(1821,0,4,0,'eminence',0,0,0,16,'188.167.41.46','2017-08-22 11:49:38'),(1822,0,4,0,'eminence',0,0,0,16,'188.167.41.46','2017-08-22 11:51:16'),(1823,0,4,0,'baron',0,0,0,13,'188.167.41.46','2017-08-22 11:51:41'),(1824,0,4,0,'baron',0,0,0,13,'188.167.41.46','2017-08-22 11:51:53'),(1825,0,4,0,'spat',0,0,0,0,'188.167.41.46','2017-08-22 11:53:15'),(1826,0,4,0,'foliage',0,0,0,4,'95.105.212.24','2017-08-22 18:32:25'),(1827,0,4,0,'artistico',0,0,0,5,'77.88.5.77','2017-08-22 19:17:35'),(1828,0,4,0,'sonny midj',0,0,0,0,'194.160.223.2','2017-08-23 08:36:49'),(1829,0,4,0,'sonny midj',0,0,0,0,'194.160.223.2','2017-08-23 08:37:59'),(1830,0,4,0,'koberce',0,0,0,0,'194.160.223.2','2017-08-23 10:01:43'),(1831,0,4,0,'performance',0,0,0,4,'95.103.79.248','2017-08-23 10:17:36'),(1832,0,4,0,'perfo',0,0,0,4,'95.103.79.248','2017-08-23 10:22:22'),(1833,0,4,0,'perfo',0,0,0,4,'95.103.79.248','2017-08-23 10:25:26'),(1834,0,4,0,'eminence',0,0,0,16,'95.103.79.248','2017-08-23 11:34:48'),(1835,0,4,0,'eminence',0,0,0,16,'95.103.79.248','2017-08-23 11:34:59'),(1836,0,4,0,'perf',0,0,0,4,'95.103.79.248','2017-08-23 11:41:51'),(1837,0,4,0,'perf',0,0,0,3,'95.103.79.248','2017-08-23 11:44:36'),(1838,0,4,0,'perf',0,0,0,3,'95.103.79.248','2017-08-23 11:45:26'),(1839,0,4,0,'baron',0,0,0,13,'95.103.79.248','2017-08-23 11:49:13'),(1840,0,4,0,'baron',0,0,0,13,'95.103.79.248','2017-08-23 11:50:48'),(1841,0,4,0,'PB Q',0,0,0,0,'95.103.79.248','2017-08-23 13:49:42'),(1842,0,4,0,'sonny',0,0,0,4,'95.103.79.248','2017-08-23 13:50:18'),(1843,0,4,0,'rozkladacia pohovka',0,0,0,0,'188.123.114.146','2017-08-23 14:23:06'),(1844,0,4,0,'louis',0,0,0,1,'95.103.79.248','2017-08-23 15:34:44'),(1845,0,4,0,'Biancospino-P',0,0,0,1,'95.103.79.248','2017-08-24 09:18:23'),(1846,0,4,0,'P6040 2016/07',0,0,0,0,'195.80.190.100','2017-08-24 10:39:28'),(1847,0,4,0,'nardi',0,0,0,0,'178.41.248.52','2017-08-24 11:26:11'),(1848,0,4,0,'koberec',0,0,0,0,'178.253.146.118','2017-08-24 15:11:17'),(1849,0,4,0,'domitalia',0,0,0,0,'188.167.255.182','2017-08-24 19:10:41'),(1850,0,4,0,'univer',0,0,0,6,'188.167.255.182','2017-08-24 19:10:57'),(1851,0,4,0,'univer',0,0,0,6,'188.167.255.182','2017-08-24 19:12:06'),(1852,0,4,0,'univer',0,0,0,6,'188.167.255.182','2017-08-24 19:13:14'),(1853,0,4,0,'kôš',0,0,0,1,'188.123.100.211','2017-08-25 06:21:42'),(1854,0,4,0,'Charles',0,0,0,2,'195.91.97.26','2017-08-25 06:59:48'),(1855,0,4,0,'Igloo',0,0,0,2,'195.91.97.26','2017-08-25 07:01:13'),(1856,0,4,0,'lift',0,0,0,0,'188.167.47.127','2017-08-25 07:34:15'),(1857,0,4,0,'CB1524 Forum',0,0,0,1,'95.103.79.248','2017-08-25 08:04:46'),(1858,0,4,0,'evergreen',0,0,0,1,'95.103.79.248','2017-08-25 08:24:54'),(1859,0,4,0,'zebra',0,0,0,21,'95.103.79.248','2017-08-25 08:30:14'),(1860,0,4,0,'Nardi',0,0,0,0,'37.58.2.141','2017-08-25 08:53:58'),(1861,0,4,0,'VST ',0,0,0,54,'95.103.79.248','2017-08-25 10:07:38'),(1862,0,4,0,'VST ',0,0,0,54,'95.103.79.248','2017-08-25 10:07:51'),(1863,0,4,0,'kito',0,0,0,1,'213.181.131.12','2017-08-25 14:41:52'),(1864,0,4,0,'foliage',0,0,0,4,'95.102.25.103','2017-08-25 14:51:42'),(1865,0,4,0,'foliage',0,0,0,4,'95.102.25.103','2017-08-25 14:52:11'),(1866,0,4,0,'artistico',0,0,0,5,'144.76.60.98','2017-08-25 18:13:36'),(1867,0,4,0,'Poste)',0,0,0,0,'84.47.25.201','2017-08-25 20:11:18'),(1868,0,4,0,'artistico',0,0,0,5,'66.249.76.93','2017-08-26 02:03:36'),(1869,0,4,0,'artistico',0,0,0,5,'66.249.66.69','2017-08-26 07:54:57'),(1870,0,4,0,'calligaris',0,0,0,0,'188.167.255.182','2017-08-26 11:34:49'),(1871,0,4,0,'ice',0,0,0,33,'188.167.255.182','2017-08-26 11:34:56'),(1872,0,4,0,'artistico',0,0,0,5,'45.55.160.193','2017-08-27 00:57:10'),(1873,0,4,0,'artistico',0,0,0,5,'66.249.66.67','2017-08-27 03:42:34'),(1874,0,4,0,'Posteľ',0,0,0,0,'87.239.63.166','2017-08-27 06:22:03'),(1875,0,4,0,'Manželske postele',0,0,0,0,'87.239.63.166','2017-08-27 06:34:10'),(1876,0,4,0,'gliss 904',0,0,0,1,'62.107.100.220','2017-08-27 18:16:27'),(1877,0,4,0,'artistico',0,0,0,5,'77.88.5.77','2017-08-27 19:09:29'),(1878,0,4,0,'koberec',0,0,0,0,'178.253.179.4','2017-08-28 05:04:30'),(1879,0,4,0,'sam',0,0,0,10,'95.103.79.248','2017-08-28 07:05:07'),(1880,0,4,0,'pouf',0,0,0,14,'188.167.47.127','2017-08-28 09:14:52'),(1881,0,4,0,'taburet',0,0,0,0,'178.143.191.210','2017-08-28 10:42:13'),(1882,0,4,0,'pouf',0,0,0,14,'178.143.191.210','2017-08-28 10:42:18'),(1883,0,4,0,'kyt',0,0,0,0,'95.103.79.248','2017-08-28 11:18:05'),(1884,0,4,0,'kito',0,0,0,1,'95.103.79.248','2017-08-28 11:23:36'),(1885,0,4,0,'pedrali',0,0,0,0,'88.212.37.54','2017-08-28 11:38:09'),(1886,0,4,0,'academy',0,0,0,16,'95.103.79.248','2017-08-28 14:46:11'),(1887,0,4,0,'obrusy',0,0,0,0,'85.216.193.252','2017-08-29 15:04:15'),(1888,0,4,0,'konferenčný',0,0,0,0,'188.167.47.127','2017-08-29 15:52:22'),(1889,0,4,0,'Čierny toaletný stolík',0,0,0,0,'195.91.43.158','2017-08-30 02:16:14'),(1890,0,4,0,'ML180 Host ',0,0,0,1,'95.103.15.47','2017-08-30 06:12:33'),(1891,0,4,0,'Dahlia Low',0,0,0,1,'95.103.15.47','2017-08-30 07:46:54'),(1892,0,4,0,'zilio',0,0,0,0,'95.103.15.47','2017-08-30 09:35:12'),(1893,0,4,0,'Armonia',0,0,0,0,'78.98.15.158','2017-08-30 10:09:02'),(1894,0,4,0,'cairo',0,0,0,3,'188.167.47.127','2017-08-30 11:40:17'),(1895,0,4,0,'Jedálenskej stolicky',0,0,0,0,'213.55.176.135','2017-08-30 16:07:04'),(1896,0,4,0,'  MD124P',0,0,0,0,'95.103.15.47','2017-08-30 17:57:41'),(1897,0,4,0,'MD 124',0,0,0,1,'88.212.36.69','2017-08-30 18:37:41'),(1898,0,4,0,'MD 124',0,0,0,1,'88.212.36.69','2017-08-30 18:37:58'),(1899,0,4,0,'Sonny',0,0,0,4,'213.215.83.32','2017-08-30 20:14:03'),(1900,0,4,0,'Artemidoro',0,0,0,1,'213.215.83.32','2017-08-30 20:15:06'),(1901,0,4,0,'Artemidoro',0,0,0,1,'213.215.83.32','2017-08-30 20:16:03'),(1902,0,4,0,'MD 124',0,0,0,1,'95.103.77.105','2017-08-30 21:58:55'),(1903,0,4,0,'harold',0,0,0,2,'95.103.15.47','2017-08-31 11:00:59'),(1904,0,4,0,'Globus',0,0,0,3,'85.237.234.53','2017-08-31 11:48:01'),(1905,0,4,0,'foliage',0,0,0,4,'88.212.37.138','2017-09-01 05:09:49'),(1906,0,4,0,'foliage',0,0,0,4,'88.212.37.138','2017-09-01 05:10:36'),(1907,0,4,0,'artistico',0,0,0,5,'37.187.56.81','2017-09-01 11:27:40'),(1908,0,4,0,'artistico',0,0,0,5,'178.143.109.199','2017-09-01 18:34:37'),(1909,0,4,0,'barove stolicky',0,0,0,0,'185.29.156.34','2017-09-01 19:44:51'),(1910,0,4,0,'barove ',0,0,0,0,'185.29.156.34','2017-09-01 19:44:58'),(1911,0,4,0,'barove ',0,0,0,0,'185.29.156.34','2017-09-01 19:45:01'),(1912,0,4,0,'barová',0,0,0,0,'185.29.156.34','2017-09-01 19:45:21'),(1913,0,4,0,'Sunset',0,0,0,2,'185.38.124.44','2017-09-01 20:04:08'),(1914,0,4,0,'Konferenčný',0,0,0,0,'87.239.63.67','2017-09-01 21:28:30'),(1915,0,4,0,'zahradne kreslo',0,0,0,0,'95.105.217.76','2017-09-02 07:25:53'),(1916,0,4,0,'CS1273 L\'Eau',0,0,0,2,'95.103.15.47','2017-09-02 08:06:19'),(1917,0,4,0,'CS1273 L\'Eau',0,0,0,2,'95.103.15.47','2017-09-02 08:07:31'),(1918,0,4,0,'Biancospino',0,0,0,2,'95.103.15.47','2017-09-02 09:03:18'),(1919,0,4,0,'Stolicka',0,0,0,0,'178.41.136.226','2017-09-02 11:35:27'),(1920,0,4,0,'Amarna',0,0,0,1,'178.41.136.226','2017-09-02 11:41:40'),(1921,0,4,0,'CS1462 Club',0,0,0,1,'95.103.15.47','2017-09-02 16:56:04'),(1922,0,4,0,'CS1462 Club',0,0,0,1,'95.103.15.47','2017-09-02 16:59:17'),(1923,0,4,0,'sedacky',0,0,0,0,'95.102.237.136','2017-09-02 22:19:13'),(1924,0,4,0,'sedacky',0,0,0,0,'95.102.237.136','2017-09-02 22:20:36'),(1925,0,4,0,'calligaris ice',0,0,0,0,'188.167.255.144','2017-09-03 11:20:22'),(1926,0,4,0,'magyster',0,0,0,1,'88.212.40.150','2017-09-03 18:46:27'),(1927,0,4,0,'artistico',0,0,0,5,'40.77.167.78','2017-09-04 01:15:08'),(1928,0,4,0,'raff',0,0,0,12,'95.103.15.47','2017-09-04 08:19:36'),(1929,0,4,0,'cairo',0,0,0,3,'80.242.35.255','2017-09-04 10:20:48'),(1930,0,4,0,'cairo',0,0,0,3,'80.242.35.255','2017-09-04 10:27:50'),(1931,0,4,0,'Lenny kravitz',0,0,0,0,'88.212.37.141','2017-09-04 18:04:14'),(1932,0,4,0,'Madmeoisele kravitz edition',0,0,0,0,'88.212.37.141','2017-09-04 18:04:53'),(1933,0,4,0,'kartel',0,0,0,0,'88.212.37.141','2017-09-04 18:05:07'),(1934,0,4,0,'Madmeoisele kravitz edition',0,0,0,0,'88.212.37.141','2017-09-04 18:25:06'),(1935,0,4,0,'artistico',0,0,0,5,'188.112.65.46','2017-09-04 18:42:26'),(1936,0,4,0,'Madmeoisele kravitz edition',0,0,0,0,'88.212.37.141','2017-09-04 18:42:59'),(1937,0,4,0,'Spyder',0,0,0,0,'188.112.65.46','2017-09-05 01:14:47'),(1938,0,4,0,'cattelan',0,0,0,0,'188.112.65.46','2017-09-05 01:14:52'),(1939,0,4,0,'foliage',0,0,0,4,'78.98.84.184','2017-09-05 06:05:09'),(1940,0,4,0,'kuga',0,0,0,4,'188.167.168.162','2017-09-05 08:16:25'),(1941,0,4,0,'tokyo',0,0,0,2,'188.167.168.162','2017-09-05 08:18:22'),(1942,0,4,0,'benvenuto',0,0,0,0,'95.103.15.47','2017-09-05 12:05:02'),(1943,0,4,0,'breccia',0,0,0,2,'95.103.15.47','2017-09-05 12:07:10'),(1944,0,4,0,'chiodo',0,0,0,0,'95.103.15.47','2017-09-05 12:08:49'),(1945,0,4,0,'game of trust',0,0,0,0,'95.103.15.47','2017-09-05 12:09:46'),(1946,0,4,0,'cairo',0,0,0,3,'188.167.47.127','2017-09-05 12:37:46'),(1947,0,4,0,'cairo',0,0,0,3,'188.167.47.127','2017-09-05 12:38:10'),(1948,0,4,0,'botempi',0,0,0,0,'78.99.147.151','2017-09-05 18:23:23'),(1949,0,4,0,'artistico',0,0,0,5,'104.236.217.153','2017-09-06 01:10:37'),(1950,0,4,0,'kabuk',0,0,0,2,'95.103.15.47','2017-09-06 08:55:14'),(1951,0,4,0,'kabuk',0,0,0,2,'95.103.15.47','2017-09-06 08:56:23'),(1952,0,4,0,'kartell',0,0,0,0,'78.98.26.108','2017-09-06 09:02:43'),(1953,0,4,0,'foliage',0,0,0,4,'85.237.234.40','2017-09-06 09:26:43'),(1954,0,4,0,'tonon',0,0,0,0,'217.75.82.232','2017-09-06 12:15:05'),(1955,0,4,0,'artistico',0,0,0,5,'77.75.78.160','2017-09-06 14:10:44'),(1956,0,4,0,'ice',0,0,0,35,'188.167.255.39','2017-09-06 18:04:55'),(1957,0,4,0,'ice',0,0,0,35,'188.167.255.39','2017-09-06 18:05:10'),(1958,0,4,0,'Postel',0,0,0,0,'91.127.49.249','2017-09-06 18:41:56'),(1959,0,4,0,'toby',0,0,0,0,'62.197.243.237','2017-09-06 18:49:36'),(1960,0,4,0,'foliage',0,0,0,4,'195.168.210.14','2017-09-06 20:29:13'),(1961,0,4,0,'kabuk',0,0,0,2,'62.210.101.104','2017-09-06 23:41:27'),(1962,0,4,0,'postele',0,0,0,0,'87.197.4.233','2017-09-07 05:14:30'),(1963,0,4,0,'postele',0,0,0,0,'87.197.4.233','2017-09-07 05:14:40'),(1964,0,4,0,'postele',0,0,0,123,'87.197.4.233','2017-09-07 05:14:54'),(1965,0,4,0,'postele',0,0,0,123,'87.197.4.233','2017-09-07 05:15:16'),(1966,0,4,0,'postele',0,0,0,123,'87.197.4.233','2017-09-07 05:15:42'),(1967,0,4,0,'postele',0,0,0,123,'87.197.4.233','2017-09-07 05:16:03'),(1968,0,4,0,'postele',0,0,0,123,'87.197.4.233','2017-09-07 05:16:27'),(1969,0,4,0,'poschodove postele',0,0,0,0,'87.197.4.233','2017-09-07 05:17:05'),(1970,0,4,0,'poschodove postele',0,0,0,0,'87.197.4.233','2017-09-07 05:17:14'),(1971,0,4,0,'poschodove postele',0,0,0,0,'87.197.4.233','2017-09-07 05:17:39'),(1972,0,4,0,'poschodove postele',0,0,0,0,'87.197.4.233','2017-09-07 05:17:39'),(1973,0,4,0,'poschodove postele',0,0,0,0,'87.197.4.233','2017-09-07 05:17:40'),(1974,0,4,0,'zrkadlo',0,0,0,0,'217.75.82.232','2017-09-07 06:58:32'),(1975,0,4,0,'kabuk',0,0,0,2,'66.249.76.91','2017-09-07 10:17:42'),(1976,0,4,0,'poschodove postele',0,0,0,0,'95.103.216.205','2017-09-07 11:46:32'),(1977,0,4,0,'kabuk',0,0,0,2,'80.241.218.167','2017-09-07 14:16:14'),(1978,0,4,0,'tt rep',0,0,0,4,'95.103.15.47','2017-09-07 14:25:00'),(1979,0,4,0,'foliage',0,0,0,4,'109.230.34.167','2017-09-07 15:10:28'),(1980,0,4,0,'MIDJ Pechino',0,0,0,0,'78.102.5.54','2017-09-08 06:23:45'),(1981,0,4,0,'akeo',0,0,0,2,'95.103.15.47','2017-09-08 06:34:29'),(1982,0,4,0,'net relax',0,0,0,0,'78.99.105.107','2017-09-08 07:29:07'),(1983,0,4,0,'nardi',0,0,0,0,'78.99.105.107','2017-09-08 07:29:13'),(1984,0,4,0,'net relax',0,0,0,0,'78.99.105.107','2017-09-08 07:29:16'),(1985,0,4,0,'fris',0,0,0,1,'95.103.15.47','2017-09-08 09:30:44'),(1986,0,4,0,'ratan',0,0,0,0,'62.197.243.238','2017-09-08 10:54:10'),(1987,0,4,0,'pa11',0,0,0,3,'91.127.195.227','2017-09-08 12:05:00'),(1988,0,4,0,'p11',0,0,0,0,'91.127.195.227','2017-09-08 15:02:55'),(1989,0,4,0,'pe11',0,0,0,0,'91.127.195.227','2017-09-08 15:02:59'),(1990,0,4,0,'pe 11',0,0,0,2,'91.127.195.227','2017-09-08 15:03:04'),(1991,0,4,0,'pa 11b',0,0,0,0,'91.127.195.227','2017-09-08 15:03:18'),(1992,0,4,0,'pa11',0,0,0,3,'91.127.195.227','2017-09-08 15:03:23'),(1993,0,4,0,'pa11',0,0,0,3,'91.127.195.227','2017-09-08 15:10:04'),(1994,0,4,0,'pa 11b',0,0,0,0,'91.127.195.227','2017-09-08 15:10:06'),(1995,0,4,0,'pe 11',0,0,0,2,'91.127.195.227','2017-09-08 15:10:08'),(1996,0,4,0,'kabuk',0,0,0,2,'89.135.105.5','2017-09-08 17:26:05'),(1997,0,4,0,'kabuk',0,0,0,2,'89.135.105.5','2017-09-08 17:26:25'),(1998,0,4,0,'kabuk',0,0,0,2,'89.135.105.5','2017-09-08 17:26:39'),(1999,0,4,0,'kabuk',0,0,0,2,'89.135.105.5','2017-09-08 17:28:47'),(2000,0,4,0,'kabuk',0,0,0,2,'89.135.105.5','2017-09-08 17:32:06'),(2001,0,4,0,'kabuk',0,0,0,2,'31.13.114.48','2017-09-08 17:32:41'),(2002,0,4,0,'kabuk',0,0,0,2,'158.255.26.56','2017-09-08 18:13:35'),(2003,0,4,0,'kabuk',0,0,0,2,'31.13.114.68','2017-09-08 18:13:37'),(2004,0,4,0,'kabuk',0,0,0,2,'66.249.76.95','2017-09-08 23:14:25'),(2005,0,4,0,'kabuk',0,0,0,2,'66.249.76.93','2017-09-09 00:41:26'),(2006,0,4,0,'kabuk',0,0,0,2,'66.249.76.93','2017-09-09 03:12:46'),(2007,0,4,0,'kabuk',0,0,0,2,'66.249.66.65','2017-09-09 03:58:10'),(2008,0,4,0,'kabuk',0,0,0,2,'66.249.76.91','2017-09-09 04:32:13'),(2009,0,4,0,'kabuk',0,0,0,2,'66.249.76.93','2017-09-09 04:51:07'),(2010,0,4,0,'kabuk',0,0,0,2,'66.249.66.67','2017-09-09 04:58:42'),(2011,0,4,0,'kabuk',0,0,0,2,'66.249.76.91','2017-09-09 05:02:28'),(2012,0,4,0,'kabuk',0,0,0,2,'66.249.66.65','2017-09-09 05:28:58'),(2013,0,4,0,'kabuk',0,0,0,2,'66.249.66.65','2017-09-09 05:36:31'),(2014,0,4,0,'gel sl',0,0,0,1,'95.103.15.47','2017-09-09 07:03:31'),(2015,0,4,0,'akeo',0,0,0,2,'95.103.15.47','2017-09-09 07:05:04'),(2016,0,4,0,'PA 126',0,0,0,2,'95.103.15.47','2017-09-09 07:06:04'),(2017,0,4,0,'Konferencni stoly',0,0,0,0,'37.188.241.108','2017-09-09 08:27:46'),(2018,0,4,0,'kabuk',0,0,0,2,'34.204.48.78','2017-09-09 11:47:55'),(2019,0,4,0,'kabuk',0,0,0,2,'66.249.66.69','2017-09-09 12:37:20'),(2020,0,4,0,'foliage',0,0,0,4,'88.212.37.130','2017-09-09 12:59:57'),(2021,0,4,0,'foliage',0,0,0,4,'88.212.37.130','2017-09-09 12:59:57'),(2022,0,4,0,'foliage',0,0,0,4,'88.212.37.130','2017-09-09 13:02:58'),(2023,0,4,0,'foliage',0,0,0,4,'88.212.37.130','2017-09-09 13:04:15'),(2024,0,4,0,'foliage',0,0,0,4,'178.198.145.95','2017-09-09 15:01:32'),(2025,0,4,0,'foliage',0,0,0,4,'178.198.145.95','2017-09-09 15:02:09'),(2026,0,4,0,'foliage',0,0,0,4,'95.105.188.219','2017-09-09 17:14:36'),(2027,0,4,0,'kabuk',0,0,0,2,'66.249.66.67','2017-09-09 18:54:54'),(2028,0,4,0,'kabuk',0,0,0,2,'66.249.76.95','2017-09-09 21:04:16'),(2029,0,4,0,'artistico',0,0,0,5,'180.76.15.17','2017-09-10 05:17:28'),(2030,0,4,0,'foliage',0,0,0,4,'188.167.251.102','2017-09-10 07:51:20'),(2031,0,4,0,'foliage',0,0,0,4,'188.167.251.102','2017-09-10 07:59:29'),(2032,0,4,0,'kabuk',0,0,0,2,'66.249.66.67','2017-09-10 09:43:49'),(2033,0,4,0,'kabuk',0,0,0,2,'66.249.66.67','2017-09-10 09:54:49'),(2034,0,4,0,'kabuk',0,0,0,2,'66.249.76.91','2017-09-10 10:21:38'),(2035,0,4,0,'kabuk',0,0,0,2,'66.249.76.93','2017-09-10 10:54:57'),(2036,0,4,0,'kabuk',0,0,0,2,'66.249.76.93','2017-09-10 11:03:15'),(2037,0,4,0,'kabuk',0,0,0,2,'66.249.76.91','2017-09-10 11:07:10'),(2038,0,4,0,'kabuk',0,0,0,2,'66.249.76.95','2017-09-10 12:45:24'),(2039,0,4,0,'kabuk',0,0,0,2,'66.249.76.91','2017-09-10 13:01:51'),(2040,0,4,0,'kabuk',0,0,0,2,'66.249.66.65','2017-09-10 13:04:19'),(2041,0,4,0,'kabuk',0,0,0,2,'66.249.66.67','2017-09-10 13:08:06'),(2042,0,4,0,'kabuk',0,0,0,2,'66.249.66.69','2017-09-10 14:08:35'),(2043,0,4,0,'kabuk',0,0,0,2,'66.249.66.67','2017-09-10 14:46:28'),(2044,0,4,0,'kabuk',0,0,0,2,'85.237.234.116','2017-09-10 14:46:31'),(2045,0,4,0,'kabuk',0,0,0,2,'66.249.76.95','2017-09-10 15:47:00'),(2046,0,4,0,'kabuk',0,0,0,2,'66.249.76.91','2017-09-10 15:54:34'),(2047,0,4,0,'mya',0,0,0,3,'85.51.114.159','2017-09-10 17:09:31'),(2048,0,4,0,'kabuk',0,0,0,2,'66.249.66.67','2017-09-10 17:21:35'),(2049,0,4,0,'kabuk',0,0,0,2,'66.249.76.93','2017-09-10 17:40:29'),(2050,0,4,0,'kabuk',0,0,0,2,'66.249.76.91','2017-09-10 18:59:57'),(2051,0,4,0,'kabuk',0,0,0,2,'66.249.76.93','2017-09-10 19:41:33'),(2052,0,4,0,'kabuk',0,0,0,2,'66.249.76.93','2017-09-10 19:52:54'),(2053,0,4,0,'kabuk',0,0,0,2,'66.249.66.67','2017-09-10 20:15:36'),(2054,0,4,0,'kabuk',0,0,0,2,'66.249.66.65','2017-09-10 20:42:05'),(2055,0,4,0,'kabuk',0,0,0,2,'66.249.76.91','2017-09-10 22:12:52'),(2056,0,4,0,'kabuk',0,0,0,2,'66.249.76.95','2017-09-10 22:43:08'),(2057,0,4,0,'kabuk',0,0,0,2,'66.249.76.93','2017-09-11 00:21:30'),(2058,0,4,0,'kabuk',0,0,0,2,'66.249.66.67','2017-09-11 06:36:02'),(2059,0,4,0,'thor',0,0,0,2,'213.151.248.2','2017-09-11 07:43:12'),(2060,0,4,0,'kabuk',0,0,0,2,'66.249.66.67','2017-09-11 07:55:29'),(2061,0,4,0,'perla',0,0,0,1,'95.103.15.47','2017-09-11 09:00:46'),(2062,0,4,0,'foliage',0,0,0,4,'77.75.78.162','2017-09-11 09:04:13'),(2063,0,4,0,'kabuk',0,0,0,2,'66.249.76.93','2017-09-11 09:56:33'),(2064,0,4,0,'konzolový',0,0,0,0,'217.75.82.232','2017-09-11 10:04:03'),(2065,0,4,0,'konzola',0,0,0,0,'217.75.82.232','2017-09-11 10:04:08'),(2066,0,4,0,'kabuk',0,0,0,2,'66.249.66.67','2017-09-11 10:45:44'),(2067,0,4,0,'kabuk',0,0,0,2,'78.98.5.19','2017-09-11 10:57:15'),(2068,0,4,0,'kabuk',0,0,0,2,'66.249.76.91','2017-09-11 11:46:15'),(2069,0,4,0,'kabuk',0,0,0,2,'66.249.76.93','2017-09-11 15:48:23'),(2070,0,4,0,'kabuk',0,0,0,2,'66.249.66.65','2017-09-11 15:59:44'),(2071,0,4,0,'foliage',0,0,0,4,'78.99.24.146','2017-09-11 17:50:06'),(2072,0,4,0,'foliage',0,0,0,4,'78.99.24.146','2017-09-11 17:50:29'),(2073,0,4,0,'artistico',0,0,0,5,'95.102.119.48','2017-09-11 18:35:14'),(2074,0,4,0,'artistico',0,0,0,5,'95.102.119.48','2017-09-11 18:35:30'),(2075,0,4,0,'artistico',0,0,0,5,'95.102.119.48','2017-09-11 18:35:50'),(2076,0,4,0,'artistico',0,0,0,5,'95.102.119.48','2017-09-11 18:37:03'),(2077,0,4,0,'kabuk',0,0,0,2,'66.249.76.91','2017-09-11 22:34:26'),(2078,0,4,0,'kabuk',0,0,0,2,'66.249.76.93','2017-09-12 01:05:46'),(2079,0,4,0,'kabuk',0,0,0,2,'66.249.76.91','2017-09-12 03:21:58'),(2080,0,4,0,'kabuk',0,0,0,2,'66.249.76.93','2017-09-12 03:33:19'),(2081,0,4,0,'kabuk',0,0,0,2,'66.249.76.93','2017-09-12 03:40:53'),(2082,0,4,0,'kabuk',0,0,0,2,'66.249.66.69','2017-09-12 04:14:56'),(2083,0,4,0,'kabuk',0,0,0,2,'178.209.131.22','2017-09-12 04:16:42'),(2084,0,4,0,'kabuk',0,0,0,2,'178.209.131.22','2017-09-12 04:16:43'),(2085,0,4,0,'kabuk',0,0,0,2,'66.249.66.65','2017-09-12 04:18:43'),(2086,0,4,0,'kabuk',0,0,0,2,'66.249.76.91','2017-09-12 04:26:17'),(2087,0,4,0,'kabuk',0,0,0,2,'66.249.76.93','2017-09-12 05:19:14'),(2088,0,4,0,'universe',0,0,0,6,'95.103.171.7','2017-09-12 07:22:23'),(2089,0,4,0,'universe',0,0,0,6,'95.103.171.7','2017-09-12 07:23:06'),(2090,0,4,0,'kabuk',0,0,0,2,'66.249.66.67','2017-09-12 07:35:27'),(2091,0,4,0,'glossy',0,0,0,3,'95.103.15.47','2017-09-12 12:38:02'),(2092,0,4,0,'baron',0,0,0,13,'95.103.15.47','2017-09-12 12:38:33'),(2093,0,4,0,'kabuk',0,0,0,2,'66.249.76.91','2017-09-12 13:34:50'),(2094,0,4,0,'Kit esterno 11',0,0,0,1,'95.103.15.47','2017-09-12 14:37:42'),(2095,0,4,0,'Blitz 640',0,0,0,1,'95.103.15.47','2017-09-12 15:41:11'),(2096,0,4,0,'Frilly',0,0,0,1,'95.103.15.47','2017-09-12 15:43:39'),(2097,0,4,0,'Milano 2015',0,0,0,1,'95.103.15.47','2017-09-12 15:46:17'),(2098,0,4,0,'Milano 2015',0,0,0,1,'95.103.15.47','2017-09-12 15:46:32'),(2099,0,4,0,'Queen 650 ',0,0,0,1,'95.103.15.47','2017-09-12 15:49:16'),(2100,0,4,0,'Queen 650 ',0,0,0,1,'95.103.15.47','2017-09-12 15:49:34'),(2101,0,4,0,'la-marie',0,0,0,0,'95.103.15.47','2017-09-12 15:50:57'),(2102,0,4,0,'antishock-2352',0,0,0,0,'95.103.15.47','2017-09-12 15:51:34'),(2103,0,4,0,'TT1058',0,0,0,1,'95.103.15.47','2017-09-12 15:52:26'),(2104,0,4,0,'Naviglio 7247',0,0,0,1,'95.103.15.47','2017-09-12 15:59:49'),(2105,0,4,0,'Blitz 640',0,0,0,1,'88.212.37.65','2017-09-12 16:48:32'),(2106,0,4,0,'Zrkadla',0,0,0,0,'195.28.146.27','2017-09-12 18:22:32'),(2107,0,4,0,'zrkadlo',0,0,0,0,'79.88.230.230','2017-09-12 18:28:41'),(2108,0,4,0,'kabuk',0,0,0,2,'178.18.77.1','2017-09-13 05:55:49'),(2109,0,4,0,'magyster',0,0,0,1,'88.212.40.150','2017-09-13 07:11:31'),(2110,0,4,0,'Cortes 7095',0,0,0,0,'95.103.15.47','2017-09-13 07:33:45'),(2111,0,4,0,'Miami',0,0,0,4,'95.103.15.47','2017-09-13 07:34:35'),(2112,0,4,0,'CB5069 Element',0,0,0,1,'95.103.15.47','2017-09-13 08:28:53'),(2113,0,4,0,'Cortes 7095',0,0,0,1,'95.103.15.47','2017-09-13 08:37:50'),(2114,0,4,0,'Miami 6205',0,0,0,0,'95.103.15.47','2017-09-13 08:45:35'),(2115,0,4,0,'Miami 6205',0,0,0,0,'95.103.15.47','2017-09-13 08:45:44'),(2116,0,4,0,'Miami 6205',0,0,0,0,'95.103.15.47','2017-09-13 08:45:46'),(2117,0,4,0,'Miami 6205',0,0,0,0,'95.103.15.47','2017-09-13 08:45:49'),(2118,0,4,0,'Miami 6205',0,0,0,0,'95.103.15.47','2017-09-13 08:45:51'),(2119,0,4,0,'Miami 6205',0,0,0,1,'95.103.15.47','2017-09-13 08:46:12'),(2120,0,4,0,'Odeon 7098',0,0,0,1,'95.103.15.47','2017-09-13 08:53:56'),(2121,0,4,0,'Odeon 7098',0,0,0,1,'95.103.15.47','2017-09-13 08:54:07'),(2122,0,4,0,'CB6031-5 Password',0,0,0,1,'95.103.15.47','2017-09-13 08:56:34'),(2123,0,4,0,'day dream',0,0,0,1,'195.28.83.179','2017-09-13 09:36:12'),(2124,0,4,0,'Miami 6205',0,0,0,1,'95.103.15.47','2017-09-13 09:55:49'),(2125,0,4,0,'Radio',0,0,0,1,'95.103.15.47','2017-09-13 09:57:05'),(2126,0,4,0,'foliage',0,0,0,4,'62.65.171.98','2017-09-13 10:35:37'),(2127,0,4,0,'skin',0,0,0,1,'95.103.15.47','2017-09-13 14:52:52'),(2128,0,4,0,'artistico',0,0,0,5,'46.229.168.74','2017-09-13 16:32:11'),(2129,0,4,0,'foliage',0,0,0,4,'77.75.78.166','2017-09-14 05:20:20'),(2130,0,4,0,'Podsedak',0,0,0,0,'188.246.99.130','2017-09-14 08:14:16'),(2131,0,4,0,'Myoyour',0,0,0,0,'91.127.117.60','2017-09-14 09:02:28'),(2132,0,4,0,'Miss Petra ',0,0,0,1,'91.127.117.60','2017-09-14 09:02:53'),(2133,0,4,0,'midj',0,0,0,0,'178.143.191.210','2017-09-14 10:45:20'),(2134,0,4,0,'midj',0,0,0,0,'178.143.191.210','2017-09-14 10:45:27'),(2135,0,4,0,'Podsedak',0,0,0,0,'85.237.234.212','2017-09-14 11:19:03'),(2136,0,4,0,'pa11B',0,0,0,0,'91.127.195.227','2017-09-14 14:58:24'),(2137,0,4,0,'pa 11',0,0,0,3,'91.127.195.227','2017-09-14 14:58:32'),(2138,0,4,0,'iceberg',0,0,0,0,'91.127.227.123','2017-09-14 15:26:21'),(2139,0,4,0,'kabuk',0,0,0,2,'78.98.61.71','2017-09-14 17:53:11'),(2140,0,4,0,'Midj',0,0,0,0,'109.74.159.54','2017-09-14 19:09:29'),(2141,0,4,0,'artistico',0,0,0,5,'37.187.56.81','2017-09-15 01:06:58'),(2142,0,4,0,'kabuk',0,0,0,2,'37.187.56.81','2017-09-15 01:11:23'),(2143,0,4,0,'TON',0,0,0,26,'212.158.152.27','2017-09-15 04:01:52'),(2144,0,4,0,'TON',0,0,0,26,'212.158.152.27','2017-09-15 04:02:10'),(2145,0,4,0,'zrkadlo',0,0,0,0,'217.75.82.232','2017-09-15 05:40:23'),(2146,0,4,0,'artistico',0,0,0,5,'195.160.182.53','2017-09-15 09:24:58'),(2147,0,4,0,'miniforms soft',0,0,0,0,'192.162.96.77','2017-09-15 11:17:40'),(2148,0,4,0,'glamis',0,0,0,0,'192.162.96.77','2017-09-15 11:18:05'),(2149,0,4,0,'bonaldo basket',0,0,0,0,'192.162.96.77','2017-09-15 11:18:20'),(2150,0,4,0,'glamis',0,0,0,0,'192.162.96.77','2017-09-15 11:18:28'),(2151,0,4,0,'miniforms soft',0,0,0,0,'192.162.96.77','2017-09-15 11:18:30'),(2152,0,4,0,'penelope',0,0,0,2,'78.41.168.14','2017-09-15 11:26:50'),(2153,0,4,0,'návlek',0,0,0,0,'109.236.126.96','2017-09-15 19:42:00'),(2154,0,4,0,'kabuk',0,0,0,2,'159.203.86.118','2017-09-15 23:51:38'),(2155,0,4,0,'artistico',0,0,0,5,'159.203.86.118','2017-09-15 23:54:07'),(2156,0,4,0,'foliage',0,0,0,4,'89.173.107.46','2017-09-16 03:44:14'),(2157,0,4,0,'príručný',0,0,0,0,'46.243.69.254','2017-09-16 07:31:44'),(2158,0,4,0,'kávové',0,0,0,0,'217.75.82.232','2017-09-16 08:04:33'),(2159,0,4,0,'PA11',0,0,0,3,'89.173.165.188','2017-09-16 09:08:51'),(2160,0,4,0,'kabuk',0,0,0,2,'62.197.243.121','2017-09-16 14:30:06'),(2161,0,4,0,'Componibli',0,0,0,0,'85.216.148.126','2017-09-16 15:01:09'),(2162,0,4,0,'Compon',0,0,0,5,'85.216.148.126','2017-09-16 15:01:14'),(2163,0,4,0,'Compon',0,0,0,5,'85.216.148.126','2017-09-16 15:02:16'),(2164,0,4,0,'Rosie',0,0,0,2,'195.91.17.95','2017-09-16 16:50:57'),(2165,0,4,0,'kabuk',0,0,0,2,'95.103.43.28','2017-09-16 19:46:37'),(2166,0,4,0,'kabuk',0,0,0,2,'95.103.43.28','2017-09-16 19:47:29'),(2167,0,4,0,'U shine',0,0,0,0,'88.103.65.224','2017-09-16 22:00:26'),(2168,0,4,0,'kabuk',0,0,0,2,'92.52.62.66','2017-09-17 06:13:10'),(2169,0,4,0,'kabuk',0,0,0,2,'195.91.97.146','2017-09-17 10:46:47'),(2170,0,4,0,'foliage',0,0,0,4,'188.167.250.92','2017-09-17 11:16:06'),(2171,0,4,0,'foliage',0,0,0,4,'188.167.250.92','2017-09-17 11:16:40'),(2172,0,4,0,'barove',0,0,0,0,'178.143.117.254','2017-09-17 12:08:23'),(2173,0,4,0,'vaza skin',0,0,0,0,'85.237.234.155','2017-09-17 13:41:00'),(2174,0,4,0,'Skin',0,0,0,1,'85.237.234.155','2017-09-17 13:41:15'),(2175,0,4,0,'Skin',0,0,0,1,'85.237.234.155','2017-09-17 13:42:40'),(2176,0,4,0,'Next',0,0,0,3,'85.237.234.155','2017-09-17 13:42:48'),(2177,0,4,0,'kabuk',0,0,0,2,'176.101.176.108','2017-09-17 13:49:43'),(2178,0,4,0,'foliage',0,0,0,4,'78.99.208.117','2017-09-17 14:07:00'),(2179,0,4,0,'foliage',0,0,0,4,'78.99.208.117','2017-09-17 14:08:29'),(2180,0,4,0,'kabuk',0,0,0,2,'173.252.85.205','2017-09-17 15:56:55'),(2181,0,4,0,'kabuk',0,0,0,2,'176.107.23.252','2017-09-17 15:56:56'),(2182,0,4,0,'stoličky L',0,0,0,0,'78.98.206.148','2017-09-17 16:18:47'),(2183,0,4,0,'next L',0,0,0,1,'78.98.206.148','2017-09-17 16:19:56'),(2184,0,4,0,'2845',0,0,0,2,'109.141.64.82','2017-09-17 17:08:45'),(2185,0,4,0,'koberec',0,0,0,0,'95.103.37.9','2017-09-17 17:43:31'),(2186,0,4,0,'artistico',0,0,0,5,'87.244.203.128','2017-09-17 17:51:34'),(2187,0,4,0,'kabuk',0,0,0,2,'84.245.121.73','2017-09-17 19:21:10'),(2188,0,4,0,'cs',0,0,0,129,'62.197.243.222','2017-09-17 19:31:36'),(2189,0,4,0,'cs',0,0,0,129,'62.197.243.222','2017-09-17 19:32:03'),(2190,0,4,0,'cs',0,0,0,129,'62.197.243.222','2017-09-17 19:32:23'),(2191,0,4,0,'cs',0,0,0,129,'62.197.243.222','2017-09-17 19:32:40'),(2192,0,4,0,'cs',0,0,0,129,'62.197.243.222','2017-09-17 19:33:08'),(2193,0,4,0,'cs',0,0,0,129,'62.197.243.222','2017-09-17 19:33:45'),(2194,0,4,0,'cs',0,0,0,129,'62.197.243.222','2017-09-17 19:34:40'),(2195,0,4,0,'cs',0,0,0,129,'62.197.243.222','2017-09-17 19:34:57'),(2196,0,4,0,'cs',0,0,0,129,'62.197.243.222','2017-09-17 19:35:40'),(2197,0,4,0,'cs',0,0,0,129,'62.197.243.222','2017-09-17 19:35:57'),(2198,0,4,0,'tt',0,0,0,105,'62.197.243.222','2017-09-17 19:36:23'),(2199,0,4,0,'tt',0,0,0,105,'62.197.243.222','2017-09-17 19:37:00'),(2200,0,4,0,'tt',0,0,0,105,'62.197.243.222','2017-09-17 19:37:23'),(2201,0,4,0,'tt',0,0,0,105,'62.197.243.222','2017-09-17 19:37:49'),(2202,0,4,0,'tt 10',0,0,0,9,'62.197.243.222','2017-09-17 19:38:12'),(2203,0,4,0,'kabuk',0,0,0,2,'78.102.153.43','2017-09-18 03:23:52'),(2204,0,4,0,'kabuk',0,0,0,2,'78.102.153.43','2017-09-18 03:23:52'),(2205,0,4,0,'foliage',0,0,0,4,'80.87.220.24','2017-09-18 06:28:49'),(2206,0,4,0,'kit esterno',0,0,0,7,'95.103.15.47','2017-09-18 07:52:58'),(2207,0,4,0,'kit esterno',0,0,0,7,'95.103.15.47','2017-09-18 07:56:41'),(2208,0,4,0,'rain',0,0,0,1,'93.184.64.12','2017-09-18 09:23:09'),(2209,0,4,0,'chic',0,0,0,13,'95.103.15.47','2017-09-18 09:28:15'),(2210,0,4,0,'chic',0,0,0,13,'95.103.15.47','2017-09-18 09:28:32'),(2211,0,4,0,'chic',0,0,0,13,'95.103.15.47','2017-09-18 09:30:20'),(2212,0,4,0,'avatar',0,0,0,3,'95.103.15.47','2017-09-18 09:39:45'),(2213,0,4,0,'chimera',0,0,0,1,'95.103.15.47','2017-09-18 09:59:11'),(2214,0,4,0,'rain',0,0,0,1,'93.184.64.12','2017-09-18 10:12:27'),(2215,0,4,0,'avatar',0,0,0,3,'95.103.15.47','2017-09-18 11:05:02'),(2216,0,4,0,'drive',0,0,0,7,'95.103.15.47','2017-09-18 11:06:39'),(2217,0,4,0,'drive',0,0,0,7,'95.103.15.47','2017-09-18 11:06:59'),(2218,0,4,0,'orion',0,0,0,1,'95.103.15.47','2017-09-18 11:15:24'),(2219,0,4,0,'spen',0,0,0,0,'95.103.15.47','2017-09-18 11:16:38'),(2220,0,4,0,'space poltrona',0,0,0,0,'95.103.15.47','2017-09-18 15:00:28'),(2221,0,4,0,'spice',0,0,0,3,'95.103.15.47','2017-09-18 15:14:24'),(2222,0,4,0,'spice',0,0,0,3,'95.103.15.47','2017-09-18 15:17:35'),(2223,0,4,0,'harvey',0,0,0,1,'88.212.37.130','2017-09-18 20:25:50'),(2224,0,4,0,'harvey',0,0,0,1,'88.212.37.130','2017-09-18 20:27:17'),(2225,0,4,0,'kabuk',0,0,0,2,'217.170.97.161','2017-09-19 04:49:24'),(2226,0,4,0,'kabuk',0,0,0,2,'217.170.97.161','2017-09-19 04:49:25'),(2227,0,4,0,'Componi',0,0,0,5,'85.216.148.126','2017-09-19 07:45:17'),(2228,0,4,0,'vincent',0,0,0,1,'95.103.15.47','2017-09-19 08:20:15'),(2229,0,4,0,'VST',0,0,0,45,'95.103.15.47','2017-09-19 11:17:39'),(2230,0,4,0,'VST',0,0,0,45,'95.103.15.47','2017-09-19 11:18:22'),(2231,0,4,0,'VST',0,0,0,45,'95.103.15.47','2017-09-19 11:18:26'),(2232,0,4,0,'VST',0,0,0,45,'95.103.15.47','2017-09-19 11:18:36'),(2233,0,4,0,'VST',0,0,0,45,'95.103.15.47','2017-09-19 11:18:54'),(2234,0,4,0,'VST',0,0,0,45,'95.103.15.47','2017-09-19 11:19:07'),(2235,0,4,0,'VST',0,0,0,44,'95.103.15.47','2017-09-19 11:20:27'),(2236,0,4,0,'VST',0,0,0,43,'95.103.15.47','2017-09-19 11:21:17'),(2237,0,4,0,'VST',0,0,0,43,'95.103.15.47','2017-09-19 11:21:55'),(2238,0,4,0,'VST',0,0,0,42,'95.103.15.47','2017-09-19 11:22:56'),(2239,0,4,0,'VST',0,0,0,41,'95.103.15.47','2017-09-19 11:25:43'),(2240,0,4,0,'VST',0,0,0,40,'95.103.15.47','2017-09-19 11:28:32'),(2241,0,4,0,'VST',0,0,0,39,'95.103.15.47','2017-09-19 11:29:09'),(2242,0,4,0,'VST1',0,0,0,39,'95.103.15.47','2017-09-19 12:39:10'),(2243,0,4,0,'VST1',0,0,0,39,'95.103.15.47','2017-09-19 12:39:31'),(2244,0,4,0,'VST1',0,0,0,39,'95.103.15.47','2017-09-19 12:40:01'),(2245,0,4,0,'VST1',0,0,0,39,'95.103.15.47','2017-09-19 12:40:25'),(2246,0,4,0,'VST1',0,0,0,39,'95.103.15.47','2017-09-19 12:40:40'),(2247,0,4,0,'VST1',0,0,0,39,'95.103.15.47','2017-09-19 12:40:56'),(2248,0,4,0,'VST1',0,0,0,39,'95.103.15.47','2017-09-19 12:41:09'),(2249,0,4,0,'vst',0,0,0,39,'95.103.15.47','2017-09-19 12:44:29'),(2250,0,4,0,'vst',0,0,0,39,'95.103.15.47','2017-09-19 12:44:37'),(2251,0,4,0,'vst',0,0,0,39,'95.103.15.47','2017-09-19 12:45:14'),(2252,0,4,0,'pieskovisko',0,0,0,0,'62.197.243.238','2017-09-19 13:25:46'),(2253,0,4,0,'atrium',0,0,0,1,'95.103.15.47','2017-09-19 16:28:50'),(2254,0,4,0,'vst',0,0,0,39,'88.212.37.216','2017-09-19 20:41:06'),(2255,0,4,0,'vst',0,0,0,39,'88.212.37.216','2017-09-19 20:41:43'),(2256,0,4,0,'vst',0,0,0,39,'88.212.37.216','2017-09-19 20:43:34'),(2257,0,4,0,'vst',0,0,0,39,'88.212.37.216','2017-09-19 20:44:20'),(2258,0,4,0,'vst',0,0,0,39,'88.212.37.216','2017-09-19 20:44:37'),(2259,0,4,0,'kabuk',0,0,0,2,'54.158.21.160','2017-09-19 22:33:18'),(2260,0,4,0,'artistico',0,0,0,5,'54.158.21.160','2017-09-19 22:33:57'),(2261,0,4,0,'artistico',0,0,0,5,'178.40.31.228','2017-09-20 06:53:16'),(2262,0,4,0,'sam',0,0,0,10,'95.103.15.47','2017-09-20 09:37:44'),(2263,0,4,0,'bonaldo',0,0,0,0,'85.248.177.71','2017-09-20 09:52:42'),(2264,0,4,0,'gel sl',0,0,0,1,'95.103.15.47','2017-09-20 10:04:08'),(2265,0,4,0,'avatar',0,0,0,3,'178.40.134.44','2017-09-20 15:49:18'),(2266,0,4,0,'siren',0,0,0,2,'95.103.155.83','2017-09-20 15:51:56'),(2267,0,4,0,'stolík',0,0,0,0,'46.229.225.222','2017-09-20 17:49:47'),(2268,0,4,0,'Koberec',0,0,0,0,'84.47.98.65','2017-09-20 18:20:24'),(2269,0,4,0,'kabuk',0,0,0,2,'95.103.15.47','2017-09-21 11:14:58'),(2270,0,4,0,'stoličky',0,0,0,0,'188.121.166.5','2017-09-21 11:27:45'),(2271,0,4,0,'Adachi 8155',0,0,0,1,'95.103.15.47','2017-09-21 14:22:31'),(2272,0,4,0,'Amburgo 6285',0,0,0,1,'95.103.15.47','2017-09-21 14:24:48'),(2273,0,4,0,'Hold',0,0,0,1,'95.103.15.47','2017-09-21 14:31:38'),(2274,0,4,0,'Ostrich',0,0,0,0,'95.103.15.47','2017-09-21 14:35:30'),(2275,0,4,0,'Ostrich',0,0,0,1,'95.103.15.47','2017-09-21 14:53:47'),(2276,0,4,0,'Ostrich',0,0,0,1,'95.103.15.47','2017-09-21 14:54:22'),(2277,0,4,0,'piek',0,0,0,0,'95.103.15.47','2017-09-21 15:29:39'),(2278,0,4,0,'vitrína',0,0,0,0,'195.80.191.130','2017-09-21 15:32:33'),(2279,0,4,0,'kabuk',0,0,0,2,'176.112.188.187','2017-09-21 18:46:09'),(2280,0,4,0,'kabuk',0,0,0,2,'176.112.188.187','2017-09-21 18:47:55'),(2281,0,4,0,'kabuk',0,0,0,2,'95.170.242.79','2017-09-21 19:21:27'),(2282,0,4,0,'vst',0,0,0,39,'88.212.37.216','2017-09-21 21:55:01'),(2283,0,4,0,'Postel',0,0,0,0,'79.97.113.66','2017-09-21 21:58:56'),(2284,0,4,0,'kabuk',0,0,0,2,'90.64.124.123','2017-09-22 05:25:41'),(2285,0,4,0,'stolička bez operadla',0,0,0,0,'62.168.102.14','2017-09-22 05:37:13'),(2286,0,4,0,'kabuk',0,0,0,2,'195.146.132.238','2017-09-22 05:49:48'),(2287,0,4,0,'foliage',0,0,0,4,'193.245.40.71','2017-09-22 09:13:24'),(2288,0,4,0,'apelle',0,0,0,7,'188.123.100.211','2017-09-22 11:17:52'),(2289,0,4,0,'Ariel',0,0,0,2,'195.91.73.17','2017-09-22 12:24:11'),(2290,0,4,0,'pouf',0,0,0,14,'188.167.47.127','2017-09-22 14:01:51'),(2291,0,4,0,'pouf',0,0,0,14,'217.75.82.232','2017-09-22 14:01:53'),(2292,0,4,0,'artistico',0,0,0,5,'77.75.76.166','2017-09-22 16:07:22'),(2293,0,4,0,'kabuk',0,0,0,2,'84.245.120.109','2017-09-22 20:43:24'),(2294,0,4,0,'kabuk',0,0,0,2,'84.245.120.109','2017-09-22 20:43:42'),(2295,0,4,0,'Lavice',0,0,0,0,'185.94.5.50','2017-09-23 08:41:38'),(2296,0,4,0,'kartell',0,0,0,0,'84.16.39.168','2017-09-23 11:59:32'),(2297,0,4,0,'ariel',0,0,0,2,'67.85.51.96','2017-09-23 17:47:05'),(2298,0,4,0,'ariel',0,0,0,2,'67.85.51.96','2017-09-23 17:50:58'),(2299,0,4,0,'Afra',0,0,0,2,'95.103.77.105','2017-09-23 19:32:26'),(2300,0,4,0,'foliage',0,0,0,4,'188.120.10.10','2017-09-23 21:51:36'),(2301,0,4,0,'kabuk',0,0,0,2,'77.240.103.227','2017-09-24 06:32:36'),(2302,0,4,0,'foliage',0,0,0,4,'88.100.60.33','2017-09-24 07:32:10'),(2303,0,4,0,'stolicka',0,0,0,0,'217.75.82.235','2017-09-24 11:23:03'),(2304,0,4,0,'kabuk',0,0,0,2,'66.249.66.2','2017-09-24 14:00:14'),(2305,0,4,0,'Konferencny stolik',0,0,0,0,'178.41.190.183','2017-09-24 17:04:20'),(2306,0,4,0,'avatar',0,0,0,3,'88.212.37.130','2017-09-24 19:26:35'),(2307,0,4,0,'foliage',0,0,0,4,'213.160.174.48','2017-09-24 21:28:19'),(2308,0,4,0,'foliage',0,0,0,4,'213.160.174.48','2017-09-24 21:28:26'),(2309,0,4,0,'artistico',0,0,0,5,'93.158.161.66','2017-09-25 02:27:32'),(2310,0,4,0,'avatar',0,0,0,3,'88.212.37.130','2017-09-25 04:39:25'),(2311,0,4,0,'garcia',0,0,0,0,'88.212.37.4','2017-09-25 09:10:49'),(2312,0,4,0,'g6430',0,0,0,0,'88.212.37.4','2017-09-25 09:10:59'),(2313,0,4,0,'6430',0,0,0,1,'88.212.37.4','2017-09-25 09:11:05'),(2314,0,4,0,'Ariel ',0,0,0,2,'95.103.8.160','2017-09-25 10:25:52'),(2315,0,4,0,'agazia',0,0,0,2,'178.41.16.255','2017-09-25 11:01:01'),(2316,0,4,0,'agazia',0,0,0,2,'178.41.16.255','2017-09-25 11:03:26'),(2317,0,4,0,'agazia',0,0,0,2,'178.41.16.255','2017-09-25 11:03:48'),(2318,0,4,0,'agazia',0,0,0,2,'46.229.228.89','2017-09-25 11:05:51'),(2319,0,4,0,'agazia',0,0,0,2,'46.229.228.89','2017-09-25 11:12:25'),(2320,0,4,0,'agazia',0,0,0,2,'46.229.228.89','2017-09-25 11:38:28'),(2321,0,4,0,'agazia',0,0,0,2,'46.229.228.89','2017-09-25 11:47:39'),(2322,0,4,0,'agazia',0,0,0,2,'178.41.16.255','2017-09-25 11:52:45'),(2323,0,4,0,'agazia',0,0,0,2,'178.41.16.255','2017-09-25 11:53:26'),(2324,0,4,0,'artemidoro',0,0,0,1,'178.41.16.255','2017-09-25 12:05:13'),(2325,0,4,0,'agazia',0,0,0,2,'178.41.16.255','2017-09-25 12:05:46'),(2326,0,4,0,'kabuk',0,0,0,2,'195.91.4.97','2017-09-25 15:29:08'),(2327,0,4,0,'kabuk',0,0,0,2,'195.91.4.97','2017-09-25 15:36:06'),(2328,0,4,0,'police',0,0,0,0,'195.91.4.97','2017-09-25 15:36:17'),(2329,0,4,0,'police',0,0,0,0,'195.91.4.97','2017-09-25 15:36:25'),(2330,0,4,0,'Lustre',0,0,0,0,'85.237.234.179','2017-09-25 17:30:09'),(2331,0,4,0,'Lustre',0,0,0,0,'85.237.234.179','2017-09-25 17:38:25'),(2332,0,4,0,'Lustre',0,0,0,0,'85.237.234.179','2017-09-25 17:40:08'),(2333,0,4,0,'Lustre',0,0,0,0,'85.237.234.179','2017-09-25 17:40:48'),(2334,0,4,0,'gel-sl',0,0,0,1,'178.40.176.127','2017-09-25 18:07:45'),(2335,0,4,0,'foliage',0,0,0,4,'193.187.56.237','2017-09-25 18:40:10'),(2336,0,4,0,'kabuk',0,0,0,2,'104.236.120.213','2017-09-25 20:38:15'),(2337,0,4,0,'artistico',0,0,0,5,'104.236.120.213','2017-09-25 20:40:55'),(2338,0,4,0,'Stolcek',0,0,0,0,'213.151.238.245','2017-09-26 05:36:59'),(2339,0,4,0,'honey',0,0,0,5,'95.103.15.47','2017-09-26 10:06:06'),(2340,0,4,0,'kabuk',0,0,0,2,'195.168.102.202','2017-09-26 12:02:22'),(2341,0,4,0,'kniznica',0,0,0,0,'195.168.102.202','2017-09-26 12:16:16'),(2342,0,4,0,'nočný stolík',0,0,0,0,'213.181.131.12','2017-09-26 14:25:13'),(2343,0,4,0,'botník',0,0,0,0,'213.181.131.12','2017-09-26 14:25:54'),(2344,0,4,0,'birex',0,0,0,0,'213.181.131.12','2017-09-26 14:26:28'),(2345,0,4,0,'birex',0,0,0,0,'213.181.131.12','2017-09-26 14:26:34'),(2346,0,4,0,'academy',0,0,0,17,'37.58.4.118','2017-09-26 16:01:51'),(2347,0,4,0,'nocny stolik',0,0,0,0,'176.102.96.131','2017-09-27 04:42:30'),(2348,0,4,0,'se600',0,0,0,4,'95.103.15.47','2017-09-27 10:32:51'),(2349,0,4,0,'se600',0,0,0,4,'95.103.15.47','2017-09-27 10:33:39'),(2350,0,4,0,'Tonon',0,0,0,0,'195.91.98.240','2017-09-27 12:55:55'),(2351,0,4,0,'Concept 902',0,0,0,0,'178.40.232.244','2017-09-27 14:16:28'),(2352,0,4,0,'alceo',0,0,0,1,'95.103.15.47','2017-09-27 14:51:35'),(2353,0,4,0,'alceo',0,0,0,1,'95.103.15.47','2017-09-27 14:52:23'),(2354,0,4,0,'novin&amp;',0,0,0,0,'213.181.131.12','2017-09-27 14:59:14'),(2355,0,4,0,'noviny',0,0,0,0,'213.181.131.12','2017-09-27 14:59:17'),(2356,0,4,0,'atojan',0,0,0,0,'213.181.131.12','2017-09-27 14:59:20'),(2357,0,4,0,'stojan',0,0,0,0,'213.181.131.12','2017-09-27 14:59:24'),(2358,0,4,0,'artistico',0,0,0,5,'87.197.164.162','2017-09-27 17:19:53'),(2359,0,4,0,'kabuk',0,0,0,2,'86.49.21.215','2017-09-28 00:54:15'),(2360,0,4,0,'kabuk',0,0,0,2,'86.49.21.215','2017-09-28 00:55:01'),(2361,0,4,0,'alceo',0,0,0,1,'95.103.15.47','2017-09-28 07:19:50'),(2362,0,4,0,'ACADEMY',0,0,0,17,'91.219.132.55','2017-09-28 07:38:06'),(2363,0,4,0,'cairo',0,0,0,3,'188.167.47.127','2017-09-28 10:06:13'),(2364,0,4,0,'artistico',0,0,0,5,'46.229.168.77','2017-09-28 10:10:02'),(2365,0,4,0,'artistico',0,0,0,5,'46.229.168.77','2017-09-28 10:10:28'),(2366,0,4,0,'sonn',0,0,0,4,'95.103.15.47','2017-09-28 10:39:45'),(2367,0,4,0,'cover',0,0,0,6,'95.103.15.47','2017-09-28 10:41:07'),(2368,0,4,0,'soony',0,0,0,0,'95.103.15.47','2017-09-28 10:48:30'),(2369,0,4,0,'sonn',0,0,0,4,'95.103.15.47','2017-09-28 10:48:40'),(2370,0,4,0,'ghost',0,0,0,8,'95.103.15.47','2017-09-28 10:50:06'),(2371,0,4,0,'ghost',0,0,0,8,'95.103.15.47','2017-09-28 10:51:47'),(2372,0,4,0,'ghost',0,0,0,8,'95.103.15.47','2017-09-28 10:52:56'),(2373,0,4,0,'capri',0,0,0,11,'95.103.15.47','2017-09-28 11:07:10'),(2374,0,4,0,'capri',0,0,0,11,'95.103.15.47','2017-09-28 11:08:18'),(2375,0,4,0,'ghost',0,0,0,8,'95.103.15.47','2017-09-28 11:10:57'),(2376,0,4,0,'Gliss',0,0,0,6,'78.98.146.99','2017-09-28 12:41:27'),(2377,0,4,0,'Gliss',0,0,0,6,'78.98.146.99','2017-09-28 12:42:46'),(2378,0,4,0,'kabuk',0,0,0,2,'95.103.142.41','2017-09-28 13:11:54'),(2379,0,4,0,'kabuk',0,0,0,2,'173.252.124.232','2017-09-28 13:11:54'),(2380,0,4,0,'Sonny ',0,0,0,4,'85.237.234.187','2017-09-28 14:11:59'),(2381,0,4,0,'Cassanova',0,0,0,0,'85.237.234.187','2017-09-28 14:12:41'),(2382,0,4,0,'Cassanova',0,0,0,0,'85.237.234.187','2017-09-28 14:12:50'),(2383,0,4,0,'Cassanova',0,0,0,0,'85.237.234.187','2017-09-28 14:12:50'),(2384,0,4,0,'Cassanova',0,0,0,0,'85.237.234.187','2017-09-28 14:12:51'),(2385,0,4,0,'Cassanova',0,0,0,0,'85.237.234.187','2017-09-28 14:12:52'),(2386,0,4,0,'Cassanova',0,0,0,0,'85.237.234.187','2017-09-28 14:12:52'),(2387,0,4,0,'Casanova',0,0,0,3,'85.237.234.187','2017-09-28 14:13:12'),(2388,0,4,0,'Skin',0,0,0,1,'88.212.37.141','2017-09-28 17:51:26'),(2389,0,4,0,'Bouchon',0,0,0,2,'88.212.37.141','2017-09-28 17:51:48'),(2390,0,4,0,'Skin',0,0,0,1,'88.212.37.141','2017-09-28 17:51:55'),(2391,0,4,0,'Apelle P',0,0,0,7,'88.212.37.141','2017-09-28 17:52:18'),(2392,0,4,0,'pa11',0,0,0,3,'95.102.107.249','2017-09-28 17:58:36'),(2393,0,4,0,'pa11',0,0,0,3,'95.102.107.249','2017-09-28 17:59:22'),(2394,0,4,0,'pa11',0,0,0,3,'95.102.107.249','2017-09-28 17:59:41'),(2395,0,4,0,'pa11',0,0,0,3,'95.102.107.249','2017-09-28 18:00:00'),(2396,0,4,0,'pa11',0,0,0,3,'95.102.107.249','2017-09-28 18:00:25'),(2397,0,4,0,'kabuk',0,0,0,2,'157.55.39.78','2017-09-28 18:27:15'),(2398,0,4,0,'kabuk',0,0,0,2,'176.12.115.228','2017-09-29 05:15:18'),(2399,0,4,0,'ACADEMY',0,0,0,17,'91.219.132.55','2017-09-29 07:25:55'),(2400,0,4,0,'Avatar',0,0,0,3,'195.91.47.245','2017-09-29 08:12:01'),(2401,0,4,0,'Concept 902',0,0,0,0,'195.91.98.240','2017-09-29 09:27:17'),(2402,0,4,0,'artistico',0,0,0,5,'5.39.85.81','2017-09-29 09:35:20'),(2403,0,4,0,'kabuk',0,0,0,2,'5.39.85.81','2017-09-29 09:39:46'),(2404,0,4,0,'foliage',0,0,0,4,'77.75.78.162','2017-09-29 11:43:52'),(2405,0,4,0,'sandy',0,0,0,2,'87.244.233.250','2017-09-29 12:32:42'),(2406,0,4,0,'barone',0,0,0,2,'95.103.15.47','2017-09-29 14:25:54'),(2407,0,4,0,'tai',0,0,0,4,'95.103.15.47','2017-09-29 14:54:16'),(2408,0,4,0,'Latina',0,0,0,3,'188.167.252.84','2017-09-29 17:37:41'),(2409,0,4,0,'Latina',0,0,0,3,'188.167.252.84','2017-09-29 17:39:35'),(2410,0,4,0,'kabuk',0,0,0,2,'83.30.49.218','2017-09-30 04:39:46'),(2411,0,4,0,'ice',0,0,0,34,'188.167.255.99','2017-09-30 11:40:14'),(2412,0,4,0,'ice',0,0,0,34,'188.167.255.99','2017-09-30 11:40:34'),(2413,0,4,0,'konferenčný stôl',0,0,0,0,'188.167.255.99','2017-09-30 11:40:58'),(2414,0,4,0,'konferenčný stolík',0,0,0,0,'188.167.255.99','2017-09-30 11:41:04'),(2415,0,4,0,'Stoličky ',0,0,0,0,'178.40.242.150','2017-09-30 20:31:37'),(2416,0,4,0,'sedací vak',0,0,0,0,'188.121.166.129','2017-10-01 06:38:53'),(2417,0,4,0,'Bouchon',0,0,0,2,'85.237.234.241','2017-10-01 06:45:38'),(2418,0,4,0,'Connubia',0,0,0,0,'77.92.211.188','2017-10-01 08:58:53'),(2419,0,4,0,'Connubia',0,0,0,0,'77.92.211.188','2017-10-01 09:00:16'),(2420,0,4,0,'foliage',0,0,0,4,'78.108.101.88','2017-10-01 11:22:49'),(2421,0,4,0,'kabuk',0,0,0,2,'178.143.143.164','2017-10-01 14:44:55'),(2422,0,4,0,'Vešiak',0,0,0,0,'62.182.130.35','2017-10-01 20:25:54'),(2423,0,4,0,'artistico',0,0,0,5,'180.76.15.20','2017-10-02 01:04:45'),(2424,0,4,0,'foliage',0,0,0,4,'87.244.231.149','2017-10-02 07:10:36'),(2425,0,4,0,'lounge',0,0,0,14,'95.103.15.47','2017-10-02 09:25:40'),(2426,0,4,0,'sonny',0,0,0,4,'95.103.15.47','2017-10-02 12:38:58'),(2427,0,4,0,'artistico',0,0,0,5,'95.103.15.47','2017-10-02 13:02:38'),(2428,0,4,0,'Concept 902',0,0,0,0,'95.102.99.136','2017-10-02 20:56:53'),(2429,0,4,0,'Concept 902',0,0,0,0,'95.102.99.136','2017-10-02 20:57:29'),(2430,0,4,0,'kabuk',0,0,0,2,'66.249.66.67','2017-10-02 23:42:08'),(2431,0,4,0,'Zeus A',0,0,0,1,'195.91.97.239','2017-10-03 05:48:58'),(2432,0,4,0,'kabuk',0,0,0,2,'85.237.234.36','2017-10-03 05:57:52'),(2433,0,4,0,'artistico',0,0,0,5,'213.81.173.106','2017-10-03 07:02:37'),(2434,0,4,0,'kabuk',0,0,0,2,'46.229.168.67','2017-10-03 07:31:05'),(2435,0,4,0,'gliss',0,0,0,6,'95.103.15.47','2017-10-03 14:16:18'),(2436,0,4,0,'gliss',0,0,0,6,'95.103.15.47','2017-10-03 14:17:54'),(2437,0,4,0,'gliss',0,0,0,6,'95.103.15.47','2017-10-03 14:19:11'),(2438,0,4,0,'gliss',0,0,0,6,'95.103.15.47','2017-10-03 14:21:04'),(2439,0,4,0,'kartell',0,0,0,0,'178.41.46.197','2017-10-03 16:45:53'),(2440,0,4,0,'ice',0,0,0,34,'188.167.255.21','2017-10-03 18:19:12'),(2441,0,4,0,'posteľ',0,0,0,0,'188.167.47.127','2017-10-03 18:21:16'),(2442,0,4,0,'mramorový stôl',0,0,0,0,'188.167.255.21','2017-10-03 18:21:19'),(2443,0,4,0,'foliage',0,0,0,4,'77.75.79.101','2017-10-03 18:57:06'),(2444,0,4,0,'foliage',0,0,0,4,'87.244.220.20','2017-10-04 06:12:48'),(2445,0,4,0,'Žlté kreslo',0,0,0,0,'95.103.117.23','2017-10-04 07:55:40'),(2446,0,4,0,'Červená pohovka',0,0,0,0,'95.103.117.23','2017-10-04 07:55:59'),(2447,0,4,0,'Červená pohovka',0,0,0,0,'95.103.117.23','2017-10-04 07:56:19'),(2448,0,4,0,'Červená pohovka',0,0,0,0,'95.103.117.23','2017-10-04 07:56:53'),(2449,0,4,0,'artistico',0,0,0,5,'188.123.111.29','2017-10-04 12:05:58'),(2450,0,4,0,'artistico',0,0,0,5,'188.123.111.29','2017-10-04 12:06:45'),(2451,0,4,0,'artistico',0,0,0,5,'188.123.111.29','2017-10-04 12:07:06'),(2452,0,4,0,'Up chair tonon',0,0,0,0,'95.102.99.136','2017-10-04 13:36:27'),(2453,0,4,0,'Up chair tonon',0,0,0,0,'95.102.99.136','2017-10-04 13:39:18'),(2454,0,4,0,'foliage',0,0,0,4,'68.180.231.60','2017-10-04 17:03:46'),(2455,0,4,0,'Sedacia',0,0,0,0,'88.212.37.224','2017-10-05 10:25:11'),(2456,0,4,0,'Cleo',0,0,0,10,'195.91.47.52','2017-10-05 11:19:30'),(2457,0,4,0,'kabuk',0,0,0,2,'180.76.15.20','2017-10-05 11:59:09'),(2458,0,4,0,'foliage',0,0,0,4,'185.188.239.7','2017-10-05 13:25:47'),(2459,0,4,0,'študenska izba',0,0,0,0,'185.59.186.79','2017-10-05 15:29:05'),(2460,0,4,0,'kabuk',0,0,0,2,'77.75.76.161','2017-10-05 16:50:30'),(2461,0,4,0,'foliage',0,0,0,4,'88.212.40.115','2017-10-05 17:34:48'),(2462,0,4,0,'kabuk',0,0,0,2,'104.236.115.201','2017-10-05 18:13:15'),(2463,0,4,0,'artistico',0,0,0,5,'104.236.115.201','2017-10-05 18:15:25'),(2464,0,4,0,'thor',0,0,0,2,'213.151.248.2','2017-10-06 06:03:55'),(2465,0,4,0,'sonny',0,0,0,4,'91.127.127.253','2017-10-06 13:03:59'),(2466,0,4,0,'milani zed',0,0,0,0,'213.151.253.5','2017-10-06 13:57:06'),(2467,0,4,0,'milani zed',0,0,0,0,'213.151.253.5','2017-10-06 13:57:14'),(2468,0,4,0,'milani',0,0,0,0,'213.151.253.5','2017-10-06 13:57:17'),(2469,0,4,0,'zed',0,0,0,3,'213.151.253.5','2017-10-06 13:57:23'),(2470,0,4,0,'zed',0,0,0,3,'213.151.253.5','2017-10-06 13:58:43'),(2471,0,4,0,'UNI 378 ',0,0,0,1,'95.103.15.47','2017-10-06 14:53:36'),(2472,0,4,0,'UNI 378 ',0,0,0,1,'95.103.15.47','2017-10-06 14:59:34'),(2473,0,4,0,'Thor ',0,0,0,2,'95.103.15.47','2017-10-06 16:21:29'),(2474,0,4,0,'retro',0,0,0,4,'188.167.250.254','2017-10-06 16:40:38'),(2475,0,4,0,'retro',0,0,0,4,'188.167.250.254','2017-10-06 16:41:39'),(2476,0,4,0,'MD097DP',0,0,0,0,'195.168.66.82','2017-10-06 18:17:37'),(2477,0,4,0,'foliage',0,0,0,4,'93.174.181.199','2017-10-06 21:12:28'),(2478,0,4,0,'foliage',0,0,0,4,'93.174.181.199','2017-10-06 21:13:28'),(2479,0,4,0,'tonin casa',0,0,0,0,'62.176.172.34','2017-10-07 15:54:38'),(2480,0,4,0,'kabuk',0,0,0,2,'77.75.79.95','2017-10-07 20:20:49'),(2481,0,4,0,'artistico',0,0,0,5,'66.249.76.91','2017-10-08 05:17:50'),(2482,0,4,0,'Sonny',0,0,0,4,'95.103.77.105','2017-10-08 08:10:52'),(2483,0,4,0,'kávové stoly',0,0,0,0,'95.102.215.9','2017-10-08 11:21:15'),(2484,0,4,0,'kávové stolíky',0,0,0,0,'95.102.215.9','2017-10-08 11:21:51'),(2485,0,4,0,'príručné stolíky',0,0,0,0,'95.102.215.9','2017-10-08 11:22:32'),(2486,0,4,0,'Ice',0,0,0,34,'195.168.66.84','2017-10-08 11:39:35'),(2487,0,4,0,'Sedačky',0,0,0,0,'95.103.35.9','2017-10-08 17:19:32'),(2488,0,4,0,'Postel',0,0,0,0,'87.239.63.166','2017-10-08 19:28:36'),(2489,0,4,0,'calligaris',0,0,0,0,'85.237.234.102','2017-10-08 19:30:28'),(2490,0,4,0,'calligaris',0,0,0,0,'85.237.234.102','2017-10-08 19:32:04'),(2491,0,4,0,'Jedalenske stoly',0,0,0,0,'85.237.234.235','2017-10-09 07:45:09'),(2492,0,4,0,'Jedalenske stoly',0,0,0,0,'85.237.234.235','2017-10-09 07:46:25'),(2493,0,4,0,'Biely stôl',0,0,0,0,'85.237.234.235','2017-10-09 07:54:10'),(2494,0,4,0,'Biely stôl',183,0,0,0,'85.237.234.235','2017-10-09 07:58:56'),(2495,0,4,0,'Plastove stoly',0,0,0,0,'85.237.234.235','2017-10-09 08:00:19'),(2496,0,4,0,'Plastove stoly',0,0,0,0,'85.237.234.235','2017-10-09 08:00:24'),(2497,0,4,0,'Plastove stoly',183,0,0,0,'85.237.234.235','2017-10-09 08:00:46'),(2498,0,4,0,'foliage',0,0,0,4,'85.159.104.241','2017-10-09 17:35:40'),(2499,0,4,0,'Queen of love',0,0,0,2,'88.212.37.141','2017-10-09 18:27:44'),(2500,0,4,0,'Queen of love',0,0,0,2,'88.212.37.141','2017-10-09 19:42:52'),(2501,0,4,0,'artistico',0,0,0,5,'5.9.155.37','2017-10-09 20:03:46'),(2502,0,4,0,'gravity',0,0,0,2,'5.9.155.37','2017-10-09 20:03:50'),(2503,0,4,0,'foliage',0,0,0,4,'88.198.54.49','2017-10-10 04:53:14'),(2504,0,4,0,'artistico',0,0,0,5,'141.8.144.109','2017-10-10 05:13:39'),(2505,0,4,0,'PA11',0,0,0,3,'212.5.218.247','2017-10-10 05:49:19'),(2506,0,4,0,'Koberec',0,0,0,0,'95.103.20.252','2017-10-10 06:32:52'),(2507,0,4,0,'PA11',0,0,0,3,'78.99.45.224','2017-10-10 06:51:52'),(2508,0,4,0,'PA11',0,0,0,3,'78.99.45.224','2017-10-10 07:07:55'),(2509,0,4,0,'CS1257 Boheme ',0,0,0,1,'95.103.15.47','2017-10-10 07:39:51'),(2510,0,4,0,'Plastove stoly',183,0,0,0,'85.237.234.235','2017-10-10 10:39:40'),(2511,0,4,0,'Fiandre',0,0,0,2,'195.91.43.160','2017-10-10 12:58:46'),(2512,0,4,0,'foliage',0,0,0,4,'78.98.239.129','2017-10-10 18:57:38'),(2513,0,4,0,'foliage',0,0,0,4,'78.98.239.129','2017-10-10 19:20:52'),(2514,0,4,0,'kabuk',0,0,0,2,'77.75.76.166','2017-10-11 03:27:55'),(2515,0,4,0,'calligaris',0,0,0,0,'78.99.36.150','2017-10-11 07:34:22'),(2516,0,4,0,'calligaris',0,0,0,0,'78.99.36.150','2017-10-11 07:34:40'),(2517,0,4,0,'calligaris',0,0,0,0,'78.99.36.150','2017-10-11 07:35:16'),(2518,0,4,0,'blo',0,0,0,18,'88.212.40.159','2017-10-11 11:43:53'),(2519,0,4,0,'bloom stolicka',0,0,0,0,'88.212.40.159','2017-10-11 11:44:35'),(2520,0,4,0,'foliage',0,0,0,4,'88.212.36.2','2017-10-11 11:53:34'),(2521,0,4,0,'zed host',0,0,0,1,'213.151.253.5','2017-10-11 12:13:24'),(2522,0,4,0,'majesty',0,0,0,0,'185.46.214.70','2017-10-11 13:07:40'),(2523,0,4,0,'Sedačky',0,0,0,0,'195.91.4.138','2017-10-11 13:37:57'),(2524,0,4,0,'Sedačky',0,0,0,0,'195.91.4.138','2017-10-11 13:39:17'),(2525,0,4,0,'Sedačky',0,0,0,0,'195.91.4.138','2017-10-11 13:39:23'),(2526,0,4,0,'Sedačky',0,0,0,0,'195.91.4.138','2017-10-11 13:39:30'),(2527,0,4,0,'Sedačky',0,0,0,0,'195.91.4.138','2017-10-11 13:39:36'),(2528,0,4,0,'foliage',0,0,0,4,'185.46.214.70','2017-10-11 13:42:42'),(2529,0,4,0,'zed host',0,0,0,1,'213.151.253.5','2017-10-11 15:35:44'),(2530,0,4,0,'foliage',0,0,0,4,'81.92.148.213','2017-10-11 23:45:10'),(2531,0,4,0,'foliage',0,0,0,4,'213.215.118.194','2017-10-12 09:01:38'),(2532,0,4,0,'foliage',0,0,0,4,'213.215.118.194','2017-10-12 09:01:46'),(2533,0,4,0,'foliage',0,0,0,4,'213.215.118.194','2017-10-12 09:02:16'),(2534,0,4,0,'magis',0,0,0,0,'193.200.9.216','2017-10-12 11:42:59'),(2535,0,4,0,'ice',0,0,0,34,'95.103.15.47','2017-10-12 12:55:10'),(2536,0,4,0,'ice',0,0,0,34,'188.167.255.37','2017-10-12 16:41:39'),(2537,0,4,0,'ice',0,0,0,34,'188.167.255.37','2017-10-12 16:41:50'),(2538,0,4,0,'ice',0,0,0,34,'188.167.255.37','2017-10-12 16:42:06'),(2539,0,4,0,'ice',0,0,0,34,'188.167.255.37','2017-10-12 16:42:29'),(2540,0,4,0,'ice',0,0,0,34,'188.167.255.37','2017-10-12 16:42:55'),(2541,0,4,0,'kabuk',0,0,0,2,'66.249.65.95','2017-10-12 17:39:01'),(2542,0,4,0,'foliage',0,0,0,4,'90.64.47.251','2017-10-12 18:03:45'),(2543,0,4,0,'foliage',0,0,0,4,'90.64.47.251','2017-10-12 18:06:29'),(2544,0,4,0,'P126',0,0,0,0,'85.237.234.100','2017-10-12 20:51:21'),(2545,0,4,0,'PA126 ',0,0,0,2,'85.237.234.100','2017-10-12 20:54:07'),(2546,0,4,0,'Skladacia stolička',0,0,0,0,'188.167.251.221','2017-10-12 21:23:54'),(2547,0,4,0,'Skladac',0,0,0,0,'188.167.251.221','2017-10-12 21:24:09'),(2548,0,4,0,'Skladacia',0,0,0,21,'188.167.251.221','2017-10-12 21:24:22'),(2549,0,4,0,'sklenená vrchná doska',0,0,0,0,'195.49.191.151','2017-10-13 05:40:47'),(2550,0,4,0,'ariel 6832',0,0,0,1,'195.49.191.151','2017-10-13 05:41:12'),(2551,0,4,0,'academy',0,0,0,17,'88.212.40.254','2017-10-13 05:59:15'),(2552,0,4,0,'artistico',0,0,0,5,'37.187.56.81','2017-10-13 06:39:32'),(2553,0,4,0,'kabuk',0,0,0,2,'37.187.56.81','2017-10-13 06:44:01'),(2554,0,4,0,'drop',0,0,0,5,'85.237.234.118','2017-10-13 08:19:13'),(2555,0,4,0,'foliage',0,0,0,4,'213.151.209.51','2017-10-13 09:19:33'),(2556,0,4,0,'Ginger',0,0,0,2,'95.103.8.160','2017-10-13 09:33:20'),(2557,0,4,0,'tonin casa',0,0,0,0,'88.212.37.4','2017-10-13 12:35:35'),(2558,0,4,0,'kabuk',0,0,0,2,'66.249.76.61','2017-10-14 00:44:32'),(2559,0,4,0,'artistico',0,0,0,5,'46.229.168.75','2017-10-14 06:42:23'),(2560,0,4,0,'artistico',0,0,0,5,'93.158.161.96','2017-10-14 08:04:13'),(2561,0,4,0,'nixon',0,0,0,1,'91.227.224.1','2017-10-14 10:18:18'),(2562,0,4,0,'foliage',0,0,0,4,'95.102.215.9','2017-10-14 14:37:30'),(2563,0,4,0,'Postel',0,0,0,0,'188.167.253.93','2017-10-14 17:29:25'),(2564,0,4,0,'Postel',197,0,0,0,'188.167.253.93','2017-10-14 17:29:46'),(2565,0,4,0,'foliage',0,0,0,4,'95.102.38.15','2017-10-14 18:19:15'),(2566,0,4,0,'kabuk',0,0,0,2,'178.41.27.225','2017-10-14 19:44:02'),(2567,0,4,0,'kabuk',0,0,0,2,'178.41.27.225','2017-10-14 19:44:48'),(2568,0,4,0,'kabuk',0,0,0,2,'178.41.27.225','2017-10-14 19:52:16'),(2569,0,4,0,'kabuk',0,0,0,2,'178.41.27.225','2017-10-14 19:56:06'),(2570,0,4,0,'kabuk',0,0,0,2,'178.41.27.225','2017-10-14 19:56:26'),(2571,0,4,0,'kabuk',0,0,0,2,'54.81.59.183','2017-10-14 20:04:30'),(2572,0,4,0,'kabuk',0,0,0,2,'213.215.100.152','2017-10-15 06:50:06'),(2573,0,4,0,'up chair',0,0,0,6,'78.99.46.121','2017-10-15 09:28:10'),(2574,0,4,0,'stool',0,0,0,17,'78.99.46.121','2017-10-15 10:35:20'),(2575,0,4,0,'up chair',0,0,0,6,'78.99.46.121','2017-10-15 10:37:21'),(2576,0,4,14,'up',0,0,0,38,'78.99.46.121','2017-10-15 10:46:17'),(2577,0,4,0,'foliage',0,0,0,4,'88.212.1.68','2017-10-15 12:27:42'),(2578,0,4,0,'Ginger',0,0,0,2,'95.103.77.105','2017-10-15 14:38:51'),(2579,0,4,0,'Up chair',0,0,0,6,'85.216.177.30','2017-10-15 18:05:36'),(2580,0,4,0,'Up chair',0,0,0,6,'85.216.177.30','2017-10-15 18:06:28'),(2581,0,4,0,'Up chair',0,0,0,6,'85.216.177.30','2017-10-15 18:06:48'),(2582,0,4,0,'up',0,0,0,38,'78.99.46.121','2017-10-15 18:44:56'),(2583,0,4,0,'foliage',0,0,0,4,'62.197.235.129','2017-10-15 20:34:40'),(2584,0,4,0,'cruise',0,0,0,4,'193.108.107.18','2017-10-16 06:39:32'),(2585,0,4,0,'ulozné lavice',0,0,0,0,'95.102.110.115','2017-10-16 06:48:46'),(2586,0,4,0,'ulozné boxy',0,0,0,0,'95.102.110.115','2017-10-16 06:49:15'),(2587,0,4,0,'odkladacie boxy',0,0,0,0,'95.102.110.115','2017-10-16 06:51:30'),(2588,0,4,0,'tree',0,0,0,10,'95.103.15.47','2017-10-16 06:52:57'),(2589,0,4,0,'tree',0,0,0,10,'95.103.15.47','2017-10-16 06:54:43'),(2590,0,4,0,'tree mini table',0,0,0,1,'95.102.215.9','2017-10-16 06:57:33'),(2591,0,4,0,'tree mini table',0,0,0,1,'95.102.215.9','2017-10-16 07:00:13'),(2592,0,4,0,'tree mini table',0,0,0,1,'95.102.215.9','2017-10-16 07:57:07'),(2593,0,4,0,'tree  table',0,0,0,1,'95.102.215.9','2017-10-16 07:57:41'),(2594,0,4,0,'tree  table',0,0,0,1,'95.102.215.9','2017-10-16 07:58:30'),(2595,0,4,0,'tree mini table',0,0,0,1,'95.102.215.9','2017-10-16 07:58:35'),(2596,0,4,0,'Stol',0,0,0,0,'37.61.161.46','2017-10-16 10:12:53'),(2597,0,4,0,'Stol',0,0,0,2559,'37.61.161.46','2017-10-16 10:13:02'),(2598,0,4,0,'Stôl',0,0,0,2559,'37.61.161.46','2017-10-16 10:13:23'),(2599,0,4,0,'Mu ',0,0,0,78,'195.91.73.162','2017-10-16 13:51:06'),(2600,0,4,0,'Mu ',0,0,0,78,'195.91.73.162','2017-10-16 13:51:39'),(2601,0,4,0,'cruise',0,0,0,4,'95.105.215.168','2017-10-16 15:57:24'),(2602,0,4,0,'stolička academy',0,0,0,0,'62.197.235.129','2017-10-16 18:35:57'),(2603,0,4,0,'stolička academy',0,0,0,0,'62.197.235.129','2017-10-16 18:36:46'),(2604,0,4,0,'artistico',0,0,0,5,'66.249.69.144','2017-10-16 20:03:01'),(2605,0,4,0,'Matt Anthracite Grey Lacquered',0,0,0,0,'78.99.203.227','2017-10-17 05:49:22'),(2606,0,4,0,'konštrukcia Matt Anthracite Grey Lacquered',0,0,0,0,'78.99.203.227','2017-10-17 05:49:46'),(2607,0,4,0,'konštrukcia Matt Anthracite Grey Lacquered',0,0,0,0,'78.99.203.227','2017-10-17 05:49:53'),(2608,0,4,0,'bouchon',0,0,0,2,'78.99.196.156','2017-10-17 07:14:18'),(2609,0,4,0,'foliage',0,0,0,4,'78.141.106.136','2017-10-17 09:45:53'),(2610,0,4,0,'sveva',0,0,0,0,'77.69.163.53','2017-10-17 11:24:22'),(2611,0,4,0,'Aladino',0,0,0,2,'188.167.61.5','2017-10-17 11:42:11'),(2612,0,4,0,'artistico',0,0,0,5,'66.249.69.144','2017-10-17 12:10:22'),(2613,0,4,0,'kuadra',0,0,0,7,'217.118.98.242','2017-10-18 06:30:43'),(2614,0,4,0,'uložne lavice',0,0,0,0,'95.102.110.115','2017-10-18 06:55:21'),(2615,0,4,0,'uložní lavice',0,0,0,0,'95.102.110.115','2017-10-18 06:55:39'),(2616,0,4,0,'cb1273',0,0,0,0,'95.103.15.47','2017-10-18 08:09:25'),(2617,0,4,0,'cb 1273',0,0,0,0,'95.103.15.47','2017-10-18 08:09:37'),(2618,0,4,0,'ariel',0,0,0,2,'195.49.191.151','2017-10-18 08:14:25'),(2619,0,4,0,'up chair',0,0,0,6,'95.103.15.47','2017-10-18 10:11:03'),(2620,0,4,0,'up stool',0,0,0,3,'95.103.15.47','2017-10-18 10:12:24'),(2621,0,4,0,'CB4742-LB 80 Aladino ',0,0,0,1,'95.103.15.47','2017-10-18 16:27:11'),(2622,0,4,0,'up stool',0,0,0,3,'78.99.46.121','2017-10-18 18:32:10'),(2623,0,4,0,'sedačky',0,0,0,0,'62.197.235.129','2017-10-18 19:29:16'),(2624,0,4,0,'sedacie säpravy',0,0,0,0,'62.197.235.129','2017-10-18 19:29:38'),(2625,0,4,0,'sedacie súpravy',0,0,0,0,'62.197.235.129','2017-10-18 19:29:49'),(2626,0,4,0,'sedacia súprava',0,0,0,0,'62.197.235.129','2017-10-18 19:30:38'),(2627,0,4,0,'pohovky',0,0,0,0,'62.197.235.129','2017-10-18 19:30:54'),(2628,0,4,0,'foliage',0,0,0,4,'62.197.235.129','2017-10-18 19:31:23'),(2629,0,4,0,'foliage',0,0,0,4,'62.197.235.129','2017-10-18 19:31:51'),(2630,0,4,0,'foliage',0,0,0,4,'62.197.235.129','2017-10-18 19:32:28'),(2631,0,4,0,'foliage',0,0,0,4,'62.197.235.129','2017-10-18 19:33:03'),(2632,0,4,0,'pohovky',0,0,0,0,'62.197.235.129','2017-10-18 19:35:00'),(2633,0,4,0,'pohovky',0,0,0,0,'62.197.235.129','2017-10-18 19:35:56'),(2634,0,4,0,'stolička calligari',0,0,0,0,'62.197.235.129','2017-10-18 19:36:56'),(2635,0,4,0,'foliage',0,0,0,4,'62.197.235.129','2017-10-18 23:55:46'),(2636,0,4,0,'taburet light blue',0,0,0,0,'62.197.235.129','2017-10-19 01:21:59'),(2637,0,4,0,'taburetky modré',0,0,0,0,'62.197.235.129','2017-10-19 01:28:35'),(2638,0,4,0,'drevené pohovky',0,0,0,0,'78.99.95.209','2017-10-19 07:57:05'),(2639,0,4,0,'drevené ',0,0,0,0,'78.99.95.209','2017-10-19 07:57:13'),(2640,0,4,0,'drevené pohovky',0,0,0,0,'78.99.95.209','2017-10-19 07:57:23'),(2641,0,4,0,'idaho',0,0,0,1,'78.99.95.209','2017-10-19 07:58:01'),(2642,0,4,0,'Nostalgia lineár',0,0,0,1,'85.237.234.169','2017-10-19 08:53:34'),(2643,0,4,0,'sigma',0,0,0,7,'91.127.245.68','2017-10-19 09:25:09'),(2644,0,4,0,'sigma',0,0,0,7,'91.127.245.68','2017-10-19 09:26:03'),(2645,0,4,0,'edro',0,0,0,0,'92.52.55.8','2017-10-19 12:24:21'),(2646,0,4,0,'zebra',0,0,0,24,'95.103.15.47','2017-10-19 13:30:28'),(2647,0,4,0,'Sigma',0,0,0,7,'91.127.245.68','2017-10-19 15:36:52'),(2648,0,4,0,'artistico',0,0,0,5,'207.46.13.32','2017-10-19 16:07:52'),(2649,0,4,0,'jaspis',0,0,0,0,'95.103.15.47','2017-10-19 16:26:37'),(2650,0,4,0,'eva soft',0,0,0,1,'91.127.245.68','2017-10-19 18:06:39'),(2651,0,4,0,'eva soft',0,0,0,1,'91.127.245.68','2017-10-19 18:08:52'),(2652,0,4,0,'eva soft',0,0,0,1,'91.127.245.68','2017-10-19 18:09:06'),(2653,0,4,0,'eva soft',0,0,0,1,'91.127.245.68','2017-10-19 18:09:10'),(2654,0,4,0,'easy',0,0,0,4,'91.127.245.68','2017-10-19 18:31:22'),(2655,0,4,0,'eva soft',0,0,0,1,'91.127.245.68','2017-10-19 18:32:03'),(2656,0,4,0,'foliage',0,0,0,4,'89.177.111.153','2017-10-19 18:33:28'),(2657,0,4,0,'easy',0,0,0,4,'91.127.245.68','2017-10-19 18:36:06'),(2658,0,4,0,'easy',0,0,0,4,'91.127.245.68','2017-10-19 18:36:13'),(2659,0,4,0,'eva soft',0,0,0,1,'91.127.245.68','2017-10-19 18:36:14'),(2660,0,4,0,'Sigma',0,0,0,7,'91.127.245.68','2017-10-19 19:06:22'),(2661,0,4,0,'eva soft',0,0,0,1,'178.40.242.177','2017-10-19 19:21:25'),(2662,0,4,0,'kabuk',0,0,0,2,'157.55.39.246','2017-10-19 20:27:11'),(2663,0,4,0,'kabuk',0,0,0,2,'157.55.39.246','2017-10-19 23:54:50'),(2664,0,4,0,'kabuk',0,0,0,2,'46.229.168.69','2017-10-20 00:04:47'),(2665,0,4,0,'foliage',0,0,0,4,'157.55.39.161','2017-10-20 05:16:16'),(2666,0,4,0,'Stôl',0,0,0,2560,'37.61.161.46','2017-10-20 07:09:18'),(2667,0,4,0,'zrkadlo',0,0,0,0,'95.160.8.42','2017-10-20 08:57:27'),(2668,0,4,0,'malik',0,0,0,1,'92.52.55.8','2017-10-20 09:16:48'),(2669,0,4,0,'bobo',0,0,0,2,'213.81.164.162','2017-10-20 10:49:22'),(2670,0,4,0,'bobo s',0,0,0,1,'213.81.164.162','2017-10-20 10:49:31'),(2671,0,4,0,'faro',0,0,0,1,'213.81.164.162','2017-10-20 10:50:17'),(2672,0,4,0,'Sigma',0,0,0,7,'91.127.245.68','2017-10-20 12:08:14'),(2673,0,4,0,'up chair',0,0,0,6,'95.103.15.47','2017-10-20 12:17:35'),(2674,0,4,0,'up chair',0,0,0,6,'95.103.15.47','2017-10-20 12:26:16'),(2675,0,4,0,'evergreen',0,0,0,1,'95.103.15.47','2017-10-20 14:00:26'),(2676,0,4,0,'avatar',0,0,0,3,'95.103.15.47','2017-10-20 14:24:19'),(2677,0,4,0,'drive',0,0,0,7,'95.103.15.47','2017-10-20 14:25:15'),(2678,0,4,0,'tono',0,0,0,0,'95.103.15.47','2017-10-20 15:14:33'),(2679,0,4,0,'kabuk',0,0,0,2,'95.103.15.47','2017-10-20 15:27:23'),(2680,0,4,0,'Pouf Plissè 7335',0,0,0,1,'95.103.15.47','2017-10-20 15:48:07'),(2681,0,4,0,'Gustave C',0,0,0,1,'95.103.15.47','2017-10-20 16:19:56'),(2682,0,4,0,'Gustave ',0,0,0,5,'95.103.15.47','2017-10-20 16:21:40'),(2683,0,4,0,'Gustave ',0,0,0,5,'95.103.15.47','2017-10-20 16:23:03'),(2684,0,4,0,'Gustave ',0,0,0,5,'95.103.15.47','2017-10-20 16:23:44'),(2685,0,4,0,'kabuk',0,0,0,2,'174.1.164.246','2017-10-21 03:11:11'),(2686,0,4,0,'Pouf P 7335 ',0,0,0,1,'95.103.15.47','2017-10-21 07:46:48'),(2687,0,4,0,'blum',0,0,0,3,'95.103.15.47','2017-10-21 07:48:22'),(2688,0,4,0,'blum',0,0,0,3,'62.197.235.129','2017-10-21 08:35:12'),(2689,0,4,0,'Barove stolicky',0,0,0,0,'95.103.251.41','2017-10-21 14:59:15'),(2690,0,4,0,'Barove stolicky',0,0,0,0,'95.103.251.41','2017-10-21 14:59:25'),(2691,0,4,0,'artistico',0,0,0,5,'66.249.66.4','2017-10-21 15:39:19'),(2692,0,4,0,'corten',0,0,0,0,'178.41.11.25','2017-10-21 15:53:47'),(2693,0,4,0,'corten',0,0,0,0,'178.41.11.25','2017-10-21 15:54:06'),(2694,0,4,0,'copenhagen',0,0,0,2,'178.41.11.25','2017-10-21 15:54:34'),(2695,0,4,0,'amalfi',0,0,0,1,'89.173.165.188','2017-10-21 18:21:00'),(2696,0,4,0,'foliage',0,0,0,4,'31.24.176.65','2017-10-21 20:41:39'),(2697,0,4,0,'foliage',0,0,0,4,'31.24.176.65','2017-10-21 20:42:11'),(2698,0,4,0,'blum',0,0,0,3,'62.197.235.129','2017-10-21 22:29:10'),(2699,0,4,0,'blum',0,0,0,3,'62.197.235.129','2017-10-21 22:30:05'),(2700,0,4,0,'blum',0,0,0,3,'62.197.235.129','2017-10-21 22:30:17'),(2701,0,4,0,'foliage',0,0,0,4,'157.55.39.92','2017-10-22 07:46:32'),(2702,0,4,0,'Academy ',0,0,0,17,'195.91.5.71','2017-10-22 08:31:37'),(2703,0,4,0,'artistico',0,0,0,5,'66.249.66.6','2017-10-22 11:33:58'),(2704,0,4,0,'kartell',0,0,0,0,'84.47.22.157','2017-10-22 16:48:12'),(2705,0,4,0,'Stolčik',0,0,0,0,'84.246.166.167','2017-10-22 18:19:00'),(2706,0,4,0,'Konferen',0,0,0,0,'84.246.166.167','2017-10-22 18:19:18'),(2707,0,4,0,'Ozzio',0,0,0,0,'84.246.166.167','2017-10-22 18:19:28'),(2708,0,4,0,'Ozzio',0,0,0,0,'84.246.166.167','2017-10-22 18:19:34'),(2709,0,4,0,'Konferenčni',0,0,0,0,'84.246.166.167','2017-10-22 18:19:59'),(2710,0,4,0,'Stolčiky',0,0,0,0,'84.246.166.167','2017-10-22 18:20:46'),(2711,0,4,0,'konferenčný stolík',0,0,0,0,'84.246.166.167','2017-10-22 19:26:45'),(2712,0,4,0,'konferenčný stolík',0,0,0,167,'84.246.166.167','2017-10-22 19:26:58'),(2713,0,4,0,'konferenčný stolík',0,0,0,0,'84.246.166.167','2017-10-22 19:28:07'),(2714,0,4,0,'konferenčný stolík',0,0,0,167,'84.246.166.167','2017-10-22 19:28:11'),(2715,0,4,0,'konferenčný stolík',0,0,0,167,'84.246.166.167','2017-10-22 19:28:37'),(2716,0,4,0,'konferenčný stolík',0,0,0,167,'84.246.166.167','2017-10-22 19:28:45'),(2717,0,4,0,'konferenčný stolík',0,0,0,167,'84.246.166.167','2017-10-22 19:29:18'),(2718,0,4,0,'konferenčný stolík',0,0,0,167,'84.246.166.167','2017-10-22 19:29:51'),(2719,0,4,0,'konferenčný stolík',0,0,0,167,'84.246.166.167','2017-10-22 19:30:31'),(2720,0,4,0,'konferenčný stolík',0,0,0,167,'84.246.166.167','2017-10-22 19:31:07'),(2721,0,4,0,'konferenčný stolík',0,0,0,167,'84.246.166.167','2017-10-22 19:31:55'),(2722,0,4,0,'konferenčný stolík',0,0,0,167,'84.246.166.167','2017-10-22 19:33:25'),(2723,0,4,0,'konferenčný stolík',0,0,0,167,'84.246.166.167','2017-10-22 19:33:42'),(2724,0,4,0,'konferenčný stolík',0,0,0,167,'84.246.166.167','2017-10-22 19:35:00'),(2725,0,4,0,'konferenčný stolík',0,0,0,167,'84.246.166.167','2017-10-22 19:35:31'),(2726,0,4,0,'konferenčný stolík',0,0,0,167,'84.246.166.167','2017-10-22 19:36:45'),(2727,0,4,0,'konferenčný stolík',0,0,0,167,'84.246.166.167','2017-10-22 19:37:21'),(2728,0,4,0,'konferenčný stolík',0,0,0,167,'84.246.166.167','2017-10-22 19:37:38'),(2729,0,4,0,'konferenčný stolík',0,0,0,0,'84.246.166.167','2017-10-22 19:38:02'),(2730,0,4,0,'linda s',0,0,0,1,'92.52.55.8','2017-10-23 06:36:23'),(2731,0,4,0,'CB1329 Ace',0,0,0,0,'95.103.15.47','2017-10-23 08:37:16'),(2732,0,4,0,'CB1329 ',0,0,0,0,'95.103.15.47','2017-10-23 08:37:36'),(2733,0,4,0,'CB1329 ',0,0,0,0,'95.103.15.47','2017-10-23 08:44:50'),(2734,0,4,0,'CB1513 Go!',0,0,0,1,'95.103.15.47','2017-10-23 09:06:07'),(2735,0,4,0,'academy',0,0,0,17,'212.5.205.202','2017-10-23 09:12:34'),(2736,0,4,0,'move',0,0,0,4,'95.103.15.47','2017-10-23 09:23:27'),(2737,0,4,0,'One More',0,0,0,2,'95.103.15.47','2017-10-23 09:25:54'),(2738,0,4,0,'SE10037 ',0,0,0,1,'95.103.15.47','2017-10-23 09:29:03'),(2739,0,4,0,'taburetky',0,0,0,0,'85.248.149.4','2017-10-23 09:48:42'),(2740,0,4,0,'PA11B',0,0,0,0,'89.173.165.188','2017-10-23 10:04:13'),(2741,0,4,0,'PA11',0,0,0,3,'89.173.165.188','2017-10-23 10:04:22'),(2742,0,4,0,'academy',0,0,0,17,'95.103.15.47','2017-10-23 10:12:57'),(2743,0,4,0,'CS1445-GU Bess',0,0,0,0,'95.103.15.47','2017-10-23 10:22:24'),(2744,0,4,0,'Lynea',0,0,0,2,'95.103.40.71','2017-10-23 11:13:26'),(2745,0,4,0,'apelle',0,0,0,7,'85.248.250.16','2017-10-23 12:50:12'),(2746,0,4,0,'kelly',0,0,0,4,'85.248.250.16','2017-10-23 12:51:48'),(2747,0,4,0,'bahami',0,0,0,0,'95.103.15.47','2017-10-23 14:04:17'),(2748,0,4,0,'baham',0,0,0,2,'95.103.15.47','2017-10-23 14:04:20'),(2749,0,4,0,'kabuk',0,0,0,2,'188.167.252.34','2017-10-23 18:04:21'),(2750,0,4,0,'Obraz',0,0,0,0,'85.163.8.74','2017-10-23 18:11:01'),(2751,0,4,0,'foliage',0,0,0,4,'217.31.47.213','2017-10-23 21:13:15'),(2752,0,4,0,'foliage',0,0,0,4,'217.31.47.213','2017-10-23 21:14:01'),(2753,0,4,0,'foliage',0,0,0,4,'40.77.167.89','2017-10-24 03:33:16'),(2754,0,4,0,'konferenčný',0,0,0,0,'95.102.84.169','2017-10-24 07:07:09'),(2755,0,4,0,'Zlta stolicka',0,0,0,0,'85.237.234.89','2017-10-24 07:44:09'),(2756,0,4,0,'foliage',0,0,0,4,'65.55.210.131','2017-10-24 08:25:17'),(2757,0,4,0,'colorf',0,0,0,2,'95.103.15.47','2017-10-24 08:50:29'),(2758,0,4,0,'colorf',0,0,0,2,'95.103.15.47','2017-10-24 08:50:40'),(2759,0,4,0,'colorf',0,0,0,2,'95.103.15.47','2017-10-24 08:50:46'),(2760,0,4,0,'treee',0,0,0,8,'95.103.15.47','2017-10-24 09:12:03'),(2761,0,4,0,'midj',0,0,0,0,'178.143.191.210','2017-10-24 09:59:02'),(2762,0,4,0,'malik',0,0,0,1,'92.52.55.8','2017-10-24 10:15:11'),(2763,0,4,0,'eva soft',0,0,0,1,'78.99.251.44','2017-10-24 11:34:45'),(2764,0,4,0,'ice',0,0,0,34,'95.103.15.47','2017-10-24 14:51:38'),(2765,0,4,0,'corona 100',0,0,0,0,'95.103.15.47','2017-10-24 16:27:13'),(2766,0,4,0,'parella',0,0,0,2,'188.167.251.64','2017-10-24 19:13:32'),(2767,0,4,0,'parella',0,0,0,2,'188.167.251.64','2017-10-24 19:14:35'),(2768,0,4,0,'cross',0,0,0,4,'95.103.15.47','2017-10-25 07:02:32'),(2769,0,4,0,'suite',0,0,0,2,'95.103.15.47','2017-10-25 07:10:57'),(2770,0,4,0,'suite',0,0,0,0,'95.103.15.47','2017-10-25 07:11:37'),(2771,0,4,0,'Mannhatan',0,0,0,0,'109.236.112.253','2017-10-25 07:58:38'),(2772,0,4,0,'Mannhatan svietidlo',0,0,0,0,'109.236.112.253','2017-10-25 07:58:49'),(2773,0,4,0,'Colette 2283',0,0,0,1,'95.103.15.47','2017-10-25 09:25:20'),(2774,0,4,0,'CS4069-LV 180 Sigma  ',0,0,0,1,'95.103.15.47','2017-10-25 09:51:40'),(2775,0,4,0,'Biblos',0,0,0,0,'195.91.46.192','2017-10-25 12:16:04'),(2776,0,4,0,'byblos',0,0,0,5,'95.103.15.47','2017-10-25 12:19:24'),(2777,0,4,0,'Byblos',0,0,0,5,'195.91.46.192','2017-10-25 12:19:59'),(2778,0,4,0,'Byblos',0,0,0,5,'195.91.46.192','2017-10-25 12:21:43'),(2779,0,4,0,'Byblos',0,0,0,5,'195.91.46.192','2017-10-25 12:22:11'),(2780,0,4,0,'academy',0,0,0,17,'84.47.89.221','2017-10-25 12:22:59'),(2781,0,4,0,'foliage',0,0,0,4,'193.245.40.71','2017-10-25 14:03:31'),(2782,0,4,0,'jasmine',0,0,0,1,'62.197.235.129','2017-10-25 15:25:00'),(2783,0,4,0,'7102 Lienz ',0,0,0,1,'95.103.15.47','2017-10-25 15:41:03'),(2784,0,4,0,'lazy',0,0,0,0,'95.103.15.47','2017-10-25 15:44:34'),(2785,0,4,0,'aida',0,0,0,2,'78.98.74.123','2017-10-25 17:57:36'),(2786,0,4,0,'káncelársky stôl',0,0,0,0,'62.197.243.204','2017-10-25 19:33:04'),(2787,0,4,0,'Sonny',0,0,0,4,'178.143.125.151','2017-10-25 19:59:35'),(2788,0,4,0,'zrkadlá',0,0,0,0,'185.165.36.16','2017-10-25 22:20:28'),(2789,0,4,0,'zrkadlo',0,0,0,0,'185.165.36.16','2017-10-25 22:20:37'),(2790,0,4,0,'botník',0,0,0,0,'185.165.36.16','2017-10-25 22:25:09'),(2791,0,4,0,'Postele',0,0,0,0,'151.236.224.183','2017-10-25 23:22:09'),(2792,0,4,0,'Postele',0,0,0,0,'151.236.224.183','2017-10-25 23:23:21'),(2793,0,4,0,'7102 Lienz ',0,0,0,1,'95.103.15.47','2017-10-26 06:55:43'),(2794,0,4,0,'apelle',0,0,0,8,'95.103.15.47','2017-10-26 07:03:50'),(2795,0,4,0,'apelle cl',0,0,0,0,'95.103.15.47','2017-10-26 07:04:09'),(2796,0,4,0,'mailk',0,0,0,0,'213.192.19.30','2017-10-26 12:45:47'),(2797,0,4,0,'malik',0,0,0,1,'213.192.19.30','2017-10-26 12:45:52'),(2798,0,4,0,'calligari',0,0,0,0,'217.12.57.217','2017-10-26 13:55:40'),(2799,0,4,0,'kabuk',0,0,0,2,'77.75.78.168','2017-10-26 14:58:09'),(2800,0,4,0,'Celine Low',0,0,0,2,'95.103.15.47','2017-10-26 16:35:50'),(2801,0,4,0,'istar',0,0,0,4,'95.103.15.47','2017-10-26 16:40:48'),(2802,0,4,0,'istar',0,0,0,4,'95.103.15.47','2017-10-26 16:41:00'),(2803,0,4,0,'istar',0,0,0,4,'95.103.15.47','2017-10-26 16:41:09'),(2804,0,4,0,'istar',0,0,0,4,'95.103.15.47','2017-10-26 16:41:16'),(2805,0,4,0,'istar',0,0,0,4,'95.103.15.47','2017-10-26 16:41:28'),(2806,0,4,0,'foliage',0,0,0,4,'213.215.118.194','2017-10-26 16:59:17'),(2807,0,4,0,'Taburet',0,0,0,0,'188.167.250.17','2017-10-26 20:27:12'),(2808,0,4,0,'ventagli',0,0,0,4,'62.197.235.1','2017-10-26 21:16:28'),(2809,0,4,0,'artistico',0,0,0,5,'62.197.235.1','2017-10-26 21:26:56'),(2810,0,4,0,'Tuli v',0,0,0,0,'188.167.251.41','2017-10-27 04:37:06'),(2811,0,4,0,'Tuli ',0,0,0,5,'188.167.251.41','2017-10-27 04:37:18'),(2812,0,4,0,'Tuli v',0,0,0,0,'188.167.251.41','2017-10-27 04:37:38'),(2813,0,4,0,'bloom',0,0,0,5,'95.103.15.47','2017-10-27 08:01:09'),(2814,0,4,0,'artistico',0,0,0,5,'5.39.85.81','2017-10-27 09:15:36'),(2815,0,4,0,'kabuk',0,0,0,2,'5.39.85.81','2017-10-27 09:20:10'),(2816,0,4,0,'istar',0,0,0,4,'95.103.15.47','2017-10-27 10:29:00'),(2817,0,4,0,'up chair',0,0,0,6,'95.103.15.47','2017-10-27 10:29:42'),(2818,0,4,0,'istar',0,0,0,4,'95.103.15.47','2017-10-27 10:30:04'),(2819,0,4,0,'istar',0,0,0,4,'95.103.15.47','2017-10-27 12:43:23'),(2820,0,4,0,'foliage',0,0,0,4,'77.75.77.101','2017-10-27 14:35:15'),(2821,0,4,0,'foliage',0,0,0,4,'46.243.66.41','2017-10-27 18:17:52'),(2822,0,4,0,'ice',0,0,0,34,'188.167.255.172','2017-10-27 19:12:50'),(2823,0,4,0,'ice',0,0,0,34,'188.167.255.172','2017-10-27 19:13:24'),(2824,0,4,0,'ice',0,0,0,34,'188.167.255.172','2017-10-27 19:13:27'),(2825,0,4,0,'igloo',0,0,0,2,'178.143.125.151','2017-10-28 05:47:32'),(2826,0,4,0,'CB1140 Evergreen',0,0,0,0,'95.103.15.47','2017-10-28 09:38:16'),(2827,0,4,0,'kabuk',0,0,0,2,'188.167.251.50','2017-10-28 10:17:40'),(2828,0,4,0,'foliage',0,0,0,4,'178.41.209.74','2017-10-28 12:23:09'),(2829,0,4,0,'bench',0,0,0,7,'178.143.49.210','2017-10-28 16:35:20'),(2830,0,4,0,'lavica',0,0,0,0,'178.143.49.210','2017-10-28 16:35:34'),(2831,0,4,0,'bench',0,0,0,7,'178.143.49.210','2017-10-28 16:35:36'),(2832,0,4,0,'River Side',0,0,0,1,'95.103.15.47','2017-10-29 09:32:51'),(2833,0,4,0,'kabuk',0,0,0,2,'66.249.66.6','2017-10-29 11:49:32'),(2834,0,4,0,'knižnica',0,0,0,0,'84.47.18.113','2017-10-29 11:55:52'),(2835,0,4,0,'knižnica',0,0,0,0,'84.47.18.113','2017-10-29 11:56:01'),(2836,0,4,0,'konferencny stol',0,0,0,0,'188.121.162.129','2017-10-29 14:13:14'),(2837,0,4,0,'magyster',0,0,0,1,'88.212.40.150','2017-10-29 21:02:13'),(2838,0,4,0,'artistico',0,0,0,5,'46.229.168.68','2017-10-30 05:51:06'),(2839,0,4,0,'origami',0,0,0,2,'95.103.15.47','2017-10-30 07:08:45'),(2840,0,4,0,'CB1140 Evergreen',0,0,0,1,'95.103.15.47','2017-10-30 07:25:17'),(2841,0,4,0,'origami',0,0,0,2,'66.249.76.93','2017-10-30 08:30:38'),(2842,0,4,0,'origami',0,0,0,2,'62.197.235.129','2017-10-30 16:16:43'),(2843,0,4,0,'origami',0,0,0,2,'69.30.213.202','2017-10-30 19:29:33'),(2844,0,4,0,'kniznica',0,0,0,0,'78.99.31.193','2017-10-30 19:31:35'),(2845,0,4,0,'kniznica',0,0,0,0,'78.99.31.193','2017-10-30 19:31:42'),(2846,0,4,0,'origami',0,0,0,2,'178.40.234.94','2017-10-30 20:19:27'),(2847,0,4,0,'origami',0,0,0,2,'66.249.76.91','2017-10-30 23:36:08'),(2848,0,4,0,'origami',0,0,0,2,'66.249.64.95','2017-10-30 23:57:02'),(2849,0,4,0,'origami',0,0,0,2,'66.249.64.95','2017-10-31 00:17:55'),(2850,0,4,0,'origami',0,0,0,2,'66.249.76.95','2017-10-31 00:42:18'),(2851,0,4,0,'origami',0,0,0,2,'66.249.76.95','2017-10-31 03:22:32'),(2852,0,4,0,'origami',0,0,0,2,'66.249.76.95','2017-10-31 03:39:57'),(2853,0,4,0,'origami',0,0,0,2,'66.249.64.91','2017-10-31 04:42:38'),(2854,0,4,0,'origami',0,0,0,2,'66.249.76.91','2017-10-31 05:24:26'),(2855,0,4,0,'origami',0,0,0,2,'66.249.76.95','2017-10-31 06:09:43'),(2856,0,4,0,'Barove stolicky',0,0,0,0,'92.52.9.12','2017-10-31 07:23:07'),(2857,0,4,0,'origami',0,0,0,2,'173.249.4.100','2017-10-31 07:28:31'),(2858,0,4,0,'konzolový stolík',0,0,0,0,'195.168.90.202','2017-10-31 07:50:44'),(2859,0,4,0,'konzolový stolík',0,0,0,0,'195.168.90.202','2017-10-31 07:50:47'),(2860,0,4,0,'kabuk',0,0,0,2,'104.236.127.151','2017-10-31 09:20:30'),(2861,0,4,0,'origami',0,0,0,2,'104.236.127.151','2017-10-31 09:21:34'),(2862,0,4,0,'artistico',0,0,0,5,'104.236.127.151','2017-10-31 09:22:14'),(2863,0,4,0,'origami',0,0,0,2,'66.249.76.91','2017-10-31 10:33:59'),(2864,0,4,0,'origami',0,0,0,2,'66.249.76.91','2017-10-31 13:31:48'),(2865,0,4,0,'origami',0,0,0,2,'66.249.76.93','2017-10-31 13:35:35'),(2866,0,4,0,'origami',0,0,0,2,'66.249.76.93','2017-10-31 14:05:51'),(2867,0,4,0,'origami',0,0,0,2,'66.249.76.93','2017-10-31 14:11:05'),(2868,0,4,0,'origami',0,0,0,2,'66.249.76.93','2017-10-31 15:17:44'),(2869,0,4,0,'helsinky',0,0,0,0,'90.64.76.255','2017-10-31 15:42:16'),(2870,0,4,0,'origami',0,0,0,2,'66.249.64.95','2017-10-31 17:03:45'),(2871,0,4,0,'origami',0,0,0,2,'66.249.64.95','2017-10-31 17:22:40'),(2872,0,4,0,'origami',0,0,0,2,'66.249.76.91','2017-10-31 20:16:42'),(2873,0,4,0,'origami',0,0,0,2,'66.249.76.91','2017-10-31 20:35:37'),(2874,0,4,0,'origami',0,0,0,2,'66.249.76.93','2017-10-31 20:50:45'),(2875,0,4,0,'origami',0,0,0,2,'66.249.76.93','2017-10-31 20:54:32'),(2876,0,4,0,'origami',0,0,0,2,'66.249.64.93','2017-10-31 21:05:53'),(2877,0,4,0,'origami',0,0,0,2,'66.249.64.95','2017-10-31 21:51:16'),(2878,0,4,0,'origami',0,0,0,2,'66.249.76.91','2017-10-31 21:53:24'),(2879,0,4,0,'origami',0,0,0,2,'66.249.76.91','2017-10-31 22:32:53'),(2880,0,4,0,'origami',0,0,0,2,'66.249.64.91','2017-11-01 01:49:37'),(2881,0,4,0,'origami',0,0,0,2,'66.249.76.95','2017-11-01 02:53:55'),(2882,0,4,0,'origami',0,0,0,2,'66.249.76.95','2017-11-01 03:09:03'),(2883,0,4,0,'origami',0,0,0,2,'66.249.64.93','2017-11-01 03:43:07'),(2884,0,4,0,'origami',0,0,0,2,'66.249.64.91','2017-11-01 04:09:35'),(2885,0,4,0,'origami',0,0,0,2,'66.249.64.91','2017-11-01 04:39:51'),(2886,0,4,0,'origami',0,0,0,2,'66.249.76.93','2017-11-01 04:47:25'),(2887,0,4,0,'origami',0,0,0,2,'88.212.41.185','2017-11-01 08:17:24'),(2888,0,4,0,'origami',0,0,0,2,'88.212.37.141','2017-11-01 08:43:33'),(2889,0,4,0,'origami',0,0,0,2,'88.212.37.141','2017-11-01 08:45:46'),(2890,0,4,0,'origami',0,0,0,2,'88.212.37.141','2017-11-01 08:51:12'),(2891,0,4,0,'origami',0,0,0,2,'88.212.37.141','2017-11-01 09:32:35'),(2892,0,4,0,'Eminence',0,0,0,16,'185.165.36.11','2017-11-01 10:26:17'),(2893,0,4,0,'Konferenčny stolik',0,0,0,0,'37.58.4.149','2017-11-01 10:53:19'),(2894,0,4,0,' stolik',0,0,0,0,'37.58.4.149','2017-11-01 10:53:33'),(2895,0,4,0,' stolik',201,0,0,0,'37.58.4.149','2017-11-01 10:54:26'),(2896,0,4,0,'Sklenene stoly',0,0,0,0,'37.58.4.149','2017-11-01 10:55:18'),(2897,0,4,0,'Sklenene stoly',166,0,0,0,'37.58.4.149','2017-11-01 10:55:30'),(2898,0,4,0,'foliage',0,0,0,4,'178.40.225.28','2017-11-01 11:20:56'),(2899,0,4,0,'foliage',0,0,0,4,'178.40.225.28','2017-11-01 11:26:50'),(2900,0,4,0,'foliage',0,0,0,4,'178.40.225.28','2017-11-01 11:29:16'),(2901,0,4,0,'Eminence',0,0,0,16,'185.165.36.11','2017-11-01 12:00:54'),(2902,0,4,0,'Tonin casa',173,0,0,0,'37.58.4.149','2017-11-01 12:01:45'),(2903,0,4,0,'Tonin casa',188,0,0,0,'37.58.4.149','2017-11-01 12:02:00'),(2904,0,4,0,'artistico',0,0,0,5,'87.139.119.137','2017-11-01 14:24:45'),(2905,0,4,0,'kabuk',0,0,0,2,'77.75.76.172','2017-11-01 16:53:25'),(2906,0,4,0,'ice',0,0,0,34,'188.167.255.172','2017-11-01 17:58:10'),(2907,0,4,0,'ice',0,0,0,34,'188.167.255.172','2017-11-01 17:58:35'),(2908,0,4,0,'foliage',0,0,0,4,'77.75.79.54','2017-11-01 21:15:45'),(2909,0,4,0,'artistico',0,0,0,5,'93.158.161.39','2017-11-01 23:55:54'),(2910,0,4,0,'kabuk',0,0,0,2,'178.41.143.11','2017-11-02 07:06:11'),(2911,0,4,0,'origami',0,0,0,2,'178.41.143.11','2017-11-02 07:06:34'),(2912,0,4,0,'Cacao S',0,0,0,3,'193.200.9.216','2017-11-02 10:36:52'),(2913,0,4,0,'Cacao ',0,0,0,4,'193.200.9.216','2017-11-02 10:39:38'),(2914,0,4,0,'Cacao ',0,0,0,4,'193.200.9.216','2017-11-02 10:39:45'),(2915,0,4,0,'konferenčný stolík',0,0,0,0,'213.160.164.21','2017-11-02 12:02:55'),(2916,0,4,0,'calligaris lazy',0,0,0,0,'77.247.224.39','2017-11-02 17:45:55'),(2917,0,4,0,'caligaris lazy',0,0,0,0,'77.247.224.39','2017-11-02 17:46:13'),(2918,0,4,0,'lazy',0,0,0,1,'77.247.224.39','2017-11-02 17:46:20'),(2919,0,4,0,'Jedálenský stôl ',0,0,0,0,'92.52.11.137','2017-11-02 18:25:28'),(2920,0,4,0,'origami',0,0,0,2,'66.249.76.93','2017-11-03 00:07:17'),(2921,0,4,0,'origami',0,0,0,2,'66.249.76.95','2017-11-03 01:53:13'),(2922,0,4,0,'origami',0,0,0,2,'66.249.76.91','2017-11-03 03:35:21'),(2923,0,4,0,'origami',0,0,0,2,'66.249.66.4','2017-11-03 05:28:51'),(2924,0,4,0,'origami',0,0,0,2,'85.237.234.52','2017-11-03 05:49:00'),(2925,0,4,0,'origami',0,0,0,2,'212.5.198.227','2017-11-03 06:20:04'),(2926,0,4,0,'origami',0,0,0,2,'212.5.198.227','2017-11-03 06:20:22'),(2927,0,4,0,'kabuk',0,0,0,2,'178.41.34.23','2017-11-03 06:27:21'),(2928,0,4,0,'kabuk',0,0,0,2,'178.41.34.23','2017-11-03 06:28:05'),(2929,0,4,0,'origami',0,0,0,2,'176.108.188.1','2017-11-03 07:30:35'),(2930,0,4,0,'origami\'A=0',0,0,0,0,'176.108.188.1','2017-11-03 07:30:39'),(2931,0,4,0,'origami',0,0,0,2,'66.249.64.91','2017-11-03 08:34:14'),(2932,0,4,0,'origami',0,0,0,2,'66.249.64.91','2017-11-03 08:38:48'),(2933,0,4,0,'origami',0,0,0,2,'66.249.76.95','2017-11-03 08:53:09'),(2934,0,4,0,'lazy',0,0,0,1,'195.168.90.202','2017-11-03 10:22:51'),(2935,0,4,0,' Naviglio',0,0,0,2,'95.103.15.47','2017-11-03 10:42:48'),(2936,0,4,0,'vincent',0,0,0,1,'95.103.15.47','2017-11-03 10:46:40'),(2937,0,4,0,'foliage',0,0,0,4,'78.99.90.83','2017-11-03 11:29:12'),(2938,0,4,0,'foliage',0,0,0,4,'78.99.90.83','2017-11-03 11:29:45'),(2939,0,4,0,'forum chair',0,0,0,0,'95.103.15.47','2017-11-03 12:13:54'),(2940,0,4,0,'forum',0,0,0,2,'95.103.15.47','2017-11-03 12:14:50'),(2941,0,4,0,'artistico',0,0,0,5,'78.99.90.83','2017-11-03 13:08:53'),(2942,0,4,0,'norm 06',0,0,0,1,'212.89.228.31','2017-11-03 15:36:48'),(2943,0,4,0,'foliage',0,0,0,4,'95.105.157.101','2017-11-03 21:24:02'),(2944,0,4,0,'origami',0,0,0,2,'66.249.76.93','2017-11-04 02:39:59'),(2945,0,4,0,'origami',0,0,0,2,'66.249.76.93','2017-11-04 02:43:47'),(2946,0,4,0,'kabuk',0,0,0,2,'46.229.168.77','2017-11-04 04:06:31'),(2947,0,4,0,'kabuk',0,0,0,2,'46.229.168.77','2017-11-04 04:06:41'),(2948,0,4,0,'origami',0,0,0,2,'66.249.64.95','2017-11-04 04:25:56'),(2949,0,4,0,'origami',0,0,0,2,'66.249.64.91','2017-11-04 05:18:54'),(2950,0,4,0,'origami',0,0,0,2,'87.244.210.210','2017-11-04 05:34:21'),(2951,0,4,0,'origami',0,0,0,2,'66.249.64.91','2017-11-04 06:30:46'),(2952,0,4,0,'origami',0,0,0,2,'66.249.76.91','2017-11-04 06:57:15'),(2953,0,4,0,'origami',0,0,0,2,'66.249.76.95','2017-11-04 07:12:23'),(2954,0,4,0,'origami',0,0,0,2,'66.249.76.91','2017-11-04 07:23:44'),(2955,0,4,0,'origami',0,0,0,2,'66.249.64.91','2017-11-04 08:09:08'),(2956,0,4,0,'origami',0,0,0,2,'66.249.76.95','2017-11-04 08:15:04'),(2957,0,4,0,'origami',0,0,0,2,'66.249.76.95','2017-11-04 08:31:50'),(2958,0,4,0,'kabuk',0,0,0,2,'78.99.255.73','2017-11-04 11:53:06'),(2959,0,4,0,'origami',0,0,0,2,'194.1.216.14','2017-11-04 12:29:30'),(2960,0,4,0,'kabuk',0,0,0,2,'91.148.9.222','2017-11-04 14:29:38'),(2961,0,4,0,'artistico',0,0,0,5,'144.76.60.98','2017-11-04 20:01:19'),(2962,0,4,0,'origami',0,0,0,2,'144.76.60.98','2017-11-04 20:05:28'),(2963,0,4,0,'kabuk',0,0,0,2,'144.76.60.98','2017-11-04 20:05:30'),(2964,0,4,0,'origami',0,0,0,2,'66.249.66.6','2017-11-04 22:16:33'),(2965,0,4,0,'Komoda',0,0,0,0,'176.118.100.234','2017-11-05 07:16:46'),(2966,0,4,0,'Komoda',0,0,0,0,'176.118.100.234','2017-11-05 07:21:44'),(2967,0,4,0,'round 2',0,0,0,1,'188.167.251.176','2017-11-05 10:46:06'),(2968,0,4,0,'round 2',0,0,0,1,'188.167.251.176','2017-11-05 10:47:48'),(2969,0,4,0,'round2',0,0,0,1,'188.167.251.176','2017-11-05 11:02:44'),(2970,0,4,0,'Thorn',0,0,0,0,'85.237.234.201','2017-11-05 11:51:52'),(2971,0,4,0,'Thor',0,0,0,2,'85.237.234.201','2017-11-05 11:52:00'),(2972,0,4,0,'CB1110 Gossip',0,0,0,0,'95.103.15.47','2017-11-05 12:35:09'),(2973,0,4,0,' Gossip',0,0,0,2,'95.103.15.47','2017-11-05 12:35:17'),(2974,0,4,0,'cb1110 gossip',0,0,0,0,'95.103.15.47','2017-11-05 12:40:34'),(2975,0,4,0,'kreslo',0,0,0,0,'178.40.95.107','2017-11-05 13:06:42'),(2976,0,4,0,'origami',0,0,0,2,'78.99.126.252','2017-11-05 19:35:27'),(2977,0,4,0,'tsjonge',0,0,0,1,'78.141.104.21','2017-11-06 04:45:52'),(2978,0,4,0,'nocny stolik',0,0,0,0,'195.168.34.60','2017-11-06 06:46:45'),(2979,0,4,0,'origami',0,0,0,2,'5.157.126.163','2017-11-06 10:48:06'),(2980,0,4,0,'new york',0,0,0,13,'95.103.15.47','2017-11-06 11:14:26'),(2981,0,4,0,'new york',0,0,0,13,'95.103.15.47','2017-11-06 11:14:58'),(2982,0,4,0,'Chevalie',0,0,0,0,'62.197.197.94','2017-11-06 11:26:56'),(2983,0,4,0,'Chevalie stolicka',0,0,0,0,'62.197.197.94','2017-11-06 11:27:05'),(2984,0,4,0,'iris',0,0,0,0,'81.183.46.37','2017-11-06 11:30:33'),(2985,0,4,0,'sami',0,0,0,8,'95.103.15.47','2017-11-06 11:48:56'),(2986,0,4,0,'foliage',0,0,0,4,'87.197.182.245','2017-11-06 13:24:53'),(2987,0,4,0,'foliage',0,0,0,4,'87.197.182.245','2017-11-06 13:25:27'),(2988,0,4,0,'odys',0,0,0,2,'95.103.15.47','2017-11-06 14:25:17'),(2989,0,4,0,'origami',0,0,0,2,'91.127.144.83','2017-11-06 18:52:51'),(2990,0,4,0,'origami',0,0,0,2,'62.197.243.230','2017-11-06 19:20:09'),(2991,0,4,0,'topánky',0,0,0,0,'95.105.233.197','2017-11-06 20:28:07'),(2992,0,4,0,'topánky',0,0,0,10,'95.105.233.197','2017-11-06 20:28:13'),(2993,0,4,0,'Koberec',0,0,0,0,'84.245.120.51','2017-11-06 21:43:02'),(2994,0,4,0,'kabuk',0,0,0,2,'34.209.122.13','2017-11-07 02:06:37'),(2995,0,4,0,'origami',0,0,0,2,'34.209.122.13','2017-11-07 02:07:11'),(2996,0,4,0,'kabuk',0,0,0,2,'77.75.78.164','2017-11-07 03:07:48'),(2997,0,4,0,'8073 cub',0,0,0,1,'212.5.198.227','2017-11-07 07:42:53'),(2998,0,4,0,'8073 ',166,0,0,1,'212.5.198.227','2017-11-07 07:43:26'),(2999,0,4,0,'ginger',0,0,0,2,'82.119.103.118','2017-11-07 08:34:07'),(3000,0,4,0,'CS1273 L´Eau',0,0,0,0,'95.103.15.47','2017-11-07 09:58:08'),(3001,0,4,0,'CS1273 L´Eau',0,0,0,0,'95.103.15.47','2017-11-07 09:59:04'),(3002,0,4,0,'CS1273 ',0,0,0,1,'95.103.15.47','2017-11-07 09:59:10'),(3003,0,4,0,'taburet',0,0,0,0,'195.168.90.202','2017-11-07 13:30:55'),(3004,0,4,0,'taburetka',0,0,0,0,'195.168.90.202','2017-11-07 13:31:00'),(3005,0,4,0,'puf',0,0,0,0,'195.168.90.202','2017-11-07 13:31:03'),(3006,0,4,0,'pouffe',0,0,0,0,'195.168.90.202','2017-11-07 13:31:08'),(3007,0,4,15,'Palm W',0,0,0,0,'92.52.11.137','2017-11-07 19:22:22'),(3008,0,4,0,'origami',0,0,0,2,'62.197.235.1','2017-11-08 06:09:35'),(3009,0,4,0,'origami',0,0,0,2,'195.91.16.163','2017-11-08 09:11:47'),(3010,0,4,0,'origami',193,0,0,0,'195.91.16.163','2017-11-08 09:12:41'),(3011,0,4,0,'origami',193,0,0,0,'195.91.16.163','2017-11-08 09:13:07'),(3012,0,4,0,'origami',193,0,0,0,'195.91.16.163','2017-11-08 09:13:16'),(3013,0,4,0,'origami',196,0,0,0,'195.91.16.163','2017-11-08 09:14:06'),(3014,0,4,0,'origami',196,0,0,0,'195.91.16.163','2017-11-08 09:14:17'),(3015,0,4,0,'origami',196,0,0,0,'195.91.16.163','2017-11-08 09:14:41'),(3016,0,4,0,'origami',196,0,0,0,'195.91.16.163','2017-11-08 09:14:44'),(3017,0,4,0,'origami',193,0,0,0,'195.91.16.163','2017-11-08 09:14:48'),(3018,0,4,0,'origami',193,0,0,0,'195.91.16.163','2017-11-08 09:14:48'),(3019,0,4,0,'origami',0,0,0,2,'195.91.16.163','2017-11-08 09:14:51'),(3020,0,4,0,'mikado',0,0,0,2,'95.103.15.47','2017-11-08 11:12:28'),(3021,0,4,0,'koberec',0,0,0,0,'90.176.137.26','2017-11-08 12:44:17'),(3022,0,4,0,'net',0,0,0,11,'95.103.15.47','2017-11-08 15:26:54'),(3023,0,4,0,'Posteľ 180',0,0,0,0,'85.216.197.0','2017-11-09 00:23:15'),(3024,0,4,0,'Posteľ ',0,0,0,0,'85.216.197.0','2017-11-09 00:23:25'),(3025,0,4,0,'Posteľ ',0,0,0,0,'85.216.197.0','2017-11-09 00:23:39'),(3026,0,4,0,'Posteľ ',0,0,0,131,'85.216.197.0','2017-11-09 00:23:51'),(3027,0,4,0,'kabuk',0,0,0,2,'157.55.39.55','2017-11-09 02:40:30'),(3028,0,4,0,'Posteľ ',0,0,0,131,'85.237.234.235','2017-11-09 08:04:41'),(3029,0,4,0,'CB1573 go',0,0,0,0,'95.103.15.47','2017-11-09 08:40:43'),(3030,0,4,0,'CB1573',0,0,0,0,'95.103.15.47','2017-11-09 08:41:01'),(3031,0,4,0,'foliage',0,0,0,4,'194.160.38.72','2017-11-09 08:56:58'),(3032,0,4,0,'origami',0,0,0,2,'178.143.167.134','2017-11-09 10:33:18'),(3033,0,4,0,'origami',0,0,0,2,'88.212.37.71','2017-11-09 10:53:44'),(3034,0,4,0,'postel',0,0,0,0,'85.237.234.65','2017-11-09 12:57:29'),(3035,0,4,0,'Barová stolička ',0,0,0,0,'46.227.176.68','2017-11-09 13:07:02'),(3036,0,4,0,'Barové stoličky ',0,0,0,0,'46.227.176.68','2017-11-09 13:07:40'),(3037,0,4,0,'Rozkladacia',0,0,0,0,'78.141.98.224','2017-11-09 21:28:38'),(3038,0,4,0,'Rozkladacia',0,0,0,64,'78.141.98.224','2017-11-09 21:28:56'),(3039,0,4,0,'Rozkladacia',0,0,0,64,'78.141.98.224','2017-11-09 21:30:45'),(3040,0,4,0,'Rozkladacia',0,0,0,64,'78.141.98.224','2017-11-09 21:31:07'),(3041,0,4,0,'kabuk',0,0,0,2,'104.236.13.159','2017-11-10 06:26:58'),(3042,0,4,0,'origami',0,0,0,2,'104.236.13.159','2017-11-10 06:28:14'),(3043,0,4,0,'artistico',0,0,0,5,'104.236.13.159','2017-11-10 06:29:03'),(3044,0,4,0,'artistico',0,0,0,5,'188.165.234.68','2017-11-10 06:50:35'),(3045,0,4,0,'origami',0,0,0,2,'188.165.234.68','2017-11-10 06:55:41'),(3046,0,4,0,'kabuk',0,0,0,2,'188.165.234.68','2017-11-10 06:55:51'),(3047,0,4,0,'foliage',0,0,0,4,'84.47.14.238','2017-11-10 11:40:15'),(3048,0,4,0,'celtis',0,0,0,0,'88.212.37.4','2017-11-10 12:01:27'),(3049,0,4,0,'Ola S TS',0,0,0,2,'95.103.15.47','2017-11-10 15:42:28'),(3050,0,4,0,'foliage',0,0,0,4,'178.40.82.201','2017-11-10 16:34:29'),(3051,0,4,0,'Posteľ 180',0,0,0,0,'85.216.197.0','2017-11-10 20:12:21'),(3052,0,4,0,'foliage',0,0,0,4,'157.55.39.234','2017-11-11 03:37:08'),(3053,0,4,0,'foliage',0,0,0,4,'199.30.25.82','2017-11-11 07:40:00'),(3054,0,4,0,'kartell',0,0,0,0,'188.167.251.6','2017-11-11 08:38:38'),(3055,0,4,0,'origami',0,0,0,2,'188.167.251.24','2017-11-11 14:26:42'),(3056,0,4,0,'origami',0,0,0,2,'188.167.251.24','2017-11-11 14:27:00'),(3057,0,4,0,'calligaris',0,0,0,0,'84.47.73.9','2017-11-11 15:20:52'),(3058,0,4,0,'foliage',0,0,0,4,'78.99.209.228','2017-11-11 17:25:12'),(3059,0,4,0,'foliage',0,0,0,4,'188.121.164.156','2017-11-12 06:20:52'),(3060,0,4,0,'origami',0,0,0,2,'95.103.210.137','2017-11-12 08:02:23'),(3061,0,4,0,'foliage',0,0,0,4,'178.41.0.180','2017-11-12 14:02:24'),(3062,0,4,0,'Stolička ',0,0,0,0,'213.225.36.181','2017-11-12 15:12:25'),(3063,0,4,0,'Stolička ',171,0,0,0,'213.225.36.181','2017-11-12 15:12:55'),(3064,0,4,0,'Stolička ',0,0,0,0,'213.225.36.181','2017-11-12 15:13:03'),(3065,0,4,0,'novinky',0,0,0,0,'89.105.30.139','2017-11-12 15:51:05'),(3066,0,4,0,'origami',0,0,0,2,'86.110.229.162','2017-11-12 17:27:55'),(3067,0,4,0,'butterfly',0,0,0,3,'90.64.74.173','2017-11-12 17:51:33'),(3068,0,4,0,'Posteľ',0,0,0,0,'85.216.197.0','2017-11-12 18:51:09'),(3069,0,4,0,'Stolicky',0,0,0,0,'213.225.36.181','2017-11-12 19:27:18'),(3070,0,4,0,'Stolicka',0,0,0,0,'213.225.36.181','2017-11-12 19:27:29'),(3071,0,4,0,'Stolicky',0,0,0,0,'213.225.36.181','2017-11-12 19:27:35'),(3072,0,4,0,'calligaris',0,0,0,0,'84.245.121.221','2017-11-13 11:57:04'),(3073,0,4,0,'cs4069',0,0,0,8,'78.98.74.123','2017-11-13 11:58:37'),(3074,0,4,0,'zrkadlo',0,0,0,0,'62.152.229.221','2017-11-13 14:30:49'),(3075,0,4,0,'zrkadlo',0,0,0,0,'62.152.229.221','2017-11-13 14:31:00'),(3076,0,4,0,'zrkadlá',0,0,0,0,'62.152.229.221','2017-11-13 14:31:05'),(3077,0,4,0,'zrkadlo',0,0,0,0,'62.152.229.221','2017-11-13 14:31:11'),(3078,0,4,0,'ice',0,0,0,34,'188.167.255.238','2017-11-13 17:50:00'),(3079,0,4,0,'konferenčný stôl',0,0,0,0,'188.167.255.238','2017-11-13 17:50:41'),(3080,0,4,0,'konferenčný stolík',0,0,0,0,'188.167.255.238','2017-11-13 17:50:47'),(3081,0,4,0,'konferenčný',0,0,0,0,'188.167.255.238','2017-11-13 17:50:53'),(3082,0,4,0,'alfred',0,0,0,1,'178.40.171.179','2017-11-13 19:55:30'),(3083,0,4,0,'alfred',0,0,0,1,'178.40.171.179','2017-11-13 19:58:39'),(3084,0,4,0,'Vitrina',0,0,0,0,'195.91.16.95','2017-11-13 23:01:19'),(3085,0,4,0,'Podnos',0,0,0,0,'195.91.16.95','2017-11-13 23:01:38'),(3086,0,4,0,'wow',0,0,0,4,'178.143.94.27','2017-11-14 09:28:14'),(3087,0,4,0,'wow',0,0,0,4,'178.143.94.27','2017-11-14 09:28:22'),(3088,0,4,0,'wow 323',0,0,0,0,'178.143.94.27','2017-11-14 09:28:42'),(3089,0,4,0,'skladacia stolicka',0,0,0,0,'95.103.214.122','2017-11-14 09:46:30'),(3090,0,4,0,'cs207',0,0,0,1,'95.103.214.122','2017-11-14 09:46:55'),(3091,0,4,0,'cs207',0,0,0,1,'95.103.214.122','2017-11-14 09:47:26'),(3092,0,4,0,'artistico',0,0,0,5,'46.229.168.76','2017-11-14 11:23:06'),(3093,0,4,0,'wave',0,0,0,19,'95.103.15.47','2017-11-14 15:06:12'),(3094,0,4,0,'wave',0,0,0,19,'95.103.15.47','2017-11-14 15:07:30'),(3095,0,4,0,'wave',0,0,0,19,'95.103.15.47','2017-11-14 15:07:42'),(3096,0,4,0,'foliage',0,0,0,4,'95.103.2.173','2017-11-14 16:08:10'),(3097,0,4,0,'barove stolicky',0,0,0,0,'188.167.252.215','2017-11-15 18:50:16'),(3098,0,4,0,'koberec',0,0,0,0,'88.212.40.27','2017-11-15 19:50:17'),(3099,0,4,0,'kabuk',0,0,0,2,'185.133.60.14','2017-11-15 20:30:39'),(3100,0,4,0,'kabuk',0,0,0,2,'34.215.215.221','2017-11-16 08:43:59'),(3101,0,4,0,'origami',0,0,0,2,'34.215.215.221','2017-11-16 08:44:29'),(3102,0,4,0,'kabuk',0,0,0,2,'85.237.234.145','2017-11-16 08:47:26'),(3103,0,4,0,'kabuk',0,0,0,2,'85.237.234.145','2017-11-16 08:47:26'),(3104,0,4,0,'artistico',0,0,0,5,'94.199.151.22','2017-11-16 09:13:38'),(3105,0,4,0,'foliage',0,0,0,4,'88.212.40.114','2017-11-16 09:18:13'),(3106,0,4,0,'CB1405LED',0,0,0,0,'95.103.15.47','2017-11-16 10:01:33'),(3107,0,4,0,'CB1405 LED',0,0,0,1,'95.103.15.47','2017-11-16 10:01:40'),(3108,0,4,0,'foliage',0,0,0,4,'88.212.40.114','2017-11-16 10:04:12'),(3109,0,4,0,'CB1343 SUPERSTAR',0,0,0,1,'95.103.15.47','2017-11-16 10:06:03'),(3110,0,4,0,'midj',0,0,0,0,'195.168.90.202','2017-11-16 11:07:21'),(3111,0,4,0,'Vone',0,0,0,1,'178.143.67.74','2017-11-16 13:11:51'),(3112,0,4,0,'Volia',0,0,0,0,'178.143.67.74','2017-11-16 13:12:10'),(3113,0,4,0,'Vone',0,0,0,1,'178.143.67.74','2017-11-16 13:12:22'),(3114,0,4,0,'origami',0,0,0,2,'109.230.35.241','2017-11-16 13:59:15'),(3115,0,4,0,'origami',0,0,0,2,'109.230.35.241','2017-11-16 13:59:26'),(3116,0,4,0,'origami',0,0,0,2,'78.99.218.117','2017-11-16 14:50:25'),(3117,0,4,0,'origami',0,0,0,2,'82.119.122.114','2017-11-16 16:23:51'),(3118,0,4,0,'Posteľ 180',0,0,0,0,'85.216.197.0','2017-11-16 16:36:21'),(3119,0,4,0,'Posteľ ',0,0,0,0,'85.216.197.0','2017-11-16 16:36:29'),(3120,0,4,0,'Konferenčny stolik',0,0,0,0,'178.40.173.229','2017-11-16 18:42:58'),(3121,0,4,0,'Konferenčny stolik',209,0,0,0,'178.40.173.229','2017-11-16 18:43:31'),(3122,0,4,0,'Konferenčny stolik',209,0,0,0,'178.40.173.229','2017-11-16 18:43:34'),(3123,0,4,0,'Konferenčny stolik',201,0,0,0,'178.40.173.229','2017-11-16 18:44:03'),(3124,0,4,0,'Konferenčny stolik',201,0,0,120,'178.40.173.229','2017-11-16 18:44:39'),(3125,0,4,0,'Konferenčny stolik',201,0,0,120,'178.40.173.229','2017-11-16 18:45:25'),(3126,0,4,0,'Konferenčny stolik',201,0,0,120,'178.40.173.229','2017-11-16 18:45:59'),(3127,0,4,0,'Konferenčny stolik',201,0,0,120,'178.40.173.229','2017-11-16 18:46:00'),(3128,0,4,0,'Dandy',0,0,0,7,'195.12.158.2','2017-11-17 08:26:00'),(3129,0,4,0,'Dandy',0,0,0,7,'195.12.158.2','2017-11-17 08:26:35'),(3130,0,4,0,'Milano',0,0,0,6,'37.58.5.168','2017-11-17 08:33:11'),(3131,0,4,0,'Milano',0,0,0,6,'37.58.5.168','2017-11-17 08:33:39'),(3132,0,4,0,'Milano',0,0,0,6,'37.58.5.168','2017-11-17 08:33:58'),(3133,0,4,0,'Milano',0,0,0,6,'37.58.5.168','2017-11-17 08:34:09'),(3134,0,4,0,'origami',0,0,0,2,'66.249.66.69','2017-11-18 03:44:39'),(3135,0,4,0,'CB57 Air ',0,0,0,1,'95.103.15.47','2017-11-18 08:32:57'),(3136,0,4,0,'Hodiny',0,0,0,0,'95.102.116.196','2017-11-18 19:52:09'),(3137,0,4,0,'drevené stoličky',0,0,0,0,'88.212.43.14','2017-11-19 09:15:00'),(3138,0,4,0,'zrkadlo',0,0,0,0,'81.92.249.178','2017-11-19 10:16:15'),(3139,0,4,0,'zrkadlo',0,0,0,0,'81.92.249.178','2017-11-19 10:16:16'),(3140,0,4,0,'zrkadlo',0,0,0,0,'81.92.249.178','2017-11-19 10:16:50'),(3141,0,4,0,'origami',0,0,0,2,'81.92.249.178','2017-11-19 11:01:06'),(3142,0,4,0,'kabuk',0,0,0,2,'81.92.249.178','2017-11-19 11:01:23'),(3143,0,4,0,'kabuk',0,0,0,2,'81.92.249.178','2017-11-19 11:01:40'),(3144,0,4,0,'kabuk',0,0,0,2,'37.58.2.137','2017-11-19 15:54:06'),(3145,0,4,0,'Svietidla',0,0,0,0,'37.58.2.137','2017-11-19 15:54:48'),(3146,0,4,0,'foliage',0,0,0,4,'80.81.232.214','2017-11-19 17:02:05'),(3147,0,4,0,'Konzola',0,0,0,0,'76.69.105.20','2017-11-19 18:32:31'),(3148,0,4,0,'Basil',0,0,0,0,'188.167.251.221','2017-11-19 20:37:35'),(3149,0,4,0,'Calligaris basil',0,0,0,0,'188.167.251.221','2017-11-19 20:37:49'),(3150,0,4,0,'Calligaris basil',171,0,0,0,'188.167.251.221','2017-11-19 20:38:23'),(3151,0,4,0,'Calligaris ',171,0,0,27,'188.167.251.221','2017-11-19 20:38:38'),(3152,0,4,0,'Calligaris ',171,0,0,27,'188.167.251.221','2017-11-19 20:39:11'),(3153,0,4,0,'Calligaris ',171,0,0,27,'188.167.251.221','2017-11-19 20:39:55'),(3154,0,4,0,'foliage',0,0,0,4,'85.216.146.210','2017-11-19 21:44:11'),(3155,0,4,0,'FA2960P',0,0,0,3,'95.103.15.47','2017-11-20 08:26:59'),(3156,0,4,0,'FA2960P',0,0,0,3,'95.103.15.47','2017-11-20 11:47:59'),(3157,0,4,0,' CS1273 ',0,0,0,1,'95.103.15.47','2017-11-20 12:58:04'),(3158,0,4,0,'CB4756-RD ',0,0,0,1,'78.98.188.236','2017-11-20 13:08:10'),(3159,0,4,0,'kabuk',0,0,0,2,'78.98.188.236','2017-11-20 13:24:55'),(3160,0,4,0,' CB4756-RD Thesis ',0,0,0,1,'78.98.188.236','2017-11-20 15:17:42'),(3161,0,4,0,'barcelona',0,0,0,0,'95.210.41.73','2017-11-21 06:14:44'),(3162,0,4,0,'origami',0,0,0,2,'151.236.225.121','2017-11-21 06:51:58'),(3163,0,4,0,'Pedralo wow',0,0,0,0,'195.91.96.186','2017-11-21 10:54:13'),(3164,0,4,0,'Pedrali wow',0,0,0,0,'195.91.96.186','2017-11-21 10:54:28'),(3165,0,4,0,'Wow',0,0,0,4,'195.91.96.186','2017-11-21 10:54:36'),(3166,0,4,0,'Wow',0,0,0,4,'195.91.96.186','2017-11-21 10:55:05'),(3167,0,4,0,'foliage',0,0,0,4,'62.65.171.98','2017-11-21 12:21:58'),(3168,0,4,0,'Wow',0,0,0,4,'195.91.96.186','2017-11-21 13:56:37'),(3169,0,4,0,'MU',0,0,0,78,'95.103.15.47','2017-11-21 16:06:42'),(3170,0,4,0,'MU',0,0,0,78,'95.103.15.47','2017-11-21 16:06:53'),(3171,0,4,0,'MU',0,0,0,78,'95.103.15.47','2017-11-21 16:07:00'),(3172,0,4,0,'transparentná',0,0,0,0,'91.127.62.250','2017-11-21 17:32:26'),(3173,0,4,0,'origami',0,0,0,2,'151.236.224.130','2017-11-21 17:47:27'),(3174,0,4,0,'cloe',0,0,0,1,'78.99.187.197','2017-11-21 17:54:44'),(3175,0,4,0,'rosty',0,0,0,0,'46.229.231.114','2017-11-21 18:26:13'),(3176,0,4,0,'kabuk',0,0,0,2,'180.76.15.142','2017-11-21 18:43:44'),(3177,0,4,0,'Viktoria Ghost',0,0,0,0,'91.127.62.250','2017-11-21 19:05:44'),(3178,0,4,0,' Ghost',0,0,0,8,'91.127.62.250','2017-11-21 19:05:50'),(3179,0,4,0,'origami',0,0,0,2,'151.236.224.130','2017-11-21 19:07:37'),(3180,0,4,0,'origami',0,0,0,2,'151.236.224.130','2017-11-21 19:09:47'),(3181,0,4,0,'origami',0,0,0,2,'151.236.224.130','2017-11-21 19:10:03'),(3182,0,4,0,'origami',0,0,0,2,'151.236.224.130','2017-11-21 19:10:15'),(3183,0,4,0,'origami',0,0,0,2,'151.236.224.130','2017-11-21 19:16:10'),(3184,0,4,0,'fat boy',0,0,0,0,'62.197.235.129','2017-11-21 22:17:36'),(3185,0,4,0,'kabuk',0,0,0,2,'87.197.169.84','2017-11-22 06:21:24'),(3186,0,4,0,'kabuk',0,0,0,2,'87.197.169.84','2017-11-22 06:21:41'),(3187,0,4,0,'kabuk',0,0,0,2,'87.197.169.84','2017-11-22 06:22:11'),(3188,0,4,0,'foliage',0,0,0,4,'195.168.185.90','2017-11-22 08:32:19'),(3189,0,4,0,'foliage',0,0,0,4,'195.168.185.90','2017-11-22 08:33:18'),(3190,0,4,0,'origami',0,0,0,2,'78.141.106.144','2017-11-22 11:08:36'),(3191,0,4,0,'origami',0,0,0,2,'78.141.106.144','2017-11-22 11:08:37'),(3192,0,4,0,'origami',239,0,0,0,'78.141.106.144','2017-11-22 11:09:26'),(3193,0,4,0,'origami',194,0,0,0,'78.141.106.144','2017-11-22 11:10:08'),(3194,0,4,0,'origami',197,0,0,0,'78.141.106.144','2017-11-22 11:10:23'),(3195,0,4,0,'origami',239,0,0,0,'78.141.106.144','2017-11-22 11:11:12'),(3196,0,4,0,'origami',197,0,0,0,'78.141.106.144','2017-11-22 11:11:19'),(3197,0,4,0,'apelle p',0,0,0,11,'95.103.15.47','2017-11-22 15:27:59'),(3198,0,4,0,'origami',0,0,0,2,'88.212.61.168','2017-11-22 18:50:59'),(3199,0,4,0,'kabuk',0,0,0,2,'180.76.15.29','2017-11-22 20:19:58'),(3200,0,4,0,'kabuk',0,0,0,2,'54.80.146.251','2017-11-23 05:05:26'),(3201,0,4,0,'artistico',0,0,0,5,'54.80.146.251','2017-11-23 05:10:16'),(3202,0,4,0,'Stojan',0,0,0,0,'185.140.245.2','2017-11-23 06:37:14'),(3203,0,4,0,'destnik',0,0,0,0,'185.140.245.2','2017-11-23 06:37:27'),(3204,0,4,0,'bob',0,0,0,6,'62.197.221.186','2017-11-23 12:12:10'),(3205,0,4,0,'origami',0,0,0,2,'88.212.37.9','2017-11-23 12:31:30'),(3206,0,4,0,'destnik',0,0,0,0,'185.140.245.2','2017-11-23 12:33:43'),(3207,0,4,0,'destnik',0,0,0,0,'185.140.245.2','2017-11-23 12:33:50'),(3208,0,4,0,'kabuk',0,0,0,2,'84.47.22.157','2017-11-23 13:24:29'),(3209,0,4,0,'apelle',0,0,0,11,'95.103.15.47','2017-11-23 15:02:10'),(3210,0,4,0,'Swing',0,0,0,5,'195.91.96.66','2017-11-23 19:41:20'),(3211,0,4,0,'kabuk',0,0,0,2,'180.76.15.146','2017-11-23 20:14:43'),(3212,0,4,0,'Postel',0,0,0,0,'178.40.8.225','2017-11-23 20:18:33'),(3213,0,4,0,'kabuk',0,0,0,2,'178.143.136.4','2017-11-24 05:47:33'),(3214,0,4,0,'bob',0,0,0,6,'95.103.15.47','2017-11-24 08:26:55'),(3215,0,4,0,'742',0,0,0,2,'195.146.141.216','2017-11-24 08:39:48'),(3216,0,4,0,' Imperial 8010',0,0,0,2,'95.103.15.47','2017-11-24 08:49:47'),(3217,0,4,0,' Imperial 8010',0,0,0,2,'95.103.15.47','2017-11-24 08:50:21'),(3218,0,4,0,' Imperial 8010',0,0,0,2,'95.103.15.47','2017-11-24 08:50:28'),(3219,0,4,0,'bob',0,0,0,6,'95.103.15.47','2017-11-24 09:00:40'),(3220,0,4,0,'artistico',0,0,0,5,'198.27.80.144','2017-11-24 09:54:40'),(3221,0,4,0,'origami',0,0,0,2,'198.27.80.144','2017-11-24 09:59:22'),(3222,0,4,0,'kabuk',0,0,0,2,'198.27.80.144','2017-11-24 09:59:27'),(3223,0,4,0,'konferencny stolik',0,0,0,0,'91.226.114.188','2017-11-24 10:24:12'),(3224,0,4,0,'stolik',0,0,0,0,'91.226.114.188','2017-11-24 10:24:22'),(3225,0,4,0,'stol',0,0,0,0,'91.226.114.188','2017-11-24 10:24:27'),(3226,0,4,0,'foliage',0,0,0,4,'87.197.129.66','2017-11-24 10:34:34'),(3227,0,4,0,'foliage',0,0,0,4,'87.197.129.66','2017-11-24 10:35:16'),(3228,0,4,0,'foliage',0,0,0,4,'95.103.12.8','2017-11-24 11:11:50'),(3229,0,4,0,'cruz',0,0,0,1,'185.85.37.144','2017-11-24 19:25:41'),(3230,0,4,0,'origami',0,0,0,2,'95.103.28.66','2017-11-24 19:39:56'),(3231,0,4,0,'origami',0,0,0,2,'95.103.28.66','2017-11-24 19:39:57'),(3232,0,4,0,'kabuk',0,0,0,2,'180.76.15.18','2017-11-24 20:20:25'),(3233,0,4,0,'origami',0,0,0,2,'37.48.18.78','2017-11-24 21:32:07'),(3234,0,4,0,'origami',0,0,0,2,'37.58.2.216','2017-11-25 11:40:54'),(3235,0,4,0,'foliage',0,0,0,4,'46.13.18.10','2017-11-25 12:57:47'),(3236,0,4,0,'foliage',0,0,0,4,'95.131.128.28','2017-11-25 14:20:19'),(3237,0,4,0,'stôl 110 cm',0,0,0,0,'188.167.255.85','2017-11-25 16:20:57'),(3238,0,4,0,'origami',0,0,0,2,'109.230.48.133','2017-11-25 16:44:46'),(3239,0,4,0,'taburetky',0,0,0,0,'92.245.214.245','2017-11-25 18:36:03'),(3240,0,4,0,'taburetky',0,0,0,0,'92.245.214.245','2017-11-25 18:36:13'),(3241,0,4,0,'taburetky',202,0,0,0,'92.245.214.245','2017-11-25 18:37:32'),(3242,0,4,0,'taburetky',0,0,0,0,'92.245.214.245','2017-11-25 18:37:46'),(3243,0,4,0,'origami',0,0,0,2,'87.244.210.207','2017-11-25 19:39:27'),(3244,0,4,0,'magis',0,0,0,0,'178.40.158.215','2017-11-25 19:56:09'),(3245,0,4,0,'Giove',0,0,0,3,'195.91.17.235','2017-11-25 23:58:30'),(3246,0,4,0,'Giove',0,0,0,3,'195.91.17.235','2017-11-25 23:59:15'),(3247,0,4,0,'Tivoli',0,0,0,0,'195.91.17.235','2017-11-25 23:59:37'),(3248,0,4,0,'Oregon',0,0,0,1,'195.91.17.235','2017-11-26 00:00:25'),(3249,0,4,0,'Oregon',0,0,0,1,'195.91.17.235','2017-11-26 00:01:10'),(3250,0,4,0,'Tivoli',0,0,0,0,'195.91.17.235','2017-11-26 00:01:20'),(3251,0,4,0,'kabuk',0,0,0,2,'157.55.39.235','2017-11-26 05:43:04'),(3252,0,4,0,'Stolik',0,0,0,0,'195.91.17.0','2017-11-26 06:39:07'),(3253,0,4,0,'Stolik',0,0,0,0,'195.91.17.0','2017-11-26 06:40:20'),(3254,0,4,0,'Stolik',0,0,0,0,'195.91.17.0','2017-11-26 06:40:49'),(3255,0,4,0,'Oregon',0,0,0,1,'195.91.17.0','2017-11-26 06:57:04'),(3256,0,4,0,'Oregon',0,0,0,1,'195.91.17.0','2017-11-26 06:57:46'),(3257,0,4,0,'Oregon',0,0,0,1,'195.91.17.0','2017-11-26 06:58:24'),(3258,0,4,0,'Oregon',0,0,0,1,'195.91.17.0','2017-11-26 06:58:34'),(3259,0,4,0,'vešiak',0,0,0,0,'188.167.251.234','2017-11-26 06:58:36'),(3260,0,4,0,'Oregon',0,0,0,1,'195.91.17.0','2017-11-26 06:58:46'),(3261,0,4,0,'Giove',0,0,0,3,'195.91.17.0','2017-11-26 06:59:14'),(3262,0,4,0,'BOT',0,0,0,3,'188.167.251.234','2017-11-26 07:00:39'),(3263,0,4,0,'Giove',0,0,0,3,'195.91.17.0','2017-11-26 07:01:03'),(3264,0,4,0,'Oregon',0,0,0,1,'195.91.17.0','2017-11-26 07:01:18'),(3265,0,4,0,'Giove',0,0,0,3,'195.91.17.0','2017-11-26 07:01:33'),(3266,0,4,0,'rozkladacia konzola',0,0,0,0,'78.99.15.45','2017-11-26 07:06:30'),(3267,0,4,0,'Giove',0,0,0,3,'195.91.17.0','2017-11-26 07:06:56'),(3268,0,4,0,'Tivoli',0,0,0,0,'195.91.17.0','2017-11-26 07:07:28'),(3269,0,4,0,'kabuk',0,0,0,2,'142.44.151.76','2017-11-26 07:57:30'),(3270,0,4,0,'Loop lounge',0,0,0,3,'95.102.57.152','2017-11-26 08:15:52'),(3271,0,4,0,'CB4739-E Giove ',0,0,0,1,'95.103.15.47','2017-11-26 09:04:25'),(3272,0,4,0,'Giove',0,0,0,3,'195.91.17.75','2017-11-26 10:20:09'),(3273,0,4,0,'Giove',0,0,0,3,'195.91.17.75','2017-11-26 10:23:13'),(3274,0,4,0,'CB4739-E Giove',0,0,0,1,'80.188.69.163','2017-11-26 16:29:20'),(3275,0,4,0,'foliage',0,0,0,4,'87.197.97.83','2017-11-26 17:22:32'),(3276,0,4,0,'foliage',0,0,0,4,'87.197.97.83','2017-11-26 17:24:08'),(3277,0,4,0,'Loop',0,0,0,29,'62.197.235.129','2017-11-26 17:45:14'),(3278,0,4,0,'Loop',0,0,0,29,'62.197.235.129','2017-11-26 17:45:34'),(3279,0,4,0,'Loop',0,0,0,29,'62.197.235.129','2017-11-26 17:46:31'),(3280,0,4,0,'origami',0,0,0,2,'80.94.55.5','2017-11-26 18:55:26'),(3281,0,4,0,'toaletný stolík',0,0,0,0,'195.146.131.23','2017-11-26 19:13:41'),(3282,0,4,0,'amelie',0,0,0,5,'188.167.251.63','2017-11-26 20:38:25'),(3283,0,4,0,'amelie',0,0,0,5,'188.167.251.63','2017-11-26 20:39:00'),(3284,0,4,0,'amelie',0,0,0,5,'188.167.251.63','2017-11-26 20:39:32'),(3285,0,4,0,'Lehatko',0,0,0,0,'178.143.136.4','2017-11-26 21:10:00'),(3286,0,4,0,'Lamzak',0,0,0,0,'195.91.43.178','2017-11-27 07:37:39'),(3287,0,4,0,'Lamzac',0,0,0,1,'195.91.43.178','2017-11-27 07:37:46'),(3288,0,4,0,'concept tonon',0,0,0,0,'95.102.98.224','2017-11-27 07:51:02'),(3289,0,4,0,'concept tonon',0,0,0,0,'95.102.98.224','2017-11-27 07:52:52'),(3290,0,4,0,'concept tonon',176,0,0,0,'95.102.98.224','2017-11-27 07:53:05'),(3291,0,4,0,'concept tonon',180,0,0,0,'95.102.98.224','2017-11-27 07:53:10'),(3292,0,4,0,'concept tonon',180,0,0,0,'95.102.98.224','2017-11-27 07:54:03'),(3293,0,4,0,'concept tonon',176,0,0,0,'95.102.98.224','2017-11-27 07:54:04'),(3294,0,4,0,'concept tonon',0,0,0,0,'95.102.98.224','2017-11-27 07:54:05'),(3295,0,4,0,'concept tonon',0,0,0,0,'95.102.98.224','2017-11-27 07:54:16'),(3296,0,4,0,'CB4739-E Giove ',0,0,0,1,'95.103.15.47','2017-11-27 09:05:01'),(3297,0,4,0,'origami',0,0,0,2,'85.237.234.119','2017-11-27 11:15:50'),(3298,0,4,0,'Extreme',0,0,0,1,'85.237.234.119','2017-11-27 11:16:00'),(3299,0,4,0,'Lamzac',0,0,0,1,'195.91.43.178','2017-11-27 11:55:20'),(3300,0,4,0,'Lamzak',0,0,0,0,'195.91.43.178','2017-11-27 11:55:21'),(3301,0,4,0,'siren',0,0,0,2,'95.103.15.47','2017-11-27 12:09:02'),(3302,0,4,0,'loop',0,0,0,29,'195.28.127.2','2017-11-27 13:23:46'),(3303,0,4,0,'vintage',0,0,0,3,'88.212.40.33','2017-11-27 14:08:53'),(3304,0,4,0,'Spalně',0,0,0,0,'37.58.0.223','2017-11-27 15:22:46'),(3305,0,4,0,'CB4739-E Giove',0,0,0,1,'80.188.69.163','2017-11-27 15:37:08'),(3306,0,4,0,'Mu160',0,0,0,1,'178.40.20.13','2017-11-27 16:44:10'),(3307,0,4,0,'kabuk',0,0,0,2,'84.47.39.63','2017-11-27 17:24:32'),(3308,0,4,0,'kabuk',0,0,0,2,'84.47.39.63','2017-11-27 17:24:38'),(3309,0,4,0,'kabuk',0,0,0,2,'84.47.39.63','2017-11-27 17:24:41'),(3310,0,4,0,'kabuk',0,0,0,2,'84.47.39.63','2017-11-27 17:25:21'),(3311,0,4,0,'kabuk',0,0,0,2,'84.47.39.63','2017-11-27 17:25:33'),(3312,0,4,0,'kabuk',0,0,0,2,'84.47.39.63','2017-11-27 17:25:33'),(3313,0,4,0,'origami',0,0,0,2,'213.215.83.32','2017-11-27 19:15:47'),(3314,0,4,0,'foliage',0,0,0,4,'85.237.234.211','2017-11-27 20:11:31'),(3315,0,4,0,'italia',0,0,0,8,'188.167.250.71','2017-11-27 20:17:33'),(3316,0,4,0,'Blob Buble, 3-er maxi sofa',0,0,0,0,'195.28.85.58','2017-11-27 20:29:35'),(3317,0,4,0,'Blob Buble',0,0,0,0,'195.28.85.58','2017-11-27 20:29:47'),(3318,0,4,0,'Blob Buble',0,0,0,0,'195.28.85.58','2017-11-27 20:29:50'),(3319,0,4,0,'Daytona',0,0,0,0,'195.28.85.58','2017-11-27 20:30:04'),(3320,0,4,0,'Bublè_Blob',0,0,0,0,'195.28.85.58','2017-11-27 20:32:48'),(3321,0,4,0,'Bublè_Blob',0,0,0,0,'195.28.85.58','2017-11-27 20:35:13'),(3322,0,4,0,' Round Poltrona',0,0,0,0,'195.28.85.58','2017-11-27 20:36:00'),(3323,0,4,0,' Round ',0,0,0,16,'195.28.85.58','2017-11-27 20:36:06'),(3324,0,4,0,'Chaise Lounge',0,0,0,0,'195.28.85.58','2017-11-27 20:37:27'),(3325,0,4,0,'Chaise  ',0,0,0,12,'195.28.85.58','2017-11-27 20:37:35'),(3326,0,4,0,'Fatboy',0,0,0,0,'178.143.136.4','2017-11-27 23:16:15'),(3327,0,4,0,'Lampa fatboy',0,0,0,0,'178.143.136.4','2017-11-27 23:17:01'),(3328,0,4,0,'ML569',0,0,0,1,'178.143.136.4','2017-11-27 23:44:19'),(3329,0,4,0,'conubila calligaris wood chair ',0,0,0,0,'194.160.223.2','2017-11-28 10:19:06'),(3330,0,4,0,'bontempi',0,0,0,0,'85.237.234.45','2017-11-28 11:33:32'),(3331,0,4,0,'konferenční',0,0,0,0,'194.160.61.18','2017-11-28 12:17:41'),(3332,0,4,0,'konferenční',0,0,0,0,'194.160.61.18','2017-11-28 12:18:16'),(3333,0,4,0,'aria',0,0,0,9,'85.237.234.45','2017-11-28 12:39:20'),(3334,0,4,0,'eva',0,0,0,9,'85.237.234.45','2017-11-28 13:20:01'),(3335,0,4,0,'Loop',0,0,0,29,'62.197.235.129','2017-11-28 20:46:59'),(3336,0,4,0,'gliss',0,0,0,6,'91.127.62.250','2017-11-28 21:18:28'),(3337,0,4,0,'kabuk',0,0,0,2,'66.249.66.65','2017-11-29 04:15:11'),(3338,0,4,0,'kabuk',0,0,0,2,'104.131.173.251','2017-11-29 04:27:20'),(3339,0,4,0,'origami',0,0,0,2,'104.131.173.251','2017-11-29 04:29:30'),(3340,0,4,0,'artistico',0,0,0,5,'104.131.173.251','2017-11-29 04:30:05'),(3341,0,4,0,'artistico',0,0,0,5,'66.249.66.67','2017-11-29 08:11:21'),(3342,0,4,0,'teneryfa',0,0,0,0,'217.31.38.20','2017-11-29 09:33:18'),(3343,0,4,0,'koberec',0,0,0,0,'185.133.60.19','2017-11-29 11:47:12'),(3344,0,4,0,'kartell',0,0,0,0,'88.212.61.168','2017-11-29 11:55:26'),(3345,0,4,0,'Zrkadlo',0,0,0,0,'89.173.165.188','2017-11-29 17:30:07'),(3346,0,4,0,'Zrkadlo',0,0,0,0,'185.152.113.0','2017-11-29 21:36:56'),(3347,0,4,0,'Loop',0,0,0,29,'62.197.235.129','2017-11-29 21:56:16'),(3348,0,4,0,'tahira',0,0,0,1,'188.167.255.174','2017-11-30 11:50:04'),(3349,0,4,0,'foliage',0,0,0,4,'81.92.249.146','2017-11-30 19:37:29'),(3350,0,4,0,'foliage',0,0,0,4,'157.55.39.235','2017-12-01 00:43:04'),(3351,0,4,0,'sonny',0,0,0,4,'95.103.15.47','2017-12-01 12:06:27'),(3352,0,4,0,'step',0,0,0,9,'95.103.15.47','2017-12-01 12:07:30'),(3353,0,4,0,'6951-L t',0,0,0,1,'178.143.70.224','2017-12-01 14:32:32'),(3354,0,4,0,'foliage',0,0,0,4,'91.127.10.202','2017-12-01 16:31:44'),(3355,0,4,0,'kabuk',0,0,0,2,'178.40.13.24','2017-12-01 18:48:44'),(3356,0,4,0,'kabuk',0,0,0,2,'178.40.13.24','2017-12-01 18:49:09'),(3357,0,4,0,'kabuk',0,0,0,2,'178.40.13.24','2017-12-01 18:49:21'),(3358,0,4,0,'artistico',0,0,0,5,'40.77.167.111','2017-12-01 19:41:40'),(3359,0,4,0,'domitalia',0,0,0,0,'188.167.250.58','2017-12-01 19:47:25'),(3360,0,4,0,'domitalia',0,0,0,0,'188.167.250.58','2017-12-01 19:47:27'),(3361,0,4,0,'origami',0,0,0,2,'195.91.16.82','2017-12-01 20:45:46'),(3362,0,4,0,'Jedalenske stoly',0,0,0,0,'85.237.234.60','2017-12-02 08:17:49'),(3363,0,4,0,'Jedalenske stoly',183,0,0,0,'85.237.234.60','2017-12-02 08:18:01'),(3364,0,4,0,'Jedalenske stoly',183,0,0,0,'85.237.234.60','2017-12-02 08:18:07'),(3365,0,4,0,'origami',0,0,0,2,'188.167.255.121','2017-12-02 18:36:46'),(3366,0,4,0,'ice',0,0,0,34,'188.167.255.121','2017-12-02 18:40:04'),(3367,0,4,0,'foliage',0,0,0,4,'88.212.37.131','2017-12-03 04:59:06'),(3368,0,4,0,'Queen of Love',0,0,0,2,'88.212.40.156','2017-12-03 14:55:36'),(3369,0,4,0,'Barové stolicky',0,0,0,0,'88.212.37.139','2017-12-03 14:57:41'),(3370,0,4,0,'young 421',0,0,0,0,'85.70.32.155','2017-12-03 16:08:37'),(3371,0,4,0,'nixon ',0,0,0,1,'91.227.224.1','2017-12-04 09:18:14'),(3372,0,4,0,'kabuk',0,0,0,2,'77.75.78.167','2017-12-04 09:35:45'),(3373,0,4,0,'pouf',0,0,0,14,'90.64.127.134','2017-12-04 10:15:47'),(3374,0,4,0,'koberce',0,0,0,0,'77.234.232.188','2017-12-04 11:29:11'),(3375,0,4,0,'koberec',0,0,0,0,'77.234.232.188','2017-12-04 11:29:20'),(3376,0,4,0,'oregon',0,0,0,1,'195.168.90.202','2017-12-04 13:41:04'),(3377,0,4,0,'koberec',0,0,0,0,'77.234.232.188','2017-12-04 14:04:38'),(3378,0,4,0,'ghost ',0,0,0,9,'95.103.15.47','2017-12-04 14:29:05'),(3379,0,4,0,'ghost ',0,0,0,9,'95.103.15.47','2017-12-04 14:29:27'),(3380,0,4,0,'dot',0,0,0,5,'195.168.90.202','2017-12-04 15:08:55'),(3381,0,4,0,'Barove stolicky',0,0,0,0,'188.167.250.218','2017-12-04 15:51:53'),(3382,0,4,0,'Barove stolicky',176,0,0,0,'188.167.250.218','2017-12-04 15:52:25'),(3383,0,4,0,'fly',0,0,0,16,'95.103.15.47','2017-12-04 16:39:02'),(3384,0,4,0,'softline',0,0,0,0,'77.247.224.38','2017-12-04 19:13:39'),(3385,0,4,0,'tokyo',0,0,0,2,'77.247.224.38','2017-12-04 19:51:22'),(3386,0,4,0,'kuga',0,0,0,4,'77.247.224.38','2017-12-04 19:52:04'),(3387,0,4,0,'stolicka',0,0,0,0,'86.110.235.1','2017-12-04 19:57:06'),(3388,0,4,0,'stolicka',182,0,0,0,'86.110.235.1','2017-12-04 19:57:16'),(3389,0,4,0,'stolicka',182,0,0,0,'86.110.235.1','2017-12-04 19:57:19'),(3390,0,4,0,'stolicka',182,0,0,0,'86.110.235.1','2017-12-04 19:57:25'),(3391,0,4,0,'stolicka',182,0,0,407,'86.110.235.1','2017-12-04 19:57:28'),(3392,0,4,0,'stolicka',182,0,0,407,'86.110.235.1','2017-12-04 19:57:49'),(3393,0,4,0,'apelle',0,0,0,11,'95.103.15.47','2017-12-05 08:18:31'),(3394,0,4,0,'apelle',0,0,0,11,'95.103.15.47','2017-12-05 08:19:05'),(3395,0,4,0,'amira',0,0,0,2,'95.103.15.47','2017-12-05 09:04:19'),(3396,0,4,0,'zebra',0,0,0,24,'178.143.105.61','2017-12-05 10:26:11'),(3397,0,4,0,'zebra',0,0,0,24,'178.143.105.61','2017-12-05 10:26:30'),(3398,0,4,0,'sony',0,0,0,0,'178.143.214.49','2017-12-05 11:47:56'),(3399,0,4,0,'pa126',0,0,0,2,'178.143.105.61','2017-12-05 12:38:06'),(3400,0,4,0,'pa',0,0,0,122,'178.143.105.61','2017-12-05 12:45:49'),(3401,0,4,0,'apelle',0,0,0,11,'178.143.105.61','2017-12-05 12:54:39'),(3402,0,4,0,'MU',0,0,0,79,'95.103.15.47','2017-12-05 17:26:50'),(3403,0,4,0,'MU',0,0,0,79,'95.103.15.47','2017-12-05 17:26:58'),(3404,0,4,0,'apelle',0,0,0,11,'173.212.247.96','2017-12-05 17:46:48'),(3405,0,4,0,'artistico',0,0,0,5,'84.245.121.186','2017-12-05 20:52:40'),(3406,0,4,0,'artistico',0,0,0,5,'84.245.121.186','2017-12-05 20:57:30'),(3407,0,4,0,'vesiak',0,0,0,0,'188.167.251.234','2017-12-05 20:58:40'),(3408,0,4,0,'artistico',0,0,0,5,'84.245.121.186','2017-12-05 20:59:22'),(3409,0,4,0,'artistico',0,0,0,5,'84.245.121.186','2017-12-05 21:01:32'),(3410,0,4,0,'apelle',0,0,0,11,'66.249.64.91','2017-12-06 01:17:17'),(3411,0,4,0,'doplnky',0,0,0,0,'62.197.243.237','2017-12-06 08:50:18'),(3412,0,4,0,'apelle',0,0,0,11,'208.110.93.52','2017-12-06 10:40:25'),(3413,0,4,0,'pa360',0,0,0,1,'78.98.73.33','2017-12-06 11:46:30'),(3414,0,4,0,'pa360',0,0,0,1,'78.98.73.33','2017-12-06 11:48:07'),(3415,0,4,0,'artistico',0,0,0,5,'78.98.73.33','2017-12-06 11:50:52'),(3416,0,4,0,'artistico',0,0,0,5,'78.98.73.33','2017-12-06 11:53:51'),(3417,0,4,0,'fiandre',0,0,0,2,'78.98.73.33','2017-12-06 11:54:45'),(3418,0,4,0,'millenium',0,0,0,0,'78.98.73.33','2017-12-06 11:57:38'),(3419,0,4,0,'millenium',0,0,0,0,'78.98.73.33','2017-12-06 11:57:46'),(3420,0,4,0,'milenium',0,0,0,0,'78.98.73.33','2017-12-06 11:57:57'),(3421,0,4,0,'tuile',0,0,0,2,'78.98.73.33','2017-12-06 12:03:56'),(3422,0,4,0,'tuile',0,0,0,2,'78.98.73.33','2017-12-06 12:04:37'),(3423,0,4,0,'tuile',0,0,0,2,'78.98.73.33','2017-12-06 12:04:55'),(3424,0,4,0,'kuga',0,0,0,4,'78.98.73.33','2017-12-06 12:07:15'),(3425,0,4,0,'atlanta',0,0,0,1,'78.98.73.33','2017-12-06 12:09:08'),(3426,0,4,0,'apelle',0,0,0,11,'66.249.64.95','2017-12-06 12:49:37'),(3427,0,4,0,'apelle',0,0,0,11,'66.249.64.93','2017-12-06 12:53:24'),(3428,0,4,0,'apelle',0,0,0,11,'66.249.64.93','2017-12-06 14:12:50'),(3429,0,4,0,'apelle',0,0,0,11,'66.249.64.91','2017-12-06 15:13:22'),(3430,0,4,0,'apelle',0,0,0,11,'66.249.64.91','2017-12-06 15:28:30'),(3431,0,4,0,'apelle',0,0,0,11,'66.249.64.93','2017-12-06 17:14:26'),(3432,0,4,0,'Diagonal',0,0,0,2,'85.237.234.160','2017-12-06 18:34:28'),(3433,0,4,0,'Hip hop',0,0,0,2,'85.237.234.160','2017-12-06 18:35:00'),(3434,0,4,0,'Hip hop',0,0,0,2,'85.237.234.160','2017-12-06 18:37:52'),(3435,0,4,0,'apelle',0,0,0,11,'66.249.64.91','2017-12-06 19:23:04'),(3436,0,4,0,'apelle',0,0,0,11,'66.249.64.93','2017-12-06 19:38:12'),(3437,0,4,0,'apelle',0,0,0,11,'66.249.64.93','2017-12-06 20:00:54'),(3438,0,4,0,'apelle',0,0,0,11,'66.249.64.93','2017-12-07 00:06:48'),(3439,0,4,0,'apelle',0,0,0,11,'66.249.64.93','2017-12-07 00:18:09'),(3440,0,4,0,'apelle',0,0,0,11,'66.249.64.93','2017-12-07 05:01:54'),(3441,0,4,0,'apelle',0,0,0,11,'66.249.64.91','2017-12-07 06:13:45'),(3442,0,4,0,'apelle',0,0,0,11,'66.249.64.91','2017-12-07 06:34:05'),(3443,0,4,0,'apelle',0,0,0,11,'66.249.64.95','2017-12-07 07:29:26'),(3444,0,4,0,'pedrali volt 678',0,0,0,0,'85.135.196.171','2017-12-07 09:04:58'),(3445,0,4,0,'pedrali volt 678',0,0,0,0,'85.135.196.171','2017-12-07 09:05:07'),(3446,0,4,0,'volt 678',0,0,0,1,'85.135.196.171','2017-12-07 09:05:15'),(3447,0,4,0,'peach',0,0,0,0,'85.135.196.171','2017-12-07 09:06:57'),(3448,0,4,0,' Resol-Barcelona Dd',0,0,0,0,'85.135.196.171','2017-12-07 09:07:03'),(3449,0,4,0,'Barcelona Dd',0,0,0,0,'85.135.196.171','2017-12-07 09:07:09'),(3450,0,4,0,'Dd',0,0,0,4,'85.135.196.171','2017-12-07 09:07:17'),(3451,0,4,0,'Barcelona Dd',0,0,0,0,'85.135.196.171','2017-12-07 09:07:44'),(3452,0,4,0,'resol',0,0,0,0,'85.135.196.171','2017-12-07 09:08:04'),(3453,0,4,0,'apelle',0,0,0,11,'66.249.64.91','2017-12-07 09:11:35'),(3454,0,4,0,'Nočný stolik',0,0,0,0,'178.41.101.50','2017-12-07 09:12:17'),(3455,0,4,0,'stolik',0,0,0,0,'178.41.101.50','2017-12-07 09:12:29'),(3456,0,4,0,'stolík',0,0,0,0,'178.41.101.50','2017-12-07 09:12:37'),(3457,0,4,0,'apelle',0,0,0,11,'66.249.64.95','2017-12-07 09:16:53'),(3458,0,4,0,'resol',0,0,0,0,'85.135.191.222','2017-12-07 09:22:52'),(3459,0,4,0,'Barcelona Dd',0,0,0,0,'85.135.191.222','2017-12-07 09:22:57'),(3460,0,4,0,' Resol-Barcelona Dd',0,0,0,0,'85.135.191.222','2017-12-07 09:22:59'),(3461,0,4,0,'peach',0,0,0,0,'85.135.191.222','2017-12-07 09:23:00'),(3462,0,4,0,'volt 678',0,0,0,1,'85.135.191.222','2017-12-07 09:23:13'),(3463,0,4,0,'pedrali volt 678',0,0,0,0,'85.135.191.222','2017-12-07 09:23:15'),(3464,0,4,0,'pedrali volt 678',0,0,0,0,'85.135.191.222','2017-12-07 09:23:16'),(3465,0,4,0,'foliage',0,0,0,4,'80.242.32.60','2017-12-07 09:50:37'),(3466,0,4,0,'apelle',0,0,0,11,'66.249.64.91','2017-12-07 09:59:35'),(3467,0,4,0,'pedrali volt 678',0,0,0,0,'85.135.191.222','2017-12-07 10:14:25'),(3468,0,4,0,'volt 678',0,0,0,1,'85.135.191.222','2017-12-07 10:15:22'),(3469,0,4,0,'apelle',0,0,0,11,'66.249.64.91','2017-12-07 10:35:29'),(3470,0,4,0,'apelle',0,0,0,11,'66.249.64.93','2017-12-07 11:01:17'),(3471,0,4,0,'Pedrali, Babila',0,0,0,0,'212.89.240.94','2017-12-07 11:12:39'),(3472,0,4,0,'Pedrali',0,0,0,0,'212.89.240.94','2017-12-07 11:12:42'),(3473,0,4,0,'apelle',0,0,0,11,'66.249.64.95','2017-12-07 11:25:55'),(3474,0,4,0,'pedrali',0,0,0,0,'212.89.240.94','2017-12-07 11:58:58'),(3475,0,4,0,'pedrali',171,0,0,0,'212.89.240.94','2017-12-07 11:59:04'),(3476,0,4,0,'apelle',0,0,0,11,'66.249.64.91','2017-12-07 12:11:44'),(3477,0,4,0,'apelle',0,0,0,11,'66.249.64.91','2017-12-07 12:43:26'),(3478,0,4,0,'artistico',0,0,0,5,'77.75.76.160','2017-12-07 12:50:10'),(3479,0,4,0,'apelle',0,0,0,11,'66.249.66.219','2017-12-07 18:50:23'),(3480,0,4,0,'apelle',0,0,0,11,'66.249.66.223','2017-12-07 19:05:32'),(3481,0,4,0,'apelle',0,0,0,11,'66.249.66.219','2017-12-07 19:32:00'),(3482,0,4,0,'Koberce',0,0,0,0,'92.52.11.137','2017-12-07 20:37:26'),(3483,0,4,0,'Koberce',0,0,0,0,'92.52.11.137','2017-12-07 20:37:40'),(3484,0,4,0,'apelle',0,0,0,11,'66.249.66.219','2017-12-07 21:55:46'),(3485,0,4,0,'artistico',0,0,0,5,'46.105.98.166','2017-12-08 07:18:25'),(3486,0,4,0,'apelle',0,0,0,11,'46.105.98.166','2017-12-08 07:22:49'),(3487,0,4,0,'apelle',0,0,0,11,'66.249.66.221','2017-12-08 07:27:01'),(3488,0,4,0,'apelle',0,0,0,11,'66.249.66.221','2017-12-08 08:46:28'),(3489,0,4,0,'Obyvacie steny',0,0,0,0,'109.230.22.59','2017-12-08 08:53:13'),(3490,0,4,0,'Obyvacie steny',0,0,0,0,'109.230.22.59','2017-12-08 08:54:24'),(3491,0,4,0,'postel',0,0,0,0,'78.99.2.20','2017-12-08 08:59:58'),(3492,0,4,0,'apelle',0,0,0,11,'66.249.66.221','2017-12-08 11:06:27'),(3493,0,4,0,'apelle',0,0,0,11,'66.249.66.219','2017-12-08 11:32:56'),(3494,0,4,0,'apelle',0,0,0,11,'66.249.66.219','2017-12-08 11:36:43'),(3495,0,4,0,'amira',0,0,0,2,'95.103.26.121','2017-12-08 12:33:11'),(3496,0,4,0,'apelle',0,0,0,11,'66.249.66.221','2017-12-08 12:33:28'),(3497,0,4,0,'apelle',0,0,0,11,'66.249.66.219','2017-12-08 12:37:22'),(3498,0,4,0,'apelle',0,0,0,11,'66.249.66.221','2017-12-08 12:59:57'),(3499,0,4,0,'apelle',0,0,0,11,'66.249.66.223','2017-12-08 13:11:18'),(3500,0,4,0,'apelle',0,0,0,11,'66.249.66.219','2017-12-08 13:26:25'),(3501,0,4,0,'apelle',0,0,0,11,'66.249.66.223','2017-12-08 14:00:29'),(3502,0,4,0,'apelle',0,0,0,11,'66.249.66.221','2017-12-08 14:11:50'),(3503,0,4,0,'Amira 6294',0,0,0,0,'195.91.29.80','2017-12-08 14:15:24'),(3504,0,4,0,'Amira',0,0,0,2,'195.91.29.80','2017-12-08 14:15:59'),(3505,0,4,0,'miniforns',0,0,0,0,'90.64.56.15','2017-12-08 15:18:35'),(3506,0,4,0,'apelle',0,0,0,11,'66.249.66.223','2017-12-08 15:57:45'),(3507,0,4,0,'apelle',0,0,0,11,'66.249.66.4','2017-12-08 16:35:36'),(3508,0,4,0,'apelle',0,0,0,11,'66.249.66.221','2017-12-08 17:17:12'),(3509,0,4,0,'apelle',0,0,0,11,'66.249.66.69','2017-12-08 18:36:39'),(3510,0,4,0,'apelle',0,0,0,11,'66.249.66.69','2017-12-08 18:40:26'),(3511,0,4,0,'apelle',0,0,0,11,'195.91.96.119','2017-12-08 20:08:26'),(3512,0,4,0,'apelle',0,0,0,11,'66.249.66.67','2017-12-08 21:43:29'),(3513,0,4,0,'apelle',0,0,0,11,'66.249.66.67','2017-12-08 22:21:20'),(3514,0,4,0,'apelle',0,0,0,11,'66.249.66.67','2017-12-09 00:52:39'),(3515,0,4,0,'apelle',0,0,0,11,'66.249.66.65','2017-12-09 01:19:08'),(3516,0,4,0,'apelle',0,0,0,11,'66.249.66.65','2017-12-09 05:47:44'),(3517,0,4,0,'forli',0,0,0,1,'78.141.104.21','2017-12-09 09:06:16'),(3518,0,4,0,'Masters',0,0,0,2,'85.237.234.22','2017-12-09 09:10:35'),(3519,0,4,0,'Masters',0,0,0,2,'85.237.234.22','2017-12-09 09:11:37'),(3520,0,4,0,'hag',0,0,0,2,'188.167.206.148','2017-12-09 11:51:18'),(3521,0,4,0,'hag',0,0,0,2,'188.167.206.148','2017-12-09 11:51:48'),(3522,0,4,0,'apelle',0,0,0,11,'66.249.66.67','2017-12-09 12:09:50'),(3523,0,4,0,'apelle',0,0,0,11,'66.249.66.65','2017-12-09 12:24:58'),(3524,0,4,0,'apelle',0,0,0,11,'66.249.66.65','2017-12-09 12:36:20'),(3525,0,4,0,'apelle',0,0,0,11,'66.249.66.69','2017-12-09 12:51:27'),(3526,0,4,0,'apelle',0,0,0,11,'66.249.66.65','2017-12-09 13:10:22'),(3527,0,4,0,'Amira',0,0,0,2,'195.91.73.7','2017-12-09 13:44:11'),(3528,0,4,0,'apelle',0,0,0,11,'66.249.66.2','2017-12-10 15:47:31'),(3529,0,4,0,'kabuk',0,0,0,2,'46.229.168.65','2017-12-10 20:46:12'),(3530,0,4,0,'kabuk',0,0,0,2,'46.229.168.65','2017-12-10 20:46:30'),(3531,0,4,0,'kabuk',0,0,0,2,'46.229.168.65','2017-12-10 20:46:53'),(3532,0,4,0,'origami',0,0,0,2,'46.229.168.80','2017-12-10 21:50:27'),(3533,0,4,0,'tuli vak',0,0,0,0,'95.105.142.217','2017-12-10 22:47:08'),(3534,0,4,0,'Variable™ Balans® ',0,0,0,2,'95.103.26.121','2017-12-11 07:53:24'),(3535,0,4,0,'Variable™ Balans® ',0,0,0,2,'95.103.26.121','2017-12-11 08:45:23'),(3536,0,4,0,'Variable™ ',0,0,0,2,'95.103.26.121','2017-12-11 08:45:58'),(3537,0,4,0,'režiserska stolicka',0,0,0,0,'87.197.101.230','2017-12-11 09:23:44'),(3538,0,4,0,'Variable™ ',0,0,0,2,'95.103.26.121','2017-12-11 09:32:59'),(3539,0,4,0,'PA126',0,0,0,2,'178.143.109.103','2017-12-11 09:45:25'),(3540,0,4,0,'margot',0,0,0,3,'178.143.109.103','2017-12-11 10:16:32'),(3541,0,4,0,'clara',0,0,0,3,'178.143.109.103','2017-12-11 10:17:43'),(3542,0,4,0,'pa126',0,0,0,2,'178.143.109.103','2017-12-11 10:24:20'),(3543,0,4,0,'pa126',0,0,0,2,'178.143.109.103','2017-12-11 10:27:57'),(3544,0,4,0,'clara',0,0,0,3,'178.143.109.103','2017-12-11 10:30:39'),(3545,0,4,0,'margot',0,0,0,3,'178.143.109.103','2017-12-11 10:50:48'),(3546,0,4,0,'margot',0,0,0,3,'178.143.109.103','2017-12-11 10:51:11'),(3547,0,4,0,'clara',0,0,0,3,'178.143.109.103','2017-12-11 10:51:21'),(3548,0,4,0,'apelle',0,0,0,11,'66.249.64.95','2017-12-11 11:01:37'),(3549,0,4,0,'clara',0,0,0,3,'178.143.109.103','2017-12-11 11:16:02'),(3550,0,4,0,'clara',0,0,0,3,'95.103.26.121','2017-12-11 11:44:07'),(3551,0,4,0,'clara',0,0,0,3,'95.103.26.121','2017-12-11 11:44:43'),(3552,0,4,0,'clara',0,0,0,3,'95.103.26.121','2017-12-11 11:44:56'),(3553,0,4,0,'clara',0,0,0,3,'95.103.26.121','2017-12-11 11:47:36'),(3554,0,4,0,'nixon',0,0,0,1,'91.227.224.10','2017-12-11 11:54:24'),(3555,0,4,0,'clara',0,0,0,3,'178.143.109.103','2017-12-11 12:27:09'),(3556,0,4,0,'pedrali',0,0,0,0,'212.89.240.94','2017-12-11 12:42:57'),(3557,0,4,0,'ikon',0,0,0,2,'212.89.240.94','2017-12-11 12:43:04'),(3558,0,4,0,'Amira',0,0,0,2,'95.103.77.105','2017-12-11 18:27:47'),(3559,0,4,0,'Nixon',0,0,0,1,'95.103.77.105','2017-12-11 21:44:09'),(3560,0,4,0,'Accra Consolle',0,0,0,1,'78.141.64.183','2017-12-11 23:40:28'),(3561,0,4,0,'tv',0,0,0,0,'78.141.64.183','2017-12-11 23:46:29'),(3562,0,4,0,'sedacky',0,0,0,0,'92.4.186.40','2017-12-12 07:23:59'),(3563,0,4,0,'nixon',0,0,0,1,'91.227.224.10','2017-12-12 08:08:28'),(3564,0,4,0,'Podsedak',0,0,0,0,'85.237.234.57','2017-12-12 08:45:17'),(3565,0,4,0,'Spice poltrona',0,0,0,1,'78.98.110.159','2017-12-12 10:21:33'),(3566,0,4,0,'cs 1536 ',0,0,0,0,'95.103.26.121','2017-12-12 10:53:34'),(3567,0,4,0,'l eau ',0,0,0,4,'95.103.26.121','2017-12-12 10:54:14'),(3568,0,4,0,'Debby ',0,0,0,1,'95.103.26.121','2017-12-12 13:11:46'),(3569,0,4,0,'Fiandre',0,0,0,2,'195.91.74.73','2017-12-12 16:49:02'),(3570,0,4,0,'apelle',0,0,0,11,'40.77.167.21','2017-12-12 20:26:25'),(3571,0,4,0,'Konferencny stolik',0,0,0,0,'213.181.135.122','2017-12-12 22:18:39'),(3572,0,4,0,'Konferencny stolik',209,0,0,0,'213.181.135.122','2017-12-12 22:19:39'),(3573,0,4,0,'Konferencny stolik',209,0,0,0,'213.181.135.122','2017-12-12 22:19:46'),(3574,0,4,0,'Konferencny stolik',209,0,0,2,'213.181.135.122','2017-12-12 22:19:53'),(3575,0,4,0,'Konferencny stolik',226,0,0,1,'213.181.135.122','2017-12-12 22:20:41'),(3576,0,4,0,'Konferencny stolik',226,0,0,1,'213.181.135.122','2017-12-12 22:21:33'),(3577,0,4,0,'Konferencny stolik',185,0,0,5,'213.181.135.122','2017-12-12 22:22:25'),(3578,0,4,0,'Konferencny stolik',188,0,0,0,'213.181.135.122','2017-12-12 22:23:31'),(3579,0,4,0,'Stoly',188,0,0,34,'213.181.135.122','2017-12-12 22:24:05'),(3580,0,4,0,'Stoly',188,0,0,34,'213.181.135.122','2017-12-12 22:25:06'),(3581,0,4,0,'Konferencny stolik',188,0,0,0,'213.181.135.122','2017-12-12 22:26:24'),(3582,0,4,0,'midj nuvola',0,0,0,0,'195.168.90.202','2017-12-13 08:27:45'),(3583,0,4,0,'Volt S 678',0,0,0,1,'95.103.26.121','2017-12-13 10:15:23'),(3584,0,4,0,'apelle',0,0,0,11,'95.103.26.121','2017-12-13 11:38:24'),(3585,0,4,0,'Guappa',0,0,0,0,'195.91.99.67','2017-12-13 14:39:30'),(3586,0,4,0,'Guap',0,0,0,8,'195.91.99.67','2017-12-13 14:39:48'),(3587,0,4,0,'LED W ',0,0,0,2,'195.91.99.67','2017-12-13 14:48:47'),(3588,0,4,0,'konferenčný stolík',0,0,0,0,'85.220.144.18','2017-12-13 15:00:47'),(3589,0,4,0,'Nuclea DT ',0,0,0,0,'95.103.26.121','2017-12-13 16:21:26'),(3590,0,4,0,'Light-Air S',0,0,0,1,'95.103.26.121','2017-12-13 16:23:07'),(3591,0,4,0,'7102 Lienz',0,0,0,1,'95.103.26.121','2017-12-13 16:51:44'),(3592,0,4,0,'up stool',0,0,0,3,'84.47.59.118','2017-12-13 17:46:55'),(3593,0,4,0,'up stool',0,0,0,3,'84.47.59.118','2017-12-13 17:47:19'),(3594,0,4,0,'up stool',0,0,0,3,'84.47.59.118','2017-12-13 17:49:19'),(3595,0,4,0,'up stool',0,0,0,3,'84.47.59.118','2017-12-13 17:49:41'),(3596,0,4,0,'foliage',0,0,0,4,'188.167.224.137','2017-12-13 19:48:47'),(3597,0,4,0,'Postel',0,0,0,0,'88.212.37.52','2017-12-14 14:58:51'),(3598,0,4,0,'Postel',0,0,0,0,'88.212.37.52','2017-12-14 14:59:59'),(3599,0,4,0,'Postel',0,0,0,0,'88.212.37.52','2017-12-14 15:00:08'),(3600,0,4,0,'pa11b',0,0,0,0,'178.40.141.110','2017-12-14 16:36:43'),(3601,0,4,0,'pa 11',0,0,0,3,'178.40.141.110','2017-12-14 16:36:50'),(3602,0,4,0,'foliage',0,0,0,4,'81.92.252.8','2017-12-14 19:19:12'),(3603,0,4,0,'foliage',0,0,0,4,'188.167.250.139','2017-12-14 22:12:11'),(3604,0,4,0,'apelle',0,0,0,11,'217.182.132.27','2017-12-15 05:53:00'),(3605,0,4,0,'BABILA 2735',0,0,0,0,'178.143.32.247','2017-12-15 08:57:25'),(3606,0,4,0,'nova',0,0,0,20,'84.245.120.85','2017-12-15 09:08:33'),(3607,0,4,0,'nova bench',0,0,0,0,'84.245.120.85','2017-12-15 09:08:55'),(3608,0,4,0,'apelle',0,0,0,11,'85.248.250.16','2017-12-15 10:15:55'),(3609,0,4,0,'apelle',0,0,0,11,'85.248.250.16','2017-12-15 10:17:27'),(3610,0,4,0,'apelle',0,0,0,11,'85.248.250.16','2017-12-15 10:17:51'),(3611,0,4,0,'apelle',0,0,0,11,'85.248.250.16','2017-12-15 10:18:55'),(3612,0,4,0,'apelle',0,0,0,11,'85.248.250.16','2017-12-15 10:19:15'),(3613,0,4,0,'apelle',0,0,0,11,'85.248.250.16','2017-12-15 10:19:37'),(3614,0,4,0,'Lazy',0,0,0,1,'195.91.73.188','2017-12-15 10:20:04'),(3615,0,4,0,'Postele',0,0,0,0,'78.98.110.40','2017-12-15 18:11:37'),(3616,0,4,0,'siren',0,0,0,2,'109.77.62.178','2017-12-15 21:53:45'),(3617,0,4,0,'artistico',0,0,0,5,'51.255.65.46','2017-12-16 04:26:51'),(3618,0,4,0,'apelle',0,0,0,11,'92.52.11.137','2017-12-16 06:52:01'),(3619,0,4,0,'apelle',0,0,0,11,'92.52.11.137','2017-12-16 06:52:50'),(3620,0,4,0,'foliage',0,0,0,4,'195.91.29.233','2017-12-16 10:06:42'),(3621,0,4,0,'foliage',0,0,0,4,'77.75.76.161','2017-12-16 10:36:56'),(3622,0,4,0,'bontempi',0,0,0,0,'83.179.91.64','2017-12-16 12:48:43'),(3623,0,4,0,'Konferencne stoliky',0,0,0,0,'178.41.61.13','2017-12-16 13:02:09'),(3624,0,4,0,'Konferencne stoliky',0,0,0,0,'178.41.61.13','2017-12-16 13:02:52'),(3625,0,4,0,'Konferencne stoliky',0,0,0,0,'178.41.61.13','2017-12-16 13:03:07'),(3626,0,4,0,'Konferencne stoliky',172,0,0,0,'178.41.61.13','2017-12-16 13:03:35'),(3627,0,4,0,'apelle',0,0,0,11,'66.249.64.93','2017-12-16 15:28:36'),(3628,0,4,0,'Konferencny stolik',0,0,0,0,'188.167.125.160','2017-12-16 20:00:18'),(3629,0,4,0,'Konferencny stolik',0,0,0,168,'188.167.125.160','2017-12-16 20:00:34'),(3630,0,4,0,'Konferencny stolik',0,0,0,168,'188.167.125.160','2017-12-16 20:02:04'),(3631,0,4,0,'Konferencny stolik',0,0,0,168,'188.167.125.160','2017-12-16 20:02:57'),(3632,0,4,0,'Konferencny stolik',0,0,0,168,'188.167.125.160','2017-12-16 20:03:36'),(3633,0,4,0,'Konferencny stolik',0,0,0,168,'188.167.125.160','2017-12-16 20:05:23'),(3634,0,4,0,'Konferencny stolik',0,0,0,168,'188.167.125.160','2017-12-16 20:08:29'),(3635,0,4,0,'Konferencny stolik',0,0,0,168,'188.167.125.160','2017-12-16 20:09:31'),(3636,0,4,0,'Konferencny stolik',0,0,0,168,'188.167.125.160','2017-12-16 20:10:12'),(3637,0,4,0,'Konferencny stolik',0,0,0,168,'188.167.125.160','2017-12-16 20:12:40'),(3638,0,4,0,'Konferencny stolik',0,0,0,168,'188.167.125.160','2017-12-16 20:13:45'),(3639,0,4,0,'Konferencny stolik',0,0,0,168,'188.167.125.160','2017-12-16 20:16:04'),(3640,0,4,0,'Konferencny stolik',0,0,0,168,'188.167.125.160','2017-12-16 20:16:15'),(3641,0,4,0,'Konferencny stolik',0,0,0,168,'188.167.125.160','2017-12-16 20:17:02'),(3642,0,4,0,'Konferencny stolik',0,0,0,168,'188.167.125.160','2017-12-16 20:17:51'),(3643,0,4,0,'Konferencny stolik',0,0,0,168,'188.167.125.160','2017-12-16 20:18:49'),(3644,0,4,0,'Konferencny stolik',0,0,0,168,'188.167.125.160','2017-12-16 20:20:04'),(3645,0,4,0,'Konzola',0,0,0,0,'78.141.64.183','2017-12-17 01:02:03'),(3646,0,4,0,'pedrali arki',0,0,0,0,'95.47.179.154','2017-12-17 10:30:51'),(3647,0,4,0,'foliage',0,0,0,4,'77.75.77.36','2017-12-18 04:54:43'),(3648,0,4,0,'l eau',0,0,0,4,'88.212.40.159','2017-12-18 07:08:27'),(3649,0,4,0,'midj',0,0,0,0,'195.168.90.202','2017-12-18 10:08:12'),(3650,0,4,0,'l eau',0,0,0,4,'88.212.40.159','2017-12-18 15:26:42'),(3651,0,4,0,'ricciolo',0,0,0,1,'95.103.26.121','2017-12-18 17:22:43'),(3652,0,4,0,'luis ghost',0,0,0,0,'80.94.55.4','2017-12-18 21:04:05'),(3653,0,4,0,'luis',0,0,0,1,'80.94.55.4','2017-12-18 21:04:15'),(3654,0,4,0,'štýl',0,0,0,1,'193.58.196.182','2017-12-19 09:50:51'),(3655,0,4,0,'jam',0,0,0,9,'95.103.26.121','2017-12-19 14:53:29'),(3656,0,4,0,'jam',0,0,0,9,'95.103.26.121','2017-12-19 14:55:23'),(3657,0,4,0,'jam',0,0,0,9,'95.103.26.121','2017-12-19 14:55:37'),(3658,0,4,0,'up chair',0,0,0,6,'95.103.26.121','2017-12-19 15:07:27'),(3659,0,4,0,'foliage',0,0,0,4,'95.102.160.13','2017-12-19 15:24:42'),(3660,0,4,0,'foliage',0,0,0,4,'77.75.79.36','2017-12-20 05:51:50'),(3661,0,4,0,'foliage',0,0,0,4,'157.55.39.166','2017-12-20 08:51:17'),(3662,0,4,0,'imperial',0,0,0,2,'95.103.26.121','2017-12-20 08:52:18'),(3663,0,4,0,'imperial',0,0,0,2,'95.103.26.121','2017-12-20 08:54:14'),(3664,0,4,0,'hip hop',0,0,0,2,'62.197.249.68','2017-12-20 09:05:41'),(3665,0,4,0,'kuga wood',0,0,0,1,'62.197.249.68','2017-12-20 09:06:58'),(3666,0,4,0,'kuga wood',0,0,0,1,'62.197.249.68','2017-12-20 09:07:31'),(3667,0,4,0,'kuga wood',0,0,0,1,'62.197.249.68','2017-12-20 09:12:04'),(3668,0,4,0,'kuga wood',0,0,0,1,'62.197.249.68','2017-12-20 09:12:59'),(3669,0,4,0,'sonny',0,0,0,4,'95.103.26.121','2017-12-20 09:17:40'),(3670,0,4,0,'apelle ',0,0,0,11,'95.103.26.121','2017-12-20 09:18:53'),(3671,0,4,0,'jam',0,0,0,9,'95.103.26.121','2017-12-20 13:47:21'),(3672,0,4,0,'jam',0,0,0,9,'95.103.26.121','2017-12-20 14:36:41'),(3673,0,4,0,'foliage',0,0,0,4,'157.55.39.166','2017-12-20 18:22:43'),(3674,0,4,0,'foliage',0,0,0,4,'157.55.39.166','2017-12-20 22:00:45'),(3675,0,4,0,'drevené stoličky',0,0,0,0,'195.80.191.130','2017-12-21 06:23:23'),(3676,0,4,0,'drevené stoličky',0,0,0,0,'195.80.191.130','2017-12-21 06:23:28'),(3677,0,4,0,'kabuk',0,0,0,2,'157.55.39.166','2017-12-21 15:22:21'),(3678,0,4,0,'Avatar',0,0,0,3,'213.160.163.165','2017-12-21 18:45:16'),(3679,0,4,0,'Avatar',0,0,0,3,'213.160.163.165','2017-12-21 19:36:10'),(3680,0,4,0,'Avatar',0,0,0,3,'213.160.163.165','2017-12-21 19:37:43'),(3681,0,4,0,'artistico',0,0,0,5,'94.23.40.23','2017-12-22 07:27:33'),(3682,0,4,0,'apelle',0,0,0,11,'94.23.40.23','2017-12-22 07:31:57'),(3683,0,4,0,'Arca consolle',0,0,0,0,'195.91.97.22','2017-12-22 10:54:25'),(3684,0,4,0,' consolle',0,0,0,10,'195.91.97.22','2017-12-22 10:54:40'),(3685,0,4,0,'money penny',0,0,0,1,'62.65.177.214','2017-12-22 11:39:29'),(3686,0,4,0,'artistico',0,0,0,5,'144.76.60.98','2017-12-22 12:27:08'),(3687,0,4,0,'apelle',0,0,0,11,'144.76.60.98','2017-12-22 12:32:28'),(3688,0,4,0,'apelle',0,0,0,11,'85.237.234.252','2017-12-22 14:11:14'),(3689,0,4,0,'apelle',0,0,0,11,'85.237.234.252','2017-12-22 14:12:15'),(3690,0,4,0,'Fiandre',0,0,0,2,'95.103.77.105','2017-12-23 07:55:21'),(3691,0,4,0,'vyrobená z polyméru vystuženého sklenými vláknam',0,0,0,0,'95.105.224.123','2017-12-23 16:49:24'),(3692,0,4,0,'Koberec',0,0,0,0,'91.127.78.0','2017-12-23 21:46:44'),(3693,0,4,0,'komoda',0,0,0,0,'91.127.60.131','2017-12-24 07:02:30'),(3694,0,4,0,'origami',0,0,0,2,'157.55.39.35','2017-12-24 17:50:24'),(3695,0,4,0,'Sedačka',0,0,0,0,'62.197.235.1','2017-12-24 18:34:52'),(3696,0,4,0,'Sedačky',0,0,0,0,'62.197.235.1','2017-12-24 18:35:00'),(3697,0,4,0,'Sedacie súpravy',0,0,0,0,'62.197.235.1','2017-12-24 18:35:21'),(3698,0,4,0,' Vyrobená z technopolyméru vystuženého skleným vláknom',0,0,0,0,'195.80.183.34','2017-12-24 22:16:18'),(3699,0,4,0,'skleným vláknom',0,0,0,0,'195.80.183.34','2017-12-24 22:16:27'),(3700,0,4,0,'skleným vláknom',0,0,0,0,'195.80.183.34','2017-12-24 22:16:30'),(3701,0,4,0,' Vyrobená z technopolyméru vystuženého skleným vláknom',0,0,0,0,'195.80.183.34','2017-12-24 22:16:36'),(3702,0,4,0,'kabuk',0,0,0,2,'46.229.168.69','2017-12-25 10:40:31'),(3703,0,4,0,'kabuk',0,0,0,2,'46.229.168.69','2017-12-25 10:40:55'),(3704,0,4,0,'kabuk',0,0,0,2,'46.229.168.69','2017-12-25 10:41:14'),(3705,0,4,0,'artistico',0,0,0,5,'46.229.168.68','2017-12-25 10:42:24'),(3706,0,4,0,'artistico',0,0,0,5,'46.229.168.68','2017-12-25 10:42:37'),(3707,0,4,0,'origami',0,0,0,2,'46.229.168.68','2017-12-25 14:46:20'),(3708,0,4,0,'origami',0,0,0,2,'46.229.168.68','2017-12-25 14:46:31'),(3709,0,4,0,'cartel',0,0,0,0,'176.112.185.28','2017-12-26 08:51:10'),(3710,0,4,0,'cartell',0,0,0,0,'176.112.185.28','2017-12-26 08:51:13'),(3711,0,4,0,'kartell',0,0,0,0,'176.112.185.28','2017-12-26 08:51:17'),(3712,0,4,0,'kartel',0,0,0,0,'176.112.185.28','2017-12-26 08:51:20'),(3713,0,4,0,'foliage',0,0,0,4,'78.98.173.140','2017-12-26 13:04:50'),(3714,0,4,0,'celine plissé low',0,0,0,1,'85.216.207.89','2017-12-26 13:22:15'),(3715,0,4,0,'celine plissé low',0,0,0,1,'85.216.207.89','2017-12-26 13:22:53'),(3716,0,4,0,'avatar',0,0,0,3,'95.103.26.121','2017-12-26 15:01:32'),(3717,0,4,0,'chen',0,0,0,4,'95.103.26.121','2017-12-26 15:02:21'),(3718,0,4,0,'CB1448-LH Berliner ',0,0,0,1,'95.103.26.121','2017-12-26 15:08:01'),(3719,0,4,0,'avatar',0,0,0,3,'178.41.177.116','2017-12-26 21:15:54'),(3720,0,4,0,'chen',0,0,0,4,'178.41.177.116','2017-12-26 21:16:13'),(3721,0,4,0,'apelle',0,0,0,11,'178.41.8.241','2017-12-26 23:00:17'),(3722,0,4,0,'apelle',0,0,0,11,'104.236.250.136','2017-12-27 08:50:15'),(3723,0,4,0,'artistico',0,0,0,5,'104.236.250.136','2017-12-27 08:52:15'),(3724,0,4,0,'foliage',0,0,0,4,'78.141.90.44','2017-12-27 13:21:09'),(3725,0,4,0,'calligaris',0,0,0,0,'109.230.24.171','2017-12-27 19:23:20'),(3726,0,4,0,'apelle',0,0,0,11,'178.40.48.107','2017-12-27 22:47:58'),(3727,0,4,0,'apelle',0,0,0,11,'88.212.37.141','2017-12-28 08:43:14'),(3728,0,4,0,'apelle',0,0,0,11,'88.212.37.141','2017-12-28 08:43:40'),(3729,0,4,0,'foliage',0,0,0,4,'185.133.60.5','2017-12-28 12:22:42'),(3730,0,4,0,'apelle',0,0,0,11,'85.248.250.16','2017-12-29 08:02:22'),(3731,0,4,0,'Barova stolicka',0,0,0,0,'85.237.234.193','2017-12-29 09:42:57'),(3732,0,4,0,'televízny stolík',0,0,0,0,'95.102.12.61','2017-12-29 13:53:37'),(3733,0,4,0,'televízny stolík',0,0,0,0,'95.102.12.61','2017-12-29 13:53:57'),(3734,0,4,0,'televízny stolík',0,0,0,0,'95.102.12.61','2017-12-29 13:54:03'),(3735,0,4,0,'Tv stolík',0,0,0,0,'95.102.12.61','2017-12-29 14:03:24'),(3736,0,4,0,'Tv stolík',0,0,0,0,'95.102.12.61','2017-12-29 14:03:50'),(3737,0,4,0,'foliage',0,0,0,4,'95.103.137.244','2017-12-29 15:58:44'),(3738,0,4,0,'foliage',0,0,0,4,'188.167.255.97','2017-12-29 19:43:02'),(3739,0,4,0,'artistico',0,0,0,5,'77.75.79.11','2017-12-30 01:02:47'),(3740,0,4,0,'foliage',0,0,0,4,'144.76.8.231','2017-12-30 01:46:19'),(3741,0,4,0,'Konferencny stolik',0,0,0,0,'151.236.224.98','2017-12-30 09:45:48'),(3742,0,4,0,'manzelska postel',0,0,0,0,'178.41.60.111','2017-12-30 10:30:46'),(3743,0,4,0,'foliage',0,0,0,4,'62.197.235.129','2017-12-30 11:26:07'),(3744,0,4,0,'foliage',0,0,0,4,'62.197.235.129','2017-12-30 11:26:38'),(3745,0,4,0,'taburet',0,0,0,0,'62.197.235.129','2017-12-30 11:29:58'),(3746,0,4,0,'taburety',0,0,0,0,'62.197.235.129','2017-12-30 11:30:56'),(3747,0,4,0,'Kuchyňa ',0,0,0,0,'78.98.131.161','2017-12-30 12:43:59'),(3748,0,4,0,'Otocne',0,0,0,0,'178.41.69.46','2017-12-30 13:52:16'),(3749,0,4,0,'Otocna',0,0,0,0,'178.41.69.46','2017-12-30 13:52:22'),(3750,0,4,0,'Otočná',0,0,0,0,'178.41.69.46','2017-12-30 13:52:36'),(3751,0,4,0,'Otocna',0,0,0,0,'178.41.69.46','2017-12-30 13:52:42'),(3752,0,4,0,'Otocne',0,0,0,0,'178.41.69.46','2017-12-30 13:52:44'),(3753,0,4,0,'gravity',0,0,0,2,'69.30.226.234','2017-12-30 16:48:53'),(3754,0,4,0,'taburetky',0,0,0,0,'178.40.17.124','2017-12-30 21:44:58'),(3755,0,4,0,'akry',0,0,0,0,'178.41.115.253','2017-12-31 08:18:25'),(3756,0,4,0,'decorakryl',0,0,0,0,'178.41.115.253','2017-12-31 08:18:40'),(3757,0,4,0,'dekorakryl',0,0,0,0,'178.41.115.253','2017-12-31 08:18:49'),(3758,0,4,0,'artistico',0,0,0,5,'144.76.29.162','2017-12-31 10:23:43'),(3759,0,4,0,'Barový stôl',0,0,0,0,'92.52.60.160','2017-12-31 14:34:41'),(3760,0,4,0,'foliage',0,0,0,4,'81.92.252.8','2017-12-31 20:31:08'),(3761,0,4,0,'ice',0,0,0,35,'188.167.255.210','2017-12-31 21:41:12'),(3762,0,4,0,'Otočná',0,0,0,0,'178.41.69.46','2018-01-01 09:28:35'),(3763,0,4,0,'Otočné',0,0,0,0,'178.41.69.46','2018-01-01 09:28:48'),(3764,0,4,0,'Rohová',0,0,0,0,'83.215.209.112','2018-01-01 09:46:06'),(3765,0,4,0,'Rohová',0,0,0,3,'83.215.209.112','2018-01-01 09:46:21'),(3766,0,4,0,'felis',0,0,0,0,'62.197.221.186','2018-01-02 10:08:27'),(3767,0,4,0,'rustikálny nábytok',0,0,0,0,'212.5.217.11','2018-01-02 12:31:38'),(3768,0,4,0,'konferenčný stolík',0,0,0,0,'37.48.1.113','2018-01-02 14:16:23'),(3769,0,4,0,'konferenčný stolík',0,0,0,0,'37.48.1.113','2018-01-02 14:16:25'),(3770,0,4,0,'konferenčný stolík',0,0,0,0,'37.48.1.113','2018-01-02 14:16:40'),(3771,0,4,0,'konferenčný stolík',0,0,0,0,'37.48.1.113','2018-01-02 14:35:45'),(3772,0,4,0,'Radiu',0,0,0,1,'37.48.1.113','2018-01-02 14:36:28'),(3773,0,4,0,'Obraz',0,0,0,0,'195.28.153.223','2018-01-02 18:47:57'),(3774,0,4,0,'Váza',0,0,0,0,'195.28.153.223','2018-01-02 18:48:09'),(3775,0,4,0,'Obraz',0,0,0,0,'195.28.153.223','2018-01-02 18:48:12'),(3776,0,4,0,'Váza',0,0,0,0,'195.28.153.223','2018-01-02 18:48:43'),(3777,0,4,0,'foliage',0,0,0,4,'185.29.156.34','2018-01-02 21:30:13'),(3778,0,4,0,'Postel',0,0,0,0,'85.216.197.0','2018-01-02 23:37:51'),(3779,0,4,0,'Postel',0,0,0,0,'85.216.197.0','2018-01-02 23:38:09'),(3780,0,4,0,'Postele',0,0,0,0,'85.216.197.0','2018-01-02 23:38:19'),(3781,0,4,0,'posteľ',0,0,0,0,'85.216.197.0','2018-01-02 23:38:35'),(3782,0,4,0,'posteľ',0,0,0,0,'85.216.197.0','2018-01-02 23:41:23'),(3783,0,4,0,'Postele',0,0,0,0,'85.216.197.0','2018-01-02 23:41:25'),(3784,0,4,0,'Postel',0,0,0,0,'85.216.197.0','2018-01-02 23:41:26'),(3785,0,4,0,'oregon',0,0,0,1,'195.168.90.202','2018-01-03 09:19:56'),(3786,0,4,0,'tivoli',0,0,0,0,'195.168.90.202','2018-01-03 09:47:59'),(3787,0,4,0,'oregon',0,0,0,1,'195.168.90.202','2018-01-03 15:51:14'),(3788,0,4,0,'oregon',0,0,0,1,'78.98.67.181','2018-01-03 21:14:54'),(3789,0,4,0,'giove',0,0,0,3,'78.98.67.181','2018-01-03 21:15:50'),(3790,0,4,0,'apelle',0,0,0,11,'188.167.165.154','2018-01-04 07:45:08'),(3791,0,4,0,'CB4725 Oregon ',0,0,0,1,'95.103.26.121','2018-01-04 07:58:00'),(3792,0,4,0,'CB4739 Giove',0,0,0,2,'95.103.26.121','2018-01-04 07:59:53'),(3793,0,4,0,'Vešiak',0,0,0,0,'78.98.109.249','2018-01-04 08:40:08'),(3794,0,4,0,'Vešiak',0,0,0,31,'78.98.109.249','2018-01-04 08:40:18'),(3795,0,4,0,'Vešiak',0,0,0,31,'78.98.109.249','2018-01-04 08:40:52'),(3796,0,4,0,'Vešiak',0,0,0,31,'78.98.109.249','2018-01-04 08:42:59'),(3797,0,4,0,'bizzotto',0,0,0,0,'212.55.233.150','2018-01-04 11:49:48'),(3798,0,4,0,'igloo',0,0,0,2,'95.103.26.121','2018-01-04 12:45:20'),(3799,0,4,0,'planet',0,0,0,6,'95.103.26.121','2018-01-04 13:09:10'),(3800,0,4,0,'divadelna',0,0,0,0,'81.94.249.169','2018-01-04 14:25:45'),(3801,0,4,0,'divadelná stolička',0,0,0,0,'81.94.249.169','2018-01-04 14:26:42'),(3802,0,4,0,'Vesiak',0,0,0,0,'84.47.15.88','2018-01-04 14:52:47'),(3803,0,4,0,'Vesiaky',0,0,0,0,'84.47.15.88','2018-01-04 14:52:55'),(3804,0,4,0,'podsedáky',0,0,0,0,'95.102.12.61','2018-01-04 15:44:38'),(3805,0,4,0,'podsedáky',0,0,0,0,'95.102.12.61','2018-01-04 15:44:48'),(3806,0,4,0,'podsedáky',0,0,0,0,'95.102.12.61','2018-01-04 15:45:09'),(3807,0,4,0,'vankúše',0,0,0,0,'95.102.12.61','2018-01-04 15:46:45'),(3808,0,4,0,'kabuk',0,0,0,2,'178.40.43.207','2018-01-04 16:47:43'),(3809,0,4,0,'kabuk',0,0,0,2,'173.252.90.116','2018-01-04 16:47:44'),(3810,0,4,0,'foliage',0,0,0,4,'217.144.29.233','2018-01-04 17:29:25'),(3811,0,4,0,'Sedačka',0,0,0,0,'178.40.254.55','2018-01-04 20:16:39'),(3812,0,4,0,'Sedacia suprava',0,0,0,0,'178.40.254.55','2018-01-04 20:16:56'),(3813,0,4,0,'artistico',0,0,0,5,'198.27.80.144','2018-01-05 06:29:10'),(3814,0,4,0,'apelle',0,0,0,11,'198.27.80.144','2018-01-05 06:34:17'),(3815,0,4,0,'Fiordaliso-A',0,0,0,1,'95.103.26.121','2018-01-05 08:41:33'),(3816,0,4,0,'cannubia',0,0,0,0,'88.212.40.168','2018-01-05 09:27:48'),(3817,0,4,0,'Fiordaliso-A ',0,0,0,1,'46.7.110.48','2018-01-05 12:11:21'),(3818,0,4,0,'calligaris',0,0,0,0,'195.168.90.202','2018-01-05 13:55:25'),(3819,0,4,0,'Queen of Love',0,0,0,3,'95.103.26.121','2018-01-05 16:14:03'),(3820,0,4,0,'Queen of Love',0,0,0,3,'95.103.26.121','2018-01-05 16:14:44'),(3821,0,4,0,'Queen of Love',0,0,0,3,'95.103.26.121','2018-01-05 16:15:11'),(3822,0,4,0,'pick',0,0,0,3,'95.103.26.121','2018-01-05 16:55:51'),(3823,0,4,0,'foliage',0,0,0,4,'88.212.37.68','2018-01-05 18:01:39'),(3824,0,4,0,'origami',0,0,0,2,'207.46.13.120','2018-01-05 23:56:12'),(3825,0,4,0,'konferenčný stôl',0,0,0,0,'178.40.203.147','2018-01-06 08:23:05'),(3826,0,4,0,'Vesiak',0,0,0,0,'85.135.142.8','2018-01-06 14:17:01'),(3827,0,4,0,'Vešiak',205,0,0,0,'85.135.142.8','2018-01-06 14:17:27'),(3828,0,4,0,'Vešiak',0,0,0,0,'85.135.142.8','2018-01-06 14:18:15'),(3829,0,4,0,'margot',0,0,0,3,'62.197.243.238','2018-01-06 15:02:02'),(3830,0,4,0,'kartell',0,0,0,0,'84.47.7.34','2018-01-06 17:20:06'),(3831,0,4,0,'Siren',0,0,0,2,'88.212.40.168','2018-01-06 19:53:14'),(3832,0,4,0,'Hodiny',0,0,0,0,'88.212.37.64','2018-01-07 07:09:27'),(3833,0,4,0,'Zebra pop',0,0,0,3,'213.175.45.12','2018-01-07 09:53:56'),(3834,0,4,0,'Zebra pop',0,0,0,3,'213.175.45.12','2018-01-07 09:54:43'),(3835,0,4,0,'afrocirkus',0,0,0,0,'78.99.224.24','2018-01-07 10:09:25'),(3836,0,4,0,'afrocirkus',0,0,0,0,'78.99.224.24','2018-01-07 10:09:45'),(3837,0,4,0,'zebra pop',0,0,0,3,'213.175.45.12','2018-01-07 10:34:42'),(3838,0,4,0,'zebra pop',0,0,0,3,'213.175.45.12','2018-01-07 10:36:13'),(3839,0,4,0,'Ve+siak',0,0,0,0,'85.135.167.149','2018-01-07 10:57:41'),(3840,0,4,0,'Vešiak',0,0,0,0,'85.135.167.149','2018-01-07 10:57:46'),(3841,0,4,0,'zebra pop',0,0,0,3,'213.175.45.12','2018-01-07 10:58:38'),(3842,0,4,0,'Zebra Pop 2646',0,0,0,1,'95.103.26.121','2018-01-07 11:35:34'),(3843,0,4,0,'CS1038 Ice',0,0,0,2,'95.103.26.121','2018-01-07 11:58:49'),(3844,0,4,0,'CS1038 Ice',0,0,0,2,'95.103.26.121','2018-01-07 12:01:44'),(3845,0,4,0,'CS1038 Ice',0,0,0,2,'95.103.26.121','2018-01-07 12:05:57'),(3846,0,4,0,'CB4739 Giove',0,0,0,2,'95.103.26.121','2018-01-07 12:37:20'),(3847,0,4,0,'componibili',0,0,0,6,'188.167.251.29','2018-01-07 14:14:22'),(3848,0,4,0,'Komoda',0,0,0,0,'217.119.114.106','2018-01-07 15:06:58'),(3849,0,4,0,'apelle',0,0,0,11,'159.203.167.14','2018-01-07 16:59:43'),(3850,0,4,0,'artistico',0,0,0,5,'159.203.167.14','2018-01-07 17:01:49'),(3851,0,4,0,'Uncle jim',0,0,0,1,'84.16.39.168','2018-01-07 20:01:39'),(3852,0,4,0,'Uncle jim',0,0,0,1,'84.16.39.168','2018-01-07 20:01:52'),(3853,0,4,0,'Uncle jim',0,0,0,1,'84.16.39.168','2018-01-07 20:01:53'),(3854,0,4,0,'Uncle jim',0,0,0,1,'84.16.39.168','2018-01-07 20:01:55'),(3855,0,4,0,'Kartell',0,0,0,0,'84.16.39.168','2018-01-07 20:02:07'),(3856,0,4,0,'Kartell',0,0,0,0,'84.16.39.168','2018-01-07 20:02:15'),(3857,0,4,0,'Invisible',0,0,0,2,'84.16.39.168','2018-01-07 20:02:35'),(3858,0,4,0,'Ghost',0,0,0,9,'84.16.39.168','2018-01-07 20:02:59'),(3859,0,4,0,'Cruise',0,0,0,5,'195.91.97.86','2018-01-07 21:14:43'),(3860,0,4,0,'consol',0,0,0,10,'176.251.67.92','2018-01-07 22:42:08'),(3861,0,4,0,'consol',0,0,0,10,'176.251.67.92','2018-01-07 22:42:15'),(3862,0,4,0,'consol',0,0,0,10,'176.251.67.92','2018-01-07 22:42:53'),(3863,0,4,0,' zebra',0,0,0,24,'213.175.45.12','2018-01-08 07:57:59'),(3864,0,4,0,' zebra',0,0,0,24,'213.175.45.12','2018-01-08 07:59:07'),(3865,0,4,0,'apelle',0,0,0,11,'78.99.1.240','2018-01-08 08:34:27'),(3866,0,4,0,'norha',0,0,0,2,'95.103.26.121','2018-01-08 09:34:55'),(3867,0,4,0,'lienz',0,0,0,1,'95.103.26.121','2018-01-08 09:35:07'),(3868,0,4,0,'silvy',0,0,0,4,'95.103.26.121','2018-01-08 13:47:16'),(3869,0,4,0,'giove',0,0,0,3,'95.103.26.121','2018-01-08 15:09:33'),(3870,0,4,0,'giove',0,0,0,3,'95.103.26.121','2018-01-08 15:09:58'),(3871,0,4,0,'giove',0,0,0,3,'95.103.26.121','2018-01-08 15:17:42'),(3872,0,4,0,'giove',0,0,0,3,'95.103.26.121','2018-01-08 15:18:01'),(3873,0,4,0,'new yo',0,0,0,13,'95.103.26.121','2018-01-08 15:30:23'),(3874,0,4,0,'CS1038 Ice',0,0,0,1,'95.103.26.121','2018-01-08 15:31:21'),(3875,0,4,0,'foliage',0,0,0,4,'188.167.250.176','2018-01-08 18:47:27'),(3876,0,4,0,'Olivia',0,0,0,2,'195.91.29.78','2018-01-08 22:33:42'),(3877,0,4,0,'CS208 Olivia',0,0,0,1,'95.103.26.121','2018-01-09 08:04:09'),(3878,0,4,0,'nené pp',0,0,0,0,'195.168.90.202','2018-01-09 09:12:12'),(3879,0,4,0,'nené',0,0,0,6,'195.168.90.202','2018-01-09 09:12:15'),(3880,0,4,0,'Money penny',0,0,0,1,'95.103.26.121','2018-01-09 10:49:57'),(3881,0,4,0,'sonny',0,0,0,4,'95.103.26.121','2018-01-09 16:10:31'),(3882,0,4,0,'H5-DPLR',0,0,0,1,'95.103.26.121','2018-01-09 16:11:58'),(3883,0,4,0,'H5-XL',0,0,0,1,'95.103.26.121','2018-01-09 16:15:05'),(3884,0,4,0,'apell',0,0,0,11,'95.103.26.121','2018-01-09 16:17:18'),(3885,0,4,0,'apell',0,0,0,11,'95.103.26.121','2018-01-09 17:15:55'),(3886,0,4,0,'sonny',0,0,0,4,'95.103.26.121','2018-01-09 17:17:41'),(3887,0,4,0,'artisti',0,0,0,5,'95.103.26.121','2018-01-09 17:19:19'),(3888,0,4,0,'pa12',0,0,0,4,'95.103.26.121','2018-01-09 17:49:18'),(3889,0,4,0,'artistico',0,0,0,5,'46.229.168.68','2018-01-09 20:02:22'),(3890,0,4,0,'artistico',0,0,0,5,'46.229.168.68','2018-01-09 20:02:43'),(3891,0,4,0,'origami',0,0,0,2,'46.229.168.73','2018-01-09 20:50:49'),(3892,0,4,0,'origami',0,0,0,2,'46.229.168.73','2018-01-09 20:51:12'),(3893,0,4,0,'kabuk',0,0,0,2,'46.229.168.80','2018-01-09 20:55:04'),(3894,0,4,0,'kabuk',0,0,0,2,'46.229.168.80','2018-01-09 20:55:27'),(3895,0,4,0,'kabuk',0,0,0,2,'46.229.168.80','2018-01-09 20:55:36'),(3896,0,4,0,'Vanity',0,0,0,3,'85.237.234.31','2018-01-09 23:27:21'),(3897,0,4,0,'foliage',0,0,0,4,'77.75.78.166','2018-01-10 05:07:30'),(3898,0,4,0,'kozmeticky',0,0,0,0,'165.225.84.81','2018-01-10 06:50:49'),(3899,0,4,0,' toaletný stolík',0,0,0,0,'165.225.84.81','2018-01-10 06:57:24'),(3900,0,4,0,'giove',0,0,0,3,'78.99.232.32','2018-01-10 09:51:59'),(3901,0,4,0,'vanity',0,0,0,3,'95.103.26.121','2018-01-10 09:59:58'),(3902,0,4,0,'Avatar',0,0,0,3,'213.160.163.165','2018-01-10 11:04:11'),(3903,0,4,0,'váza',0,0,0,0,'62.168.115.132','2018-01-10 13:26:15'),(3904,0,4,0,'apelle',0,0,0,11,'85.248.149.4','2018-01-10 13:44:36'),(3905,0,4,0,'artistico',0,0,0,5,'157.55.39.157','2018-01-11 01:12:28'),(3906,0,4,0,'foliage',0,0,0,4,'40.77.167.137','2018-01-11 03:44:05'),(3907,0,4,0,'apelle',0,0,0,11,'95.103.104.192','2018-01-11 13:07:31'),(3908,0,4,0,'apelle',0,0,0,11,'95.103.104.192','2018-01-11 13:08:08'),(3909,0,4,0,'spoon',0,0,0,5,'95.103.26.121','2018-01-11 13:23:57'),(3910,0,4,0,'ZILIO',0,0,0,0,'5.157.126.163','2018-01-11 14:48:34'),(3911,0,4,0,'BIREX',0,0,0,0,'5.157.126.163','2018-01-11 14:48:40'),(3912,0,4,0,'AGNESE',0,0,0,0,'5.157.126.163','2018-01-11 14:50:25'),(3913,0,4,0,'cruise',0,0,0,5,'213.241.85.98','2018-01-11 15:23:34'),(3914,0,4,0,'acco',0,0,0,6,'95.103.26.121','2018-01-11 15:32:46'),(3915,0,4,0,'acco',0,0,0,6,'95.103.26.121','2018-01-11 15:33:02'),(3916,0,4,0,'acco',0,0,0,6,'95.103.26.121','2018-01-11 15:33:17'),(3917,0,4,0,'acco',0,0,0,6,'95.103.26.121','2018-01-11 15:33:31'),(3918,0,4,0,'artu',0,0,0,2,'95.103.26.121','2018-01-11 15:35:20'),(3919,0,4,0,'artu',0,0,0,2,'95.103.26.121','2018-01-11 15:35:33'),(3920,0,4,0,'artu',0,0,0,2,'95.103.26.121','2018-01-11 15:35:45'),(3921,0,4,0,'avia',0,0,0,1,'95.103.26.121','2018-01-11 15:35:55'),(3922,0,4,0,'bino',0,0,0,6,'95.103.26.121','2018-01-11 15:37:17'),(3923,0,4,0,'bipede',0,0,0,1,'95.103.26.121','2018-01-11 15:37:39'),(3924,0,4,0,'bipede',0,0,0,1,'95.103.26.121','2018-01-11 15:37:53'),(3925,0,4,0,'breccia',0,0,0,3,'95.103.26.121','2018-01-11 15:38:02'),(3926,0,4,0,'breccia',0,0,0,3,'95.103.26.121','2018-01-11 15:38:18'),(3927,0,4,0,'caio',0,0,0,1,'95.103.26.121','2018-01-11 15:38:44'),(3928,0,4,0,'caio',0,0,0,1,'95.103.26.121','2018-01-11 15:38:56'),(3929,0,4,0,'caixa',0,0,0,2,'95.103.26.121','2018-01-11 15:39:06'),(3930,0,4,0,'caixa',0,0,0,2,'95.103.26.121','2018-01-11 15:39:19'),(3931,0,4,0,'caruso',0,0,0,1,'95.103.26.121','2018-01-11 15:39:39'),(3932,0,4,0,'decapo',0,0,0,3,'95.103.26.121','2018-01-11 15:40:54'),(3933,0,4,0,'decapo',0,0,0,3,'95.103.26.121','2018-01-11 15:41:05'),(3934,0,4,0,'decapo',0,0,0,3,'95.103.26.121','2018-01-11 15:41:17'),(3935,0,4,0,'ettore',0,0,0,2,'95.103.26.121','2018-01-11 15:43:06'),(3936,0,4,0,'ettore',0,0,0,2,'95.103.26.121','2018-01-11 15:43:18'),(3937,0,4,0,'geronimo',0,0,0,2,'95.103.26.121','2018-01-11 15:45:14'),(3938,0,4,0,'geronimo',0,0,0,2,'95.103.26.121','2018-01-11 15:45:32'),(3939,0,4,0,'gualtiero',0,0,0,2,'95.103.26.121','2018-01-11 15:46:54'),(3940,0,4,0,'gualtiero',0,0,0,2,'95.103.26.121','2018-01-11 15:47:05'),(3941,0,4,0,'gustave ',0,0,0,7,'95.103.26.121','2018-01-11 15:47:38'),(3942,0,4,0,'gustave',0,0,0,7,'95.103.26.121','2018-01-11 15:48:04'),(3943,0,4,0,'gustave',0,0,0,7,'95.103.26.121','2018-01-11 15:48:27'),(3944,0,4,0,'gustave',0,0,0,7,'95.103.26.121','2018-01-11 15:48:46'),(3945,0,4,0,'gustave',0,0,0,7,'95.103.26.121','2018-01-11 15:49:00'),(3946,0,4,0,'gustave',0,0,0,7,'95.103.26.121','2018-01-11 15:49:15'),(3947,0,4,0,'keplero',0,0,0,2,'95.103.26.121','2018-01-11 15:50:05'),(3948,0,4,0,'link',0,0,0,4,'95.103.26.121','2018-01-11 15:51:28'),(3949,0,4,0,'otto ',0,0,0,7,'95.103.26.121','2018-01-11 15:54:30'),(3950,0,4,0,'otto ',0,0,0,7,'95.103.26.121','2018-01-11 15:54:45'),(3951,0,4,0,'pelleos',0,0,0,3,'95.103.26.121','2018-01-11 15:55:10'),(3952,0,4,0,'pelleos',0,0,0,3,'95.103.26.121','2018-01-11 15:55:33'),(3953,0,4,0,'pelleos',0,0,0,3,'95.103.26.121','2018-01-11 15:55:45'),(3954,0,4,0,'pezzo',0,0,0,2,'95.103.26.121','2018-01-11 15:56:07'),(3955,0,4,0,'pezzo',0,0,0,2,'95.103.26.121','2018-01-11 15:56:20'),(3956,0,4,0,'pixie',0,0,0,3,'95.103.26.121','2018-01-11 15:57:16'),(3957,0,4,0,'pixie',0,0,0,3,'95.103.26.121','2018-01-11 15:57:29'),(3958,0,4,0,'pixie',0,0,0,3,'95.103.26.121','2018-01-11 15:57:40'),(3959,0,4,0,'slope',0,0,0,5,'95.103.26.121','2018-01-11 16:00:04'),(3960,0,4,0,'slope',0,0,0,5,'95.103.26.121','2018-01-11 16:00:16'),(3961,0,4,0,'slope',0,0,0,5,'95.103.26.121','2018-01-11 16:00:27'),(3962,0,4,0,'slope',0,0,0,5,'95.103.26.121','2018-01-11 16:00:41'),(3963,0,4,0,'vitos',0,0,0,2,'95.103.26.121','2018-01-11 16:01:52'),(3964,0,4,0,'Cruise ',0,0,0,5,'95.103.26.121','2018-01-11 16:01:55'),(3965,0,4,0,'vitos',0,0,0,2,'95.103.26.121','2018-01-11 16:01:59'),(3966,0,4,0,'zero',0,0,0,1,'95.103.26.121','2018-01-11 16:02:20'),(3967,0,4,0,'ice',0,0,0,34,'188.167.255.228','2018-01-11 17:32:30'),(3968,0,4,0,'Volta 678',0,0,0,0,'87.244.201.11','2018-01-11 17:52:20'),(3969,0,4,0,'Volt 678',0,0,0,1,'87.244.201.11','2018-01-11 17:52:46'),(3970,0,4,0,'Volt 678',0,0,0,1,'87.244.201.11','2018-01-11 17:53:41'),(3971,0,4,0,'Volta 678',0,0,0,0,'87.244.201.11','2018-01-11 17:53:42'),(3972,0,4,0,'zebra',0,0,0,24,'95.103.26.121','2018-01-11 17:58:42'),(3973,0,4,0,'italia x',0,0,0,1,'95.103.26.121','2018-01-11 18:05:39'),(3974,0,4,0,'Ola S TS',0,0,0,2,'95.103.26.121','2018-01-11 18:09:14'),(3975,0,4,0,'istar',0,0,0,4,'88.212.35.122','2018-01-11 19:59:02'),(3976,0,4,0,'Love',0,0,0,19,'95.103.102.45','2018-01-11 22:13:30'),(3977,0,4,0,'nabytok domitalia',0,0,0,0,'90.64.112.13','2018-01-11 23:54:36'),(3978,0,4,0,'foliage',0,0,0,4,'77.75.79.32','2018-01-12 06:51:02'),(3979,0,4,0,'eminence',0,0,0,16,'95.103.26.121','2018-01-12 09:50:46'),(3980,0,4,0,'45',0,0,0,21,'95.103.26.121','2018-01-12 11:05:08'),(3981,0,4,0,'Acqua e Sapone',0,0,0,0,'95.103.26.121','2018-01-12 11:05:31'),(3982,0,4,0,'campus',0,0,0,2,'95.103.26.121','2018-01-12 11:05:46'),(3983,0,4,0,'campus',0,0,0,2,'95.103.26.121','2018-01-12 11:39:27'),(3984,0,4,0,'adam',0,0,0,7,'95.103.26.121','2018-01-12 11:42:31'),(3985,0,4,0,'adam',0,0,0,7,'95.103.26.121','2018-01-12 11:43:05'),(3986,0,4,0,'domino',0,0,0,2,'95.103.26.121','2018-01-12 11:44:47'),(3987,0,4,0,'woopy',0,0,0,2,'95.103.26.121','2018-01-12 11:49:31'),(3988,0,4,0,'woopy',0,0,0,2,'95.103.26.121','2018-01-12 11:49:47'),(3989,0,4,0,'zia ',0,0,0,16,'95.103.26.121','2018-01-12 11:51:19'),(3990,0,4,0,'nico',0,0,0,3,'95.103.26.121','2018-01-12 11:59:42'),(3991,0,4,0,'nico',0,0,0,3,'95.103.26.121','2018-01-12 12:00:00'),(3992,0,4,0,'rapa',0,0,0,2,'95.103.26.121','2018-01-12 12:01:05'),(3993,0,4,0,'rapa',0,0,0,2,'95.103.26.121','2018-01-12 12:01:22'),(3994,0,4,0,'seleri',0,0,0,2,'95.103.26.121','2018-01-12 12:02:08'),(3995,0,4,0,'seleri',0,0,0,2,'95.103.26.121','2018-01-12 12:02:23'),(3996,0,4,0,'tra',0,0,0,32,'95.103.26.121','2018-01-12 12:03:05'),(3997,0,4,0,'tra',0,0,0,32,'95.103.26.121','2018-01-12 12:03:25'),(3998,0,4,0,'woodstock',0,0,0,0,'95.103.26.121','2018-01-12 12:03:46'),(3999,0,4,0,'foliage',0,0,0,4,'195.28.88.30','2018-01-12 13:10:41'),(4000,0,4,0,'pa 128',0,0,0,1,'95.103.26.121','2018-01-12 13:25:13'),(4001,0,4,0,'pa 128',0,0,0,1,'95.103.26.121','2018-01-12 13:27:27'),(4002,0,4,0,'luigi',0,0,0,2,'95.103.26.121','2018-01-12 13:43:21'),(4003,0,4,0,'up chair',0,0,0,6,'95.103.26.121','2018-01-12 14:23:56'),(4004,0,4,0,'love',0,0,0,19,'95.103.26.121','2018-01-12 15:03:25'),(4005,0,4,0,'CORTINA',0,0,0,1,'195.3.171.186','2018-01-12 20:36:19'),(4006,0,4,0,'PARIS',0,0,0,2,'212.55.244.202','2018-01-13 09:08:03'),(4007,0,4,0,'apelle',0,0,0,11,'95.103.26.121','2018-01-13 10:38:45'),(4008,0,4,0,'sonny',0,0,0,4,'95.103.26.121','2018-01-13 10:59:59'),(4009,0,4,0,'Milano',0,0,0,6,'178.40.55.93','2018-01-13 11:20:01'),(4010,0,4,0,'Milano',0,0,0,6,'178.40.55.93','2018-01-13 11:20:26'),(4011,0,4,0,'Kos na oblečenie ',0,0,0,0,'91.127.124.207','2018-01-13 13:37:00'),(4012,0,4,0,'Kos na oblečenie ',0,0,0,0,'91.127.124.207','2018-01-13 13:37:10'),(4013,0,4,0,'kuadra',0,0,0,7,'178.40.170.244','2018-01-13 14:01:55'),(4014,0,4,0,'kuadra',0,0,0,7,'178.40.170.244','2018-01-13 14:02:55'),(4015,0,4,0,'siren',0,0,0,2,'178.40.60.33','2018-01-13 14:07:57'),(4016,0,4,0,'siren',0,0,0,2,'178.40.60.33','2018-01-13 14:08:42'),(4017,0,4,0,'pechino',0,0,0,3,'78.98.70.143','2018-01-13 17:25:21'),(4018,0,4,0,'artistico',0,0,0,4,'54.174.74.232','2018-01-14 04:34:33'),(4019,0,4,0,'apelle',0,0,0,11,'178.41.53.168','2018-01-14 07:21:02'),(4020,0,4,0,'apelle',0,0,0,11,'95.103.26.121','2018-01-14 10:04:29'),(4021,0,4,0,'apelle',0,0,0,11,'95.103.26.121','2018-01-14 10:04:53'),(4022,0,4,0,'Kartell',0,0,0,0,'195.91.74.114','2018-01-14 12:29:42'),(4023,0,4,0,'Kartell',0,0,0,0,'195.91.74.114','2018-01-14 12:29:50'),(4024,0,4,0,'artistico',0,0,0,4,'157.55.39.146','2018-01-14 15:23:43'),(4025,0,4,0,'kabuk',0,0,0,2,'216.244.66.195','2018-01-14 15:51:01'),(4026,0,4,0,'Kreslo',0,0,0,0,'95.102.177.36','2018-01-14 20:06:03'),(4027,0,4,0,'apelle',0,0,0,11,'46.229.168.75','2018-01-14 20:10:55'),(4028,0,4,0,'apelle',0,0,0,11,'46.229.168.75','2018-01-14 20:11:13'),(4029,0,4,0,'apelle',0,0,0,11,'46.229.168.75','2018-01-14 20:11:35'),(4030,0,4,0,'kartel',0,0,0,0,'62.197.243.237','2018-01-14 20:22:28'),(4031,0,4,0,'Tonia 2',0,0,0,0,'78.98.247.28','2018-01-14 21:03:22'),(4032,0,4,0,'hip hop',0,0,0,2,'178.41.127.170','2018-01-15 09:27:32'),(4033,0,4,0,'artistico',0,0,0,4,'85.248.37.38','2018-01-15 09:55:46'),(4034,0,4,0,'artistico',0,0,0,4,'85.248.37.38','2018-01-15 09:56:28'),(4035,0,4,0,'istar',0,0,0,4,'95.103.26.121','2018-01-15 11:54:05'),(4036,0,4,0,'filly',0,0,0,0,'80.110.36.39','2018-01-15 12:15:45'),(4037,0,4,0,'filly',0,0,0,0,'80.110.36.39','2018-01-15 12:16:54'),(4038,0,4,0,'Botník',0,0,0,0,'81.89.59.50','2018-01-15 12:36:41'),(4039,0,4,0,'stojan na noviny',0,0,0,0,'192.162.96.68','2018-01-15 16:00:45'),(4040,0,4,0,'stojan ',0,0,0,0,'192.162.96.68','2018-01-15 16:00:54'),(4041,0,4,0,'stojan ',0,0,0,0,'192.162.96.68','2018-01-15 16:00:59'),(4042,0,4,0,'stojan na',0,0,0,0,'192.162.96.68','2018-01-15 16:02:21'),(4043,0,4,0,'stojan na',0,0,0,0,'192.162.96.68','2018-01-15 16:02:24'),(4044,0,4,0,'stojan na časopisy',0,0,0,0,'192.162.96.68','2018-01-15 16:04:15'),(4045,0,4,0,'stojan na časopisy',0,0,0,0,'192.162.96.68','2018-01-15 16:04:18'),(4046,0,4,0,'electa',0,0,0,1,'195.168.90.202','2018-01-15 16:21:49'),(4047,0,4,0,'Bouchon ',0,0,0,2,'88.212.40.156','2018-01-15 16:48:52'),(4048,0,4,0,'abby',0,0,0,6,'88.212.40.156','2018-01-15 17:25:43'),(4049,0,4,0,'Faro',0,0,0,1,'89.173.192.93','2018-01-15 19:14:09'),(4050,0,4,0,'Faro',0,0,0,1,'89.173.192.93','2018-01-15 19:14:28'),(4051,0,4,0,'stôl 110 cm',0,0,0,0,'188.167.255.163','2018-01-15 19:26:39'),(4052,0,4,0,'110 cm',0,0,0,0,'188.167.255.163','2018-01-15 19:26:44'),(4053,0,4,0,'univerzalna skrinka pod umyvadlo',0,0,0,0,'165.225.80.226','2018-01-16 09:26:27'),(4054,0,4,0,'jam',0,0,0,10,'95.103.26.121','2018-01-16 14:10:19'),(4055,0,4,0,'amélie',0,0,0,5,'62.197.243.238','2018-01-16 17:51:50'),(4056,0,4,0,'stol PA11 B',0,0,0,0,'90.64.112.13','2018-01-16 18:58:47'),(4057,0,4,0,'password',0,0,0,5,'165.225.84.81','2018-01-17 07:58:59'),(4058,0,4,0,'password',0,0,0,5,'165.225.84.81','2018-01-17 07:59:52'),(4059,0,4,0,'password',0,0,0,5,'165.225.84.81','2018-01-17 08:00:48'),(4060,0,4,0,'password',0,0,0,5,'165.225.84.81','2018-01-17 08:02:52'),(4061,0,4,0,'password',0,0,0,5,'85.237.234.63','2018-01-17 08:10:49'),(4062,0,4,0,'radius',0,0,0,1,'185.125.224.3','2018-01-17 09:32:57'),(4063,0,4,0,'status',0,0,0,0,'88.212.37.4','2018-01-17 10:25:15'),(4064,0,4,0,'foliage',0,0,0,4,'77.88.47.74','2018-01-17 11:09:45'),(4065,0,4,0,'password',0,0,0,5,'188.167.252.181','2018-01-17 11:13:05'),(4066,0,4,0,'apelle',0,0,0,11,'195.91.73.223','2018-01-17 13:20:31'),(4067,0,4,0,'kabuk',0,0,0,2,'216.244.66.195','2018-01-17 13:20:41'),(4068,0,4,0,'apelle',0,0,0,11,'95.103.26.121','2018-01-17 17:20:35'),(4069,0,4,0,'password',0,0,0,5,'87.244.231.1','2018-01-17 18:37:27'),(4070,0,4,0,'password',0,0,0,5,'87.244.231.1','2018-01-17 18:40:30'),(4071,0,4,0,'Stol',0,0,0,0,'95.103.221.184','2018-01-17 19:45:38'),(4072,0,4,0,'St',0,0,0,4189,'95.103.221.184','2018-01-17 19:46:00'),(4073,0,4,0,'Stol',0,0,0,2642,'95.103.221.184','2018-01-17 19:46:07'),(4074,0,4,0,'Stol',0,0,0,2642,'95.103.221.184','2018-01-17 19:46:24'),(4075,0,4,0,'Stol',0,0,0,2642,'95.103.221.184','2018-01-17 19:46:42'),(4076,0,4,0,'Stol',0,0,0,2642,'95.103.221.184','2018-01-17 19:47:09'),(4077,0,4,0,'Stol',0,0,0,2642,'95.103.221.184','2018-01-17 19:47:24'),(4078,0,4,0,'Stol',0,0,0,2642,'95.103.221.184','2018-01-17 19:47:28'),(4079,0,4,0,'Stol',0,0,0,2642,'95.103.221.184','2018-01-17 19:47:42'),(4080,0,4,0,'Stol',0,0,0,2642,'95.103.221.184','2018-01-17 19:48:01'),(4081,0,4,0,'Stol',0,0,0,2642,'95.103.221.184','2018-01-17 19:48:25'),(4082,0,4,0,'Stol',0,0,0,2642,'95.103.221.184','2018-01-17 19:48:47'),(4083,0,4,0,'Stol',0,0,0,2642,'95.103.221.184','2018-01-17 19:50:09'),(4084,0,4,0,'Stol',0,0,0,2642,'95.103.221.184','2018-01-17 19:50:10'),(4085,0,4,0,'Stol',0,0,0,2642,'95.103.221.184','2018-01-17 19:50:13'),(4086,0,4,0,'Stol',0,0,0,2642,'95.103.221.184','2018-01-17 19:50:27'),(4087,0,4,0,'Stol',0,0,0,2642,'95.103.221.184','2018-01-17 19:50:44'),(4088,0,4,0,'Stol',0,0,0,2642,'95.103.221.184','2018-01-17 19:51:02'),(4089,0,4,0,'Stol',0,0,0,2642,'95.103.221.184','2018-01-17 19:51:20'),(4090,0,4,0,'vesiak',0,0,0,0,'91.235.54.12','2018-01-18 10:00:03'),(4091,0,4,0,'vesiak',206,0,0,0,'91.235.54.12','2018-01-18 10:00:38'),(4092,0,4,0,'jedalensky set',0,0,0,0,'193.77.236.118','2018-01-18 10:00:58'),(4093,0,4,0,'jedalensky set',183,0,0,0,'193.77.236.118','2018-01-18 10:01:51'),(4094,0,4,0,' Scab ',0,0,0,0,'85.237.234.131','2018-01-18 10:40:02'),(4095,0,4,0,' Scab',0,0,0,0,'85.237.234.131','2018-01-18 10:40:10'),(4096,0,4,0,'2654',0,0,0,1,'85.237.234.131','2018-01-18 10:57:10'),(4097,0,4,0,'Radius',0,0,0,1,'78.99.226.192','2018-01-18 11:57:31'),(4098,0,4,0,'love',0,0,0,19,'95.103.26.121','2018-01-18 13:33:49'),(4099,0,4,0,'love',0,0,0,19,'95.103.26.121','2018-01-18 13:46:57'),(4100,0,4,0,'Avatar sedacka',0,0,0,0,'72.219.167.76','2018-01-18 15:26:24'),(4101,0,4,0,'sami',0,0,0,7,'95.103.26.121','2018-01-18 15:29:30'),(4102,0,4,0,'Konferenčný stolík',0,0,0,0,'195.146.131.23','2018-01-18 19:26:12'),(4103,0,4,0,'sinue',0,0,0,1,'213.160.190.142','2018-01-19 05:34:27'),(4104,0,4,0,'sinue',0,0,0,1,'104.45.18.178','2018-01-19 05:34:37'),(4105,0,4,0,'origami',0,0,0,2,'173.208.200.154','2018-01-19 06:05:45'),(4106,0,4,0,'origami',0,0,0,2,'173.208.200.154','2018-01-19 06:08:49'),(4107,0,4,0,'urban b',0,0,0,13,'95.103.26.121','2018-01-19 10:07:51'),(4108,0,4,0,'artistico',0,0,0,4,'176.31.126.56','2018-01-19 13:31:57'),(4109,0,4,0,'apelle',0,0,0,11,'176.31.126.56','2018-01-19 13:36:48'),(4110,0,4,0,'Rabbit',0,0,0,4,'70.59.65.92','2018-01-19 13:55:33'),(4111,0,4,0,'Rabbit',0,0,0,4,'70.59.65.92','2018-01-19 13:58:54'),(4112,0,4,0,'Rabbit',0,0,0,4,'70.59.65.92','2018-01-19 13:59:02'),(4113,0,4,0,'Rabbit',0,0,0,4,'70.59.65.92','2018-01-19 13:59:28'),(4114,0,4,0,'Rabbit',0,0,0,4,'70.59.65.92','2018-01-19 13:59:29'),(4115,0,4,0,'Rabbit',0,0,0,4,'70.59.65.92','2018-01-19 14:01:15'),(4116,0,4,0,'konzola',0,0,0,0,'78.141.121.212','2018-01-19 14:08:34'),(4117,0,4,0,'konzoly',0,0,0,0,'78.141.121.212','2018-01-19 14:08:40'),(4118,0,4,0,'industialny styl',175,0,0,0,'78.141.121.212','2018-01-19 14:09:06'),(4119,0,4,0,'ice',0,0,0,34,'188.167.255.163','2018-01-19 16:23:00'),(4120,0,4,0,'calligaris ice',0,0,0,0,'188.167.255.163','2018-01-19 16:23:23'),(4121,0,4,0,'calligaris',0,0,0,0,'188.167.255.163','2018-01-19 16:23:32'),(4122,0,4,0,'ice',0,0,0,34,'188.167.255.163','2018-01-19 16:23:45'),(4123,0,4,0,'Rabbit',0,0,0,4,'107.77.210.137','2018-01-19 18:36:29'),(4124,0,4,0,'sami',0,0,0,6,'88.212.37.8','2018-01-19 19:27:13'),(4125,0,4,0,'apelle',0,0,0,11,'45.55.171.59','2018-01-20 06:19:22'),(4126,0,4,0,'artistico',0,0,0,4,'45.55.171.59','2018-01-20 06:19:51'),(4127,0,4,0,'sinue',0,0,0,1,'213.160.190.142','2018-01-20 07:25:50'),(4128,0,4,0,'artistico',0,0,0,4,'176.108.188.1','2018-01-20 10:07:49'),(4129,0,4,0,'artistico',0,0,0,4,'176.108.188.1','2018-01-20 10:07:50'),(4130,0,4,0,'artistico\'',0,0,0,0,'176.108.188.1','2018-01-20 10:07:50'),(4131,0,4,0,'leaves',0,0,0,8,'77.255.117.78','2018-01-20 10:29:52'),(4132,0,4,0,'Dafne',0,0,0,5,'178.40.56.43','2018-01-20 15:26:33'),(4133,0,4,0,'ozzio',0,0,0,0,'178.40.220.115','2018-01-20 20:47:09'),(4134,0,4,0,'Koberce',0,0,0,0,'84.245.91.2','2018-01-20 21:58:16'),(4135,0,4,0,'Koberce',0,0,0,1,'84.245.91.2','2018-01-20 21:58:51'),(4136,0,4,0,'Koberce',0,0,0,1,'84.245.91.2','2018-01-20 21:58:54'),(4137,0,4,0,'sinue',0,0,0,1,'40.78.146.128','2018-01-21 08:53:28'),(4138,0,4,0,'Kartell',0,0,0,0,'195.91.29.108','2018-01-21 09:35:01'),(4139,0,4,0,'Oona',0,0,0,0,'95.103.26.121','2018-01-21 11:05:17'),(4140,0,4,0,'bontempi',0,0,0,0,'94.113.216.194','2018-01-21 14:13:37'),(4141,0,4,0,'bontempi',0,0,0,0,'94.113.216.194','2018-01-21 14:15:33'),(4142,0,4,0,'Anita',0,0,0,2,'188.167.216.109','2018-01-21 15:52:30'),(4143,0,4,0,'Opla',0,0,0,3,'78.99.103.72','2018-01-21 16:10:23'),(4144,0,4,0,'artistico',0,0,0,4,'51.255.71.119','2018-01-21 16:51:20'),(4145,0,4,0,'Hopla',0,0,0,2,'78.99.103.72','2018-01-21 16:57:23'),(4146,0,4,0,'Isidor',0,0,0,2,'185.85.36.135','2018-01-21 18:21:42'),(4147,0,4,0,'Chloe 2548',0,0,0,0,'84.245.121.49','2018-01-21 19:04:41'),(4148,0,4,0,'Chloe',0,0,0,7,'84.245.121.49','2018-01-21 19:04:51'),(4149,0,4,0,'chloe',0,0,0,7,'84.245.121.49','2018-01-21 19:09:30'),(4150,0,4,0,'chesterfield',0,0,0,0,'84.245.121.49','2018-01-21 19:09:47'),(4151,0,4,0,'chloe',0,0,0,7,'84.245.121.49','2018-01-21 19:09:54'),(4152,0,4,0,'Kartell',0,0,0,0,'195.91.96.154','2018-01-21 20:46:56'),(4153,0,4,0,'opla',0,0,0,3,'95.103.26.121','2018-01-22 08:44:45'),(4154,0,4,0,'PA 125A',0,0,0,1,'109.230.59.135','2018-01-22 09:42:05'),(4155,0,4,0,'PA 125A',0,0,0,1,'109.230.59.135','2018-01-22 09:44:16'),(4156,0,4,0,'pick',0,0,0,2,'193.58.196.182','2018-01-22 10:17:12'),(4157,0,4,0,'koberec',0,0,0,0,'217.12.62.113','2018-01-22 10:35:05'),(4158,0,4,0,'koberec',240,0,0,0,'217.12.62.113','2018-01-22 10:35:33'),(4159,0,4,0,'koberec',240,0,0,0,'217.12.62.113','2018-01-22 10:35:41'),(4160,0,4,0,'koberec',240,0,0,140,'217.12.62.113','2018-01-22 10:35:45'),(4161,0,4,0,'koberec',240,0,0,140,'217.12.62.113','2018-01-22 10:36:16'),(4162,0,4,0,'koberec',240,0,0,140,'217.12.62.113','2018-01-22 10:36:32'),