(115554,'01ZMCAPP',0,0,0,0,0,'a:0:{}'),(115548,'0124GRIG',0,0,0,0,0,'a:0:{}'),(115549,'012SMULT',0,0,0,0,0,'a:0:{}'),(115550,'01CJCORT',0,0,0,0,0,'a:0:{}'),(115551,'01G4BIAN',0,0,0,0,0,'a:0:{}'),(115552,'01ZM7043',0,0,0,0,0,'a:0:{}'),(115553,'01ZMACGR',0,0,0,0,0,'a:0:{}'),(115555,'03ZMBRPA',0,0,0,1,0,'a:0:{}'),(115566,'01ZMCAPP',0,0,0,0,0,'a:0:{}'),(115560,'0124GRIG',0,0,0,0,0,'a:0:{}'),(115561,'012SMULT',0,0,0,0,0,'a:0:{}'),(115562,'01CJCORT',0,0,0,0,0,'a:0:{}'),(115563,'01G4BIAN',0,0,0,0,0,'a:0:{}'),(115564,'01ZM7043',0,0,0,0,0,'a:0:{}'),(115565,'01ZMACGR',0,0,0,0,0,'a:0:{}'),(115567,'0307ANTR',0,0,0,1,0,'a:0:{}'),(115568,'030BBIAN',0,0,0,1,0,'a:0:{}'),(115579,'01ZMCAPP',0,0,0,0,0,'a:0:{}'),(115573,'0124GRIG',0,0,0,0,0,'a:0:{}'),(115574,'012SMULT',0,0,0,0,0,'a:0:{}'),(115575,'01CJCORT',0,0,0,0,0,'a:0:{}'),(115576,'01G4BIAN',0,0,0,0,0,'a:0:{}'),(115577,'01ZM7043',0,0,0,0,0,'a:0:{}'),(115578,'01ZMACGR',0,0,0,0,0,'a:0:{}'),(115580,'03MDVC9C',0,0,0,1,0,'a:0:{}'),(115581,'03RYCERA',0,0,0,1,0,'a:0:{}'),(115582,'03ZMANAC',0,0,0,1,0,'a:0:{}'),(114134,'05991609',0,0,0,1,0,'a:0:{}'),(114133,'05981409',0,0,0,1,0,'a:0:{}'),(114135,'01MDMVNE',0,0,0,0,0,'a:0:{}'),(114138,'03CSCP5C',0,0,0,1,0,'a:0:{}'),(114141,'01MDMVNE',0,0,0,0,0,'a:0:{}'),(114124,'01MEMVBI',0,0,0,0,0,'a:0:{}'),(114123,'01MDMVNE',0,0,0,0,0,'a:0:{}'),(115527,'01ZM7043',0,0,0,0,0,'a:0:{}'),(115528,'01ZMACGR',0,0,0,0,0,'a:0:{}'),(115534,'05701809',0,0,0,2,0,'a:0:{}'),(115535,'05721002',0,0,0,2,0,'a:0:{}'),(115583,'03ZMBEMC',0,0,0,1,0,'a:0:{}'),(115584,'03ZMVCGC',0,0,0,1,0,'a:0:{}'),(115585,'05991609',0,0,0,2,0,'a:0:{}'),(115586,'05701809',0,0,0,2,0,'a:0:{}'),(115544,'03ZMVCGC',0,0,0,1,0,'a:0:{}'),(115545,'05701809',0,0,0,2,0,'a:0:{}'),(115546,'05721002',0,0,0,2,0,'a:0:{}'),(115547,'05ZM2501',0,0,0,2,0,'a:0:{}'),(115570,'03ZMCAPP',0,0,0,1,0,'a:0:{}'),(115571,'05981409',0,0,0,2,0,'a:0:{}'),(115569,'03ZM7043',0,0,0,1,0,'a:0:{}'),(115572,'05991609',0,0,0,2,0,'a:0:{}'),(115588,'03E5CELE',0,0,0,0,0,'a:0:{}'),(115589,'03E6AZZU',0,0,0,0,0,'a:0:{}'),(115590,'03E7TERR',0,0,0,0,0,'a:0:{}'),(115591,'03E8MOKA',0,0,0,0,0,'a:0:{}'),(115592,'03E9CORD',0,0,0,0,0,'a:0:{}'),(115593,'03EADARK',0,0,0,0,0,'a:0:{}'),(115594,'03ECGRIG',0,0,0,0,0,'a:0:{}'),(115595,'037LNOCE',0,0,0,0,0,'a:0:{}'),(115596,'037QROVM',0,0,0,0,0,'a:0:{}'),(115597,'037RROVE',0,0,0,0,0,'a:0:{}'),(115598,'037SROVE',0,0,0,0,0,'a:0:{}'),(115513,'01G4BIAN',0,0,0,0,0,'a:0:{}'),(115514,'01N9ALLU',0,0,0,0,0,'a:0:{}'),(115515,'01ZM7043',0,0,0,0,0,'a:0:{}'),(115516,'01ZMACGR',0,0,0,0,0,'a:0:{}'),(115504,'03ZMCORD',0,0,0,1,0,'a:0:{}'),(115507,'03ZMNOTC',0,0,0,1,0,'a:0:{}'),(115506,'03ZMMEGA',0,0,0,1,0,'a:0:{}'),(115505,'03ZMMECP',0,0,0,1,0,'a:0:{}'),(115503,'03ZMBRPA',0,0,0,1,0,'a:0:{}'),(115508,'03ZMRNPA',0,0,0,1,0,'a:0:{}'),(115556,'03ZMNOTC',0,0,0,1,0,'a:0:{}'),(115557,'03ZMRNPA',0,0,0,1,0,'a:0:{}'),(115558,'05991609',0,0,0,2,0,'a:0:{}'),(115559,'05701809',0,0,0,2,0,'a:0:{}'),(113930,'05C0SMAL',0,0,0,1,0,'a:0:{}'),(113931,'05C1MEDI',0,0,0,1,0,'a:0:{}'),(114229,'0753BEIG',0,0,0,0,0,'a:0:{}'),(113932,'05C2LARG',0,0,0,1,0,'a:0:{}'),(114219,'0757VERO',0,0,0,0,0,'a:0:{}'),(114224,'02NCMULT',0,0,0,0,0,'a:0:{}'),(114232,'0763GIAL',0,0,0,0,0,'a:0:{}'),(114184,'01NTFNAA',0,0,0,0,0,'a:0:{}'),(114186,'01D9CANA',0,0,0,0,0,'a:0:{}'),(115607,'017FBIAN',0,0,0,0,0,'a:0:{}'),(115608,'01E4BORD',0,0,0,0,0,'a:0:{}'),(115609,'01E5CELE',0,0,0,0,0,'a:0:{}'),(115610,'01E6AZZU',0,0,0,0,0,'a:0:{}'),(115611,'01E7TERR',0,0,0,0,0,'a:0:{}'),(115612,'01E8MOKA',0,0,0,0,0,'a:0:{}'),(115613,'013LROVE',0,0,0,0,0,'a:0:{}'),(115614,'03EBCREM',0,0,0,1,0,'a:0:{}'),(115615,'03E5CELE',0,0,0,1,0,'a:0:{}'),(115616,'03E6AZZU',0,0,0,1,0,'a:0:{}'),(115617,'03E7TERR',0,0,0,1,0,'a:0:{}'),(115618,'03E8MOKA',0,0,0,1,0,'a:0:{}'),(115619,'03E9CORD',0,0,0,1,0,'a:0:{}'),(115620,'03EADARK',0,0,0,1,0,'a:0:{}'),(115621,'03ECGRIG',0,0,0,1,0,'a:0:{}'),(115622,'037LNOCE',0,0,0,1,0,'a:0:{}'),(115623,'037QROVM',0,0,0,1,0,'a:0:{}'),(115624,'037RROVE',0,0,0,1,0,'a:0:{}'),(115625,'03EEGRIG',0,0,0,1,0,'a:0:{}'),(115626,'03EGGRIS',0,0,0,1,0,'a:0:{}'),(115627,'037SROVE',0,0,0,1,0,'a:0:{}'),(115628,'067DGIAL',0,0,0,2,0,'a:0:{}'),(115629,'06EBCREM',0,0,0,2,0,'a:0:{}'),(115630,'06E4BORD',0,0,0,2,0,'a:0:{}'),(115631,'06E5CELE',0,0,0,2,0,'a:0:{}'),(115632,'06E6AZZU',0,0,0,2,0,'a:0:{}'),(115633,'06E7TERR',0,0,0,2,0,'a:0:{}'),(115634,'06E8MOKA',0,0,0,2,0,'a:0:{}'),(115635,'06E9CORD',0,0,0,2,0,'a:0:{}'),(115636,'06EADARK',0,0,0,2,0,'a:0:{}'),(115637,'06ECGRIG',0,0,0,2,0,'a:0:{}'),(115638,'0713SINI',0,0,0,3,0,'a:0:{}'),(115639,'0714DEST',0,0,0,3,0,'a:0:{}'),(115640,'017CBRUC',0,0,0,0,0,'a:0:{}'),(115641,'017DGIAL',0,0,0,0,0,'a:0:{}'),(115642,'017EPANN',0,0,0,0,0,'a:0:{}'),(115643,'017FBIAN',0,0,0,0,0,'a:0:{}'),(115644,'01E4BORD',0,0,0,0,0,'a:0:{}'),(115645,'01E5CELE',0,0,0,0,0,'a:0:{}'),(115646,'01E6AZZU',0,0,0,0,0,'a:0:{}'),(115647,'01E7TERR',0,0,0,0,0,'a:0:{}'),(115648,'01E8MOKA',0,0,0,0,0,'a:0:{}'),(115649,'01EEGRIG',0,0,0,0,0,'a:0:{}'),(115650,'01EGGRIS',0,0,0,0,0,'a:0:{}'),(115651,'01EHTERR',0,0,0,0,0,'a:0:{}'),(115652,'01EITORT',0,0,0,0,0,'a:0:{}'),(115653,'017CBRUC',0,0,0,0,0,'a:0:{}'),(115654,'017DGIAL',0,0,0,0,0,'a:0:{}'),(115655,'017EPANN',0,0,0,0,0,'a:0:{}'),(115656,'017FBIAN',0,0,0,0,0,'a:0:{}'),(115657,'01E4BORD',0,0,0,0,0,'a:0:{}'),(115658,'01E5CELE',0,0,0,0,0,'a:0:{}'),(115659,'01E6AZZU',0,0,0,0,0,'a:0:{}'),(115660,'01E7TERR',0,0,0,0,0,'a:0:{}'),(115661,'01E8MOKA',0,0,0,0,0,'a:0:{}'),(115662,'01EEGRIG',0,0,0,0,0,'a:0:{}'),(115663,'01EGGRIS',0,0,0,0,0,'a:0:{}'),(115664,'01EHTERR',0,0,0,0,0,'a:0:{}'),(115665,'01EITORT',0,0,0,0,0,'a:0:{}'),(115666,'017CBRUC',0,0,0,0,0,'a:0:{}'),(115667,'017DGIAL',0,0,0,0,0,'a:0:{}'),(115668,'017EPANN',0,0,0,0,0,'a:0:{}'),(115669,'017FBIAN',0,0,0,0,0,'a:0:{}'),(115670,'01E4BORD',0,0,0,0,0,'a:0:{}'),(115671,'01E5CELE',0,0,0,0,0,'a:0:{}'),(115672,'01E6AZZU',0,0,0,0,0,'a:0:{}'),(115673,'01E7TERR',0,0,0,0,0,'a:0:{}'),(115674,'01E8MOKA',0,0,0,0,0,'a:0:{}'),(115675,'01EEGRIG',0,0,0,0,0,'a:0:{}'),(115676,'01EGGRIS',0,0,0,0,0,'a:0:{}'),(115677,'01EHTERR',0,0,0,0,0,'a:0:{}'),(115678,'01EITORT',0,0,0,0,0,'a:0:{}'),(115679,'017CBRUC',0,0,0,0,0,'a:0:{}'),(115680,'017DGIAL',0,0,0,0,0,'a:0:{}'),(115681,'017EPANN',0,0,0,0,0,'a:0:{}'),(115682,'017FBIAN',0,0,0,0,0,'a:0:{}'),(115683,'01E4BORD',0,0,0,0,0,'a:0:{}'),(115684,'01E5CELE',0,0,0,0,0,'a:0:{}'),(115685,'01E6AZZU',0,0,0,0,0,'a:0:{}'),(115686,'01E7TERR',0,0,0,0,0,'a:0:{}'),(115687,'01E8MOKA',0,0,0,0,0,'a:0:{}'),(115688,'017CBRUC',0,0,0,0,0,'a:0:{}'),(115689,'017DGIAL',0,0,0,0,0,'a:0:{}'),(115690,'017EPANN',0,0,0,0,0,'a:0:{}'),(115691,'017FBIAN',0,0,0,0,0,'a:0:{}'),(115692,'01E4BORD',0,0,0,0,0,'a:0:{}'),(115693,'01E5CELE',0,0,0,0,0,'a:0:{}'),(115694,'01E6AZZU',0,0,0,0,0,'a:0:{}'),(115695,'01E7TERR',0,0,0,0,0,'a:0:{}'),(115696,'01E8MOKA',0,0,0,0,0,'a:0:{}'),(115697,'01EEGRIG',0,0,0,0,0,'a:0:{}'),(115698,'01EGGRIS',0,0,0,0,0,'a:0:{}'),(115699,'01EHTERR',0,0,0,0,0,'a:0:{}'),(115700,'01EITORT',0,0,0,0,0,'a:0:{}'),(115701,'017CBRUC',0,0,0,0,0,'a:0:{}'),(115702,'017DGIAL',0,0,0,0,0,'a:0:{}'),(115703,'017EPANN',0,0,0,0,0,'a:0:{}'),(115704,'017FBIAN',0,0,0,0,0,'a:0:{}'),(115705,'01E4BORD',0,0,0,0,0,'a:0:{}'),(115706,'01E5CELE',0,0,0,0,0,'a:0:{}'),(115707,'01E6AZZU',0,0,0,0,0,'a:0:{}'),(115708,'01E7TERR',0,0,0,0,0,'a:0:{}'),(115709,'01E8MOKA',0,0,0,0,0,'a:0:{}'),(115710,'01EEGRIG',0,0,0,0,0,'a:0:{}'),(115711,'01EGGRIS',0,0,0,0,0,'a:0:{}'),(115712,'01EHTERR',0,0,0,0,0,'a:0:{}'),(115713,'01EITORT',0,0,0,0,0,'a:0:{}'),(115714,'017CBRUC',0,0,0,0,0,'a:0:{}'),(115715,'017DGIAL',0,0,0,0,0,'a:0:{}'),(115716,'017EPANN',0,0,0,0,0,'a:0:{}'),(115717,'017FBIAN',0,0,0,0,0,'a:0:{}'),(115718,'01E4BORD',0,0,0,0,0,'a:0:{}'),(115719,'01E5CELE',0,0,0,0,0,'a:0:{}'),(115720,'01E6AZZU',0,0,0,0,0,'a:0:{}'),(115721,'01E7TERR',0,0,0,0,0,'a:0:{}'),(115722,'01E8MOKA',0,0,0,0,0,'a:0:{}'),(115723,'01EEGRIG',0,0,0,0,0,'a:0:{}'),(115724,'01EGGRIS',0,0,0,0,0,'a:0:{}'),(115725,'01EHTERR',0,0,0,0,0,'a:0:{}'),(115726,'01EITORT',0,0,0,0,0,'a:0:{}'),(115727,'017CBRUC',0,0,0,0,0,'a:0:{}'),(115728,'017DGIAL',0,0,0,0,0,'a:0:{}'),(115729,'017EPANN',0,0,0,0,0,'a:0:{}'),(115730,'017FBIAN',0,0,0,0,0,'a:0:{}'),(115731,'01E4BORD',0,0,0,0,0,'a:0:{}'),(115732,'01E5CELE',0,0,0,0,0,'a:0:{}'),(115733,'01E6AZZU',0,0,0,0,0,'a:0:{}'),(115734,'01E7TERR',0,0,0,0,0,'a:0:{}'),(115735,'01E8MOKA',0,0,0,0,0,'a:0:{}'),(115736,'017CBRUC',0,0,0,0,0,'a:0:{}'),(115737,'017DGIAL',0,0,0,0,0,'a:0:{}'),(115738,'017EPANN',0,0,0,0,0,'a:0:{}'),(115739,'017FBIAN',0,0,0,0,0,'a:0:{}'),(115740,'01E4BORD',0,0,0,0,0,'a:0:{}'),(115741,'01E5CELE',0,0,0,0,0,'a:0:{}'),(115742,'01E6AZZU',0,0,0,0,0,'a:0:{}'),(115743,'01E7TERR',0,0,0,0,0,'a:0:{}'),(115744,'01E8MOKA',0,0,0,0,0,'a:0:{}'),(115745,'01EEGRIG',0,0,0,0,0,'a:0:{}'),(115746,'01EGGRIS',0,0,0,0,0,'a:0:{}'),(115747,'01EHTERR',0,0,0,0,0,'a:0:{}'),(115748,'01EITORT',0,0,0,0,0,'a:0:{}'),(115749,'017CBRUC',0,0,0,0,0,'a:0:{}'),(115750,'017DGIAL',0,0,0,0,0,'a:0:{}'),(115751,'017EPANN',0,0,0,0,0,'a:0:{}'),(115752,'017FBIAN',0,0,0,0,0,'a:0:{}'),(115753,'01E4BORD',0,0,0,0,0,'a:0:{}'),(115754,'01E5CELE',0,0,0,0,0,'a:0:{}'),(115755,'01E6AZZU',0,0,0,0,0,'a:0:{}'),(115756,'01E7TERR',0,0,0,0,0,'a:0:{}'),(115757,'01E8MOKA',0,0,0,0,0,'a:0:{}'),(115758,'01EEGRIG',0,0,0,0,0,'a:0:{}'),(115759,'01EGGRIS',0,0,0,0,0,'a:0:{}'),(115760,'01EHTERR',0,0,0,0,0,'a:0:{}'),(115761,'01EITORT',0,0,0,0,0,'a:0:{}'),(115762,'017CBRUC',0,0,0,0,0,'a:0:{}'),(115763,'017DGIAL',0,0,0,0,0,'a:0:{}'),(115764,'017EPANN',0,0,0,0,0,'a:0:{}'),(115765,'017FBIAN',0,0,0,0,0,'a:0:{}'),(115766,'01E4BORD',0,0,0,0,0,'a:0:{}'),(115767,'01E5CELE',0,0,0,0,0,'a:0:{}'),(115768,'01E6AZZU',0,0,0,0,0,'a:0:{}'),(115769,'01E7TERR',0,0,0,0,0,'a:0:{}'),(115770,'01E8MOKA',0,0,0,0,0,'a:0:{}'),(115771,'01EEGRIG',0,0,0,0,0,'a:0:{}'),(115772,'01EGGRIS',0,0,0,0,0,'a:0:{}'),(115773,'01EHTERR',0,0,0,0,0,'a:0:{}'),(115774,'01EITORT',0,0,0,0,0,'a:0:{}'),(115776,'03E5CELE',0,0,0,0,0,'a:0:{}'),(115777,'03E6AZZU',0,0,0,0,0,'a:0:{}'),(115778,'03E7TERR',0,0,0,0,0,'a:0:{}'),(115779,'03E8MOKA',0,0,0,0,0,'a:0:{}'),(115780,'03E9CORD',0,0,0,0,0,'a:0:{}'),(115781,'03EADARK',0,0,0,0,0,'a:0:{}'),(115782,'03ECGRIG',0,0,0,0,0,'a:0:{}'),(115785,'03E6AZZU',0,0,0,0,0,'a:0:{}'),(115786,'03E7TERR',0,0,0,0,0,'a:0:{}'),(115787,'03E8MOKA',0,0,0,0,0,'a:0:{}'),(115788,'03E9CORD',0,0,0,0,0,'a:0:{}'),(115789,'03EADARK',0,0,0,0,0,'a:0:{}'),(115790,'03ECGRIG',0,0,0,0,0,'a:0:{}'),(115791,'037LNOCE',0,0,0,0,0,'a:0:{}'),(115792,'037QROVM',0,0,0,0,0,'a:0:{}'),(115793,'037RROVE',0,0,0,0,0,'a:0:{}'),(115794,'037SROVE',0,0,0,0,0,'a:0:{}'),(115795,'06EBCREM',0,0,0,1,0,'a:0:{}'),(115796,'06E4BORD',0,0,0,1,0,'a:0:{}'),(115797,'06E5CELE',0,0,0,1,0,'a:0:{}'),(115798,'06E6AZZU',0,0,0,1,0,'a:0:{}'),(115799,'06E7TERR',0,0,0,1,0,'a:0:{}'),(115800,'06E8MOKA',0,0,0,1,0,'a:0:{}'),(115801,'06E9CORD',0,0,0,1,0,'a:0:{}'),(115802,'06EADARK',0,0,0,1,0,'a:0:{}'),(115803,'06ECGRIG',0,0,0,1,0,'a:0:{}'),(116942,'04MN0142',0,0,0,0,0,'a:0:{}'),(116941,'04MN0103',0,0,0,0,0,'a:0:{}'),(116940,'04D1NERO',0,0,0,0,0,'a:0:{}'),(116939,'04DJROSS',0,0,0,0,0,'a:0:{}'),(116938,'04DHBEIG',0,0,0,0,0,'a:0:{}'),(116937,'04DGGRIG',0,0,0,0,0,'a:0:{}'),(116936,'04DFNERO',0,0,0,0,0,'a:0:{}'),(116935,'04DEBIAN',0,0,0,0,0,'a:0:{}'),(116934,'04MN6688',0,0,0,0,0,'a:0:{}'),(116933,'04MN2557',0,0,0,0,0,'a:0:{}'),(116932,'04MN2511',0,0,0,0,0,'a:0:{}'),(116931,'04MN1000',0,0,0,0,0,'a:0:{}'),(116930,'04DTSABB',0,0,0,0,0,'a:0:{}'),(116929,'04DRMARR',0,0,0,0,0,'a:0:{}'),(116928,'04DNBLAC',0,0,0,0,0,'a:0:{}'),(116927,'04DKLAVA',0,0,0,0,0,'a:0:{}'),(116926,'04MNVESC',0,0,0,0,0,'a:0:{}'),(116925,'04MNNERO',0,0,0,0,0,'a:0:{}'),(116924,'04MNMACH',0,0,0,0,0,'a:0:{}'),(116923,'04MNGIAL',0,0,0,0,0,'a:0:{}'),(116922,'04MNCICL',0,0,0,0,0,'a:0:{}'),(116921,'04MNBLUS',0,0,0,0,0,'a:0:{}'),(116920,'04MNAZZZ',0,0,0,0,0,'a:0:{}'),(116919,'04COSABB',0,0,0,0,0,'a:0:{}'),(114093,'021WBORD',0,0,0,1,0,'a:0:{}'),(114096,'022JBLUU',0,0,0,1,0,'a:0:{}'),(114092,'021LROSS',0,0,0,1,0,'a:0:{}'),(114098,'022QGRIG',0,0,0,1,0,'a:0:{}'),(114088,'021HGIAL',0,0,0,1,0,'a:0:{}'),(115836,'017EPANN',0,0,0,0,0,'a:0:{}'),(115837,'017FBIAN',0,0,0,0,0,'a:0:{}'),(115838,'01E4BORD',0,0,0,0,0,'a:0:{}'),(115839,'01E5CELE',0,0,0,0,0,'a:0:{}'),(115840,'01E6AZZU',0,0,0,0,0,'a:0:{}'),(115841,'01E7TERR',0,0,0,0,0,'a:0:{}'),(115842,'01E8MOKA',0,0,0,0,0,'a:0:{}'),(115843,'01EEGRIG',0,0,0,0,0,'a:0:{}'),(115844,'01EGGRIS',0,0,0,0,0,'a:0:{}'),(115845,'06EBCREM',0,0,0,2,0,'a:0:{}'),(115846,'06E4BORD',0,0,0,2,0,'a:0:{}'),(115847,'06E5CELE',0,0,0,2,0,'a:0:{}'),(115848,'06E6AZZU',0,0,0,2,0,'a:0:{}'),(115849,'06E7TERR',0,0,0,2,0,'a:0:{}'),(115850,'06E8MOKA',0,0,0,2,0,'a:0:{}'),(115851,'06E9CORD',0,0,0,2,0,'a:0:{}'),(115852,'06EADARK',0,0,0,2,0,'a:0:{}'),(115853,'06ECGRIG',0,0,0,2,0,'a:0:{}'),(115855,'017EPANN',0,0,0,0,0,'a:0:{}'),(115856,'017FBIAN',0,0,0,0,0,'a:0:{}'),(115857,'01E4BORD',0,0,0,0,0,'a:0:{}'),(115858,'01E5CELE',0,0,0,0,0,'a:0:{}'),(115859,'01E6AZZU',0,0,0,0,0,'a:0:{}'),(115860,'01E7TERR',0,0,0,0,0,'a:0:{}'),(115861,'01E8MOKA',0,0,0,0,0,'a:0:{}'),(115862,'01EEGRIG',0,0,0,0,0,'a:0:{}'),(115863,'01EGGRIS',0,0,0,0,0,'a:0:{}'),(115864,'06EBCREM',0,0,0,1,0,'a:0:{}'),(115865,'06E4BORD',0,0,0,1,0,'a:0:{}'),(115866,'06E5CELE',0,0,0,1,0,'a:0:{}'),(115867,'06E6AZZU',0,0,0,1,0,'a:0:{}'),(115868,'06E7TERR',0,0,0,1,0,'a:0:{}'),(115869,'06E8MOKA',0,0,0,1,0,'a:0:{}'),(115870,'06E9CORD',0,0,0,1,0,'a:0:{}'),(115871,'06EADARK',0,0,0,1,0,'a:0:{}'),(115872,'06ECGRIG',0,0,0,1,0,'a:0:{}'),(115874,'017CBRUC',0,0,0,0,0,'a:0:{}'),(115875,'017DGIAL',0,0,0,0,0,'a:0:{}'),(115876,'017EPANN',0,0,0,0,0,'a:0:{}'),(115877,'01E4BORD',0,0,0,0,0,'a:0:{}'),(115878,'01E5CELE',0,0,0,0,0,'a:0:{}'),(115879,'01E6AZZU',0,0,0,0,0,'a:0:{}'),(115880,'01E7TERR',0,0,0,0,0,'a:0:{}'),(115881,'01E8MOKA',0,0,0,0,0,'a:0:{}'),(115882,'03EBCREM',0,0,0,1,0,'a:0:{}'),(115883,'03E5CELE',0,0,0,1,0,'a:0:{}'),(115884,'03E6AZZU',0,0,0,1,0,'a:0:{}'),(115885,'03E7TERR',0,0,0,1,0,'a:0:{}'),(115886,'03E8MOKA',0,0,0,1,0,'a:0:{}'),(115887,'03E9CORD',0,0,0,1,0,'a:0:{}'),(115888,'03EADARK',0,0,0,1,0,'a:0:{}'),(115889,'03ECGRIG',0,0,0,1,0,'a:0:{}'),(115890,'037LNOCE',0,0,0,1,0,'a:0:{}'),(115891,'037QROVM',0,0,0,1,0,'a:0:{}'),(115892,'037RROVE',0,0,0,1,0,'a:0:{}'),(115893,'037SROVE',0,0,0,1,0,'a:0:{}'),(115894,'017CBRUC',0,0,0,0,0,'a:0:{}'),(115895,'017DGIAL',0,0,0,0,0,'a:0:{}'),(115896,'017EPANN',0,0,0,0,0,'a:0:{}'),(115897,'017FBIAN',0,0,0,0,0,'a:0:{}'),(115898,'01E4BORD',0,0,0,0,0,'a:0:{}'),(115899,'01E6AZZU',0,0,0,0,0,'a:0:{}'),(115900,'01E7TERR',0,0,0,0,0,'a:0:{}'),(115901,'01E8MOKA',0,0,0,0,0,'a:0:{}'),(115903,'03E5CELE',0,0,0,0,0,'a:0:{}'),(115904,'03E6AZZU',0,0,0,0,0,'a:0:{}'),(115905,'03E7TERR',0,0,0,0,0,'a:0:{}'),(115906,'03E8MOKA',0,0,0,0,0,'a:0:{}'),(115907,'03E9CORD',0,0,0,0,0,'a:0:{}'),(115908,'03EADARK',0,0,0,0,0,'a:0:{}'),(115909,'03ECGRIG',0,0,0,0,0,'a:0:{}'),(115910,'037LNOCE',0,0,0,0,0,'a:0:{}'),(115911,'037QROVM',0,0,0,0,0,'a:0:{}'),(115912,'037RROVE',0,0,0,0,0,'a:0:{}'),(115913,'03EEGRIG',0,0,0,0,0,'a:0:{}'),(115914,'03EGGRIS',0,0,0,0,0,'a:0:{}'),(115915,'037SROVE',0,0,0,0,0,'a:0:{}'),(115916,'017BVERD',0,0,0,0,0,'a:0:{}'),(115917,'017CBRUC',0,0,0,0,0,'a:0:{}'),(115918,'017DGIAL',0,0,0,0,0,'a:0:{}'),(115919,'017EPANN',0,0,0,0,0,'a:0:{}'),(115920,'01E4BORD',0,0,0,0,0,'a:0:{}'),(115921,'01E5CELE',0,0,0,0,0,'a:0:{}'),(115922,'01E6AZZU',0,0,0,0,0,'a:0:{}'),(115923,'01E7TERR',0,0,0,0,0,'a:0:{}'),(115924,'01E8MOKA',0,0,0,0,0,'a:0:{}'),(115925,'017CBRUC',0,0,0,0,0,'a:0:{}'),(115926,'017DGIAL',0,0,0,0,0,'a:0:{}'),(115927,'017EPANN',0,0,0,0,0,'a:0:{}'),(115928,'017FBIAN',0,0,0,0,0,'a:0:{}'),(115929,'01E4BORD',0,0,0,0,0,'a:0:{}'),(115930,'01E5CELE',0,0,0,0,0,'a:0:{}'),(115931,'01E6AZZU',0,0,0,0,0,'a:0:{}'),(115932,'01E7TERR',0,0,0,0,0,'a:0:{}'),(115933,'01E8MOKA',0,0,0,0,0,'a:0:{}'),(115935,'017EPANN',0,0,0,0,0,'a:0:{}'),(115936,'017FBIAN',0,0,0,0,0,'a:0:{}'),(115937,'01E4BORD',0,0,0,0,0,'a:0:{}'),(115938,'01E5CELE',0,0,0,0,0,'a:0:{}'),(115939,'01E6AZZU',0,0,0,0,0,'a:0:{}'),(115940,'01E7TERR',0,0,0,0,0,'a:0:{}'),(115941,'01E8MOKA',0,0,0,0,0,'a:0:{}'),(115942,'01EEGRIG',0,0,0,0,0,'a:0:{}'),(115943,'01EGGRIS',0,0,0,0,0,'a:0:{}'),(115944,'06EBCREM',0,0,0,1,0,'a:0:{}'),(115945,'06E4BORD',0,0,0,1,0,'a:0:{}'),(115946,'06E5CELE',0,0,0,1,0,'a:0:{}'),(115947,'06E6AZZU',0,0,0,1,0,'a:0:{}'),(115948,'06E7TERR',0,0,0,1,0,'a:0:{}'),(115949,'06E8MOKA',0,0,0,1,0,'a:0:{}'),(115950,'06E9CORD',0,0,0,1,0,'a:0:{}'),(115951,'06EADARK',0,0,0,1,0,'a:0:{}'),(115952,'06ECGRIG',0,0,0,1,0,'a:0:{}'),(115954,'017EPANN',0,0,0,0,0,'a:0:{}'),(115955,'017FBIAN',0,0,0,0,0,'a:0:{}'),(115956,'01E4BORD',0,0,0,0,0,'a:0:{}'),(115957,'01E5CELE',0,0,0,0,0,'a:0:{}'),(115958,'01E6AZZU',0,0,0,0,0,'a:0:{}'),(115959,'01E7TERR',0,0,0,0,0,'a:0:{}'),(115960,'01E8MOKA',0,0,0,0,0,'a:0:{}'),(115961,'06EBCREM',0,0,0,1,0,'a:0:{}'),(115962,'06E4BORD',0,0,0,1,0,'a:0:{}'),(115963,'06E5CELE',0,0,0,1,0,'a:0:{}'),(115964,'06E6AZZU',0,0,0,1,0,'a:0:{}'),(115965,'06E7TERR',0,0,0,1,0,'a:0:{}'),(115966,'06E8MOKA',0,0,0,1,0,'a:0:{}'),(115967,'06E9CORD',0,0,0,1,0,'a:0:{}'),(115968,'06EADARK',0,0,0,1,0,'a:0:{}'),(115969,'06ECGRIG',0,0,0,1,0,'a:0:{}'),(115970,'017DGIAL',0,0,0,0,0,'a:0:{}'),(115971,'017EPANN',0,0,0,0,0,'a:0:{}'),(115972,'017FBIAN',0,0,0,0,0,'a:0:{}'),(115973,'01E4BORD',0,0,0,0,0,'a:0:{}'),(115974,'01E5CELE',0,0,0,0,0,'a:0:{}'),(115975,'01E6AZZU',0,0,0,0,0,'a:0:{}'),(115976,'01E7TERR',0,0,0,0,0,'a:0:{}'),(115977,'01E8MOKA',0,0,0,0,0,'a:0:{}'),(115979,'03E5CELE',0,0,0,0,0,'a:0:{}'),(115980,'03E6AZZU',0,0,0,0,0,'a:0:{}'),(115981,'03E7TERR',0,0,0,0,0,'a:0:{}'),(115982,'03E8MOKA',0,0,0,0,0,'a:0:{}'),(115983,'03E9CORD',0,0,0,0,0,'a:0:{}'),(115984,'03EADARK',0,0,0,0,0,'a:0:{}'),(115985,'03ECGRIG',0,0,0,0,0,'a:0:{}'),(115986,'037LNOCE',0,0,0,0,0,'a:0:{}'),(115987,'037QROVM',0,0,0,0,0,'a:0:{}'),(115988,'037RROVE',0,0,0,0,0,'a:0:{}'),(115989,'037SROVE',0,0,0,0,0,'a:0:{}'),(115991,'017DGIAL',0,0,0,0,0,'a:0:{}'),(115992,'017EPANN',0,0,0,0,0,'a:0:{}'),(115993,'017FBIAN',0,0,0,0,0,'a:0:{}'),(115994,'01E4BORD',0,0,0,0,0,'a:0:{}'),(115995,'01E5CELE',0,0,0,0,0,'a:0:{}'),(115996,'01E6AZZU',0,0,0,0,0,'a:0:{}'),(115997,'01E7TERR',0,0,0,0,0,'a:0:{}'),(115998,'01E8MOKA',0,0,0,0,0,'a:0:{}'),(115999,'01EEGRIG',0,0,0,0,0,'a:0:{}'),(116000,'01EGGRIS',0,0,0,0,0,'a:0:{}'),(116001,'01EHTERR',0,0,0,0,0,'a:0:{}'),(116002,'01EITORT',0,0,0,0,0,'a:0:{}'),(116003,'03EBCREM',0,0,0,1,0,'a:0:{}'),(116004,'037SROVE',0,0,0,1,0,'a:0:{}'),(116005,'037TROVV',0,0,0,1,0,'a:0:{}'),(116006,'03E00221',0,0,0,1,0,'a:0:{}'),(116007,'03E1GIAL',0,0,0,1,0,'a:0:{}'),(116008,'03E2ROSS',0,0,0,1,0,'a:0:{}'),(116009,'03E3CANA',0,0,0,1,0,'a:0:{}'),(116010,'03E4BORD',0,0,0,1,0,'a:0:{}'),(116011,'03E5CELE',0,0,0,1,0,'a:0:{}'),(116012,'03E6AZZU',0,0,0,1,0,'a:0:{}'),(116013,'03E7TERR',0,0,0,1,0,'a:0:{}'),(116014,'03E8MOKA',0,0,0,1,0,'a:0:{}'),(116015,'03E9CORD',0,0,0,1,0,'a:0:{}'),(116016,'03EADARK',0,0,0,1,0,'a:0:{}'),(116017,'03ECGRIG',0,0,0,1,0,'a:0:{}'),(116018,'03EEGRIG',0,0,0,1,0,'a:0:{}'),(116019,'03EGGRIS',0,0,0,1,0,'a:0:{}'),(116020,'03EHTERR',0,0,0,1,0,'a:0:{}'),(116021,'03EITORT',0,0,0,1,0,'a:0:{}'),(116023,'017DGIAL',0,0,0,0,0,'a:0:{}'),(116024,'017EPANN',0,0,0,0,0,'a:0:{}'),(116025,'017FBIAN',0,0,0,0,0,'a:0:{}'),(116026,'01E4BORD',0,0,0,0,0,'a:0:{}'),(116027,'01E5CELE',0,0,0,0,0,'a:0:{}'),(116028,'01E6AZZU',0,0,0,0,0,'a:0:{}'),(116029,'01E7TERR',0,0,0,0,0,'a:0:{}'),(116030,'01E8MOKA',0,0,0,0,0,'a:0:{}'),(116031,'01EEGRIG',0,0,0,0,0,'a:0:{}'),(116032,'01EGGRIS',0,0,0,0,0,'a:0:{}'),(116033,'01EHTERR',0,0,0,0,0,'a:0:{}'),(116034,'01EITORT',0,0,0,0,0,'a:0:{}'),(116035,'03EBCREM',0,0,0,1,0,'a:0:{}'),(116036,'037SROVE',0,0,0,1,0,'a:0:{}'),(116037,'037TROVV',0,0,0,1,0,'a:0:{}'),(116038,'03E00221',0,0,0,1,0,'a:0:{}'),(116039,'03E1GIAL',0,0,0,1,0,'a:0:{}'),(116040,'03E2ROSS',0,0,0,1,0,'a:0:{}'),(116041,'03E3CANA',0,0,0,1,0,'a:0:{}'),(116042,'03E4BORD',0,0,0,1,0,'a:0:{}'),(116043,'03E5CELE',0,0,0,1,0,'a:0:{}'),(116044,'03E6AZZU',0,0,0,1,0,'a:0:{}'),(116045,'03E7TERR',0,0,0,1,0,'a:0:{}'),(116046,'03E8MOKA',0,0,0,1,0,'a:0:{}'),(116047,'03E9CORD',0,0,0,1,0,'a:0:{}'),(116048,'03EADARK',0,0,0,1,0,'a:0:{}'),(116049,'03ECGRIG',0,0,0,1,0,'a:0:{}'),(116050,'03EEGRIG',0,0,0,1,0,'a:0:{}'),(116051,'03EGGRIS',0,0,0,1,0,'a:0:{}'),(116052,'03EHTERR',0,0,0,1,0,'a:0:{}'),(116053,'03EITORT',0,0,0,1,0,'a:0:{}'),(116055,'017DGIAL',0,0,0,0,0,'a:0:{}'),(116056,'017EPANN',0,0,0,0,0,'a:0:{}'),(116057,'017FBIAN',0,0,0,0,0,'a:0:{}'),(116058,'01E4BORD',0,0,0,0,0,'a:0:{}'),(116059,'01E5CELE',0,0,0,0,0,'a:0:{}'),(116060,'01E6AZZU',0,0,0,0,0,'a:0:{}'),(116061,'01E7TERR',0,0,0,0,0,'a:0:{}'),(116062,'01E8MOKA',0,0,0,0,0,'a:0:{}'),(116063,'01EEGRIG',0,0,0,0,0,'a:0:{}'),(116064,'01EGGRIS',0,0,0,0,0,'a:0:{}'),(116065,'01EHTERR',0,0,0,0,0,'a:0:{}'),(116066,'01EITORT',0,0,0,0,0,'a:0:{}'),(116067,'03EBCREM',0,0,0,1,0,'a:0:{}'),(116068,'037SROVE',0,0,0,1,0,'a:0:{}'),(116069,'037TROVV',0,0,0,1,0,'a:0:{}'),(116070,'03E00221',0,0,0,1,0,'a:0:{}'),(116071,'03E1GIAL',0,0,0,1,0,'a:0:{}'),(116072,'03E2ROSS',0,0,0,1,0,'a:0:{}'),(116073,'03E3CANA',0,0,0,1,0,'a:0:{}'),(116074,'03E4BORD',0,0,0,1,0,'a:0:{}'),(116075,'03E5CELE',0,0,0,1,0,'a:0:{}'),(116076,'03E6AZZU',0,0,0,1,0,'a:0:{}'),(116077,'03E7TERR',0,0,0,1,0,'a:0:{}'),(116078,'03E8MOKA',0,0,0,1,0,'a:0:{}'),(116079,'03E9CORD',0,0,0,1,0,'a:0:{}'),(116080,'03EADARK',0,0,0,1,0,'a:0:{}'),(116081,'03ECGRIG',0,0,0,1,0,'a:0:{}'),(116082,'03EEGRIG',0,0,0,1,0,'a:0:{}'),(116083,'03EGGRIS',0,0,0,1,0,'a:0:{}'),(116084,'03EHTERR',0,0,0,1,0,'a:0:{}'),(116085,'03EITORT',0,0,0,1,0,'a:0:{}'),(116087,'03E5CELE',0,0,0,0,0,'a:0:{}'),(116088,'03E6AZZU',0,0,0,0,0,'a:0:{}'),(116089,'03E7TERR',0,0,0,0,0,'a:0:{}'),(116090,'03E8MOKA',0,0,0,0,0,'a:0:{}'),(116091,'03E9CORD',0,0,0,0,0,'a:0:{}'),(116092,'03EADARK',0,0,0,0,0,'a:0:{}'),(116093,'03ECGRIG',0,0,0,0,0,'a:0:{}'),(116094,'037QROVM',0,0,0,0,0,'a:0:{}'),(116095,'037RROVE',0,0,0,0,0,'a:0:{}'),(116096,'037SROVE',0,0,0,0,0,'a:0:{}'),(116098,'017EPANN',0,0,0,0,0,'a:0:{}'),(116099,'017FBIAN',0,0,0,0,0,'a:0:{}'),(116100,'01E4BORD',0,0,0,0,0,'a:0:{}'),(116101,'01E5CELE',0,0,0,0,0,'a:0:{}'),(116102,'01E6AZZU',0,0,0,0,0,'a:0:{}'),(116103,'01E7TERR',0,0,0,0,0,'a:0:{}'),(116104,'01E8MOKA',0,0,0,0,0,'a:0:{}'),(116105,'06EBCREM',0,0,0,1,0,'a:0:{}'),(116106,'06E4BORD',0,0,0,1,0,'a:0:{}'),(116107,'06E5CELE',0,0,0,1,0,'a:0:{}'),(116108,'06E6AZZU',0,0,0,1,0,'a:0:{}'),(116109,'06E7TERR',0,0,0,1,0,'a:0:{}'),(116110,'06E8MOKA',0,0,0,1,0,'a:0:{}'),(116111,'06E9CORD',0,0,0,1,0,'a:0:{}'),(116112,'06EADARK',0,0,0,1,0,'a:0:{}'),(116113,'06ECGRIG',0,0,0,1,0,'a:0:{}'),(116115,'017EPANN',0,0,0,0,0,'a:0:{}'),(116116,'017FBIAN',0,0,0,0,0,'a:0:{}'),(116117,'01E4BORD',0,0,0,0,0,'a:0:{}'),(116118,'01E5CELE',0,0,0,0,0,'a:0:{}'),(116119,'01E6AZZU',0,0,0,0,0,'a:0:{}'),(116120,'01E7TERR',0,0,0,0,0,'a:0:{}'),(116121,'01E8MOKA',0,0,0,0,0,'a:0:{}'),(116122,'06EBCREM',0,0,0,1,0,'a:0:{}'),(116123,'06E4BORD',0,0,0,1,0,'a:0:{}'),(116124,'06E5CELE',0,0,0,1,0,'a:0:{}'),(116125,'06E6AZZU',0,0,0,1,0,'a:0:{}'),(116126,'06E7TERR',0,0,0,1,0,'a:0:{}'),(116127,'06E8MOKA',0,0,0,1,0,'a:0:{}'),(116128,'06E9CORD',0,0,0,1,0,'a:0:{}'),(116129,'06EADARK',0,0,0,1,0,'a:0:{}'),(116130,'06ECGRIG',0,0,0,1,0,'a:0:{}'),(116131,'017CBRUC',0,0,0,0,0,'a:0:{}'),(116132,'017DGIAL',0,0,0,0,0,'a:0:{}'),(116133,'017EPANN',0,0,0,0,0,'a:0:{}'),(116134,'017FBIAN',0,0,0,0,0,'a:0:{}'),(116135,'01E4BORD',0,0,0,0,0,'a:0:{}'),(116136,'01E5CELE',0,0,0,0,0,'a:0:{}'),(116137,'01E6AZZU',0,0,0,0,0,'a:0:{}'),(116138,'01E7TERR',0,0,0,0,0,'a:0:{}'),(116139,'01E8MOKA',0,0,0,0,0,'a:0:{}'),(116140,'01EEGRIG',0,0,0,0,0,'a:0:{}'),(116141,'01EGGRIS',0,0,0,0,0,'a:0:{}'),(116142,'01EHTERR',0,0,0,0,0,'a:0:{}'),(116143,'01EITORT',0,0,0,0,0,'a:0:{}'),(116144,'017CBRUC',0,0,0,0,0,'a:0:{}'),(116145,'017DGIAL',0,0,0,0,0,'a:0:{}'),(116146,'017EPANN',0,0,0,0,0,'a:0:{}'),(116147,'017FBIAN',0,0,0,0,0,'a:0:{}'),(116148,'01E4BORD',0,0,0,0,0,'a:0:{}'),(116149,'01E5CELE',0,0,0,0,0,'a:0:{}'),(116150,'01E6AZZU',0,0,0,0,0,'a:0:{}'),(116151,'01E7TERR',0,0,0,0,0,'a:0:{}'),(116152,'01E8MOKA',0,0,0,0,0,'a:0:{}'),(116153,'01EEGRIG',0,0,0,0,0,'a:0:{}'),(116154,'01EGGRIS',0,0,0,0,0,'a:0:{}'),(116155,'01EHTERR',0,0,0,0,0,'a:0:{}'),(116156,'01EITORT',0,0,0,0,0,'a:0:{}'),(116157,'017CBRUC',0,0,0,0,0,'a:0:{}'),(116158,'017DGIAL',0,0,0,0,0,'a:0:{}'),(116159,'017EPANN',0,0,0,0,0,'a:0:{}'),(116160,'017FBIAN',0,0,0,0,0,'a:0:{}'),(116161,'01E4BORD',0,0,0,0,0,'a:0:{}'),(116162,'01E5CELE',0,0,0,0,0,'a:0:{}'),(116163,'01E6AZZU',0,0,0,0,0,'a:0:{}'),(116164,'01E7TERR',0,0,0,0,0,'a:0:{}'),(116165,'01E8MOKA',0,0,0,0,0,'a:0:{}'),(116166,'01EEGRIG',0,0,0,0,0,'a:0:{}'),(116167,'01EGGRIS',0,0,0,0,0,'a:0:{}'),(116168,'01EHTERR',0,0,0,0,0,'a:0:{}'),(116169,'01EITORT',0,0,0,0,0,'a:0:{}'),(116170,'017CBRUC',0,0,0,0,0,'a:0:{}'),(116171,'017DGIAL',0,0,0,0,0,'a:0:{}'),(116172,'017EPANN',0,0,0,0,0,'a:0:{}'),(116173,'017FBIAN',0,0,0,0,0,'a:0:{}'),(116174,'01E4BORD',0,0,0,0,0,'a:0:{}'),(116175,'01E5CELE',0,0,0,0,0,'a:0:{}'),(116176,'01E6AZZU',0,0,0,0,0,'a:0:{}'),(116177,'01E7TERR',0,0,0,0,0,'a:0:{}'),(116178,'01E8MOKA',0,0,0,0,0,'a:0:{}'),(116180,'03E5CELE',0,0,0,0,0,'a:0:{}'),(116181,'03E6AZZU',0,0,0,0,0,'a:0:{}'),(116182,'03E7TERR',0,0,0,0,0,'a:0:{}'),(116183,'03E8MOKA',0,0,0,0,0,'a:0:{}'),(116184,'03E9CORD',0,0,0,0,0,'a:0:{}'),(116185,'03EADARK',0,0,0,0,0,'a:0:{}'),(116186,'03ECGRIG',0,0,0,0,0,'a:0:{}'),(116187,'03EEGRIG',0,0,0,0,0,'a:0:{}'),(116188,'03EGGRIS',0,0,0,0,0,'a:0:{}'),(116189,'037LNOCE',0,0,0,0,0,'a:0:{}'),(116190,'037QROVM',0,0,0,0,0,'a:0:{}'),(116191,'037RROVE',0,0,0,0,0,'a:0:{}'),(116192,'037SROVE',0,0,0,0,0,'a:0:{}'),(116194,'017DGIAL',0,0,0,0,0,'a:0:{}'),(116195,'017EPANN',0,0,0,0,0,'a:0:{}'),(116196,'01E4BORD',0,0,0,0,0,'a:0:{}'),(116197,'01E5CELE',0,0,0,0,0,'a:0:{}'),(116198,'01E6AZZU',0,0,0,0,0,'a:0:{}'),(116199,'01E7TERR',0,0,0,0,0,'a:0:{}'),(116200,'01E8MOKA',0,0,0,0,0,'a:0:{}'),(116201,'03EBCREM',0,0,0,1,0,'a:0:{}'),(116202,'03E5CELE',0,0,0,1,0,'a:0:{}'),(116203,'03E6AZZU',0,0,0,1,0,'a:0:{}'),(116204,'03E7TERR',0,0,0,1,0,'a:0:{}'),(116205,'03E8MOKA',0,0,0,1,0,'a:0:{}'),(116206,'03E9CORD',0,0,0,1,0,'a:0:{}'),(116207,'03EADARK',0,0,0,1,0,'a:0:{}'),(116208,'03ECGRIG',0,0,0,1,0,'a:0:{}'),(116209,'03EEGRIG',0,0,0,1,0,'a:0:{}'),(116210,'03EGGRIS',0,0,0,1,0,'a:0:{}'),(116211,'037LNOCE',0,0,0,1,0,'a:0:{}'),(116212,'037QROVM',0,0,0,1,0,'a:0:{}'),(116213,'037RROVE',0,0,0,1,0,'a:0:{}'),(116214,'037SROVE',0,0,0,1,0,'a:0:{}'),(116216,'03E5CELE',0,0,0,0,0,'a:0:{}'),(116217,'03E6AZZU',0,0,0,0,0,'a:0:{}'),(116218,'03E7TERR',0,0,0,0,0,'a:0:{}'),(116219,'03E8MOKA',0,0,0,0,0,'a:0:{}'),(116220,'03E9CORD',0,0,0,0,0,'a:0:{}'),(116221,'03EADARK',0,0,0,0,0,'a:0:{}'),(116222,'03ECGRIG',0,0,0,0,0,'a:0:{}'),(116223,'037LNOCE',0,0,0,0,0,'a:0:{}'),(116224,'037QROVM',0,0,0,0,0,'a:0:{}'),(116225,'037RROVE',0,0,0,0,0,'a:0:{}'),(116226,'037SROVE',0,0,0,0,0,'a:0:{}'),(116228,'03E2ROSS',0,0,0,0,0,'a:0:{}'),(116229,'03E3CANA',0,0,0,0,0,'a:0:{}'),(116230,'03E4BORD',0,0,0,0,0,'a:0:{}'),(116231,'03E5CELE',0,0,0,0,0,'a:0:{}'),(116232,'03E6AZZU',0,0,0,0,0,'a:0:{}'),(116233,'03E7TERR',0,0,0,0,0,'a:0:{}'),(116234,'03E8MOKA',0,0,0,0,0,'a:0:{}'),(116235,'03E9CORD',0,0,0,0,0,'a:0:{}'),(116236,'03EADARK',0,0,0,0,0,'a:0:{}'),(116237,'03ECGRIG',0,0,0,0,0,'a:0:{}'),(116238,'037SROVE',0,0,0,0,0,'a:0:{}'),(116240,'03E2ROSS',0,0,0,0,0,'a:0:{}'),(116241,'03E3CANA',0,0,0,0,0,'a:0:{}'),(116242,'03E4BORD',0,0,0,0,0,'a:0:{}'),(116243,'03E5CELE',0,0,0,0,0,'a:0:{}'),(116244,'03E6AZZU',0,0,0,0,0,'a:0:{}'),(116245,'03E7TERR',0,0,0,0,0,'a:0:{}'),(116246,'03E8MOKA',0,0,0,0,0,'a:0:{}'),(116247,'03E9CORD',0,0,0,0,0,'a:0:{}'),(116248,'03EADARK',0,0,0,0,0,'a:0:{}'),(116249,'03ECGRIG',0,0,0,0,0,'a:0:{}'),(116250,'037SROVE',0,0,0,0,0,'a:0:{}'),(116252,'017DGIAL',0,0,0,0,0,'a:0:{}'),(116253,'017EPANN',0,0,0,0,0,'a:0:{}'),(116254,'017FBIAN',0,0,0,0,0,'a:0:{}'),(116255,'01E4BORD',0,0,0,0,0,'a:0:{}'),(116256,'01E5CELE',0,0,0,0,0,'a:0:{}'),(116257,'01E6AZZU',0,0,0,0,0,'a:0:{}'),(116258,'01E7TERR',0,0,0,0,0,'a:0:{}'),(116259,'01E8MOKA',0,0,0,0,0,'a:0:{}'),(116260,'03EBCREM',0,0,0,1,0,'a:0:{}'),(116261,'03E5CELE',0,0,0,1,0,'a:0:{}'),(116262,'03E6AZZU',0,0,0,1,0,'a:0:{}'),(116263,'03E7TERR',0,0,0,1,0,'a:0:{}'),(116264,'03E8MOKA',0,0,0,1,0,'a:0:{}'),(116265,'03E9CORD',0,0,0,1,0,'a:0:{}'),(116266,'03EADARK',0,0,0,1,0,'a:0:{}'),(116267,'03ECGRIG',0,0,0,1,0,'a:0:{}'),(116268,'037LNOCE',0,0,0,1,0,'a:0:{}'),(116269,'037QROVM',0,0,0,1,0,'a:0:{}'),(116270,'037RROVE',0,0,0,1,0,'a:0:{}'),(116271,'037SROVE',0,0,0,1,0,'a:0:{}'),(116272,'017CBRUC',0,0,0,0,0,'a:0:{}'),(116273,'017DGIAL',0,0,0,0,0,'a:0:{}'),(116274,'017EPANN',0,0,0,0,0,'a:0:{}'),(116275,'017FBIAN',0,0,0,0,0,'a:0:{}'),(116276,'01E4BORD',0,0,0,0,0,'a:0:{}'),(116277,'01E5CELE',0,0,0,0,0,'a:0:{}'),(116278,'01E6AZZU',0,0,0,0,0,'a:0:{}'),(116279,'01E7TERR',0,0,0,0,0,'a:0:{}'),(116280,'01E8MOKA',0,0,0,0,0,'a:0:{}'),(116283,'017EPANN',0,0,0,0,0,'a:0:{}'),(116284,'017FBIAN',0,0,0,0,0,'a:0:{}'),(116285,'01E4BORD',0,0,0,0,0,'a:0:{}'),(116286,'01E5CELE',0,0,0,0,0,'a:0:{}'),(116287,'01E6AZZU',0,0,0,0,0,'a:0:{}'),(116288,'01E7TERR',0,0,0,0,0,'a:0:{}'),(116289,'01E8MOKA',0,0,0,0,0,'a:0:{}'),(116290,'03EBCREM',0,0,0,1,0,'a:0:{}'),(116291,'03E5CELE',0,0,0,1,0,'a:0:{}'),(116292,'03E6AZZU',0,0,0,1,0,'a:0:{}'),(116293,'03E7TERR',0,0,0,1,0,'a:0:{}'),(116294,'03E8MOKA',0,0,0,1,0,'a:0:{}'),(116295,'03E9CORD',0,0,0,1,0,'a:0:{}'),(116296,'03EADARK',0,0,0,1,0,'a:0:{}'),(116297,'03ECGRIG',0,0,0,1,0,'a:0:{}'),(116298,'037LNOCE',0,0,0,1,0,'a:0:{}'),(116299,'037QROVM',0,0,0,1,0,'a:0:{}'),(116300,'037RROVE',0,0,0,1,0,'a:0:{}'),(116301,'037SROVE',0,0,0,1,0,'a:0:{}'),(116302,'06EBCREM',0,0,0,2,0,'a:0:{}'),(116303,'06E4BORD',0,0,0,2,0,'a:0:{}'),(116304,'06E5CELE',0,0,0,2,0,'a:0:{}'),(116305,'06E6AZZU',0,0,0,2,0,'a:0:{}'),(116306,'06E7TERR',0,0,0,2,0,'a:0:{}'),(116307,'06E8MOKA',0,0,0,2,0,'a:0:{}'),(116308,'06E9CORD',0,0,0,2,0,'a:0:{}'),(116309,'06EADARK',0,0,0,2,0,'a:0:{}'),(116310,'06ECGRIG',0,0,0,2,0,'a:0:{}'),(116312,'017DGIAL',0,0,0,0,0,'a:0:{}'),(116313,'017EPANN',0,0,0,0,0,'a:0:{}'),(116314,'017FBIAN',0,0,0,0,0,'a:0:{}'),(116315,'01E4BORD',0,0,0,0,0,'a:0:{}'),(116316,'01E5CELE',0,0,0,0,0,'a:0:{}'),(116317,'01E6AZZU',0,0,0,0,0,'a:0:{}'),(116318,'01E7TERR',0,0,0,0,0,'a:0:{}'),(116319,'01E8MOKA',0,0,0,0,0,'a:0:{}'),(116320,'01EEGRIG',0,0,0,0,0,'a:0:{}'),(116321,'01EGGRIS',0,0,0,0,0,'a:0:{}'),(116322,'06EBCREM',0,0,0,2,0,'a:0:{}'),(116323,'06E4BORD',0,0,0,2,0,'a:0:{}'),(116324,'06E5CELE',0,0,0,2,0,'a:0:{}'),(116325,'06E6AZZU',0,0,0,2,0,'a:0:{}'),(116326,'06E7TERR',0,0,0,2,0,'a:0:{}'),(116327,'06E8MOKA',0,0,0,2,0,'a:0:{}'),(116328,'06E9CORD',0,0,0,2,0,'a:0:{}'),(116329,'06EADARK',0,0,0,2,0,'a:0:{}'),(116330,'06ECGRIG',0,0,0,2,0,'a:0:{}'),(116331,'017CBRUC',0,0,0,0,0,'a:0:{}'),(116332,'017DGIAL',0,0,0,0,0,'a:0:{}'),(116333,'017EPANN',0,0,0,0,0,'a:0:{}'),(116334,'017FBIAN',0,0,0,0,0,'a:0:{}'),(116335,'01E4BORD',0,0,0,0,0,'a:0:{}'),(116336,'01E5CELE',0,0,0,0,0,'a:0:{}'),(116337,'01E6AZZU',0,0,0,0,0,'a:0:{}'),(116338,'01E7TERR',0,0,0,0,0,'a:0:{}'),(116339,'01E8MOKA',0,0,0,0,0,'a:0:{}'),(116340,'01EEGRIG',0,0,0,0,0,'a:0:{}'),(116341,'01EGGRIS',0,0,0,0,0,'a:0:{}'),(116342,'01EHTERR',0,0,0,0,0,'a:0:{}'),(116343,'01EITORT',0,0,0,0,0,'a:0:{}'),(116345,'017EPANN',0,0,0,0,0,'a:0:{}'),(116346,'017FBIAN',0,0,0,0,0,'a:0:{}'),(116347,'01E4BORD',0,0,0,0,0,'a:0:{}'),(116348,'01E5CELE',0,0,0,0,0,'a:0:{}'),(116349,'01E6AZZU',0,0,0,0,0,'a:0:{}'),(116350,'01E7TERR',0,0,0,0,0,'a:0:{}'),(116351,'01E8MOKA',0,0,0,0,0,'a:0:{}'),(116352,'01EEGRIG',0,0,0,0,0,'a:0:{}'),(116353,'01EGGRIS',0,0,0,0,0,'a:0:{}'),(116354,'06EBCREM',0,0,0,2,0,'a:0:{}'),(116355,'06E4BORD',0,0,0,2,0,'a:0:{}'),(116356,'06E5CELE',0,0,0,2,0,'a:0:{}'),(116357,'06E6AZZU',0,0,0,2,0,'a:0:{}'),(116358,'06E7TERR',0,0,0,2,0,'a:0:{}'),(116359,'06E8MOKA',0,0,0,2,0,'a:0:{}'),(116360,'06E9CORD',0,0,0,2,0,'a:0:{}'),(116361,'06EADARK',0,0,0,2,0,'a:0:{}'),(116362,'06ECGRIG',0,0,0,2,0,'a:0:{}'),(116364,'01E4BORD',0,0,0,0,0,'a:0:{}'),(116365,'01E5CELE',0,0,0,0,0,'a:0:{}'),(116366,'01E6AZZU',0,0,0,0,0,'a:0:{}'),(116367,'01E7TERR',0,0,0,0,0,'a:0:{}'),(116368,'01E8MOKA',0,0,0,0,0,'a:0:{}'),(116369,'016FCORD',0,0,0,0,0,'a:0:{}'),(116370,'016HCREM',0,0,0,0,0,'a:0:{}'),(116371,'06EBCREM',0,0,0,1,0,'a:0:{}'),(116372,'06E5CELE',0,0,0,1,0,'a:0:{}'),(116373,'06E6AZZU',0,0,0,1,0,'a:0:{}'),(116374,'06E7TERR',0,0,0,1,0,'a:0:{}'),(116375,'06E8MOKA',0,0,0,1,0,'a:0:{}'),(116376,'06E9CORD',0,0,0,1,0,'a:0:{}'),(116377,'06EADARK',0,0,0,1,0,'a:0:{}'),(116378,'06ECGRIG',0,0,0,1,0,'a:0:{}'),(116379,'06EDRUGG',0,0,0,1,0,'a:0:{}'),(116381,'017EPANN',0,0,0,0,0,'a:0:{}'),(116382,'017FBIAN',0,0,0,0,0,'a:0:{}'),(116383,'01E4BORD',0,0,0,0,0,'a:0:{}'),(116384,'01E5CELE',0,0,0,0,0,'a:0:{}'),(116385,'01E6AZZU',0,0,0,0,0,'a:0:{}'),(116386,'01E7TERR',0,0,0,0,0,'a:0:{}'),(116387,'01E8MOKA',0,0,0,0,0,'a:0:{}'),(116388,'03EBCREM',0,0,0,1,0,'a:0:{}'),(116389,'03E5CELE',0,0,0,1,0,'a:0:{}'),(116390,'03E6AZZU',0,0,0,1,0,'a:0:{}'),(116391,'03E7TERR',0,0,0,1,0,'a:0:{}'),(116392,'03E8MOKA',0,0,0,1,0,'a:0:{}'),(116393,'03E9CORD',0,0,0,1,0,'a:0:{}'),(116394,'03EADARK',0,0,0,1,0,'a:0:{}'),(116395,'03ECGRIG',0,0,0,1,0,'a:0:{}'),(116396,'037LNOCE',0,0,0,1,0,'a:0:{}'),(116397,'037QROVM',0,0,0,1,0,'a:0:{}'),(116398,'037RROVE',0,0,0,1,0,'a:0:{}'),(116399,'037SROVE',0,0,0,1,0,'a:0:{}'),(116400,'017CBRUC',0,0,0,0,0,'a:0:{}'),(116401,'017DGIAL',0,0,0,0,0,'a:0:{}'),(116402,'017EPANN',0,0,0,0,0,'a:0:{}'),(116403,'017FBIAN',0,0,0,0,0,'a:0:{}'),(116404,'01E4BORD',0,0,0,0,0,'a:0:{}'),(116405,'01E5CELE',0,0,0,0,0,'a:0:{}'),(116406,'01E6AZZU',0,0,0,0,0,'a:0:{}'),(116407,'01E7TERR',0,0,0,0,0,'a:0:{}'),(116408,'01E8MOKA',0,0,0,0,0,'a:0:{}'),(116409,'01EEGRIG',0,0,0,0,0,'a:0:{}'),(116410,'01EGGRIS',0,0,0,0,0,'a:0:{}'),(116411,'01EHTERR',0,0,0,0,0,'a:0:{}'),(116412,'01EITORT',0,0,0,0,0,'a:0:{}'),(116413,'017CBRUC',0,0,0,0,0,'a:0:{}'),(116414,'017DGIAL',0,0,0,0,0,'a:0:{}'),(116415,'017EPANN',0,0,0,0,0,'a:0:{}'),(116416,'017FBIAN',0,0,0,0,0,'a:0:{}'),(116417,'01E4BORD',0,0,0,0,0,'a:0:{}'),(116418,'01E5CELE',0,0,0,0,0,'a:0:{}'),(116419,'01E6AZZU',0,0,0,0,0,'a:0:{}'),(116420,'01E7TERR',0,0,0,0,0,'a:0:{}'),(116421,'01E8MOKA',0,0,0,0,0,'a:0:{}'),(116422,'01EEGRIG',0,0,0,0,0,'a:0:{}'),(116423,'01EGGRIS',0,0,0,0,0,'a:0:{}'),(116424,'01EHTERR',0,0,0,0,0,'a:0:{}'),(116425,'01EITORT',0,0,0,0,0,'a:0:{}'),(116426,'017CBRUC',0,0,0,0,0,'a:0:{}'),(116427,'017DGIAL',0,0,0,0,0,'a:0:{}'),(116428,'017EPANN',0,0,0,0,0,'a:0:{}'),(116429,'017FBIAN',0,0,0,0,0,'a:0:{}'),(116430,'01E4BORD',0,0,0,0,0,'a:0:{}'),(116431,'01E5CELE',0,0,0,0,0,'a:0:{}'),(116432,'01E6AZZU',0,0,0,0,0,'a:0:{}'),(116433,'01E7TERR',0,0,0,0,0,'a:0:{}'),(116434,'01E8MOKA',0,0,0,0,0,'a:0:{}'),(116435,'01EEGRIG',0,0,0,0,0,'a:0:{}'),(116436,'01EGGRIS',0,0,0,0,0,'a:0:{}'),(116438,'017DGIAL',0,0,0,0,0,'a:0:{}'),(116439,'017EPANN',0,0,0,0,0,'a:0:{}'),(116440,'017FBIAN',0,0,0,0,0,'a:0:{}'),(116441,'01E4BORD',0,0,0,0,0,'a:0:{}'),(116442,'01E5CELE',0,0,0,0,0,'a:0:{}'),(116443,'01E6AZZU',0,0,0,0,0,'a:0:{}'),(116444,'01E7TERR',0,0,0,0,0,'a:0:{}'),(116445,'01E8MOKA',0,0,0,0,0,'a:0:{}'),(116446,'01EEGRIG',0,0,0,0,0,'a:0:{}'),(116447,'01EGGRIS',0,0,0,0,0,'a:0:{}'),(116448,'06EBCREM',0,0,0,1,0,'a:0:{}'),(116449,'06E4BORD',0,0,0,1,0,'a:0:{}'),(116450,'06E5CELE',0,0,0,1,0,'a:0:{}'),(116451,'06E6AZZU',0,0,0,1,0,'a:0:{}'),(116452,'06E7TERR',0,0,0,1,0,'a:0:{}'),(116453,'06E8MOKA',0,0,0,1,0,'a:0:{}'),(116454,'06E9CORD',0,0,0,1,0,'a:0:{}'),(116455,'06EADARK',0,0,0,1,0,'a:0:{}'),(116456,'06ECGRIG',0,0,0,1,0,'a:0:{}'),(116459,'017EPANN',0,0,0,0,0,'a:0:{}'),(116460,'017FBIAN',0,0,0,0,0,'a:0:{}'),(116461,'01E4BORD',0,0,0,0,0,'a:0:{}'),(116462,'01E5CELE',0,0,0,0,0,'a:0:{}'),(116463,'01E6AZZU',0,0,0,0,0,'a:0:{}'),(116464,'01E7TERR',0,0,0,0,0,'a:0:{}'),(116465,'01E8MOKA',0,0,0,0,0,'a:0:{}'),(116466,'01EEGRIG',0,0,0,0,0,'a:0:{}'),(116467,'01EGGRIS',0,0,0,0,0,'a:0:{}'),(116468,'06EBCREM',0,0,0,2,0,'a:0:{}'),(116469,'06E4BORD',0,0,0,2,0,'a:0:{}'),(116470,'06E5CELE',0,0,0,2,0,'a:0:{}'),(116471,'06E6AZZU',0,0,0,2,0,'a:0:{}'),(116472,'06E7TERR',0,0,0,2,0,'a:0:{}'),(116473,'06E8MOKA',0,0,0,2,0,'a:0:{}'),(116474,'06E9CORD',0,0,0,2,0,'a:0:{}'),(116475,'06EADARK',0,0,0,2,0,'a:0:{}'),(116476,'06ECGRIG',0,0,0,2,0,'a:0:{}'),(116477,'017CBRUC',0,0,0,0,0,'a:0:{}'),(116478,'017DGIAL',0,0,0,0,0,'a:0:{}'),(116479,'017EPANN',0,0,0,0,0,'a:0:{}'),(116480,'017FBIAN',0,0,0,0,0,'a:0:{}'),(116481,'01E4BORD',0,0,0,0,0,'a:0:{}'),(116482,'01E5CELE',0,0,0,0,0,'a:0:{}'),(116483,'01E6AZZU',0,0,0,0,0,'a:0:{}'),(116484,'01E7TERR',0,0,0,0,0,'a:0:{}'),(116485,'01E8MOKA',0,0,0,0,0,'a:0:{}'),(116486,'01EEGRIG',0,0,0,0,0,'a:0:{}'),(116487,'01EGGRIS',0,0,0,0,0,'a:0:{}'),(116488,'017CBRUC',0,0,0,0,0,'a:0:{}'),(116489,'017DGIAL',0,0,0,0,0,'a:0:{}'),(116490,'017EPANN',0,0,0,0,0,'a:0:{}'),(116491,'017FBIAN',0,0,0,0,0,'a:0:{}'),(116492,'01E4BORD',0,0,0,0,0,'a:0:{}'),(116493,'01E5CELE',0,0,0,0,0,'a:0:{}'),(116494,'01E6AZZU',0,0,0,0,0,'a:0:{}'),(116495,'01E7TERR',0,0,0,0,0,'a:0:{}'),(116496,'01E8MOKA',0,0,0,0,0,'a:0:{}'),(116497,'01EEGRIG',0,0,0,0,0,'a:0:{}'),(116498,'01EGGRIS',0,0,0,0,0,'a:0:{}'),(116499,'01EHTERR',0,0,0,0,0,'a:0:{}'),(116500,'01EITORT',0,0,0,0,0,'a:0:{}'),(116501,'017CBRUC',0,0,0,0,0,'a:0:{}'),(116502,'017DGIAL',0,0,0,0,0,'a:0:{}'),(116503,'017EPANN',0,0,0,0,0,'a:0:{}'),(116504,'017FBIAN',0,0,0,0,0,'a:0:{}'),(116505,'01E4BORD',0,0,0,0,0,'a:0:{}'),(116506,'01E5CELE',0,0,0,0,0,'a:0:{}'),(116507,'01E6AZZU',0,0,0,0,0,'a:0:{}'),(116508,'01E7TERR',0,0,0,0,0,'a:0:{}'),(116509,'01E8MOKA',0,0,0,0,0,'a:0:{}'),(116510,'01EEGRIG',0,0,0,0,0,'a:0:{}'),(116511,'01EGGRIS',0,0,0,0,0,'a:0:{}'),(116512,'01EHTERR',0,0,0,0,0,'a:0:{}'),(116513,'01EITORT',0,0,0,0,0,'a:0:{}'),(116514,'017CBRUC',0,0,0,0,0,'a:0:{}'),(116515,'017DGIAL',0,0,0,0,0,'a:0:{}'),(116516,'017EPANN',0,0,0,0,0,'a:0:{}'),(116517,'017FBIAN',0,0,0,0,0,'a:0:{}'),(116518,'01E4BORD',0,0,0,0,0,'a:0:{}'),(116519,'01E5CELE',0,0,0,0,0,'a:0:{}'),(116520,'01E6AZZU',0,0,0,0,0,'a:0:{}'),(116521,'01E7TERR',0,0,0,0,0,'a:0:{}'),(116522,'01E8MOKA',0,0,0,0,0,'a:0:{}'),(116523,'01EEGRIG',0,0,0,0,0,'a:0:{}'),(116524,'01EGGRIS',0,0,0,0,0,'a:0:{}'),(116525,'01EHTERR',0,0,0,0,0,'a:0:{}'),(116526,'01EITORT',0,0,0,0,0,'a:0:{}'),(116527,'017CBRUC',0,0,0,0,0,'a:0:{}'),(116528,'017DGIAL',0,0,0,0,0,'a:0:{}'),(116529,'017EPANN',0,0,0,0,0,'a:0:{}'),(116530,'017FBIAN',0,0,0,0,0,'a:0:{}'),(116531,'01E4BORD',0,0,0,0,0,'a:0:{}'),(116532,'01E5CELE',0,0,0,0,0,'a:0:{}'),(116533,'01E6AZZU',0,0,0,0,0,'a:0:{}'),(116534,'01E7TERR',0,0,0,0,0,'a:0:{}'),(116535,'01E8MOKA',0,0,0,0,0,'a:0:{}'),(116536,'01EEGRIG',0,0,0,0,0,'a:0:{}'),(116537,'01EGGRIS',0,0,0,0,0,'a:0:{}'),(116538,'01EHTERR',0,0,0,0,0,'a:0:{}'),(116539,'01EITORT',0,0,0,0,0,'a:0:{}'),(116540,'017CBRUC',0,0,0,0,0,'a:0:{}'),(116541,'017DGIAL',0,0,0,0,0,'a:0:{}'),(116542,'017EPANN',0,0,0,0,0,'a:0:{}'),(116543,'017FBIAN',0,0,0,0,0,'a:0:{}'),(116544,'01E4BORD',0,0,0,0,0,'a:0:{}'),(116545,'01E5CELE',0,0,0,0,0,'a:0:{}'),(116546,'01E6AZZU',0,0,0,0,0,'a:0:{}'),(116547,'01E7TERR',0,0,0,0,0,'a:0:{}'),(116548,'01E8MOKA',0,0,0,0,0,'a:0:{}'),(116549,'01EEGRIG',0,0,0,0,0,'a:0:{}'),(116550,'01EGGRIS',0,0,0,0,0,'a:0:{}'),(116551,'01EHTERR',0,0,0,0,0,'a:0:{}'),(116552,'01EITORT',0,0,0,0,0,'a:0:{}'),(116553,'017CBRUC',0,0,0,0,0,'a:0:{}'),(116554,'017DGIAL',0,0,0,0,0,'a:0:{}'),(116555,'017EPANN',0,0,0,0,0,'a:0:{}'),(116556,'017FBIAN',0,0,0,0,0,'a:0:{}'),(116557,'01E4BORD',0,0,0,0,0,'a:0:{}'),(116558,'01E5CELE',0,0,0,0,0,'a:0:{}'),(116559,'01E6AZZU',0,0,0,0,0,'a:0:{}'),(116560,'01E7TERR',0,0,0,0,0,'a:0:{}'),(116561,'01E8MOKA',0,0,0,0,0,'a:0:{}'),(116562,'01EEGRIG',0,0,0,0,0,'a:0:{}'),(116563,'01EGGRIS',0,0,0,0,0,'a:0:{}'),(116564,'01EHTERR',0,0,0,0,0,'a:0:{}'),(116565,'01EITORT',0,0,0,0,0,'a:0:{}'),(116566,'017CBRUC',0,0,0,0,0,'a:0:{}'),(116567,'017DGIAL',0,0,0,0,0,'a:0:{}'),(116568,'017EPANN',0,0,0,0,0,'a:0:{}'),(116569,'017FBIAN',0,0,0,0,0,'a:0:{}'),(116570,'01E4BORD',0,0,0,0,0,'a:0:{}'),(116571,'01E5CELE',0,0,0,0,0,'a:0:{}'),(116572,'01E6AZZU',0,0,0,0,0,'a:0:{}'),(116573,'01E7TERR',0,0,0,0,0,'a:0:{}'),(116574,'01E8MOKA',0,0,0,0,0,'a:0:{}'),(116575,'017CBRUC',0,0,0,0,0,'a:0:{}'),(116576,'017DGIAL',0,0,0,0,0,'a:0:{}'),(116577,'017EPANN',0,0,0,0,0,'a:0:{}'),(116578,'017FBIAN',0,0,0,0,0,'a:0:{}'),(116579,'01E4BORD',0,0,0,0,0,'a:0:{}'),(116580,'01E5CELE',0,0,0,0,0,'a:0:{}'),(116581,'01E6AZZU',0,0,0,0,0,'a:0:{}'),(116582,'01E7TERR',0,0,0,0,0,'a:0:{}'),(116583,'01E8MOKA',0,0,0,0,0,'a:0:{}'),(116584,'017CBRUC',0,0,0,0,0,'a:0:{}'),(116585,'017DGIAL',0,0,0,0,0,'a:0:{}'),(116586,'017EPANN',0,0,0,0,0,'a:0:{}'),(116587,'017FBIAN',0,0,0,0,0,'a:0:{}'),(116588,'01E4BORD',0,0,0,0,0,'a:0:{}'),(116589,'01E5CELE',0,0,0,0,0,'a:0:{}'),(116590,'01E6AZZU',0,0,0,0,0,'a:0:{}'),(116591,'01E7TERR',0,0,0,0,0,'a:0:{}'),(116592,'01E8MOKA',0,0,0,0,0,'a:0:{}'),(116593,'01EEGRIG',0,0,0,0,0,'a:0:{}'),(116594,'01EGGRIS',0,0,0,0,0,'a:0:{}'),(116595,'01EHTERR',0,0,0,0,0,'a:0:{}'),(116596,'01EITORT',0,0,0,0,0,'a:0:{}'),(116597,'017CBRUC',0,0,0,0,0,'a:0:{}'),(116598,'017DGIAL',0,0,0,0,0,'a:0:{}'),(116599,'017EPANN',0,0,0,0,0,'a:0:{}'),(116600,'017FBIAN',0,0,0,0,0,'a:0:{}'),(116601,'01E4BORD',0,0,0,0,0,'a:0:{}'),(116602,'01E5CELE',0,0,0,0,0,'a:0:{}'),(116603,'01E6AZZU',0,0,0,0,0,'a:0:{}'),(116604,'01E7TERR',0,0,0,0,0,'a:0:{}'),(116605,'01E8MOKA',0,0,0,0,0,'a:0:{}'),(116606,'01EEGRIG',0,0,0,0,0,'a:0:{}'),(116607,'01EGGRIS',0,0,0,0,0,'a:0:{}'),(116608,'01EHTERR',0,0,0,0,0,'a:0:{}'),(116609,'01EITORT',0,0,0,0,0,'a:0:{}'),(116610,'017CBRUC',0,0,0,0,0,'a:0:{}'),(116611,'017DGIAL',0,0,0,0,0,'a:0:{}'),(116612,'017EPANN',0,0,0,0,0,'a:0:{}'),(116613,'017FBIAN',0,0,0,0,0,'a:0:{}'),(116614,'01E4BORD',0,0,0,0,0,'a:0:{}'),(116615,'01E5CELE',0,0,0,0,0,'a:0:{}'),(116616,'01E6AZZU',0,0,0,0,0,'a:0:{}'),(116617,'01E7TERR',0,0,0,0,0,'a:0:{}'),(116618,'01E8MOKA',0,0,0,0,0,'a:0:{}'),(116619,'01EEGRIG',0,0,0,0,0,'a:0:{}'),(116620,'01EGGRIS',0,0,0,0,0,'a:0:{}'),(116621,'01EHTERR',0,0,0,0,0,'a:0:{}'),(116622,'01EITORT',0,0,0,0,0,'a:0:{}'),(116623,'03EBCREM',0,0,0,1,0,'a:0:{}'),(116624,'03E5CELE',0,0,0,1,0,'a:0:{}'),(116625,'03E6AZZU',0,0,0,1,0,'a:0:{}'),(116626,'03E7TERR',0,0,0,1,0,'a:0:{}'),(116627,'03E8MOKA',0,0,0,1,0,'a:0:{}'),(116628,'03E9CORD',0,0,0,1,0,'a:0:{}'),(116629,'037LNOCE',0,0,0,1,0,'a:0:{}'),(116630,'037QROVM',0,0,0,1,0,'a:0:{}'),(116631,'037RROVE',0,0,0,1,0,'a:0:{}'),(116632,'037MROCA',0,0,0,1,0,'a:0:{}'),(116633,'037NROVC',0,0,0,1,0,'a:0:{}'),(116634,'037OROVG',0,0,0,1,0,'a:0:{}'),(116635,'037TROVV',0,0,0,1,0,'a:0:{}'),(116637,'017DGIAL',0,0,0,0,0,'a:0:{}'),(116638,'017EPANN',0,0,0,0,0,'a:0:{}'),(116639,'017FBIAN',0,0,0,0,0,'a:0:{}'),(116640,'01E4BORD',0,0,0,0,0,'a:0:{}'),(116641,'01E5CELE',0,0,0,0,0,'a:0:{}'),(116642,'01E6AZZU',0,0,0,0,0,'a:0:{}'),(116643,'01E7TERR',0,0,0,0,0,'a:0:{}'),(116644,'01E8MOKA',0,0,0,0,0,'a:0:{}'),(116645,'03EBCREM',0,0,0,1,0,'a:0:{}'),(116646,'03E5CELE',0,0,0,1,0,'a:0:{}'),(116647,'03E6AZZU',0,0,0,1,0,'a:0:{}'),(116648,'03E7TERR',0,0,0,1,0,'a:0:{}'),(116649,'03E8MOKA',0,0,0,1,0,'a:0:{}'),(116650,'03E9CORD',0,0,0,1,0,'a:0:{}'),(116651,'03EADARK',0,0,0,1,0,'a:0:{}'),(116652,'03ECGRIG',0,0,0,1,0,'a:0:{}'),(116653,'037LNOCE',0,0,0,1,0,'a:0:{}'),(116654,'037QROVM',0,0,0,1,0,'a:0:{}'),(116655,'037RROVE',0,0,0,1,0,'a:0:{}'),(116656,'037SROVE',0,0,0,1,0,'a:0:{}'),(114196,'0561ALTO',0,0,0,1,0,'a:0:{}'),(116671,'01N4NERO',0,0,0,0,0,'a:0:{}'),(116674,'01MBANTR',0,0,0,0,0,'a:0:{}'),(116684,'01MBMARS',0,0,0,0,0,'a:0:{}'),(116685,'01MSBBBI',0,0,0,0,0,'a:0:{}'),(116686,'01MSGGGP',0,0,0,0,0,'a:0:{}'),(116687,'01N4NERO',0,0,0,0,0,'a:0:{}'),(116693,'01N4NERO',0,0,0,0,0,'a:0:{}'),(116695,'01MSVE86',0,0,0,0,0,'a:0:{}'),(116696,'013RROVE',0,0,0,0,0,'a:0:{}'),(116697,'07MSRM86',0,0,0,2,0,'a:0:{}'),(116698,'07MSVV86',0,0,0,2,0,'a:0:{}'),(116699,'072FRAME',0,0,0,2,0,'a:0:{}'),(116704,'0561ALTO',0,0,0,2,0,'a:0:{}'),(116703,'03ST0046',0,0,0,1,0,'a:0:{}'),(116702,'03MSFRNE',0,0,0,1,0,'a:0:{}'),(116701,'01MORAME',0,0,0,0,0,'a:0:{}'),(116700,'01N4NERO',0,0,0,0,0,'a:0:{}'),(116709,'03ST0046',0,0,0,1,0,'a:0:{}'),(116708,'03MSFRNE',0,0,0,1,0,'a:0:{}'),(116707,'015WRAME',0,0,0,0,0,'a:0:{}'),(116706,'01N4NERO',0,0,0,0,0,'a:0:{}'),(116713,'03ST0046',0,0,0,1,0,'a:0:{}'),(116712,'03MSFRNE',0,0,0,1,0,'a:0:{}'),(116711,'015WRAME',0,0,0,0,0,'a:0:{}'),(116710,'01N4NERO',0,0,0,0,0,'a:0:{}'),(116728,'01N4NERO',0,0,0,0,0,'a:0:{}'),(116732,'01MSROBE',0,0,0,0,0,'a:0:{}'),(116737,'01MSROCO',0,0,0,0,0,'a:0:{}'),(116769,'01MSGGGP',0,0,0,0,0,'a:0:{}'),(116770,'01N4NERO',0,0,0,0,0,'a:0:{}'),(116805,'01MORAME',0,0,0,0,0,'a:0:{}'),(116812,'01MSGGGP',0,0,0,0,0,'a:0:{}'),(116813,'01N4NERO',0,0,0,0,0,'a:0:{}'),(116814,'01G7BRON',0,0,0,0,0,'a:0:{}'),(116819,'01MSBLIR',0,0,0,0,0,'a:0:{}'),(116820,'038HROVN',0,0,0,1,0,'a:0:{}'),(116821,'03MSFRNE',0,0,0,1,0,'a:0:{}'),(116826,'0176LABI',0,0,0,0,0,'a:0:{}'),(116827,'03BNL009',0,0,0,1,0,'a:0:{}'),(116890,'06MSBLIN',0,0,0,2,0,'a:0:{}'),(116891,'06MSGRAN',0,0,0,2,0,'a:0:{}'),(116892,'06MSRAME',0,0,0,2,0,'a:0:{}'),(116893,'06MSROMA',0,0,0,2,0,'a:0:{}'),(116894,'06MSVEVE',0,0,0,2,0,'a:0:{}'),(116901,'0128SORO',0,0,0,0,0,'a:0:{}'),(116902,'01MORAME',0,0,0,0,0,'a:0:{}'),(23883,'0102T157',0,0,0,0,0,'a:0:{}'),(23890,'0251CANE',0,0,0,1,0,'a:0:{}'),(23893,'0248CABL',0,0,0,1,0,'a:0:{}'),(23892,'0249CAEC',0,0,0,1,0,'a:0:{}'),(23900,'0104T122',0,0,0,0,0,'a:0:{}'),(23901,'0111T128',0,0,0,0,0,'a:0:{}'),(18495,'08AARETE',0,0,0,3,0,'a:0:{}'),(18494,'08ABRETE',0,0,0,3,0,'a:0:{}'),(116943,'09A6RMNE',0,0,0,1,0,'a:0:{}'),(116944,'09A7RMGO',0,0,0,1,0,'a:0:{}'),(116945,'09A9RMCR',0,0,0,1,0,'a:0:{}'),(116946,'09A8RMGF',0,0,0,1,0,'a:0:{}'),(116953,'04CMROSS',0,0,0,0,0,'a:0:{}'),(116954,'04COSABB',0,0,0,0,0,'a:0:{}'),(116955,'04MNAZZZ',0,0,0,0,0,'a:0:{}'),(116956,'04MNBLUS',0,0,0,0,0,'a:0:{}'),(116957,'04MNCICL',0,0,0,0,0,'a:0:{}'),(116958,'04MNGIAL',0,0,0,0,0,'a:0:{}'),(116959,'04MNMACH',0,0,0,0,0,'a:0:{}'),(116960,'04MNNERO',0,0,0,0,0,'a:0:{}'),(116961,'04MNVESC',0,0,0,0,0,'a:0:{}'),(116962,'04DKLAVA',0,0,0,0,0,'a:0:{}'),(116963,'04DNBLAC',0,0,0,0,0,'a:0:{}'),(116964,'04DRMARR',0,0,0,0,0,'a:0:{}'),(116965,'04DTSABB',0,0,0,0,0,'a:0:{}'),(116966,'04MN1000',0,0,0,0,0,'a:0:{}'),(116967,'04MN2511',0,0,0,0,0,'a:0:{}'),(116968,'04MN2557',0,0,0,0,0,'a:0:{}'),(116969,'04MN6688',0,0,0,0,0,'a:0:{}'),(116970,'04DEBIAN',0,0,0,0,0,'a:0:{}'),(116971,'04DFNERO',0,0,0,0,0,'a:0:{}'),(116972,'04DGGRIG',0,0,0,0,0,'a:0:{}'),(116973,'04DHBEIG',0,0,0,0,0,'a:0:{}'),(116974,'04DJROSS',0,0,0,0,0,'a:0:{}'),(116975,'04D1NERO',0,0,0,0,0,'a:0:{}'),(116976,'04MN0103',0,0,0,0,0,'a:0:{}'),(116977,'09A6RMNE',0,0,0,1,0,'a:0:{}'),(116978,'09A7RMGO',0,0,0,1,0,'a:0:{}'),(116979,'09A9RMCR',0,0,0,1,0,'a:0:{}'),(116980,'09A8RMGF',0,0,0,1,0,'a:0:{}'),(116988,'04COSABB',0,0,0,0,0,'a:0:{}'),(116989,'04MNAZZZ',0,0,0,0,0,'a:0:{}'),(116990,'04MNBLUS',0,0,0,0,0,'a:0:{}'),(116991,'04MNCICL',0,0,0,0,0,'a:0:{}'),(116992,'04MNGIAL',0,0,0,0,0,'a:0:{}'),(116993,'04MNMACH',0,0,0,0,0,'a:0:{}'),(116994,'04MNNERO',0,0,0,0,0,'a:0:{}'),(116995,'04MNVESC',0,0,0,0,0,'a:0:{}'),(116996,'04DKLAVA',0,0,0,0,0,'a:0:{}'),(116997,'04DNBLAC',0,0,0,0,0,'a:0:{}'),(116998,'04DRMARR',0,0,0,0,0,'a:0:{}'),(116999,'04DTSABB',0,0,0,0,0,'a:0:{}'),(117000,'04MN1000',0,0,0,0,0,'a:0:{}'),(117001,'04MN2511',0,0,0,0,0,'a:0:{}'),(117002,'04MN2557',0,0,0,0,0,'a:0:{}'),(117003,'04MN6688',0,0,0,0,0,'a:0:{}'),(117004,'04DEBIAN',0,0,0,0,0,'a:0:{}'),(117005,'04DFNERO',0,0,0,0,0,'a:0:{}'),(117006,'04DGGRIG',0,0,0,0,0,'a:0:{}'),(117007,'04DHBEIG',0,0,0,0,0,'a:0:{}'),(117008,'04DJROSS',0,0,0,0,0,'a:0:{}'),(117009,'04D1NERO',0,0,0,0,0,'a:0:{}'),(117010,'04MN0103',0,0,0,0,0,'a:0:{}'),(117011,'04MN0142',0,0,0,0,0,'a:0:{}'),(117012,'09A6RMNE',0,0,0,1,0,'a:0:{}'),(117013,'09A7RMGO',0,0,0,1,0,'a:0:{}'),(117014,'09A9RMCR',0,0,0,1,0,'a:0:{}'),(117015,'09A8RMGF',0,0,0,1,0,'a:0:{}'),(117023,'04MN2504',0,0,0,0,0,'a:0:{}'),(117024,'04MN3503',0,0,0,0,0,'a:0:{}'),(117025,'04MN4504',0,0,0,0,0,'a:0:{}'),(117026,'04MN5501',0,0,0,0,0,'a:0:{}'),(117027,'04MN6501',0,0,0,0,0,'a:0:{}'),(117028,'04MN6503',0,0,0,0,0,'a:0:{}'),(117029,'04MN6508',0,0,0,0,0,'a:0:{}'),(117030,'04MN7502',0,0,0,0,0,'a:0:{}'),(117031,'04MN7504',0,0,0,0,0,'a:0:{}'),(117032,'04MN8030',0,0,0,0,0,'a:0:{}'),(117033,'04MN8501',0,0,0,0,0,'a:0:{}'),(117034,'04MN0101',0,0,0,0,0,'a:0:{}'),(117035,'04MN0102',0,0,0,0,0,'a:0:{}'),(117036,'04MN0103',0,0,0,0,0,'a:0:{}'),(117037,'04MN0112',0,0,0,0,0,'a:0:{}'),(117038,'04MN0130',0,0,0,0,0,'a:0:{}'),(117039,'04MN0133',0,0,0,0,0,'a:0:{}'),(117040,'04MN0142',0,0,0,0,0,'a:0:{}'),(117041,'04MN0143',0,0,0,0,0,'a:0:{}'),(117042,'04MNGRIG',0,0,0,0,0,'a:0:{}'),(117402,'01DNLEGE',0,0,0,0,0,'a:0:{}'),(117403,'01DNLEGG',0,0,0,0,0,'a:0:{}'),(117404,'01DNLEGZ',0,0,0,0,0,'a:0:{}'),(117405,'01DNLEHA',0,0,0,0,0,'a:0:{}'),(117406,'01DNLEHN',0,0,0,0,0,'a:0:{}'),(117407,'01DNLEHO',0,0,0,0,0,'a:0:{}'),(117408,'01DNLENI',0,0,0,0,0,'a:0:{}'),(117409,'01DNLENO',0,0,0,0,0,'a:0:{}'),(117410,'01DNLEPA',0,0,0,0,0,'a:0:{}'),(117411,'01DNLEPE',0,0,0,0,0,'a:0:{}'),(117412,'01DNLEPI',0,0,0,0,0,'a:0:{}'),(117413,'01DNLEQU',0,0,0,0,0,'a:0:{}'),(117414,'01DNLERA',0,0,0,0,0,'a:0:{}'),(117415,'01DNLERB',0,0,0,0,0,'a:0:{}'),(117416,'01DNLERU',0,0,0,0,0,'a:0:{}'),(117417,'01DNLETI',0,0,0,0,0,'a:0:{}'),(117418,'01DNLEVA',0,0,0,0,0,'a:0:{}'),(117419,'01DNLEVG',0,0,0,0,0,'a:0:{}'),(117420,'01DNLEVS',0,0,0,0,0,'a:0:{}'),(117421,'01DNLOCE',0,0,0,0,0,'a:0:{}'),(117422,'01DNLOGR',0,0,0,0,0,'a:0:{}'),(117423,'01DNRONE',0,0,0,0,0,'a:0:{}'),(117398,'01DNLECO',0,0,0,0,0,'a:0:{}'),(117397,'01DNLECI',0,0,0,0,0,'a:0:{}'),(117396,'01DNLEBO',0,0,0,0,0,'a:0:{}'),(117395,'01DNLEAR',0,0,0,0,0,'a:0:{}'),(117394,'01DNLEAC',0,0,0,0,0,'a:0:{}'),(117393,'02QDGANT',0,0,0,0,0,'a:0:{}'),(117392,'02Q3BIAN',0,0,0,0,0,'a:0:{}'),(117391,'02PP1002',0,0,0,0,0,'a:0:{}'),(117390,'02D8POLI',0,0,0,0,0,'a:0:{}'),(117389,'02BDGRTO',0,0,0,0,0,'a:0:{}'),(117388,'09CEGAVO',0,0,0,1,0,'a:0:{}'),(117387,'09CEGAVI',0,0,0,1,0,'a:0:{}'),(117386,'09CEGARO',0,0,0,1,0,'a:0:{}'),(117385,'09CEGANE',0,0,0,1,0,'a:0:{}'),(117384,'09CEGAMA',0,0,0,1,0,'a:0:{}'),(117383,'09CEGAGT',0,0,0,1,0,'a:0:{}'),(117382,'09CEGAGS',0,0,0,1,0,'a:0:{}'),(117381,'09CEGAGR',0,0,0,1,0,'a:0:{}'),(117380,'09CEGAGC',0,0,0,1,0,'a:0:{}'),(117379,'09CEGABO',0,0,0,1,0,'a:0:{}'),(117378,'09CEGABL',0,0,0,1,0,'a:0:{}'),(117377,'09CEGABE',0,0,0,1,0,'a:0:{}'),(117376,'09CEGAAR',0,0,0,1,0,'a:0:{}'),(117375,'09CEMAVI',0,0,0,1,0,'a:0:{}'),(117374,'09CEMAVE',0,0,0,1,0,'a:0:{}'),(117373,'09CEMARA',0,0,0,1,0,'a:0:{}'),(117372,'09CEMANE',0,0,0,1,0,'a:0:{}'),(117371,'09CEMAGR',0,0,0,1,0,'a:0:{}'),(117370,'09CEMAGI',0,0,0,1,0,'a:0:{}'),(117369,'09CEMABL',0,0,0,1,0,'a:0:{}'),(117368,'09CEMAAZ',0,0,0,1,0,'a:0:{}'),(117367,'09CEMAAR',0,0,0,1,0,'a:0:{}'),(117366,'01MBANTR',0,0,0,0,0,'a:0:{}'),(117365,'011VSABB',0,0,0,0,0,'a:0:{}'),(117364,'062VSI00',0,0,0,1,0,'a:0:{}'),(117363,'062WNO00',0,0,0,1,0,'a:0:{}'),(117362,'01PEB300',0,0,0,0,0,'a:0:{}'),(117361,'01MSROCO',0,0,0,0,0,'a:0:{}'),(117360,'01ZM7043',0,0,0,0,0,'a:0:{}'),(117359,'01G4BIAN',0,0,0,0,0,'a:0:{}'),(117358,'02VA952F',0,0,0,0,0,'a:0:{}'),(117357,'02VA912G',0,0,0,0,0,'a:0:{}'),(117356,'02VA752S',0,0,0,0,0,'a:0:{}'),(117355,'02VA452O',0,0,0,0,0,'a:0:{}'),(117354,'02VA252O',0,0,0,0,0,'a:0:{}'),(117353,'02QDGANT',0,0,0,0,0,'a:0:{}'),(117352,'02Q3BIAN',0,0,0,0,0,'a:0:{}'),(117351,'02D8POLI',0,0,0,0,0,'a:0:{}'),(117350,'02BDVEOL',0,0,0,0,0,'a:0:{}'),(117349,'02BDGRTO',0,0,0,0,0,'a:0:{}'),(117348,'02QDGANT',0,0,0,0,0,'a:0:{}'),(117347,'02Q3BIAN',0,0,0,0,0,'a:0:{}'),(117346,'02D8POLI',0,0,0,0,0,'a:0:{}'),(117345,'02BDVEOL',0,0,0,0,0,'a:0:{}'),(117344,'02BDGRTO',0,0,0,0,0,'a:0:{}'),(117343,'02TQTECN',0,0,0,1,0,'a:0:{}'),(117342,'01N9ALLU',0,0,0,0,0,'a:0:{}'),(117341,'02QDGANT',0,0,0,0,0,'a:0:{}'),(117340,'02Q3BIAN',0,0,0,0,0,'a:0:{}'),(117339,'02PP1002',0,0,0,0,0,'a:0:{}'),(117338,'02D8POLI',0,0,0,0,0,'a:0:{}'),(117337,'02D7GRIG',0,0,0,0,0,'a:0:{}'),(117336,'02BDGRTO',0,0,0,0,0,'a:0:{}'),(117425,'01DNLECT',0,0,0,0,0,'a:0:{}'),(117426,'0744GAMB',0,0,0,1,0,'a:0:{}'),(117427,'0745GAMB',0,0,0,1,0,'a:0:{}'),(117428,'01DNLEAC',0,0,0,0,0,'a:0:{}'),(117429,'01DNLEAR',0,0,0,0,0,'a:0:{}'),(117430,'01DNLEBO',0,0,0,0,0,'a:0:{}'),(117431,'01DNLECI',0,0,0,0,0,'a:0:{}'),(117432,'01DNLECO',0,0,0,0,0,'a:0:{}'),(117433,'01DNLEEC',0,0,0,0,0,'a:0:{}'),(117434,'01DNLEEF',0,0,0,0,0,'a:0:{}'),(117435,'01DNLEGB',0,0,0,0,0,'a:0:{}'),(117436,'01DNLEGE',0,0,0,0,0,'a:0:{}'),(117437,'01DNLEGG',0,0,0,0,0,'a:0:{}'),(117438,'01DNLEGZ',0,0,0,0,0,'a:0:{}'),(117439,'01DNLEHA',0,0,0,0,0,'a:0:{}'),(117440,'01DNLEHN',0,0,0,0,0,'a:0:{}'),(117441,'01DNLEHO',0,0,0,0,0,'a:0:{}'),(117442,'01DNLENI',0,0,0,0,0,'a:0:{}'),(117443,'01DNLENO',0,0,0,0,0,'a:0:{}'),(117444,'01DNLEPA',0,0,0,0,0,'a:0:{}'),(117445,'01DNLEPE',0,0,0,0,0,'a:0:{}'),(117446,'01DNLEPI',0,0,0,0,0,'a:0:{}'),(117447,'01DNLEQU',0,0,0,0,0,'a:0:{}'),(117448,'01DNLERA',0,0,0,0,0,'a:0:{}'),(117449,'01DNLERB',0,0,0,0,0,'a:0:{}'),(117450,'01DNLERU',0,0,0,0,0,'a:0:{}'),(117451,'01DNLETI',0,0,0,0,0,'a:0:{}'),(117452,'01DNLEVA',0,0,0,0,0,'a:0:{}'),(117453,'01DNLEVG',0,0,0,0,0,'a:0:{}'),(117454,'01DNLEVS',0,0,0,0,0,'a:0:{}'),(117455,'01DNLOCE',0,0,0,0,0,'a:0:{}'),(117456,'01DNLOGR',0,0,0,0,0,'a:0:{}'),(117457,'01DNRONE',0,0,0,0,0,'a:0:{}'),(117458,'01DNROTA',0,0,0,0,0,'a:0:{}'),(117459,'03DNLAAC',0,0,0,1,0,'a:0:{}'),(117460,'03DNLABO',0,0,0,1,0,'a:0:{}'),(117461,'03DNLACI',0,0,0,1,0,'a:0:{}'),(117462,'03DNLACO',0,0,0,1,0,'a:0:{}'),(117463,'03DNLAEC',0,0,0,1,0,'a:0:{}'),(117464,'03DNLAGA',0,0,0,1,0,'a:0:{}'),(117465,'03DNLAGE',0,0,0,1,0,'a:0:{}'),(117466,'03DNLAGH',0,0,0,1,0,'a:0:{}'),(117467,'03DNLAGP',0,0,0,1,0,'a:0:{}'),(117468,'03DNLAGT',0,0,0,1,0,'a:0:{}'),(117469,'03DNLANE',0,0,0,1,0,'a:0:{}'),(117470,'03DNLAPE',0,0,0,1,0,'a:0:{}'),(117471,'03DNLAPT',0,0,0,1,0,'a:0:{}'),(117472,'03DNLAQU',0,0,0,1,0,'a:0:{}'),(117473,'03DNLARO',0,0,0,1,0,'a:0:{}'),(117474,'03DNLARU',0,0,0,1,0,'a:0:{}'),(117475,'03DNLASA',0,0,0,1,0,'a:0:{}'),(117476,'03DNLAVG',0,0,0,1,0,'a:0:{}'),(117477,'03DNLAVS',0,0,0,1,0,'a:0:{}'),(117478,'03DNLAZA',0,0,0,1,0,'a:0:{}'),(117479,'03DNLEAN',0,0,0,1,0,'a:0:{}'),(117480,'03DNLEBI',0,0,0,1,0,'a:0:{}'),(117481,'03DNLECA',0,0,0,1,0,'a:0:{}'),(117482,'03DNLEGC',0,0,0,1,0,'a:0:{}'),(117483,'03DNLEGR',0,0,0,1,0,'a:0:{}'),(117484,'03DNLEHG',0,0,0,1,0,'a:0:{}'),(117485,'03DNLENA',0,0,0,1,0,'a:0:{}'),(117486,'03DNLENC',0,0,0,1,0,'a:0:{}'),(117487,'03DNLENE',0,0,0,1,0,'a:0:{}'),(117488,'03DNLERG',0,0,0,1,0,'a:0:{}'),(117489,'03DNNATA',0,0,0,1,0,'a:0:{}'),(117490,'02Q3BIAN',0,0,0,0,0,'a:0:{}'),(117491,'02Q7NERO',0,0,0,0,0,'a:0:{}'),(117492,'02Q9ROSS',0,0,0,0,0,'a:0:{}'),(117493,'02W7GRIG',0,0,0,0,0,'a:0:{}'),(117494,'0103T100',0,0,0,0,0,'a:0:{}'),(117495,'01L9L151',0,0,0,0,0,'a:0:{}'),(117496,'010BROSS',0,0,0,0,0,'a:0:{}'),(117497,'01L5L141',0,0,0,0,0,'a:0:{}'),(117498,'01TTGRIC',0,0,0,0,0,'a:0:{}'),(117499,'014ANERO',0,0,0,0,0,'a:0:{}'),(117500,'01LANATU',0,0,0,0,0,'a:0:{}'),(117501,'014BGRIG',0,0,0,0,0,'a:0:{}'),(117502,'014CBIAN',0,0,0,0,0,'a:0:{}'),(117503,'01RRROSS',0,0,0,0,0,'a:0:{}'),(117504,'0560BASS',0,0,0,1,0,'a:0:{}'),(117505,'0561ALTO',0,0,0,1,0,'a:0:{}'),(117506,'01ATFERR',0,0,0,0,0,'a:0:{}'),(117507,'01DNFEBI',0,0,0,0,0,'a:0:{}'),(117508,'01DNFEBR',0,0,0,0,0,'a:0:{}'),(117509,'01DNFEGA',0,0,0,0,0,'a:0:{}'),(117510,'01DNFEGR',0,0,0,0,0,'a:0:{}'),(117511,'01DNFENE',0,0,0,0,0,'a:0:{}'),(117512,'01DNFEPO',0,0,0,0,0,'a:0:{}'),(117513,'03DNLAAC',0,0,0,1,0,'a:0:{}'),(117514,'03DNLABO',0,0,0,1,0,'a:0:{}'),(117515,'03DNLACI',0,0,0,1,0,'a:0:{}'),(117516,'03DNLACO',0,0,0,1,0,'a:0:{}'),(117517,'03DNLAEC',0,0,0,1,0,'a:0:{}'),(117518,'03DNLAGA',0,0,0,1,0,'a:0:{}'),(117519,'03DNLAGE',0,0,0,1,0,'a:0:{}'),(117520,'03DNLAGH',0,0,0,1,0,'a:0:{}'),(117521,'03DNLAGP',0,0,0,1,0,'a:0:{}'),(117522,'03DNLAGT',0,0,0,1,0,'a:0:{}'),(117523,'03DNLANE',0,0,0,1,0,'a:0:{}'),(117524,'03DNLAPE',0,0,0,1,0,'a:0:{}'),(117525,'03DNLAPT',0,0,0,1,0,'a:0:{}'),(117526,'03DNLAQU',0,0,0,1,0,'a:0:{}'),(117527,'03DNLARO',0,0,0,1,0,'a:0:{}'),(117528,'03DNLARU',0,0,0,1,0,'a:0:{}'),(117529,'03DNLASA',0,0,0,1,0,'a:0:{}'),(117530,'03DNLAVG',0,0,0,1,0,'a:0:{}'),(117531,'03DNLAVS',0,0,0,1,0,'a:0:{}'),(117532,'03DNLAZA',0,0,0,1,0,'a:0:{}'),(117533,'03DNLEAN',0,0,0,1,0,'a:0:{}'),(117534,'03DNLEBI',0,0,0,1,0,'a:0:{}'),(117535,'03DNLECA',0,0,0,1,0,'a:0:{}'),(117536,'03DNLEGC',0,0,0,1,0,'a:0:{}'),(117537,'03DNLEGR',0,0,0,1,0,'a:0:{}'),(117538,'03DNLEHG',0,0,0,1,0,'a:0:{}'),(117539,'03DNLENA',0,0,0,1,0,'a:0:{}'),(117540,'03DNLENC',0,0,0,1,0,'a:0:{}'),(117541,'03DNLENE',0,0,0,1,0,'a:0:{}'),(117542,'03DNLERG',0,0,0,1,0,'a:0:{}'),(117543,'03DNNATA',0,0,0,1,0,'a:0:{}'),(117544,'03DNLECE',0,0,0,1,0,'a:0:{}'),(117545,'03DNLAAC',0,0,0,0,0,'a:0:{}'),(117546,'03DNLABO',0,0,0,0,0,'a:0:{}'),(117547,'03DNLACI',0,0,0,0,0,'a:0:{}'),(117548,'03DNLACO',0,0,0,0,0,'a:0:{}'),(117549,'03DNLAEC',0,0,0,0,0,'a:0:{}'),(117550,'03DNLAGA',0,0,0,0,0,'a:0:{}'),(117551,'03DNLAGE',0,0,0,0,0,'a:0:{}'),(117552,'03DNLAGH',0,0,0,0,0,'a:0:{}'),(117553,'03DNLAGP',0,0,0,0,0,'a:0:{}'),(117554,'03DNLAGT',0,0,0,0,0,'a:0:{}'),(117555,'03DNLANE',0,0,0,0,0,'a:0:{}'),(117556,'03DNLAPE',0,0,0,0,0,'a:0:{}'),(117557,'03DNLAPT',0,0,0,0,0,'a:0:{}'),(117558,'03DNLAQU',0,0,0,0,0,'a:0:{}'),(117559,'03DNLARO',0,0,0,0,0,'a:0:{}'),(117560,'03DNLARU',0,0,0,0,0,'a:0:{}'),(117561,'03DNLASA',0,0,0,0,0,'a:0:{}'),(117562,'03DNLAVG',0,0,0,0,0,'a:0:{}'),(117563,'03DNLAVS',0,0,0,0,0,'a:0:{}'),(117564,'03DNLAZA',0,0,0,0,0,'a:0:{}'),(117565,'03DNLEAN',0,0,0,0,0,'a:0:{}'),(117566,'03DNLEBI',0,0,0,0,0,'a:0:{}'),(117567,'03DNLECA',0,0,0,0,0,'a:0:{}'),(117568,'03DNLEGC',0,0,0,0,0,'a:0:{}'),(117569,'03DNLEGR',0,0,0,0,0,'a:0:{}'),(117570,'03DNLEHG',0,0,0,0,0,'a:0:{}'),(117571,'03DNLENA',0,0,0,0,0,'a:0:{}'),(117572,'03DNLENC',0,0,0,0,0,'a:0:{}'),(117573,'03DNLENE',0,0,0,0,0,'a:0:{}'),(117574,'03DNLERG',0,0,0,0,0,'a:0:{}'),(117575,'03DNNATA',0,0,0,0,0,'a:0:{}'),(117576,'03DNLECE',0,0,0,0,0,'a:0:{}'),(117577,'05GJLARG',0,0,0,1,0,'a:0:{}'),(117578,'05DNLARG',0,0,0,1,0,'a:0:{}'),(117579,'03DNLAAC',0,0,0,0,0,'a:0:{}'),(117580,'03DNLABO',0,0,0,0,0,'a:0:{}'),(117581,'03DNLACI',0,0,0,0,0,'a:0:{}'),(117582,'03DNLACO',0,0,0,0,0,'a:0:{}'),(117583,'03DNLAEC',0,0,0,0,0,'a:0:{}'),(117584,'03DNLAGA',0,0,0,0,0,'a:0:{}'),(117585,'03DNLAGE',0,0,0,0,0,'a:0:{}'),(117586,'03DNLAGH',0,0,0,0,0,'a:0:{}'),(117587,'03DNLAGP',0,0,0,0,0,'a:0:{}'),(117588,'03DNLAGT',0,0,0,0,0,'a:0:{}'),(117589,'03DNLANE',0,0,0,0,0,'a:0:{}'),(117590,'03DNLAPE',0,0,0,0,0,'a:0:{}'),(117591,'03DNLAPT',0,0,0,0,0,'a:0:{}'),(117592,'03DNLAQU',0,0,0,0,0,'a:0:{}'),(117593,'03DNLARO',0,0,0,0,0,'a:0:{}'),(117594,'03DNLARU',0,0,0,0,0,'a:0:{}'),(117595,'03DNLASA',0,0,0,0,0,'a:0:{}'),(117596,'03DNLAVG',0,0,0,0,0,'a:0:{}'),(117597,'03DNLAVS',0,0,0,0,0,'a:0:{}'),(117598,'03DNLAZA',0,0,0,0,0,'a:0:{}'),(117599,'03DNLEAN',0,0,0,0,0,'a:0:{}'),(117600,'03DNLEBI',0,0,0,0,0,'a:0:{}'),(117601,'03DNLECA',0,0,0,0,0,'a:0:{}'),(117602,'03DNLEGC',0,0,0,0,0,'a:0:{}'),(117603,'03DNLEGR',0,0,0,0,0,'a:0:{}'),(117604,'03DNLEHG',0,0,0,0,0,'a:0:{}'),(117605,'03DNLENA',0,0,0,0,0,'a:0:{}'),(117606,'03DNLENC',0,0,0,0,0,'a:0:{}'),(117607,'03DNLENE',0,0,0,0,0,'a:0:{}'),(117608,'03DNLERG',0,0,0,0,0,'a:0:{}'),(117609,'03DNNATA',0,0,0,0,0,'a:0:{}'),(117610,'03DNLECE',0,0,0,0,0,'a:0:{}'),(117611,'05DNALTE',0,0,0,1,0,'a:0:{}'),(117612,'0546ALTE',0,0,0,1,0,'a:0:{}'),(117613,'072VARAN',0,0,0,0,0,'a:0:{}'),(117614,'073GICEB',0,0,0,0,0,'a:0:{}'),(117615,'07FBLIGR',0,0,0,0,0,'a:0:{}'),(117616,'03DNLAAC',0,0,0,0,0,'a:0:{}'),(117617,'03DNLABO',0,0,0,0,0,'a:0:{}'),(117618,'03DNLACI',0,0,0,0,0,'a:0:{}'),(117619,'03DNLACO',0,0,0,0,0,'a:0:{}'),(117620,'03DNLAEC',0,0,0,0,0,'a:0:{}'),(117621,'03DNLAGA',0,0,0,0,0,'a:0:{}'),(117622,'03DNLAGE',0,0,0,0,0,'a:0:{}'),(117623,'03DNLAGH',0,0,0,0,0,'a:0:{}'),(117624,'03DNLAGP',0,0,0,0,0,'a:0:{}'),(117625,'03DNLAGT',0,0,0,0,0,'a:0:{}'),(117626,'03DNLANE',0,0,0,0,0,'a:0:{}'),(117627,'03DNLAPE',0,0,0,0,0,'a:0:{}'),(117628,'03DNLAPT',0,0,0,0,0,'a:0:{}'),(117629,'03DNLAQU',0,0,0,0,0,'a:0:{}'),(117630,'03DNLARO',0,0,0,0,0,'a:0:{}'),(117631,'03DNLARU',0,0,0,0,0,'a:0:{}'),(117632,'03DNLASA',0,0,0,0,0,'a:0:{}'),(117633,'03DNLAVG',0,0,0,0,0,'a:0:{}'),(117634,'03DNLAVS',0,0,0,0,0,'a:0:{}'),(117635,'03DNLAZA',0,0,0,0,0,'a:0:{}'),(117636,'03DNLEAN',0,0,0,0,0,'a:0:{}'),(117637,'03DNLEBI',0,0,0,0,0,'a:0:{}'),(117638,'03DNLECA',0,0,0,0,0,'a:0:{}'),(117639,'03DNLEGC',0,0,0,0,0,'a:0:{}'),(117640,'03DNLEGR',0,0,0,0,0,'a:0:{}'),(117641,'03DNLEHG',0,0,0,0,0,'a:0:{}'),(117642,'03DNLENA',0,0,0,0,0,'a:0:{}'),(117643,'03DNLENC',0,0,0,0,0,'a:0:{}'),(117644,'03DNLENE',0,0,0,0,0,'a:0:{}'),(117645,'03DNLERG',0,0,0,0,0,'a:0:{}'),(117646,'03DNNATA',0,0,0,0,0,'a:0:{}'),(117647,'03DNLECE',0,0,0,0,0,'a:0:{}'),(117648,'05C0SMAL',0,0,0,1,0,'a:0:{}'),(117649,'05C1MEDI',0,0,0,1,0,'a:0:{}'),(117650,'05C2LARG',0,0,0,1,0,'a:0:{}'),(117651,'01AC0022',0,0,0,0,0,'a:0:{}'),(117652,'01APGRIG',0,0,0,0,0,'a:0:{}'),(117653,'01FYGRIG',0,0,0,0,0,'a:0:{}'),(117654,'01G4BIAN',0,0,0,0,0,'a:0:{}'),(117655,'01NFTORT',0,0,0,0,0,'a:0:{}'),(117656,'05BYXS00',0,0,0,1,0,'a:0:{}'),(117657,'05BZXL00',0,0,0,1,0,'a:0:{}'),(117658,'01DNFEBI',0,0,0,0,0,'a:0:{}'),(117659,'01DNFEBR',0,0,0,0,0,'a:0:{}'),(117660,'01DNFEGA',0,0,0,0,0,'a:0:{}'),(117661,'01DNFENE',0,0,0,0,0,'a:0:{}'),(117662,'01DNFEPO',0,0,0,0,0,'a:0:{}'),(117663,'03DNLAAC',0,0,0,1,0,'a:0:{}'),(117664,'03DNLABO',0,0,0,1,0,'a:0:{}'),(117665,'03DNLACI',0,0,0,1,0,'a:0:{}'),(117666,'03DNLACO',0,0,0,1,0,'a:0:{}'),(117667,'03DNLAEC',0,0,0,1,0,'a:0:{}'),(117668,'03DNLAGA',0,0,0,1,0,'a:0:{}'),(117669,'03DNLAGE',0,0,0,1,0,'a:0:{}'),(117670,'03DNLAGH',0,0,0,1,0,'a:0:{}'),(117671,'03DNLAGP',0,0,0,1,0,'a:0:{}'),(117672,'03DNLAGT',0,0,0,1,0,'a:0:{}'),(117673,'03DNLANE',0,0,0,1,0,'a:0:{}'),(117674,'03DNLAPE',0,0,0,1,0,'a:0:{}'),(117675,'03DNLAPT',0,0,0,1,0,'a:0:{}'),(117676,'03DNLAQU',0,0,0,1,0,'a:0:{}'),(117677,'03DNLARO',0,0,0,1,0,'a:0:{}'),(117678,'03DNLARU',0,0,0,1,0,'a:0:{}'),(117679,'03DNLASA',0,0,0,1,0,'a:0:{}'),(117680,'03DNLAVG',0,0,0,1,0,'a:0:{}'),(117681,'03DNLAVS',0,0,0,1,0,'a:0:{}'),(117682,'03DNLAZA',0,0,0,1,0,'a:0:{}'),(117683,'03DNLEAN',0,0,0,1,0,'a:0:{}'),(117684,'03DNLEBI',0,0,0,1,0,'a:0:{}'),(117685,'03DNLECA',0,0,0,1,0,'a:0:{}'),(117686,'03DNLECE',0,0,0,1,0,'a:0:{}'),(117687,'03DNLEGC',0,0,0,1,0,'a:0:{}'),(117688,'03DNLEGR',0,0,0,1,0,'a:0:{}'),(117689,'03DNLEHG',0,0,0,1,0,'a:0:{}'),(117690,'03DNLENA',0,0,0,1,0,'a:0:{}'),(117691,'03DNLENC',0,0,0,1,0,'a:0:{}'),(117692,'03DNLENE',0,0,0,1,0,'a:0:{}'),(117693,'03DNLERG',0,0,0,1,0,'a:0:{}'),(117694,'03DNNATA',0,0,0,1,0,'a:0:{}'),(117695,'05701809',0,0,0,2,0,'a:0:{}'),(117696,'05721002',0,0,0,2,0,'a:0:{}'),(117697,'052Q240X',0,0,0,2,0,'a:0:{}'),(117698,'0103T100',0,0,0,0,0,'a:0:{}'),(117699,'0104T122',0,0,0,0,0,'a:0:{}'),(117700,'01G4BIAN',0,0,0,0,0,'a:0:{}'),(117701,'01G4BIAN',0,0,0,0,0,'a:0:{}'),(117702,'01GPARDE',0,0,0,0,0,'a:0:{}'),(117703,'01HPBLPE',0,0,0,0,0,'a:0:{}'),(117704,'01NG0000',0,0,0,0,0,'a:0:{}'),(117705,'03PAROVE',0,0,0,1,0,'a:0:{}'),(117706,'031RNOCE',0,0,0,1,0,'a:0:{}'),(117707,'01G4BIAN',0,0,0,0,0,'a:0:{}'),(117708,'0301TRAS',0,0,0,0,0,'a:0:{}'),(117709,'012ACIEL',0,0,0,0,0,'a:0:{}'),(117710,'01G4BIAN',0,0,0,0,0,'a:0:{}'),(117711,'01N4NERO',0,0,0,0,0,'a:0:{}'),(117712,'01N5PGRI',0,0,0,0,0,'a:0:{}'),(117713,'01P5NATU',0,0,0,0,0,'a:0:{}'),(117714,'01P6NOCE',0,0,0,0,0,'a:0:{}'),(117715,'01P7MIEL',0,0,0,0,0,'a:0:{}'),(117716,'01P0VERD',0,0,0,0,0,'a:0:{}'),(117717,'01P9BIAN',0,0,0,0,0,'a:0:{}'),(117718,'01PPAZZU',0,0,0,0,0,'a:0:{}'),(117719,'01PAGREZ',0,0,0,0,0,'a:0:{}'),(117720,'0347TORT',0,0,0,0,0,'a:0:{}'),(117721,'01G4BIAN',0,0,0,0,0,'a:0:{}'),(117722,'01QDGGOM',0,0,0,0,0,'a:0:{}'),(117723,'0332BIAN',0,0,0,1,0,'a:0:{}'),(117724,'0334WENG',0,0,0,1,0,'a:0:{}'),(117725,'0337ROVE',0,0,0,1,0,'a:0:{}'),(117726,'033YOLMO',0,0,0,1,0,'a:0:{}'),(117727,'0398NOCC',0,0,0,1,0,'a:0:{}'),(117728,'0399GRIG',0,0,0,1,0,'a:0:{}'),(117729,'03QDCLCE',0,0,0,1,0,'a:0:{}'),(117730,'05F2L080',0,0,0,2,0,'a:0:{}'),(117731,'05F3L100',0,0,0,2,0,'a:0:{}'),(117732,'05F4L120',0,0,0,2,0,'a:0:{}'),(117733,'05F5L140',0,0,0,2,0,'a:0:{}'),(117734,'05F6L160',0,0,0,2,0,'a:0:{}'),(117735,'05F0L180',0,0,0,2,0,'a:0:{}'),(117736,'0332BIAN',0,0,0,0,0,'a:0:{}'),(117737,'0345ROP3',0,0,0,0,0,'a:0:{}'),(117738,'03SRASHL',0,0,0,0,0,'a:0:{}'),(117739,'05SR120L',0,0,0,1,0,'a:0:{}'),(117740,'05SR140L',0,0,0,1,0,'a:0:{}'),(117741,'05SR160L',0,0,0,1,0,'a:0:{}'),(117742,'0602CASS',0,0,0,2,0,'a:0:{}'),(117743,'0601CASS',0,0,0,2,0,'a:0:{}'),(115382,'010WVERV',0,0,0,0,0,'a:0:{}'),(115381,'01R6ROVE',0,0,0,0,0,'a:0:{}'),(115378,'0115WEMU',0,0,0,0,0,'a:0:{}'),(115377,'0103T100',0,0,0,0,0,'a:0:{}');

--
-- Table structure for table `oc_myoc_bov_description`
--

 SET character_set_client = utf8mb4 ;
CREATE TABLE `oc_myoc_bov_description` (
  `option_value_id` int(11) NOT NULL,
  `language_id` int(11) NOT NULL,
  `description` text CHARACTER SET utf8 COLLATE utf8_general_ci NOT NULL,
  PRIMARY KEY (`option_value_id`,`language_id`)
) ENGINE=MyISAM DEFAULT CHARSET=utf8 COLLATE=utf8_unicode_ci;

--
-- Dumping data for table `oc_myoc_bov_description`
--

INSERT INTO `oc_myoc_bov_description` VALUES (1176,4,''),(2906,1,''),(2886,4,''),(678,1,''),(69,1,''),(69,4,''),(2759,4,''),(2759,1,''),(450,4,''),(471,1,''),(678,4,''),(1175,1,''),(73,4,'05A02POS'),(73,1,'05A02POS'),(74,4,'05A53POS'),(74,1,'05A53POS'),(75,4,'05ACQUAT'),(75,1,'05ACQUAT'),(76,4,'0713SINI'),(76,1,'0713SINI'),(77,4,'0714DEST'),(77,1,'0714DEST'),(1253,4,''),(1254,1,''),(1239,4,''),(1239,1,''),(1238,4,''),(1238,1,''),(1237,4,''),(1237,1,''),(1236,4,''),(1236,1,''),(1235,4,''),(1235,1,''),(1234,4,''),(1234,1,''),(1245,4,''),(1245,1,''),(1246,4,''),(1246,1,''),(1247,4,''),(1247,1,''),(1258,4,''),(1258,1,''),(1269,4,''),(1269,1,''),(1256,4,''),(1256,1,''),(1255,4,''),(1255,1,''),(1254,4,''),(1263,4,''),(1263,1,''),(1262,4,''),(1262,1,''),(1261,4,''),(1261,1,''),(1272,4,''),(1272,1,''),(1273,4,''),(1273,1,''),(1274,4,''),(1274,1,''),(2659,4,''),(2659,1,''),(2658,4,''),(2658,1,''),(2657,4,''),(2657,1,''),(2656,4,''),(2656,1,''),(2655,4,''),(2655,1,''),(2654,4,''),(2654,1,''),(2653,4,''),(2653,1,''),(1268,4,''),(1268,1,''),(1277,4,''),(1277,1,''),(1276,4,''),(1276,1,''),(1275,4,''),(1275,1,''),(1260,4,''),(1260,1,''),(1259,4,''),(1259,1,''),(1244,4,''),(1244,1,''),(1243,4,''),(1243,1,''),(1242,4,''),(1242,1,''),(1241,4,''),(1241,1,''),(1240,4,''),(1240,1,''),(2660,4,''),(2660,1,''),(1271,4,''),(1271,1,''),(1270,4,''),(1270,1,''),(1267,4,''),(1267,1,''),(1266,4,''),(1266,1,''),(1257,4,''),(1257,1,''),(1278,4,''),(1278,1,''),(1265,4,''),(1265,1,''),(1264,4,''),(1264,1,''),(1253,1,''),(1252,4,''),(1252,1,''),(1251,4,''),(1251,1,''),(1250,4,''),(1250,1,''),(1249,4,''),(1249,1,''),(1248,4,''),(1248,1,''),(1233,4,''),(1233,1,''),(2661,4,''),(2661,1,''),(2881,4,''),(3138,4,''),(3138,1,''),(3190,4,''),(3137,1,''),(3189,4,''),(3189,1,''),(2664,4,''),(2664,1,''),(2882,4,''),(2882,1,''),(2883,4,''),(2883,1,''),(1551,1,''),(1565,1,''),(1566,4,''),(1566,1,''),(1541,4,''),(1541,1,''),(1565,4,''),(3270,4,''),(3270,1,''),(3269,4,''),(3269,1,''),(3268,4,''),(3268,1,''),(3267,4,''),(3267,1,''),(1559,4,''),(1559,1,''),(1560,4,''),(1560,1,''),(1561,4,''),(1561,1,''),(1562,4,''),(1562,1,''),(1554,4,''),(1554,1,''),(1537,4,''),(1537,1,''),(3224,4,''),(3224,1,''),(3264,4,''),(3264,1,''),(3280,4,''),(3280,1,''),(3279,4,''),(3279,1,''),(3276,4,''),(3276,1,''),(3271,4,''),(3271,1,''),(3281,4,''),(3281,1,''),(3220,4,''),(3220,1,''),(2665,4,''),(2665,1,''),(1555,4,''),(1555,1,''),(1556,4,''),(1556,1,''),(1557,4,''),(1557,1,''),(1558,4,''),(1558,1,''),(1919,4,''),(2880,4,''),(2880,1,''),(2838,4,''),(2838,1,''),(1922,4,''),(3266,4,''),(3266,1,''),(3265,4,''),(3265,1,''),(3053,4,''),(3053,1,''),(3052,4,''),(3052,1,''),(1549,4,''),(2671,4,''),(1176,1,''),(1175,4,''),(2842,1,''),(2778,4,''),(2778,1,''),(2777,4,''),(2777,1,''),(2776,4,''),(2776,1,''),(2775,4,''),(2775,1,''),(2774,4,''),(2774,1,''),(2773,4,''),(2773,1,''),(2772,4,''),(2772,1,''),(2771,4,''),(2771,1,''),(2886,1,''),(2842,4,''),(1172,1,''),(1171,4,''),(1171,1,''),(1170,4,''),(1170,1,''),(1169,4,''),(1169,1,''),(1168,4,''),(1168,1,''),(1167,4,''),(1167,1,''),(1166,4,''),(1166,1,''),(1165,4,''),(1165,1,''),(1174,4,''),(1174,1,''),(2672,4,''),(2672,1,''),(2755,4,''),(2755,1,''),(3074,4,''),(3074,1,''),(3046,4,''),(3046,1,''),(3045,4,''),(3045,1,''),(2906,4,''),(3115,4,''),(3115,1,''),(70,4,'05AFDIME'),(70,1,'05AFDIME'),(1153,4,''),(1153,1,''),(1154,4,''),(1154,1,''),(1186,4,''),(1186,1,''),(1173,4,''),(1173,1,''),(1172,4,''),(2673,4,''),(2673,1,''),(2674,1,''),(2674,4,''),(2676,1,''),(2676,4,''),(2678,4,''),(2678,1,''),(2679,4,''),(2679,1,''),(2671,1,''),(2681,4,''),(2681,1,''),(2682,4,''),(2682,1,''),(2683,4,''),(2683,1,''),(2684,4,''),(2684,1,''),(2687,4,''),(2685,4,''),(2685,1,''),(2686,4,''),(2686,1,''),(2689,4,''),(2689,1,''),(662,4,''),(662,1,''),(661,4,''),(661,1,''),(660,4,''),(660,1,''),(659,4,''),(659,1,''),(658,4,''),(658,1,''),(657,4,''),(657,1,''),(656,4,''),(656,1,''),(655,4,''),(655,1,''),(654,4,''),(654,1,''),(653,4,''),(653,1,''),(652,4,''),(652,1,''),(651,4,''),(651,1,''),(663,4,''),(663,1,''),(664,4,''),(664,1,''),(665,4,''),(665,1,''),(677,4,''),(677,1,''),(676,4,''),(676,1,''),(675,4,''),(675,1,''),(674,4,''),(674,1,''),(673,4,''),(673,1,''),(672,4,''),(672,1,''),(671,4,''),(671,1,''),(670,4,''),(670,1,''),(669,4,''),(669,1,''),(668,4,''),(668,1,''),(667,4,''),(667,1,''),(666,4,''),(666,1,''),(650,4,''),(650,1,''),(649,4,''),(649,1,''),(648,4,''),(648,1,''),(632,4,''),(632,1,''),(631,4,''),(631,1,''),(630,4,''),(630,1,''),(629,4,''),(629,1,''),(628,4,''),(628,1,''),(627,4,''),(627,1,''),(626,4,''),(626,1,''),(625,4,''),(625,1,''),(624,4,''),(624,1,''),(623,4,''),(623,1,''),(622,4,''),(622,1,''),(621,4,''),(621,1,''),(633,4,''),(633,1,''),(634,4,''),(634,1,''),(635,4,''),(635,1,''),(647,4,''),(647,1,''),(646,4,''),(646,1,''),(645,4,''),(645,1,''),(644,4,''),(644,1,''),(643,4,''),(643,1,''),(642,4,''),(642,1,''),(641,4,''),(641,1,''),(640,4,''),(640,1,''),(639,4,''),(639,1,''),(638,4,''),(638,1,''),(637,4,''),(637,1,''),(636,4,''),(636,1,''),(72,4,'0390TEAK'),(72,1,'0390TEAK'),(2690,4,''),(2690,1,''),(2691,4,''),(2691,1,''),(2692,4,''),(2693,1,''),(2693,4,''),(2695,1,''),(2695,4,''),(472,4,''),(460,1,''),(459,4,''),(459,1,''),(458,4,''),(458,1,''),(66,4,'01M1ACRO'),(66,1,'01M1ACRO'),(515,4,''),(515,1,''),(592,4,''),(592,1,''),(572,4,''),(572,1,''),(471,4,''),(520,4,''),(520,1,''),(519,4,''),(519,1,''),(518,4,''),(518,1,''),(517,4,''),(517,1,''),(534,4,''),(534,1,''),(535,4,''),(535,1,''),(552,4,''),(552,1,''),(514,4,''),(514,1,''),(492,4,''),(492,1,''),(510,4,''),(510,1,''),(509,4,''),(509,1,''),(508,4,''),(508,1,''),(505,4,''),(505,1,''),(506,4,''),(506,1,''),(507,4,''),(507,1,''),(504,4,''),(504,1,''),(503,4,''),(503,1,''),(502,4,''),(502,1,''),(501,4,''),(501,1,''),(500,4,''),(500,1,''),(499,4,''),(499,1,''),(498,4,''),(498,1,''),(497,4,''),(497,1,''),(516,4,''),(516,1,''),(493,4,''),(493,1,''),(494,4,''),(494,1,''),(550,4,''),(550,1,''),(551,4,''),(551,1,''),(530,4,''),(530,1,''),(529,4,''),(529,1,''),(528,4,''),(528,1,''),(527,4,''),(527,1,''),(526,4,''),(526,1,''),(525,4,''),(525,1,''),(524,4,''),(524,1,''),(523,4,''),(523,1,''),(522,4,''),(522,1,''),(521,4,''),(521,1,''),(2770,4,''),(2770,1,''),(2769,4,''),(2769,1,''),(2768,4,''),(2768,1,''),(2705,4,''),(2705,1,''),(2704,4,''),(2704,1,''),(2703,4,''),(2703,1,''),(2702,4,''),(2702,1,''),(2701,4,''),(2701,1,''),(2700,4,''),(2700,1,''),(2699,4,''),(2699,1,''),(2698,4,''),(2698,1,''),(2697,4,''),(2697,1,''),(571,4,''),(571,1,''),(473,4,''),(473,1,''),(570,4,''),(570,1,''),(588,4,''),(588,1,''),(587,4,''),(587,1,''),(586,4,''),(586,1,''),(585,4,''),(585,1,''),(584,4,''),(584,1,''),(581,4,''),(581,1,''),(582,4,''),(582,1,''),(583,4,''),(583,1,''),(580,4,''),(580,1,''),(579,4,''),(579,1,''),(578,4,''),(578,1,''),(577,4,''),(577,1,''),(576,4,''),(576,1,''),(575,4,''),(575,1,''),(555,4,''),(555,1,''),(554,4,''),(554,1,''),(553,4,''),(553,1,''),(589,4,''),(589,1,''),(590,4,''),(590,1,''),(569,4,''),(569,1,''),(568,4,''),(568,1,''),(567,4,''),(567,1,''),(566,4,''),(566,1,''),(565,4,''),(565,1,''),(564,4,''),(564,1,''),(563,4,''),(563,1,''),(562,4,''),(562,1,''),(561,4,''),(561,1,''),(560,4,''),(560,1,''),(559,4,''),(559,1,''),(558,4,''),(558,1,''),(557,4,''),(557,1,''),(556,4,''),(556,1,''),(573,4,''),(573,1,''),(574,4,''),(574,1,''),(591,4,''),(591,1,''),(533,4,''),(533,1,''),(532,4,''),(532,1,''),(531,4,''),(531,1,''),(549,4,''),(549,1,''),(548,4,''),(548,1,''),(547,4,''),(547,1,''),(546,4,''),(546,1,''),(545,4,''),(545,1,''),(544,4,''),(544,1,''),(543,4,''),(543,1,''),(542,4,''),(542,1,''),(541,4,''),(541,1,''),(540,4,''),(540,1,''),(539,4,''),(539,1,''),(538,4,''),(538,1,''),(537,4,''),(537,1,''),(536,4,''),(536,1,''),(2706,4,''),(2707,4,''),(2708,4,''),(2914,4,''),(2710,4,''),(2711,4,''),(2712,4,''),(2713,4,''),(2714,4,''),(2715,4,''),(2716,4,''),(2717,4,''),(2718,4,''),(2719,4,''),(2720,4,''),(2722,4,''),(2722,1,''),(2723,4,''),(2724,4,''),(2725,4,''),(2726,4,''),(2727,4,''),(2728,4,''),(2729,4,''),(2729,1,''),(2731,4,''),(2732,4,''),(2732,1,''),(2733,4,''),(2733,1,''),(2713,1,''),(2717,1,''),(1919,1,''),(1918,4,''),(1918,1,''),(1917,4,''),(1917,1,''),(2663,4,''),(2663,1,''),(1923,4,''),(1923,1,''),(2666,4,''),(2666,1,''),(1922,1,''),(1921,4,''),(1921,1,''),(1920,4,''),(1920,1,''),(2889,1,''),(2890,4,''),(2890,1,''),(2938,4,''),(2938,1,''),(2939,4,''),(2939,1,''),(3139,4,''),(3139,1,''),(3113,4,''),(3113,1,''),(2814,4,''),(2814,1,''),(2824,4,''),(2824,1,''),(2823,4,''),(2823,1,''),(2822,4,''),(2822,1,''),(2821,4,''),(2821,1,''),(2820,4,''),(2820,1,''),(2819,4,''),(2819,1,''),(2818,4,''),(2818,1,''),(2817,4,''),(2817,1,''),(2816,4,''),(2816,1,''),(2815,4,''),(2815,1,''),(2825,4,''),(2825,1,''),(3146,4,''),(3146,1,''),(3147,4,''),(3148,4,''),(3149,4,''),(3150,4,''),(3150,1,''),(3151,4,''),(3151,1,''),(3152,4,''),(3152,1,''),(3154,4,''),(3153,1,''),(3153,4,''),(3147,1,''),(3164,4,''),(3164,1,''),(3165,4,''),(3165,1,''),(3166,4,''),(3166,1,''),(3154,1,''),(3155,4,''),(3155,1,''),(3167,4,''),(3167,1,''),(3168,4,''),(3168,1,''),(3169,4,''),(3169,1,''),(2715,1,''),(2990,4,''),(2990,1,''),(2989,4,''),(2989,1,''),(2988,4,''),(2988,1,''),(2987,4,''),(2987,1,''),(2986,4,''),(2986,1,''),(2985,4,''),(2985,1,''),(2984,4,''),(2984,1,''),(2983,4,''),(2983,1,''),(2982,4,''),(2982,1,''),(2981,4,''),(2981,1,''),(2991,4,''),(2991,1,''),(2718,1,''),(2968,4,''),(2968,1,''),(2969,4,''),(2969,1,''),(2970,4,''),(2970,1,''),(2971,4,''),(2971,1,''),(2972,4,''),(2972,1,''),(2973,4,''),(2973,1,''),(2974,4,''),(2974,1,''),(2975,4,''),(2975,1,''),(2721,4,''),(2721,1,''),(1145,4,''),(1145,1,''),(1144,4,''),(1144,1,''),(1143,4,''),(1143,1,''),(1142,4,''),(1142,1,''),(71,4,'05711801'),(71,1,'05711801'),(1150,4,''),(1150,1,''),(1151,4,''),(1151,1,''),(1152,4,''),(1152,1,''),(1161,4,''),(1161,1,''),(1160,4,''),(1160,1,''),(1159,4,''),(1159,1,''),(1158,4,''),(1158,1,''),(1156,4,''),(1156,1,''),(1157,4,''),(1157,1,''),(1146,4,''),(1146,1,''),(1147,4,''),(1147,1,''),(1185,4,''),(1185,1,''),(1184,4,''),(1184,1,''),(1183,4,''),(1183,1,''),(1182,4,''),(1182,1,''),(1181,4,''),(1181,1,''),(1180,4,''),(1180,1,''),(1179,4,''),(1179,1,''),(1178,4,''),(1178,1,''),(1177,4,''),(1177,1,''),(1164,4,''),(1164,1,''),(1163,4,''),(1163,1,''),(1162,4,''),(1162,1,''),(1149,4,''),(1149,1,''),(1148,4,''),(1148,1,''),(1155,4,''),(1155,1,''),(2914,1,''),(2913,4,''),(2913,1,''),(2912,4,''),(2912,1,''),(2911,4,''),(2911,1,''),(2910,4,''),(2910,1,''),(2909,4,''),(989,4,''),(989,1,''),(988,4,''),(988,1,''),(987,4,''),(987,1,''),(986,4,''),(986,1,''),(985,4,''),(985,1,''),(984,4,''),(984,1,''),(983,4,''),(983,1,''),(982,4,''),(982,1,''),(990,4,''),(990,1,''),(991,4,''),(991,1,''),(992,4,''),(992,1,''),(1000,4,''),(1000,1,''),(999,4,''),(999,1,''),(998,4,''),(998,1,''),(997,4,''),(997,1,''),(996,4,''),(996,1,''),(995,4,''),(995,1,''),(994,4,''),(994,1,''),(993,4,''),(993,1,''),(981,4,''),(981,1,''),(980,4,''),(980,1,''),(979,4,''),(979,1,''),(967,4,''),(967,1,''),(966,4,''),(966,1,''),(965,4,''),(965,1,''),(964,4,''),(964,1,''),(963,4,''),(963,1,''),(962,4,''),(962,1,''),(961,4,''),(961,1,''),(68,4,'02D0LINO'),(68,1,''),(968,4,''),(968,1,''),(969,4,''),(969,1,''),(970,4,''),(970,1,''),(978,4,''),(978,1,''),(977,4,''),(977,1,''),(976,4,''),(976,1,''),(975,4,''),(975,1,''),(974,4,''),(974,1,''),(973,4,''),(973,1,''),(972,4,''),(972,1,''),(971,4,''),(971,1,''),(1653,4,''),(1653,1,''),(1663,4,''),(1663,1,''),(1662,4,''),(1662,1,''),(1661,4,''),(1661,1,''),(1660,4,''),(1660,1,''),(1659,4,''),(1659,1,''),(1657,4,''),(1657,1,''),(1656,4,''),(1656,1,''),(1655,4,''),(1655,1,''),(1654,4,''),(1654,1,''),(2760,4,''),(2760,1,''),(2826,1,''),(3190,1,''),(2885,4,''),(2885,1,''),(2887,4,''),(2887,1,''),(2888,4,''),(2888,1,''),(2889,4,''),(2884,4,''),(2884,1,''),(451,1,''),(472,1,''),(452,4,''),(464,1,''),(463,4,''),(463,1,''),(462,4,''),(462,1,''),(461,4,''),(461,1,''),(460,4,''),(455,1,''),(454,4,''),(454,1,''),(453,4,''),(453,1,''),(470,4,''),(470,1,''),(469,4,''),(469,1,''),(468,4,''),(468,1,''),(467,4,''),(467,1,''),(466,4,''),(466,1,''),(465,4,''),(465,1,''),(464,4,''),(477,4,''),(477,1,''),(476,4,''),(476,1,''),(475,4,''),(475,1,''),(511,4,''),(511,1,''),(512,4,''),(512,1,''),(491,4,''),(491,1,''),(490,4,''),(490,1,''),(489,4,''),(489,1,''),(488,4,''),(488,1,''),(487,4,''),(487,1,''),(486,4,''),(486,1,''),(485,4,''),(485,1,''),(484,4,''),(484,1,''),(483,4,''),(483,1,''),(482,4,''),(482,1,''),(481,4,''),(481,1,''),(480,4,''),(480,1,''),(479,4,''),(479,1,''),(478,4,''),(478,1,''),(495,4,''),(495,1,''),(496,4,''),(496,1,''),(513,4,''),(513,1,''),(455,4,''),(2905,4,''),(2905,1,''),(2787,4,''),(2787,1,''),(2826,4,''),(3208,4,''),(3208,1,''),(3206,4,''),(3206,1,''),(3137,4,''),(2881,1,''),(3209,4,''),(3209,1,''),(3210,4,''),(3210,1,''),(3211,4,''),(3211,1,''),(3212,4,''),(3212,1,''),(3213,4,''),(3213,1,''),(3214,4,''),(3214,1,''),(1532,4,''),(1532,1,''),(1533,4,''),(1533,1,''),(1534,4,''),(1534,1,''),(1535,4,''),(1535,1,''),(1536,4,''),(1536,1,''),(3123,4,''),(3123,1,''),(3125,4,''),(3125,1,''),(3215,4,''),(3215,1,''),(3216,4,''),(3216,1,''),(3217,4,''),(3217,1,''),(3218,4,''),(3218,1,''),(379,1,''),(419,1,''),(410,4,''),(410,1,''),(409,4,''),(409,1,''),(406,4,''),(406,1,''),(405,4,''),(405,1,''),(404,4,''),(404,1,''),(403,4,''),(403,1,''),(402,4,''),(402,1,''),(401,4,''),(401,1,''),(400,4,''),(400,1,''),(399,4,''),(399,1,''),(408,4,''),(408,1,''),(3219,4,''),(3219,1,''),(3141,4,''),(3141,1,''),(397,4,''),(397,1,''),(396,4,''),(396,1,''),(395,4,''),(395,1,''),(394,4,''),(394,1,''),(393,4,''),(393,1,''),(392,4,''),(392,1,''),(391,4,''),(391,1,''),(390,4,''),(390,1,''),(389,4,''),(389,1,''),(388,4,''),(388,1,''),(387,4,''),(387,1,''),(386,4,''),(386,1,''),(385,4,''),(385,1,''),(384,4,''),(384,1,''),(383,4,''),(383,1,''),(382,4,''),(382,1,''),(381,4,''),(381,1,''),(380,4,''),(380,1,''),(379,4,''),(431,4,''),(431,1,''),(2942,4,''),(2942,1,''),(2941,4,''),(2941,1,''),(2940,4,''),(2940,1,''),(2892,4,''),(2892,1,''),(438,4,''),(438,1,''),(437,4,''),(437,1,''),(436,4,''),(436,1,''),(435,4,''),(435,1,''),(422,4,''),(422,1,''),(3040,4,''),(3040,1,''),(434,4,''),(434,1,''),(433,4,''),(433,1,''),(430,4,''),(430,1,''),(429,4,''),(429,1,''),(428,4,''),(428,1,''),(427,4,''),(427,1,''),(426,4,''),(426,1,''),(425,4,''),(425,1,''),(424,4,''),(424,1,''),(423,4,''),(423,1,''),(432,4,''),(432,1,''),(421,4,''),(421,1,''),(420,4,''),(420,1,''),(407,4,''),(407,1,''),(418,4,''),(418,1,''),(417,4,''),(417,1,''),(416,4,''),(416,1,''),(415,4,''),(415,1,''),(414,4,''),(414,1,''),(413,4,''),(413,1,''),(412,4,''),(412,1,''),(411,4,''),(411,1,''),(398,4,''),(398,1,''),(419,4,''),(1538,4,''),(1538,1,''),(1553,4,''),(1553,1,''),(1552,4,''),(1552,1,''),(1551,4,''),(1549,1,''),(1550,4,''),(1550,1,''),(1542,4,''),(1542,1,''),(378,4,''),(378,1,''),(377,4,''),(377,1,''),(376,4,''),(376,1,''),(375,4,''),(375,1,''),(374,4,''),(374,1,''),(373,4,''),(373,1,''),(372,4,''),(372,1,''),(371,4,''),(371,1,''),(370,4,''),(370,1,''),(369,4,''),(369,1,''),(368,4,''),(368,1,''),(367,4,''),(367,1,''),(366,4,''),(366,1,''),(365,4,''),(365,1,''),(364,4,''),(364,1,''),(363,4,''),(363,1,''),(362,4,''),(362,1,''),(361,4,''),(361,1,''),(360,4,''),(360,1,''),(359,4,''),(359,1,''),(358,4,''),(358,1,''),(357,4,''),(357,1,''),(356,4,''),(356,1,''),(355,4,''),(355,1,''),(354,4,''),(354,1,''),(353,4,''),(353,1,''),(352,4,''),(352,1,''),(351,4,''),(351,1,''),(3221,4,''),(3221,1,''),(3222,4,''),(3222,1,''),(3223,4,''),(3223,1,''),(2668,4,''),(2669,1,''),(3225,1,''),(3225,4,''),(3226,1,''),(3226,4,''),(3227,1,''),(3227,4,''),(3228,1,''),(3228,4,''),(2449,1,''),(2449,4,''),(2450,4,''),(2450,1,''),(2451,4,''),(2452,4,''),(2452,1,''),(3234,1,''),(3234,4,''),(451,4,''),(452,1,''),(3236,1,''),(3236,4,''),(2593,1,''),(2593,4,''),(3238,1,''),(3238,4,''),(3239,1,''),(3239,4,''),(3240,1,''),(3240,4,''),(3241,1,''),(3241,4,''),(3242,1,''),(3242,4,''),(3243,1,''),(3243,4,''),(3244,1,''),(3244,4,''),(3245,1,''),(3245,4,''),(3246,1,''),(3246,4,''),(3247,1,''),(3247,4,''),(3248,1,''),(3248,4,''),(3249,1,''),(3249,4,''),(3250,1,''),(3250,4,''),(3251,1,''),(3251,4,''),(3256,4,''),(3255,1,''),(3254,1,''),(3254,4,''),(2445,1,''),(2445,4,''),(3255,4,''),(3253,1,''),(3253,4,''),(3259,4,''),(3257,4,''),(3256,1,''),(2430,1,''),(2430,4,''),(3259,1,''),(3258,1,''),(3258,4,''),(3252,1,''),(3252,4,''),(3257,1,''),(1563,1,''),(1563,4,''),(2670,4,''),(2750,1,''),(1564,4,''),(2667,4,''),(2668,1,''),(1543,4,''),(2750,4,''),(2844,1,''),(1564,1,''),(2844,4,''),(1547,1,''),(3272,1,''),(3272,4,''),(3273,1,''),(3273,4,''),(3274,1,''),(3274,4,''),(3275,1,''),(3275,4,''),(2669,4,''),(2670,1,''),(1547,4,''),(1548,1,''),(1540,1,''),(1540,4,''),(2667,1,''),(1539,1,''),(1539,4,''),(1548,4,''),(3282,1,''),(3282,4,''),(1543,1,''),(1544,4,''),(1544,1,''),(1545,4,''),(1545,1,''),(1546,4,''),(1546,1,''),(3054,4,''),(3054,1,''),(3283,4,''),(3283,1,''),(3284,1,''),(3284,4,''),(3285,1,''),(3285,4,''),(3286,1,''),(3286,4,''),(3287,1,''),(3287,4,''),(3288,1,''),(3288,4,''),(3289,1,''),(3289,4,''),(3290,1,''),(3290,4,''),(3291,1,''),(3291,4,''),(3292,1,''),(3292,4,''),(3293,1,''),(3293,4,''),(3294,1,''),(3294,4,''),(3295,1,''),(3295,4,''),(3296,1,''),(3296,4,''),(3297,1,''),(3297,4,''),(3298,1,''),(3298,4,''),(3299,1,''),(3299,4,''),(3300,1,''),(3300,4,''),(3301,1,''),(3301,4,''),(3302,1,''),(3302,4,''),(3303,1,''),(3303,4,''),(3304,1,''),(3304,4,''),(3305,1,''),(3305,4,''),(3306,1,''),(3306,4,''),(3307,1,''),(3307,4,''),(3308,1,''),(3308,4,''),(3309,1,''),(3309,4,''),(3310,1,''),(3310,4,''),(3311,1,''),(3311,4,''),(3312,1,''),(3312,4,''),(3313,1,''),(3313,4,''),(3314,1,''),(3314,4,''),(3315,1,''),(3315,4,''),(3316,1,''),(3316,4,''),(3317,1,''),(3317,4,''),(3318,1,''),(3318,4,''),(3319,1,''),(3319,4,''),(3320,1,''),(3320,4,''),(3321,1,''),(3321,4,''),(3322,1,''),(3322,4,''),(3323,1,''),(3323,4,''),(3324,1,''),(3324,4,''),(3325,1,''),(3325,4,''),(3326,1,''),(3326,4,''),(3327,1,''),(3327,4,''),(3328,1,''),(3328,4,''),(3329,1,''),(3329,4,''),(3330,1,''),(3330,4,''),(3331,1,''),(3331,4,''),(3332,1,''),(3332,4,''),(3333,1,''),(3333,4,''),(3334,1,''),(3334,4,''),(3335,1,''),(3335,4,''),(3336,1,''),(3336,4,''),(3337,1,''),(3337,4,''),(3338,1,''),(3338,4,''),(3339,1,''),(3339,4,''),(3340,1,''),(3340,4,''),(3341,4,''),(3341,1,''),(3342,4,''),(3342,1,''),(3343,4,''),(3343,1,''),(3344,4,''),(3344,1,''),(3345,1,''),(3345,4,''),(3346,1,''),(3346,4,''),(3347,1,''),(3347,4,''),(3348,1,''),(3348,4,''),(3349,1,''),(3349,4,''),(3350,1,''),(3350,4,''),(3351,1,''),(3351,4,''),(3352,1,''),(3352,4,''),(3353,1,''),(3353,4,''),(3354,1,''),(3354,4,''),(3355,1,''),(3355,4,''),(3356,1,''),(3356,4,''),(3357,1,''),(3357,4,''),(3358,1,''),(3358,4,''),(3359,1,''),(3359,4,''),(3360,1,''),(3360,4,''),(3361,1,''),(3361,4,''),(3362,1,''),(3362,4,''),(3363,1,''),(3363,4,''),(3364,1,''),(3364,4,''),(3365,1,''),(3365,4,''),(2728,1,''),(2963,4,''),(2963,1,''),(2720,1,''),(3009,4,''),(3009,1,''),(3010,4,''),(3010,1,''),(3011,4,''),(3011,1,''),(3012,4,''),(3012,1,''),(3013,4,''),(3013,1,''),(2716,1,''),(2976,4,''),(2976,1,''),(2977,4,''),(2977,1,''),(2978,4,''),(2978,1,''),(2979,4,''),(2979,1,''),(2980,4,''),(2980,1,''),(2714,1,''),(2964,4,''),(2964,1,''),(2965,4,''),(2965,1,''),(2966,4,''),(2966,1,''),(2967,4,''),(2967,1,''),(2680,4,''),(2680,1,''),(3149,1,''),(2779,4,''),(2779,1,''),(2725,1,''),(3129,4,''),(3129,1,''),(3133,4,''),(3133,1,''),(3134,4,''),(3134,1,''),(3135,4,''),(3135,1,''),(1683,4,''),(1683,1,''),(1684,4,''),(1684,1,''),(1685,4,''),(1685,1,''),(1686,4,''),(1686,1,''),(1687,4,''),(1687,1,''),(1688,4,''),(1688,1,''),(1689,4,''),(1689,1,''),(2706,1,''),(3014,4,''),(3014,1,''),(3015,4,''),(3015,1,''),(3016,4,''),(3016,1,''),(3017,4,''),(3017,1,''),(3018,4,''),(3018,1,''),(3019,4,''),(3019,1,''),(3020,4,''),(3020,1,''),(3021,4,''),(3021,1,''),(2708,1,''),(2901,4,''),(2901,1,''),(2902,4,''),(2902,1,''),(2903,4,''),(2903,1,''),(2904,4,''),(2904,1,''),(2677,4,''),(2677,1,''),(2707,1,''),(3031,4,''),(3031,1,''),(3030,4,''),(3030,1,''),(3029,4,''),(3029,1,''),(3028,4,''),(3028,1,''),(3027,4,''),(3027,1,''),(3026,4,''),(3026,1,''),(3025,4,''),(3025,1,''),(3024,4,''),(3024,1,''),(3023,4,''),(3023,1,''),(3022,4,''),(3022,1,''),(3032,4,''),(3032,1,''),(2731,1,''),(2393,4,''),(2393,1,''),(2394,4,''),(2394,1,''),(2395,4,''),(2395,1,''),(2756,4,''),(2756,1,''),(2757,4,''),(2757,1,''),(2758,4,''),(2758,1,''),(3034,4,''),(3034,1,''),(3035,4,''),(3035,1,''),(3036,4,''),(3036,1,''),(3037,4,''),(3037,1,''),(2696,4,''),(2696,1,''),(2730,4,''),(2730,1,''),(2726,1,''),(3111,4,''),(3111,1,''),(3110,4,''),(3110,1,''),(3109,4,''),(3109,1,''),(3108,4,''),(3108,1,''),(3107,4,''),(3107,1,''),(3106,4,''),(3106,1,''),(3105,4,''),(3105,1,''),(3104,4,''),(3104,1,''),(3112,4,''),(3112,1,''),(593,4,''),(593,1,''),(2917,4,''),(2917,1,''),(2918,4,''),(2918,1,''),(2919,4,''),(2919,1,''),(2920,4,''),(2920,1,''),(2921,4,''),(2921,1,''),(2922,4,''),(2922,1,''),(3116,4,''),(3116,1,''),(3117,4,''),(3117,1,''),(3118,4,''),(3118,1,''),(3119,4,''),(3119,1,''),(605,4,''),(605,1,''),(604,4,''),(604,1,''),(594,4,''),(594,1,''),(595,4,''),(595,1,''),(596,4,''),(596,1,''),(597,4,''),(597,1,''),(598,4,''),(598,1,''),(599,4,''),(599,1,''),(600,4,''),(600,1,''),(601,4,''),(601,1,''),(602,4,''),(602,1,''),(603,4,''),(603,1,''),(3120,4,''),(3120,1,''),(2692,1,''),(2832,4,''),(2832,1,''),(2833,4,''),(2833,1,''),(2712,1,''),(3237,4,''),(3237,1,''),(3148,1,''),(3186,4,''),(3186,1,''),(1937,4,''),(1937,1,''),(1938,4,''),(1938,1,''),(2687,1,''),(2688,4,''),(2688,1,''),(2780,4,''),(2780,1,''),(2781,4,''),(2781,1,''),(268,4,''),(268,1,''),(279,4,''),(279,1,''),(278,4,''),(278,1,''),(277,4,''),(277,1,''),(276,4,''),(276,1,''),(275,4,''),(275,1,''),(274,4,''),(274,1,''),(273,4,''),(273,1,''),(272,4,''),(272,1,''),(271,4,''),(271,1,''),(270,4,''),(270,1,''),(269,4,''),(269,1,''),(280,4,''),(280,1,''),(2711,1,''),(2927,4,''),(2927,1,''),(2928,4,''),(2928,1,''),(1496,4,''),(1496,1,''),(1509,4,''),(1509,1,''),(1510,4,''),(1510,1,''),(1511,4,''),(1511,1,''),(2751,4,''),(2751,1,''),(2752,4,''),(2752,1,''),(2753,4,''),(2753,1,''),(2754,4,''),(2754,1,''),(3047,4,''),(3047,1,''),(3048,4,''),(3048,1,''),(3049,4,''),(3049,1,''),(1508,4,''),(1508,1,''),(1507,4,''),(1507,1,''),(1497,4,''),(1497,1,''),(1498,4,''),(1498,1,''),(1499,4,''),(1499,1,''),(1500,4,''),(1500,1,''),(1501,4,''),(1501,1,''),(1502,4,''),(1502,1,''),(1503,4,''),(1503,1,''),(1504,4,''),(1504,1,''),(1505,4,''),(1505,1,''),(1506,4,''),(1506,1,''),(3050,4,''),(3050,1,''),(450,1,''),(449,4,''),(449,1,''),(448,4,''),(448,1,''),(446,4,''),(446,1,''),(445,4,''),(445,1,''),(444,4,''),(444,1,''),(443,4,''),(443,1,''),(442,4,''),(442,1,''),(441,4,''),(441,1,''),(440,4,''),(440,1,''),(439,4,''),(439,1,''),(456,4,''),(456,1,''),(457,4,''),(457,1,''),(474,4,''),(474,1,''),(3051,4,''),(3051,1,''),(3140,4,''),(3140,1,''),(3207,4,''),(3207,1,''),(3235,4,''),(3235,1,''),(2694,4,''),(2694,1,''),(2727,1,''),(3102,4,''),(3102,1,''),(3101,4,''),(3101,1,''),(3100,4,''),(3100,1,''),(3099,4,''),(3099,1,''),(3098,4,''),(3098,1,''),(3097,4,''),(3097,1,''),(3096,4,''),(3096,1,''),(3095,4,''),(3095,1,''),(3103,4,''),(3103,1,''),(2594,4,''),(2594,1,''),(2611,4,''),(2611,1,''),(2612,4,''),(2612,1,''),(2613,4,''),(2613,1,''),(2614,4,''),(2614,1,''),(2615,4,''),(2615,1,''),(2616,4,''),(2616,1,''),(2617,4,''),(2617,1,''),(2618,4,''),(2618,1,''),(2619,4,''),(2619,1,''),(2620,4,''),(2620,1,''),(2621,4,''),(2621,1,''),(2622,4,''),(2622,1,''),(2623,4,''),(2623,1,''),(2624,4,''),(2624,1,''),(2610,4,''),(2610,1,''),(2609,4,''),(2609,1,''),(2595,4,''),(2595,1,''),(2596,4,''),(2596,1,''),(2597,4,''),(2597,1,''),(2598,4,''),(2598,1,''),(2599,4,''),(2599,1,''),(2600,4,''),(2600,1,''),(2601,4,''),(2601,1,''),(2602,4,''),(2602,1,''),(2603,4,''),(2603,1,''),(2604,4,''),(2604,1,''),(2605,4,''),(2605,1,''),(2606,4,''),(2606,1,''),(2607,4,''),(2607,1,''),(2608,4,''),(2608,1,''),(2831,4,''),(2831,1,''),(2710,1,''),(2925,4,''),(2925,1,''),(2926,4,''),(2926,1,''),(1740,4,''),(1740,1,''),(1741,4,''),(1741,1,''),(2723,1,''),(3093,4,''),(3093,1,''),(3092,4,''),(3092,1,''),(3091,4,''),(3091,1,''),(3090,4,''),(3090,1,''),(3089,4,''),(3089,1,''),(3088,4,''),(3088,1,''),(3087,4,''),(3087,1,''),(3086,4,''),(3086,1,''),(3094,4,''),(3094,1,''),(2807,4,''),(2807,1,''),(2806,4,''),(2806,1,''),(2805,4,''),(2805,1,''),(2804,4,''),(2804,1,''),(2803,4,''),(2803,1,''),(2802,4,''),(2802,1,''),(2801,4,''),(2801,1,''),(2800,4,''),(2800,1,''),(2799,4,''),(2799,1,''),(2798,4,''),(2798,1,''),(2797,4,''),(2797,1,''),(2675,4,''),(2675,1,''),(3130,4,''),(3130,1,''),(1939,4,''),(1939,1,''),(1940,4,''),(1940,1,''),(1690,4,''),(1690,1,''),(1691,4,''),(1691,1,''),(1692,4,''),(1692,1,''),(1693,4,''),(1693,1,''),(1694,4,''),(1694,1,''),(2724,1,''),(3127,4,''),(3127,1,''),(2719,1,''),(3004,4,''),(3004,1,''),(3005,4,''),(3005,1,''),(3006,4,''),(3006,1,''),(3007,4,''),(3007,1,''),(3008,4,''),(3008,1,''),(2909,1,''),(2908,4,''),(2908,1,''),(2709,4,''),(2709,1,''),(2176,4,''),(2176,1,''),(2177,4,''),(2177,1,''),(2633,4,''),(2633,1,''),(2634,4,''),(2634,1,''),(2635,4,''),(2635,1,''),(3260,4,''),(3260,1,''),(3261,4,''),(3261,1,''),(3262,4,''),(3262,1,''),(2444,4,''),(2444,1,''),(2443,4,''),(2443,1,''),(2431,4,''),(2431,1,''),(2432,4,''),(2432,1,''),(2433,4,''),(2433,1,''),(2434,4,''),(2434,1,''),(2435,4,''),(2435,1,''),(2436,4,''),(2436,1,''),(2437,4,''),(2437,1,''),(2438,4,''),(2438,1,''),(2439,4,''),(2439,1,''),(2440,4,''),(2440,1,''),(2441,4,''),(2441,1,''),(2442,4,''),(2442,1,''),(3263,4,''),(3263,1,''),(2451,1,''),(2453,1,''),(3230,1,''),(3229,4,''),(3229,1,''),(2453,4,''),(3233,4,''),(3233,1,''),(3232,4,''),(3232,1,''),(3231,4,''),(3231,1,''),(3230,4,''),(3366,4,''),(3366,1,''),(3367,4,''),(3367,1,''),(3425,4,''),(3421,1,''),(3369,1,''),(3369,4,''),(3411,4,''),(3409,1,''),(3409,4,''),(3392,1,''),(3392,4,''),(3371,4,''),(3410,1,''),(3410,4,''),(3386,1,''),(3375,4,''),(3387,1,''),(3408,1,''),(3408,4,''),(3406,1,''),(3406,4,''),(3373,1,''),(3380,4,''),(3379,1,''),(3381,4,''),(3382,1,''),(3382,4,''),(3404,1,''),(3404,4,''),(3379,4,''),(3389,1,''),(3389,4,''),(3373,4,''),(3421,4,''),(3420,1,''),(3403,1,''),(3403,4,''),(3401,1,''),(3401,4,''),(3391,1,''),(3391,4,''),(3390,1,''),(3390,4,''),(3372,4,''),(3381,1,''),(3393,1,''),(3393,4,''),(3394,1,''),(3394,4,''),(3395,1,''),(3395,4,''),(3396,1,''),(3396,4,''),(3397,1,''),(3397,4,''),(3398,1,''),(3398,4,''),(3399,1,''),(3399,4,''),(3400,1,''),(3400,4,''),(3386,4,''),(3370,1,''),(3370,4,''),(3375,1,''),(3405,1,''),(3405,4,''),(3371,1,''),(3378,4,''),(3378,1,''),(3407,1,''),(3407,4,''),(3385,1,''),(3385,4,''),(3368,1,''),(3368,4,''),(3402,1,''),(3402,4,''),(3388,1,''),(3388,4,''),(3412,1,''),(3412,4,''),(3413,1,''),(3413,4,''),(3414,1,''),(3414,4,''),(3415,1,''),(3415,4,''),(3416,1,''),(3416,4,''),(3417,1,''),(3417,4,''),(3418,1,''),(3418,4,''),(3419,1,''),(3419,4,''),(3387,4,''),(3425,1,''),(3380,1,''),(3422,1,''),(3422,4,''),(3423,1,''),(3423,4,''),(3424,1,''),(3424,4,''),(3420,4,''),(3411,1,''),(3372,1,''),(3376,4,''),(3376,1,''),(3377,4,''),(3377,1,''),(3383,4,''),(3383,1,''),(3384,4,''),(3384,1,''),(3374,4,''),(3374,1,''),(3426,4,''),(3426,1,''),(3427,1,''),(3427,4,''),(3428,1,''),(3428,4,''),(3429,1,''),(3429,4,''),(2448,4,''),(2448,1,''),(2447,4,''),(2447,1,''),(2446,4,''),(2446,1,''),(3430,1,''),(3430,4,''),(3431,1,''),(3431,4,''),(3432,1,''),(3432,4,''),(3433,1,''),(3433,4,''),(3434,1,''),(3434,4,''),(3435,1,''),(3435,4,''),(3436,1,''),(3436,4,''),(3437,1,''),(3437,4,''),(3438,1,''),(3438,4,''),(3439,1,''),(3439,4,''),(3440,1,''),(3440,4,''),(3441,1,''),(3441,4,''),(3442,1,''),(3442,4,''),(3443,1,''),(3443,4,''),(3444,1,''),(3444,4,''),(3445,1,''),(3445,4,''),(3446,1,''),(3446,4,''),(3447,1,''),(3447,4,''),(3448,1,''),(3448,4,''),(3449,1,''),(3449,4,''),(3450,1,''),(3450,4,''),(3451,1,''),(3451,4,''),(3452,1,''),(3452,4,''),(3453,1,''),(3453,4,''),(3454,1,''),(3454,4,''),(3455,1,''),(3455,4,''),(3456,1,''),(3456,4,''),(3457,1,''),(3457,4,''),(3458,1,''),(3458,4,''),(3459,1,''),(3459,4,''),(3460,1,''),(3460,4,''),(3461,1,''),(3461,4,''),(3462,1,''),(3462,4,''),(3465,1,''),(3465,4,''),(3463,1,''),(3463,4,''),(3466,4,''),(3466,1,''),(3467,4,''),(3464,1,''),(3464,4,''),(3467,1,''),(3470,1,''),(3470,4,''),(3471,1,''),(3471,4,''),(3472,1,''),(3472,4,''),(3473,1,''),(3473,4,''),(3474,1,''),(3474,4,''),(3475,1,''),(3475,4,''),(3476,1,''),(3476,4,''),(3477,1,''),(3477,4,''),(3478,1,''),(3478,4,''),(3479,1,''),(3479,4,''),(3480,1,''),(3480,4,''),(3481,1,''),(3481,4,''),(3482,1,''),(3482,4,''),(3483,1,''),(3483,4,''),(3484,1,''),(3484,4,''),(3485,1,''),(3485,4,''),(3486,1,''),(3486,4,''),(3487,1,''),(3487,4,''),(3488,1,''),(3488,4,''),(3489,1,''),(3489,4,''),(3490,1,''),(3490,4,''),(3491,1,''),(3491,4,''),(3492,1,''),(3492,4,''),(3493,1,''),(3493,4,''),(3494,1,''),(3494,4,''),(3495,1,''),(3495,4,''),(3496,1,''),(3496,4,''),(3497,1,''),(3497,4,''),(3498,1,''),(3498,4,''),(3499,1,''),(3499,4,''),(3500,1,''),(3500,4,''),(3501,1,''),(3501,4,''),(3502,1,''),(3502,4,''),(3503,1,''),(3503,4,''),(3504,1,''),(3504,4,''),(3505,1,''),(3505,4,''),(3506,1,''),(3506,4,''),(3507,1,''),(3507,4,''),(3508,1,''),(3508,4,''),(3511,1,''),(3511,4,''),(3509,1,''),(3509,4,''),(3512,4,''),(3512,1,''),(3510,1,''),(3510,4,''),(3513,4,''),(3515,1,''),(3515,4,''),(3516,1,''),(3516,4,''),(3517,1,''),(3517,4,''),(3518,1,''),(3518,4,''),(3519,1,''),(3519,4,''),(3520,1,''),(3520,4,''),(3521,1,''),(3521,4,''),(3522,1,''),(3522,4,''),(3523,1,''),(3523,4,''),(3524,1,''),(3524,4,''),(3525,1,''),(3525,4,''),(3526,1,''),(3526,4,''),(3527,1,''),(3527,4,''),(3528,1,''),(3528,4,''),(3529,1,''),(3529,4,''),(3530,1,''),(3530,4,''),(3531,1,''),(3531,4,''),(3532,1,''),(3532,4,''),(3533,1,''),(3533,4,''),(3534,1,''),(3534,4,''),(3535,1,''),(3535,4,''),(3536,1,''),(3536,4,''),(3537,1,''),(3537,4,''),(3538,1,''),(3538,4,''),(3539,1,''),(3539,4,''),(3540,1,''),(3540,4,''),(3541,1,''),(3541,4,''),(3542,1,''),(3542,4,''),(3543,1,''),(3543,4,''),(3544,1,''),(3544,4,''),(3545,1,''),(3545,4,''),(3546,1,''),(3546,4,''),(3547,1,''),(3547,4,''),(3548,1,''),(3548,4,''),(3549,1,''),(3549,4,''),(3550,1,''),(3550,4,''),(3551,1,''),(3551,4,''),(3552,1,''),(3552,4,''),(3553,1,''),(3553,4,''),(3554,1,''),(3554,4,''),(3555,1,''),(3555,4,''),(3556,1,''),(3556,4,''),(3557,1,''),(3557,4,''),(3558,1,''),(3558,4,''),(3559,1,''),(3559,4,''),(3560,1,''),(3560,4,''),(3561,1,''),(3561,4,''),(3562,1,''),(3562,4,''),(3563,1,''),(3563,4,''),(3564,1,''),(3564,4,''),(3565,1,''),(3565,4,''),(3566,1,''),(3566,4,''),(3567,1,''),(3567,4,''),(3568,1,''),(3568,4,''),(3569,1,''),(3569,4,''),(3570,1,''),(3570,4,''),(3571,1,''),(3571,4,''),(3572,1,''),(3572,4,''),(3573,1,''),(3573,4,''),(3574,1,''),(3574,4,''),(3575,1,''),(3575,4,''),(3576,1,''),(3576,4,''),(3577,1,''),(3577,4,''),(3578,1,''),(3578,4,''),(3579,1,''),(3579,4,''),(3580,1,''),(3580,4,''),(3581,1,''),(3581,4,''),(3582,1,''),(3582,4,''),(3583,1,''),(3583,4,''),(3584,1,''),(3584,4,''),(3585,1,''),(3585,4,''),(3586,1,''),(3586,4,''),(3587,1,''),(3587,4,''),(3588,1,''),(3588,4,''),(3589,1,''),(3589,4,''),(3590,1,''),(3590,4,''),(3591,1,''),(3591,4,''),(3592,1,''),(3592,4,''),(3593,1,''),(3593,4,''),(3594,1,''),(3594,4,''),(3595,1,''),(3595,4,''),(3596,1,''),(3596,4,''),(3597,1,''),(3597,4,''),(3598,1,''),(3598,4,''),(3599,1,''),(3599,4,''),(3600,1,''),(3600,4,''),(3601,1,''),(3601,4,''),(3602,1,''),(3602,4,''),(3603,1,''),(3603,4,''),(3604,1,''),(3604,4,''),(3605,1,''),(3605,4,''),(3606,1,''),(3606,4,''),(3607,1,''),(3607,4,''),(3608,1,''),(3608,4,''),(3609,1,''),(3609,4,''),(3610,1,''),(3610,4,''),(3611,1,''),(3611,4,''),(3612,1,''),(3612,4,''),(3613,1,''),(3613,4,''),(3614,1,''),(3614,4,''),(3615,1,''),(3615,4,''),(3616,1,''),(3616,4,''),(3617,1,''),(3617,4,''),(3618,1,''),(3618,4,''),(3619,1,''),(3619,4,''),(3620,1,''),(3620,4,''),(3621,1,''),(3621,4,''),(3622,1,''),(3622,4,''),(3623,1,''),(3623,4,''),(3624,1,''),(3624,4,''),(3625,1,''),(3625,4,''),(3626,1,''),(3626,4,''),(3627,1,''),(3627,4,''),(3628,1,''),(3628,4,''),(3629,1,''),(3629,4,''),(3630,1,''),(3630,4,''),(3631,1,''),(3631,4,''),(3632,1,''),(3632,4,''),(3633,1,''),(3633,4,''),(3634,1,''),(3634,4,''),(3635,1,''),(3635,4,''),(3636,1,''),(3636,4,''),(3637,1,''),(3637,4,''),(3638,1,''),(3638,4,''),(3934,4,''),(3933,1,''),(3935,1,''),(3935,4,''),(3934,1,''),(3642,1,''),(3642,4,''),(3643,1,''),(3643,4,''),(3644,1,''),(3644,4,''),(3645,1,''),(3645,4,''),(3646,1,''),(3646,4,''),(3647,1,''),(3647,4,''),(3648,1,''),(3648,4,''),(3649,1,''),(3649,4,''),(3650,1,''),(3650,4,''),(3651,1,''),(3651,4,''),(3652,1,''),(3652,4,''),(3653,1,''),(3653,4,''),(3654,1,''),(3654,4,''),(3655,1,''),(3655,4,''),(3656,1,''),(3656,4,''),(3657,1,''),(3657,4,''),(3658,1,''),(3658,4,''),(3659,1,''),(3659,4,''),(3660,1,''),(3660,4,''),(3661,1,''),(3661,4,''),(3662,1,''),(3662,4,''),(3663,1,''),(3663,4,''),(3664,1,''),(3664,4,''),(3665,1,''),(3665,4,''),(3666,1,''),(3666,4,''),(3667,1,''),(3667,4,''),(3668,1,''),(3668,4,''),(3669,1,''),(3669,4,''),(3670,1,''),(3670,4,''),(3671,1,''),(3671,4,''),(3672,1,''),(3672,4,''),(3673,1,''),(3673,4,''),(3674,1,''),(3674,4,''),(3675,1,''),(3675,4,''),(3676,1,''),(3676,4,''),(3677,1,''),(3677,4,''),(3678,1,''),(3678,4,''),(3679,1,''),(3679,4,''),(3680,1,''),(3680,4,''),(3681,1,''),(3681,4,''),(3682,1,''),(3682,4,''),(3683,1,''),(3683,4,''),(3684,1,''),(3684,4,''),(3685,1,''),(3685,4,''),(3686,1,''),(3686,4,''),(3687,1,''),(3687,4,''),(3688,1,''),(3688,4,''),(3689,1,''),(3689,4,''),(3690,1,''),(3690,4,''),(3691,1,''),(3691,4,''),(3692,1,''),(3692,4,''),(3693,1,''),(3693,4,''),(3694,1,''),(3694,4,''),(3695,1,''),(3695,4,''),(3696,1,''),(3696,4,''),(3697,1,''),(3697,4,''),(3698,1,''),(3698,4,''),(3699,1,''),(3699,4,''),(3700,1,''),(3700,4,''),(3701,1,''),(3701,4,''),(3702,1,''),(3702,4,''),(3703,1,''),(3703,4,''),(3704,1,''),(3704,4,''),(3705,1,''),(3705,4,''),(3706,1,''),(3706,4,''),(3707,1,''),(3707,4,''),(3708,1,''),(3708,4,''),(3709,1,''),(3709,4,''),(3710,1,''),(3710,4,''),(3711,1,''),(3711,4,''),(3712,1,''),(3712,4,''),(3713,1,''),(3713,4,''),(3714,1,''),(3714,4,''),(3715,1,''),(3715,4,''),(3716,1,''),(3716,4,''),(3717,1,''),(3717,4,''),(3718,1,''),(3718,4,''),(3719,1,''),(3719,4,''),(3720,1,''),(3720,4,''),(3721,1,''),(3721,4,''),(3722,1,''),(3722,4,''),(3723,1,''),(3723,4,''),(3724,1,''),(3724,4,''),(3725,1,''),(3725,4,''),(3726,1,''),(3726,4,''),(3727,1,''),(3727,4,''),(3728,1,''),(3728,4,''),(3729,1,''),(3729,4,''),(3730,1,''),(3730,4,''),(3731,1,''),(3731,4,''),(3732,1,''),(3732,4,''),(3733,1,''),(3733,4,''),(3734,1,''),(3734,4,''),(3735,1,''),(3735,4,''),(3736,1,''),(3736,4,''),(3737,1,''),(3737,4,''),(3738,1,''),(3738,4,''),(3739,1,''),(3739,4,''),(3740,1,''),(3740,4,''),(3741,1,''),(3741,4,''),(3742,1,''),(3742,4,''),(3743,1,''),(3743,4,''),(3744,1,''),(3744,4,''),(3745,1,''),(3745,4,''),(3746,1,''),(3746,4,''),(3747,1,''),(3747,4,''),(3748,1,''),(3748,4,''),(3749,1,''),(3749,4,''),(3750,1,''),(3750,4,''),(3751,1,''),(3751,4,''),(3752,1,''),(3752,4,''),(3753,1,''),(3753,4,''),(3754,1,''),(3754,4,''),(3755,1,''),(3755,4,''),(3756,1,''),(3756,4,''),(3757,1,''),(3757,4,''),(3758,1,''),(3758,4,''),(3759,1,''),(3759,4,''),(3760,1,''),(3760,4,''),(3761,1,''),(3761,4,''),(3986,4,''),(3985,1,''),(3764,1,''),(3764,4,''),(3763,1,''),(3763,4,''),(3765,1,''),(3765,4,''),(3766,1,''),(3766,4,''),(3767,1,''),(3767,4,''),(3768,1,''),(3768,4,''),(3769,1,''),(3769,4,''),(3770,1,''),(3770,4,''),(3771,1,''),(3771,4,''),(3772,1,''),(3772,4,''),(3773,1,''),(3773,4,''),(3774,1,''),(3774,4,''),(3775,1,''),(3775,4,''),(3776,1,''),(3776,4,''),(3777,1,''),(3777,4,''),(3778,1,''),(3778,4,''),(3779,1,''),(3779,4,''),(3780,1,''),(3780,4,''),(3781,1,''),(3781,4,''),(3782,1,''),(3782,4,''),(3783,1,''),(3783,4,''),(3784,1,''),(3784,4,''),(3788,4,''),(3787,1,''),(3785,1,''),(3785,4,''),(3787,4,''),(3786,1,''),(3786,4,''),(3789,1,''),(3789,4,''),(3790,1,''),(3790,4,''),(3791,1,''),(3791,4,''),(3792,1,''),(3792,4,''),(3793,1,''),(3793,4,''),(3794,1,''),(3794,4,''),(3795,1,''),(3795,4,''),(3796,1,''),(3796,4,''),(3797,1,''),(3797,4,''),(3798,1,''),(3798,4,''),(3799,1,''),(3799,4,''),(3800,1,''),(3800,4,''),(3801,1,''),(3801,4,''),(3802,1,''),(3802,4,''),(3803,1,''),(3803,4,''),(3804,1,''),(3804,4,''),(3805,1,''),(3805,4,''),(3806,1,''),(3806,4,''),(3807,1,''),(3807,4,''),(3808,1,''),(3808,4,''),(3809,1,''),(3809,4,''),(3810,1,''),(3810,4,''),(3811,1,''),(3811,4,''),(3812,1,''),(3812,4,''),(3813,1,''),(3813,4,''),(3814,1,''),(3814,4,''),(3815,1,''),(3815,4,''),(3816,1,''),(3816,4,''),(3817,1,''),(3817,4,''),(3818,1,''),(3818,4,''),(3819,1,''),(3819,4,''),(3820,1,''),(3820,4,''),(3821,1,''),(3821,4,''),(3822,1,''),(3822,4,''),(3823,1,''),(3823,4,''),(3824,1,''),(3824,4,''),(3825,1,''),(3825,4,''),(3826,1,''),(3826,4,''),(3827,1,''),(3827,4,''),(3828,1,''),(3828,4,''),(3829,1,''),(3829,4,''),(3830,1,''),(3830,4,''),(3831,1,''),(3831,4,''),(3832,1,''),(3832,4,''),(3833,1,''),(3833,4,''),(3834,1,''),(3834,4,''),(3835,1,''),(3835,4,''),(3836,1,''),(3836,4,''),(3837,1,''),(3837,4,''),(3838,1,''),(3838,4,''),(3839,1,''),(3839,4,''),(3840,1,''),(3840,4,''),(3841,1,''),(3841,4,''),(3842,1,''),(3842,4,''),(3843,1,''),(3843,4,''),(3848,4,''),(3849,1,''),(3851,4,''),(3852,1,''),(3854,1,''),(3854,4,''),(3860,1,''),(3860,4,''),(3853,4,''),(3849,4,''),(3847,4,''),(3857,1,''),(3857,4,''),(3844,1,''),(3844,4,''),(3851,1,''),(3855,1,''),(3855,4,''),(3858,1,''),(3858,4,''),(3859,1,''),(3859,4,''),(3850,1,''),(3848,1,''),(3852,4,''),(3853,1,''),(3856,1,''),(3856,4,''),(3850,4,''),(3862,1,''),(3862,4,''),(3876,4,''),(3869,4,''),(3868,4,''),(3867,4,''),(3875,1,''),(3875,4,''),(3878,1,''),(3878,4,''),(3876,1,''),(3869,1,''),(3877,1,''),(3877,4,''),(3870,1,''),(3867,1,''),(3871,1,''),(3871,4,''),(3872,1,''),(3872,4,''),(3868,1,''),(3874,1,''),(3874,4,''),(3870,4,''),(3873,1,''),(3873,4,''),(3880,1,''),(3880,4,''),(3881,1,''),(3881,4,''),(3882,1,''),(3882,4,''),(3883,1,''),(3883,4,''),(3884,1,''),(3884,4,''),(3885,1,''),(3885,4,''),(3886,1,''),(3886,4,''),(3887,1,''),(3887,4,''),(3888,1,''),(3888,4,''),(3889,1,''),(3889,4,''),(3890,1,''),(3890,4,''),(3891,1,''),(3891,4,''),(3892,1,''),(3892,4,''),(3893,1,''),(3893,4,''),(3894,1,''),(3894,4,''),(3895,1,''),(3895,4,''),(3896,1,''),(3896,4,''),(3899,1,''),(3899,4,''),(3902,1,''),(3897,1,''),(3897,4,''),(3902,4,''),(3903,4,''),(3900,1,''),(3900,4,''),(3898,1,''),(3898,4,''),(3903,1,''),(3901,1,''),(3901,4,''),(3906,1,''),(3906,4,''),(3907,1,''),(3907,4,''),(3908,1,''),(3908,4,''),(3909,1,''),(3909,4,''),(3910,1,''),(3910,4,''),(3911,1,''),(3911,4,''),(3912,1,''),(3912,4,''),(3913,1,''),(3913,4,''),(3914,1,''),(3914,4,''),(3915,1,''),(3915,4,''),(3916,1,''),(3916,4,''),(3917,1,''),(3917,4,''),(3918,1,''),(3918,4,''),(3919,1,''),(3919,4,''),(3920,1,''),(3920,4,''),(3921,1,''),(3921,4,''),(3922,1,''),(3922,4,''),(3923,1,''),(3923,4,''),(3924,1,''),(3924,4,''),(3925,1,''),(3925,4,''),(3926,1,''),(3926,4,''),(3927,1,''),(3927,4,''),(3928,1,''),(3928,4,''),(3929,1,''),(3929,4,''),(3930,1,''),(3930,4,''),(3931,1,''),(3931,4,''),(3932,1,''),(3932,4,''),(3639,1,''),(3639,4,''),(3641,4,''),(3933,4,''),(3640,1,''),(3640,4,''),(3641,1,''),(3938,1,''),(3938,4,''),(3939,1,''),(3939,4,''),(3940,1,''),(3940,4,''),(3941,1,''),(3941,4,''),(3942,1,''),(3942,4,''),(3943,1,''),(3943,4,''),(3944,1,''),(3944,4,''),(3945,1,''),(3945,4,''),(3946,1,''),(3946,4,''),(3947,1,''),(3947,4,''),(3948,1,''),(3948,4,''),(3949,1,''),(3949,4,''),(3950,1,''),(3950,4,''),(3951,1,''),(3951,4,''),(3952,1,''),(3952,4,''),(3953,1,''),(3953,4,''),(3954,1,''),(3954,4,''),(3955,1,''),(3955,4,''),(3956,1,''),(3956,4,''),(3957,1,''),(3957,4,''),(3958,1,''),(3958,4,''),(3959,1,''),(3959,4,''),(3960,1,''),(3960,4,''),(3961,1,''),(3961,4,''),(3962,1,''),(3962,4,''),(3963,1,''),(3963,4,''),(3964,1,''),(3964,4,''),(3965,1,''),(3965,4,''),(3966,1,''),(3966,4,''),(3967,1,''),(3967,4,''),(3968,1,''),(3968,4,''),(3969,1,''),(3969,4,''),(3970,1,''),(3970,4,''),(3971,1,''),(3971,4,''),(3972,1,''),(3972,4,''),(3973,1,''),(3973,4,''),(3974,1,''),(3974,4,''),(3975,1,''),(3975,4,''),(3976,1,''),(3976,4,''),(3977,1,''),(3977,4,''),(3978,1,''),(3978,4,''),(3979,1,''),(3979,4,''),(3980,1,''),(3980,4,''),(3981,1,''),(3981,4,''),(3982,1,''),(3982,4,''),(3983,1,''),(3983,4,''),(3984,1,''),(3984,4,''),(3762,1,''),(3762,4,''),(3985,4,''),(3987,1,''),(3987,4,''),(3988,1,''),(3988,4,''),(3989,1,''),(3989,4,''),(2297,4,''),(2297,1,''),(2298,4,''),(2298,1,''),(2299,4,''),(2299,1,''),(2300,4,''),(2300,1,''),(3513,1,''),(3514,4,''),(3514,1,''),(3904,4,''),(3904,1,''),(3905,4,''),(3905,1,''),(3866,4,''),(3866,1,''),(3865,4,''),(3865,1,''),(3864,4,''),(3864,1,''),(3863,4,''),(3863,1,''),(3879,4,''),(3879,1,''),(3986,1,''),(3847,1,''),(3846,4,''),(3846,1,''),(3845,4,''),(3845,1,''),(3861,4,''),(3861,1,''),(3788,1,''),(3468,4,''),(3468,1,''),(3469,4,''),(3469,1,''),(3936,4,''),(3936,1,''),(3937,4,''),(3937,1,''),(3990,1,''),(3990,4,''),(3991,1,''),(3991,4,''),(3992,1,''),(3992,4,''),(3993,1,''),(3993,4,''),(3994,1,''),(3994,4,''),(3995,1,''),(3995,4,''),(3996,1,''),(3996,4,''),(3997,1,''),(3997,4,''),(3998,1,''),(3998,4,''),(3999,1,''),(3999,4,''),(4000,1,''),(4000,4,''),(4001,1,''),(4001,4,''),(4002,1,''),(4002,4,''),(4003,1,''),(4003,4,''),(4004,1,''),(4004,4,''),(4005,1,''),(4005,4,''),(4006,1,''),(4006,4,''),(4007,1,''),(4007,4,''),(4008,1,''),(4008,4,''),(4009,1,''),(4009,4,''),(4010,1,''),(4010,4,''),(4011,1,''),(4011,4,''),(4012,1,''),(4012,4,''),(4013,1,''),(4013,4,''),(4014,1,''),(4014,4,''),(4015,1,''),(4015,4,''),(4016,1,''),(4016,4,''),(4017,1,''),(4017,4,''),(4018,1,''),(4018,4,''),(4019,1,''),(4019,4,''),(4020,1,''),(4020,4,''),(4021,1,''),(4021,4,''),(4022,1,''),(4022,4,''),(4023,1,''),(4023,4,''),(4024,1,''),(4024,4,''),(4025,1,''),(4025,4,''),(4026,1,''),(4026,4,''),(4027,1,''),(4027,4,''),(4028,1,''),(4028,4,''),(4029,1,''),(4029,4,''),(4030,1,''),(4030,4,''),(4031,1,''),(4031,4,''),(4032,1,''),(4032,4,''),(4033,1,''),(4033,4,''),(4034,1,''),(4034,4,''),(4035,1,''),(4035,4,''),(4036,1,''),(4036,4,''),(4037,1,''),(4037,4,''),(4038,1,''),(4038,4,''),(4039,1,''),(4039,4,''),(4040,1,''),(4040,4,''),(4041,1,''),(4041,4,''),(4042,1,''),(4042,4,''),(4043,1,''),(4043,4,''),(4044,1,''),(4044,4,''),(4045,1,''),(4045,4,''),(4046,1,''),(4046,4,''),(4047,1,''),(4047,4,''),(4048,1,''),(4048,4,''),(4049,1,''),(4049,4,''),(4050,1,''),(4050,4,''),(4051,1,''),(4051,4,''),(4052,1,''),(4052,4,''),(4053,1,''),(4053,4,''),(4054,1,''),(4054,4,''),(4055,1,''),(4055,4,''),(4056,1,''),(4056,4,''),(4057,1,''),(4057,4,''),(4058,1,''),(4058,4,''),(4059,1,''),(4059,4,''),(4060,1,''),(4060,4,''),(4061,1,''),(4061,4,''),(4062,1,''),(4062,4,''),(4063,1,''),(4063,4,''),(4064,1,''),(4064,4,''),(4065,1,''),(4065,4,''),(4066,1,''),(4066,4,''),(4067,1,''),(4067,4,''),(4068,1,''),(4068,4,''),(4069,1,''),(4069,4,''),(4070,1,''),(4070,4,''),(4071,1,''),(4071,4,''),(4072,1,''),(4072,4,''),(4073,1,''),(4073,4,''),(4074,1,''),(4074,4,''),(4075,1,''),(4075,4,''),(4076,1,''),(4076,4,''),(4077,1,''),(4077,4,''),(4078,1,''),(4078,4,''),(4079,1,''),(4079,4,''),(4080,1,''),(4080,4,''),(4081,1,''),(4081,4,''),(4082,1,''),(4082,4,''),(4083,1,''),(4083,4,''),(4084,1,''),(4084,4,''),(4085,1,''),(4085,4,''),(4086,1,''),(4086,4,''),(4087,1,''),(4087,4,''),(4088,1,''),(4088,4,''),(4089,1,''),(4089,4,''),(4090,1,''),(4090,4,''),(4091,1,''),(4091,4,''),(4092,1,''),(4092,4,''),(4093,1,''),(4093,4,''),(4094,1,''),(4094,4,''),(4095,1,''),(4095,4,''),(4096,1,''),(4096,4,''),(4097,1,''),(4097,4,''),(4098,1,''),(4098,4,''),(4099,1,''),(4099,4,''),(4100,1,''),(4100,4,''),(4101,1,''),(4101,4,''),(4102,1,''),(4102,4,''),(4103,1,''),(4103,4,''),(4104,1,''),(4104,4,''),(4105,1,''),(4105,4,''),(4106,1,''),(4106,4,''),(4107,1,''),(4107,4,''),(4108,1,''),(4108,4,''),(4109,1,''),(4109,4,''),(4110,1,''),(4110,4,''),(4111,1,''),(4111,4,''),(4112,1,''),(4112,4,''),(4113,1,''),(4113,4,''),(4114,1,''),(4114,4,''),(4115,1,''),(4115,4,''),(4116,1,''),(4116,4,''),(4117,1,''),(4117,4,''),(4118,1,''),(4118,4,''),(4119,1,''),(4119,4,''),(4120,1,''),(4120,4,''),(4121,1,''),(4121,4,''),(4122,1,''),(4122,4,''),(4123,1,''),(4123,4,''),(4124,1,''),(4124,4,''),(4125,1,''),(4125,4,''),(4126,1,''),(4126,4,''),(4127,1,''),(4127,4,''),(4128,1,''),(4128,4,''),(4129,1,''),(4129,4,''),(4130,1,''),(4130,4,''),(4131,1,''),(4131,4,''),(4132,1,''),(4132,4,''),(4133,1,''),(4133,4,''),(4134,1,''),(4134,4,''),(4135,1,''),(4135,4,''),(4136,1,''),(4136,4,''),(4137,1,''),(4137,4,''),(4138,1,''),(4138,4,''),(4139,1,''),(4139,4,''),(4140,1,''),(4140,4,''),(4141,1,''),(4141,4,''),(4142,1,''),(4142,4,''),(4143,1,''),(4143,4,''),(4144,1,''),(4144,4,''),(4145,1,''),(4145,4,''),(4146,1,''),(4146,4,''),(4147,1,''),(4147,4,''),(4148,1,''),(4148,4,''),(4149,1,''),(4149,4,''),(4150,1,''),(4150,4,''),(4151,1,''),(4151,4,''),(4152,1,''),(4152,4,''),(4153,1,''),(4153,4,''),(4154,1,''),(4154,4,''),(4155,1,''),(4155,4,''),(4156,1,''),(4156,4,''),(4157,1,''),(4157,4,''),(4158,1,''),(4158,4,''),(4159,1,''),(4159,4,''),(4160,1,''),(4160,4,''),(4161,1,''),(4161,4,''),(4162,1,''),(4162,4,''),(4163,1,''),(4163,4,''),(4164,1,''),(4164,4,''),(4165,1,''),(4165,4,''),(4166,1,''),(4166,4,''),(4167,1,''),(4167,4,''),(4168,1,''),(4168,4,''),(4169,1,''),(4169,4,''),(4170,1,''),(4170,4,''),(4171,1,''),(4171,4,''),(4172,1,''),(4172,4,''),(4173,1,''),(4173,4,''),(4174,1,''),(4174,4,''),(4175,1,''),(4175,4,''),(4176,1,''),(4176,4,''),(4177,1,''),(4177,4,''),(4178,1,''),(4178,4,''),(4179,1,''),(4179,4,''),(4180,1,''),(4180,4,''),(4181,1,''),(4181,4,''),(4182,1,''),(4182,4,''),(4183,1,''),(4183,4,''),(4184,1,''),(4184,4,''),(4185,1,''),(4185,4,''),(4186,1,''),(4186,4,''),(4187,1,''),(4187,4,''),(4188,1,''),(4188,4,''),(4189,1,''),(4189,4,''),(4190,1,''),(4190,4,''),(4191,1,''),(4191,4,''),(4192,1,''),(4192,4,''),(4193,1,''),(4193,4,''),(4194,1,''),(4194,4,''),(4195,1,''),(4195,4,''),(4196,1,''),(4196,4,''),(4197,1,''),(4197,4,''),(4198,1,''),(4198,4,''),(4199,1,''),(4199,4,''),(4200,1,''),(4200,4,''),(4201,1,''),(4201,4,''),(4202,1,''),(4202,4,''),(4203,1,''),(4203,4,''),(4204,1,''),(4204,4,''),(4205,1,''),(4205,4,''),(4206,1,''),(4206,4,''),(4207,1,''),(4207,4,''),(4208,1,''),(4208,4,''),(4209,1,''),(4209,4,''),(4210,1,''),(4210,4,''),(4211,1,''),(4211,4,''),(4212,1,''),(4212,4,''),(4213,1,''),(4213,4,''),(4214,1,''),(4214,4,''),(4215,1,''),(4215,4,''),(4216,1,''),(4216,4,''),(4217,1,''),(4217,4,''),(4218,1,''),(4218,4,''),(4219,1,''),(4219,4,''),(4220,1,''),(4220,4,''),(4221,1,''),(4221,4,''),(4222,1,''),(4222,4,''),(4223,1,''),(4223,4,''),(4224,1,''),(4224,4,''),(4225,1,''),(4225,4,''),(4226,1,''),(4226,4,''),(4227,1,''),(4227,4,''),(4228,1,''),(4228,4,''),(4229,1,''),(4229,4,''),(4230,1,''),(4230,4,''),(4231,1,''),(4231,4,''),(4232,1,''),(4232,4,''),(4233,1,''),(4233,4,''),(4234,1,''),(4234,4,''),(4235,1,''),(4235,4,''),(4236,1,''),(4236,4,''),(4237,1,''),(4237,4,''),(4238,1,''),(4238,4,''),(4239,1,''),(4239,4,''),(4240,1,''),(4240,4,''),(4241,1,''),(4241,4,''),(4242,1,''),(4242,4,''),(4243,1,''),(4243,4,''),(4244,1,''),(4244,4,''),(4245,1,''),(4245,4,''),(4246,1,''),(4246,4,''),(4247,1,''),(4247,4,''),(4248,1,''),(4248,4,''),(4249,1,''),(4249,4,''),(4250,1,''),(4250,4,''),(4251,1,''),(4251,4,''),(4252,1,''),(4252,4,''),(4253,1,''),(4253,4,''),(4254,1,''),(4254,4,''),(4255,1,''),(4255,4,''),(4256,1,''),(4256,4,''),(4257,1,''),(4257,4,''),(4258,1,''),(4258,4,''),(4259,1,''),(4259,4,''),(4260,1,''),(4260,4,''),(4261,1,''),(4261,4,''),(4262,1,''),(4262,4,''),(4263,1,''),(4263,4,''),(4264,1,''),(4264,4,''),(4265,1,''),(4265,4,''),(4266,1,''),(4266,4,''),(4267,1,''),(4267,4,''),(4268,1,''),(4268,4,''),(4269,1,''),(4269,4,''),(4270,1,''),(4270,4,''),(4271,1,''),(4271,4,''),(4272,1,''),(4272,4,''),(4273,1,''),(4273,4,''),(4274,1,''),(4274,4,''),(4275,1,''),(4275,4,''),(4276,1,''),(4276,4,''),(4277,1,''),(4277,4,''),(4278,1,''),(4278,4,''),(4279,1,''),(4279,4,''),(4280,1,''),(4280,4,''),(4281,1,''),(4281,4,''),(4282,1,''),(4282,4,''),(4283,1,''),(4283,4,''),(4284,1,''),(4284,4,''),(4285,1,''),(4285,4,''),(4286,1,''),(4286,4,''),(4287,1,''),(4287,4,''),(4288,1,''),(4288,4,''),(4289,1,''),(4289,4,''),(4290,1,''),(4290,4,''),(4291,1,''),(4291,4,''),(4292,1,''),(4292,4,''),(4293,1,''),(4293,4,''),(4294,1,''),(4294,4,''),(4295,1,''),(4295,4,''),(4296,1,''),(4296,4,''),(4297,1,''),(4297,4,''),(4298,1,''),(4298,4,''),(4299,1,''),(4299,4,''),(4300,1,''),(4300,4,''),(4301,1,''),(4301,4,''),(4302,1,''),(4302,4,''),(4303,1,''),(4303,4,''),(4304,1,''),(4304,4,''),(4305,1,''),(4305,4,''),(4306,1,''),(4306,4,''),(4307,1,''),(4307,4,''),(4308,1,''),(4308,4,''),(4309,1,''),(4309,4,''),(4310,1,''),(4310,4,''),(4311,1,''),(4311,4,''),(4312,1,''),(4312,4,''),(4313,1,''),(4313,4,''),(4314,1,''),(4314,4,''),(4315,1,''),(4315,4,''),(4316,1,''),(4316,4,''),(4317,1,''),(4317,4,''),(4318,1,''),(4318,4,''),(4319,1,''),(4319,4,''),(4320,1,''),(4320,4,''),(4321,1,''),(4321,4,''),(4322,1,''),(4322,4,''),(4323,1,''),(4323,4,''),(4324,1,''),(4324,4,''),(4325,1,''),(4325,4,''),(4326,1,''),(4326,4,''),(4327,1,''),(4327,4,''),(4328,1,''),(4328,4,''),(4329,1,''),(4329,4,''),(4330,1,''),(4330,4,''),(4331,1,''),(4331,4,''),(4332,1,''),(4332,4,''),(4333,1,''),(4333,4,''),(4334,1,''),(4334,4,''),(4335,1,''),(4335,4,''),(4336,1,''),(4336,4,''),(4337,1,''),(4337,4,''),(4338,1,''),(4338,4,''),(4339,1,''),(4339,4,''),(4340,1,''),(4340,4,''),(4341,1,''),(4341,4,''),(4342,1,''),(4342,4,''),(4343,1,''),(4343,4,''),(4344,1,''),(4344,4,''),(4345,1,''),(4345,4,''),(4346,1,''),(4346,4,''),(4347,1,''),(4347,4,''),(4348,1,''),(4348,4,''),(4349,1,''),(4349,4,''),(4350,1,''),(4350,4,''),(4351,1,''),(4351,4,''),(4352,1,''),(4352,4,''),(4353,1,''),(4353,4,''),(4354,1,''),(4354,4,''),(4355,1,''),(4355,4,''),(4356,1,''),(4356,4,''),(4357,1,''),(4357,4,''),(4358,1,''),(4358,4,''),(4359,1,''),(4359,4,''),(4360,1,''),(4360,4,''),(4361,1,''),(4361,4,''),(4362,1,''),(4362,4,''),(4363,1,''),(4363,4,''),(4364,1,''),(4364,4,''),(4365,1,''),(4365,4,''),(4366,1,''),(4366,4,''),(4367,1,''),(4367,4,''),(4368,1,''),(4368,4,''),(4369,1,''),(4369,4,''),(4370,1,''),(4370,4,''),(4371,1,''),(4371,4,''),(4372,1,''),(4372,4,''),(4373,1,''),(4373,4,''),(4374,1,''),(4374,4,''),(4375,1,''),(4375,4,''),(4376,1,''),(4376,4,''),(4377,1,''),(4377,4,''),(4378,1,''),(4378,4,''),(4379,1,''),(4379,4,''),(4380,1,''),(4380,4,''),(4381,1,''),(4381,4,''),(4382,1,''),(4382,4,''),(4383,1,''),(4383,4,''),(4384,1,''),(4384,4,''),(4385,1,''),(4385,4,''),(4386,1,''),(4386,4,''),(4387,1,''),(4387,4,''),(4388,1,''),(4388,4,''),(4389,1,''),(4389,4,''),(4390,1,''),(4390,4,''),(4391,1,''),(4391,4,''),(4392,1,''),(4392,4,''),(4393,1,''),(4393,4,''),(4394,1,''),(4394,4,''),(4395,1,''),(4395,4,''),(4396,1,''),(4396,4,''),(4397,1,''),(4397,4,''),(4398,1,''),(4398,4,''),(4399,1,''),(4399,4,''),(4400,1,''),(4400,4,''),(4401,1,''),(4401,4,''),(4402,1,''),(4402,4,''),(4403,1,''),(4403,4,''),(4404,1,''),(4404,4,''),(4405,1,''),(4405,4,''),(4406,1,''),(4406,4,''),(4407,1,''),(4407,4,''),(4408,1,''),(4408,4,''),(4409,1,''),(4409,4,''),(4410,1,''),(4410,4,''),(4411,1,''),(4411,4,''),(4412,1,''),(4412,4,''),(4413,1,''),(4413,4,''),(4414,1,''),(4414,4,''),(4415,1,''),(4415,4,''),(4416,1,''),(4416,4,''),(4417,1,''),(4417,4,''),(4418,1,''),(4418,4,''),(4419,1,''),(4419,4,''),(4420,1,''),(4420,4,''),(4421,1,''),(4421,4,''),(4422,1,''),(4422,4,''),(4423,1,''),(4423,4,''),(4424,1,''),(4424,4,''),(4425,1,''),(4425,4,''),(4426,1,''),(4426,4,''),(4427,1,''),(4427,4,''),(4428,1,''),(4428,4,''),(4429,1,''),(4429,4,''),(4430,1,''),(4430,4,''),(4431,1,''),(4431,4,''),(4432,1,''),(4432,4,''),(4433,1,''),(4433,4,''),(4434,1,''),(4434,4,''),(4435,1,''),(4435,4,''),(4436,1,''),(4436,4,''),(4437,1,''),(4437,4,''),(4438,1,''),(4438,4,''),(4439,1,''),(4439,4,''),(4440,1,''),(4440,4,''),(4441,1,''),(4441,4,''),(4442,1,''),(4442,4,''),(4443,1,''),(4443,4,''),(4444,1,''),(4444,4,''),(4445,1,''),(4445,4,''),(4446,1,''),(4446,4,''),(4447,1,''),(4447,4,''),(4448,1,''),(4448,4,''),(4449,1,''),(4449,4,''),(4450,1,''),(4450,4,''),(4451,1,''),(4451,4,''),(4452,1,''),(4452,4,''),(4453,1,''),(4453,4,''),(4454,1,''),(4454,4,''),(4455,1,''),(4455,4,''),(4456,1,''),(4456,4,''),(4457,1,''),(4457,4,''),(4458,1,''),(4458,4,''),(4459,1,''),(4459,4,''),(4460,1,''),(4460,4,''),(4461,1,''),(4461,4,''),(4462,1,''),(4462,4,''),(4463,1,''),(4463,4,''),(4464,1,''),(4464,4,''),(4465,1,''),(4465,4,''),(4466,1,''),(4466,4,''),(4467,1,''),(4467,4,''),(4468,1,''),(4468,4,''),(4469,1,''),(4469,4,''),(4470,1,''),(4470,4,''),(4471,1,''),(4471,4,''),(4472,1,''),(4472,4,''),(4473,1,''),(4473,4,''),(4474,1,''),(4474,4,''),(4475,1,''),(4475,4,''),(4476,1,''),(4476,4,''),(4477,1,''),(4477,4,''),(4478,1,''),(4478,4,''),(4479,1,''),(4479,4,''),(4480,1,''),(4480,4,''),(4481,1,''),(4481,4,''),(4482,1,''),(4482,4,''),(4483,1,''),(4483,4,''),(4484,1,''),(4484,4,''),(4485,1,''),(4485,4,''),(4486,1,''),(4486,4,''),(4487,1,''),(4487,4,''),(4488,1,''),(4488,4,''),(4489,1,''),(4489,4,''),(4490,1,''),(4490,4,''),(4491,1,''),(4491,4,''),(4492,1,''),(4492,4,''),(4493,1,''),(4493,4,''),(4494,1,''),(4494,4,''),(4495,1,''),(4495,4,''),(4496,1,''),(4496,4,''),(4497,1,''),(4497,4,''),(4498,1,''),(4498,4,''),(4499,1,''),(4499,4,''),(4500,1,''),(4500,4,''),(4501,1,''),(4501,4,''),(4502,1,''),(4502,4,''),(4503,1,''),(4503,4,''),(4504,1,''),(4504,4,''),(4505,1,''),(4505,4,''),(4506,1,''),(4506,4,''),(4507,1,''),(4507,4,''),(4508,1,''),(4508,4,''),(4509,1,''),(4509,4,''),(4510,1,''),(4510,4,''),(4511,1,''),(4511,4,''),(4512,1,''),(4512,4,''),(4513,1,''),(4513,4,''),(4514,1,''),(4514,4,''),(4515,1,''),(4515,4,''),(4516,1,''),(4516,4,''),(4517,1,''),(4517,4,''),(4518,1,''),(4518,4,''),(4519,1,''),(4519,4,''),(4520,1,''),(4520,4,''),(4521,1,''),(4521,4,''),(4522,1,''),(4522,4,''),(4523,1,''),(4523,4,''),(4524,1,''),(4524,4,''),(4525,1,''),(4525,4,''),(4526,1,''),(4526,4,''),(4527,1,''),(4527,4,''),(4528,1,''),(4528,4,''),(4529,1,''),(4529,4,''),(4530,1,''),(4530,4,''),(4531,1,''),(4531,4,''),(4532,1,''),(4532,4,''),(4533,1,''),(4533,4,''),(4534,1,''),(4534,4,''),(4535,1,''),(4535,4,''),(4536,1,''),(4536,4,''),(4537,1,''),(4537,4,''),(4538,1,''),(4538,4,''),(4539,1,''),(4539,4,''),(4540,1,''),(4540,4,''),(4541,1,''),(4541,4,''),(4542,1,''),(4542,4,''),(4543,1,''),(4543,4,''),(4544,1,''),(4544,4,''),(4545,1,''),(4545,4,''),(4546,1,''),(4546,4,''),(4547,1,''),(4547,4,''),(4548,1,''),(4548,4,''),(4549,1,''),(4549,4,''),(4550,1,''),(4550,4,''),(4551,1,''),(4551,4,''),(4552,1,''),(4552,4,''),(4553,1,''),(4553,4,''),(4554,1,''),(4554,4,''),(4555,1,''),(4555,4,''),(4556,1,''),(4556,4,''),(4557,1,''),(4557,4,''),(4558,1,''),(4558,4,''),(4559,1,''),(4559,4,''),(4560,1,''),(4560,4,''),(4561,1,''),(4561,4,''),(4562,1,''),(4562,4,''),(4563,1,''),(4563,4,''),(4564,1,''),(4564,4,''),(4565,1,''),(4565,4,''),(4566,1,''),(4566,4,''),(4567,1,''),(4567,4,''),(4568,1,''),(4568,4,''),(4569,1,''),(4569,4,''),(4570,1,''),(4570,4,''),(4571,1,''),(4571,4,''),(4572,1,''),(4572,4,''),(4573,1,''),(4573,4,''),(4574,1,''),(4574,4,''),(4575,1,''),(4575,4,''),(4576,1,''),(4576,4,''),(4577,1,''),(4577,4,''),(4578,1,''),(4578,4,''),(4579,1,''),(4579,4,''),(4580,1,''),(4580,4,''),(4581,1,''),(4581,4,''),(4582,1,''),(4582,4,''),(4583,1,''),(4583,4,''),(4584,1,''),(4584,4,''),(4585,1,''),(4585,4,''),(4586,1,''),(4586,4,''),(4587,1,''),(4587,4,''),(4588,1,''),(4588,4,''),(4589,1,''),(4589,4,''),(4590,1,''),(4590,4,''),(4591,1,''),(4591,4,''),(4592,1,''),(4592,4,''),(4593,1,''),(4593,4,''),(4594,1,''),(4594,4,''),(4595,1,''),(4595,4,''),(4596,1,''),(4596,4,''),(4597,1,''),(4597,4,''),(4598,1,''),(4598,4,''),(4599,1,''),(4599,4,''),(4600,1,''),(4600,4,''),(4601,1,''),(4601,4,''),(4602,1,''),(4602,4,''),(4603,1,''),(4603,4,''),(4604,1,''),(4604,4,''),(4605,1,''),(4605,4,''),(4606,1,''),(4606,4,''),(4607,1,''),(4607,4,''),(4608,1,''),(4608,4,''),(4609,1,''),(4609,4,''),(4610,1,''),(4610,4,''),(4611,1,''),(4611,4,''),(4612,1,''),(4612,4,''),(4613,1,''),(4613,4,''),(4614,1,''),(4614,4,''),(4615,1,''),(4615,4,''),(4616,1,''),(4616,4,''),(4617,1,''),(4617,4,''),(4618,1,''),(4618,4,''),(4619,1,''),(4619,4,''),(4620,1,''),(4620,4,''),(4621,1,''),(4621,4,''),(4622,1,''),(4622,4,''),(4623,1,''),(4623,4,''),(4624,1,''),(4624,4,''),(4625,1,''),(4625,4,''),(4626,1,''),(4626,4,''),(4627,1,''),(4627,4,''),(4628,1,''),(4628,4,''),(4629,1,''),(4629,4,''),(4630,1,''),(4630,4,''),(4631,1,''),(4631,4,''),(4632,1,''),(4632,4,''),(4633,1,''),(4633,4,''),(4634,1,''),(4634,4,''),(4635,1,''),(4635,4,''),(4636,1,''),(4636,4,''),(4637,1,''),(4637,4,''),(4638,1,''),(4638,4,''),(4639,1,''),(4639,4,''),(4640,1,''),(4640,4,''),(4641,1,''),(4641,4,''),(4642,1,''),(4642,4,''),(4643,1,''),(4643,4,''),(4644,1,''),(4644,4,''),(4645,1,''),(4645,4,''),(4646,1,''),(4646,4,''),(4647,1,''),(4647,4,''),(4648,1,''),(4648,4,''),(4649,1,''),(4649,4,''),(4650,1,''),(4650,4,''),(4651,1,''),(4651,4,''),(4652,1,''),(4652,4,''),(4653,1,''),(4653,4,''),(4654,1,''),(4654,4,''),(4655,1,''),(4655,4,''),(4656,1,''),(4656,4,''),(4657,1,''),(4657,4,''),(4658,1,''),(4658,4,''),(4659,1,''),(4659,4,''),(4660,1,''),(4660,4,''),(4661,1,''),(4661,4,''),(4662,1,''),(4662,4,''),(4663,1,''),(4663,4,''),(4664,1,''),(4664,4,''),(4665,1,''),(4665,4,''),(4666,1,''),(4666,4,''),(4667,1,''),(4667,4,''),(4668,1,''),(4668,4,''),(4669,1,''),(4669,4,''),(4670,1,''),(4670,4,''),(4671,1,''),(4671,4,''),(4672,1,''),(4672,4,''),(4673,1,''),(4673,4,''),(4674,1,''),(4674,4,''),(4675,1,''),(4675,4,''),(4676,1,''),(4676,4,''),(4677,1,''),(4677,4,''),(4678,1,''),(4678,4,''),(4679,1,''),(4679,4,''),(4680,1,''),(4680,4,''),(4681,1,''),(4681,4,''),(4682,1,''),(4682,4,''),(4683,1,''),(4683,4,''),(4684,1,''),(4684,4,''),(4685,1,''),(4685,4,''),(4686,1,''),(4686,4,''),(4687,1,''),(4687,4,''),(4688,1,''),(4688,4,''),(4689,1,''),(4689,4,''),(4690,1,''),(4690,4,''),(4691,1,''),(4691,4,''),(4692,1,''),(4692,4,''),(4693,1,''),(4693,4,''),(4694,1,''),(4694,4,''),(4695,1,''),(4695,4,''),(4696,1,''),(4696,4,''),(4697,1,''),(4697,4,''),(4698,1,''),(4698,4,''),(4699,1,''),(4699,4,''),(4700,1,''),(4700,4,''),(4701,1,''),(4701,4,''),(4702,1,''),(4702,4,''),(4703,1,''),(4703,4,''),(4704,1,''),(4704,4,''),(4705,1,''),(4705,4,''),(4706,1,''),(4706,4,''),(4707,1,''),(4707,4,''),(4708,1,''),(4708,4,''),(4709,1,''),(4709,4,''),(4710,1,''),(4710,4,''),(4711,1,''),(4711,4,''),(4712,1,''),(4712,4,''),(4713,1,''),(4713,4,''),(4714,1,''),(4714,4,''),(4715,1,''),(4715,4,''),(4716,1,''),(4716,4,''),(4717,1,''),(4717,4,''),(4718,1,''),(4718,4,''),(4719,1,''),(4719,4,''),(4720,1,''),(4720,4,''),(4721,1,''),(4721,4,''),(4722,1,''),(4722,4,''),(4723,1,''),(4723,4,''),(4724,1,''),(4724,4,''),(4725,1,''),(4725,4,''),(4726,1,''),(4726,4,''),(4727,1,''),(4727,4,''),(4728,1,''),(4728,4,''),(4729,1,''),(4729,4,''),(4730,1,''),(4730,4,''),(4731,1,''),(4731,4,''),(4732,1,''),(4732,4,''),(4733,1,''),(4733,4,''),(4734,1,''),(4734,4,''),(4735,1,''),(4735,4,''),(4736,1,''),(4736,4,''),(4737,1,''),(4737,4,''),(4738,1,''),(4738,4,''),(4739,1,''),(4739,4,''),(4740,1,''),(4740,4,''),(4741,1,''),(4741,4,''),(4742,1,''),(4742,4,''),(4743,1,''),(4743,4,''),(4744,1,''),(4744,4,''),(4745,1,''),(4745,4,''),(4746,1,''),(4746,4,''),(4747,1,''),(4747,4,''),(4748,1,''),(4748,4,''),(4749,1,''),(4749,4,''),(4750,1,''),(4750,4,''),(4751,1,''),(4751,4,''),(4752,1,''),(4752,4,''),(4753,1,''),(4753,4,''),(4754,1,''),(4754,4,''),(4755,1,''),(4755,4,''),(4756,1,''),(4756,4,''),(4757,1,''),(4757,4,''),(4758,1,''),(4758,4,''),(4759,1,''),(4759,4,''),(4760,1,''),(4760,4,''),(4761,1,''),(4761,4,''),(4762,1,''),(4762,4,''),(4763,1,''),(4763,4,''),(4764,1,''),(4764,4,''),(4765,1,''),(4765,4,''),(4766,1,''),(4766,4,''),(4767,1,''),(4767,4,''),(4768,1,''),(4768,4,''),(4769,1,''),(4769,4,''),(4770,1,''),(4770,4,''),(4771,1,''),(4771,4,''),(4772,1,''),(4772,4,''),(4773,1,''),(4773,4,''),(4774,1,''),(4774,4,''),(4775,1,''),(4775,4,''),(4776,1,''),(4776,4,''),(4777,1,''),(4777,4,''),(4778,1,''),(4778,4,''),(4779,1,''),(4779,4,''),(4780,1,''),(4780,4,''),(4781,1,''),(4781,4,''),(4782,1,''),(4782,4,''),(4783,1,''),(4783,4,''),(4784,1,''),(4784,4,''),(4785,1,''),(4785,4,''),(4786,1,''),(4786,4,''),(4787,1,''),(4787,4,''),(4788,1,''),(4788,4,''),(4789,1,''),(4789,4,''),(4790,1,''),(4790,4,''),(4791,1,''),(4791,4,''),(4792,1,''),(4792,4,''),(4793,1,''),(4793,4,''),(4794,1,''),(4794,4,''),(4795,1,''),(4795,4,''),(4796,1,''),(4796,4,''),(4797,1,''),(4797,4,''),(4798,1,''),(4798,4,''),(4799,1,''),(4799,4,''),(4800,1,''),(4800,4,''),(4801,1,''),(4801,4,''),(4802,1,''),(4802,4,''),(4803,1,''),(4803,4,''),(4804,1,''),(4804,4,''),(4805,1,''),(4805,4,''),(4806,1,''),(4806,4,''),(4807,1,''),(4807,4,''),(4808,1,''),(4808,4,''),(4809,1,''),(4809,4,''),(4810,1,''),(4810,4,''),(4811,1,''),(4811,4,''),(4812,1,''),(4812,4,''),(4813,1,''),(4813,4,''),(4814,1,''),(4814,4,''),(4815,1,''),(4815,4,''),(4816,1,''),(4816,4,''),(4817,1,''),(4817,4,''),(4818,1,''),(4818,4,''),(4819,1,''),(4819,4,''),(4820,1,''),(4820,4,''),(4821,1,''),(4821,4,''),(4822,1,''),(4822,4,''),(4823,1,''),(4823,4,''),(4824,1,''),(4824,4,''),(4825,1,''),(4825,4,''),(4826,1,''),(4826,4,''),(4827,1,''),(4827,4,''),(4828,1,''),(4828,4,''),(4829,1,''),(4829,4,''),(4830,1,''),(4830,4,''),(4831,1,''),(4831,4,''),(4832,1,''),(4832,4,''),(4833,1,''),(4833,4,''),(4834,1,''),(4834,4,''),(4835,1,''),(4835,4,''),(4836,1,''),(4836,4,''),(4837,1,''),(4837,4,''),(4838,1,''),(4838,4,''),(4839,1,''),(4839,4,''),(4840,1,''),(4840,4,''),(4841,1,''),(4841,4,''),(4842,1,''),(4842,4,''),(4843,1,''),(4843,4,''),(4844,1,''),(4844,4,''),(4845,1,''),(4845,4,''),(4846,1,''),(4846,4,''),(4847,1,''),(4847,4,''),(4848,1,''),(4848,4,''),(4849,1,''),(4849,4,''),(4850,1,''),(4850,4,''),(4851,1,''),(4851,4,''),(4852,1,''),(4852,4,''),(4853,1,''),(4853,4,''),(4854,1,''),(4854,4,''),(4855,1,''),(4855,4,''),(4856,1,''),(4856,4,''),(4857,1,''),(4857,4,''),(4858,1,''),(4858,4,''),(4859,1,''),(4859,4,''),(4860,1,''),(4860,4,''),(4861,1,''),(4861,4,''),(4862,1,''),(4862,4,''),(4863,1,''),(4863,4,''),(4864,1,''),(4864,4,''),(4865,1,''),(4865,4,''),(4866,1,''),(4866,4,''),(4867,1,''),(4867,4,''),(4868,1,''),(4868,4,''),(4869,1,''),(4869,4,''),(4870,1,''),(4870,4,''),(4871,1,''),(4871,4,''),(4872,1,''),(4872,4,''),(4873,1,''),(4873,4,''),(4874,1,''),(4874,4,''),(4875,1,''),(4875,4,''),(4876,1,''),(4876,4,''),(4877,1,''),(4877,4,''),(4878,1,''),(4878,4,''),(4879,1,''),(4879,4,''),(4880,1,''),(4880,4,''),(4881,1,''),(4881,4,''),(4882,1,''),(4882,4,''),(4883,1,''),(4883,4,''),(4884,1,''),(4884,4,''),(4885,1,''),(4885,4,''),(4886,1,''),(4886,4,''),(4887,1,''),(4887,4,''),(4888,1,''),(4888,4,''),(4889,1,''),(4889,4,''),(4890,1,''),(4890,4,''),(4891,1,''),(4891,4,''),(4892,1,''),(4892,4,''),(4893,1,''),(4893,4,''),(4894,1,''),(4894,4,''),(4895,1,''),(4895,4,''),(4896,1,''),(4896,4,''),(4897,1,''),(4897,4,''),(4898,1,''),(4898,4,''),(4899,1,''),(4899,4,''),(4900,1,''),(4900,4,''),(4901,1,''),(4901,4,''),(4902,1,''),(4902,4,''),(4903,1,''),(4903,4,''),(4904,1,''),(4904,4,''),(4905,1,''),(4905,4,''),(4906,1,''),(4906,4,''),(4907,1,''),(4907,4,''),(4908,1,''),(4908,4,''),(4909,1,''),(4909,4,''),(4910,1,''),(4910,4,''),(4911,1,''),(4911,4,''),(4912,1,''),(4912,4,''),(4913,1,''),(4913,4,''),(4914,1,''),(4914,4,''),(4915,1,''),(4915,4,''),(4916,1,''),(4916,4,''),(4917,1,''),(4917,4,''),(4918,1,''),(4918,4,''),(4919,1,''),(4919,4,''),(4920,1,''),(4920,4,''),(4921,1,''),(4921,4,''),(4922,1,''),(4922,4,''),(4923,1,''),(4923,4,''),(4924,1,''),(4924,4,''),(4925,1,''),(4925,4,''),(4926,1,''),(4926,4,''),(4927,1,''),(4927,4,''),(4928,1,''),(4928,4,''),(4929,1,''),(4929,4,''),(4930,1,''),(4930,4,''),(4931,1,''),(4931,4,''),(4932,1,''),(4932,4,''),(4933,1,''),(4933,4,''),(4934,1,''),(4934,4,''),(4935,1,''),(4935,4,''),(4936,1,''),(4936,4,''),(4937,1,''),(4937,4,''),(4938,1,''),(4938,4,''),(4939,1,''),(4939,4,''),(4940,1,''),(4940,4,''),(4941,1,''),(4941,4,''),(4942,1,''),(4942,4,''),(4943,1,''),(4943,4,''),(4944,1,''),(4944,4,''),(4945,1,''),(4945,4,''),(4946,1,''),(4946,4,''),(4947,1,''),(4947,4,''),(4948,1,''),(4948,4,''),(4949,1,''),(4949,4,''),(4950,1,''),(4950,4,''),(4951,1,''),(4951,4,''),(4952,1,''),(4952,4,''),(4953,1,''),(4953,4,''),(4954,1,''),(4954,4,''),(4955,1,''),(4955,4,''),(4956,1,''),(4956,4,''),(4957,1,''),(4957,4,''),(4958,1,''),(4958,4,''),(4959,1,''),(4959,4,''),(4960,1,''),(4960,4,''),(4961,1,''),(4961,4,''),(4962,1,''),(4962,4,''),(4963,1,''),(4963,4,''),(4964,1,''),(4964,4,''),(4965,1,''),(4965,4,''),(4966,1,''),(4966,4,''),(4967,1,''),(4967,4,''),(4968,1,''),(4968,4,''),(4969,1,''),(4969,4,''),(4970,1,''),(4970,4,''),(4971,1,''),(4971,4,''),(4972,1,''),(4972,4,''),(4973,1,''),(4973,4,''),(4974,1,''),(4974,4,''),(4975,1,''),(4975,4,''),(4976,1,''),(4976,4,''),(4977,1,''),(4977,4,''),(4978,1,''),(4978,4,''),(4979,1,''),(4979,4,''),(4980,1,''),(4980,4,''),(4981,1,''),(4981,4,''),(4982,1,''),(4982,4,''),(4983,1,''),(4983,4,''),(4984,1,''),(4984,4,''),(4985,1,''),(4985,4,''),(4986,1,''),(4986,4,''),(4987,1,''),(4987,4,''),(4988,1,''),(4988,4,''),(4989,1,''),(4989,4,''),(4990,1,''),(4990,4,''),(4991,1,''),(4991,4,''),(4992,1,''),(4992,4,''),(4993,1,''),(4993,4,''),(4994,1,''),(4994,4,''),(4995,1,''),(4995,4,''),(4996,1,''),(4996,4,''),(4997,1,''),(4997,4,''),(4998,1,''),(4998,4,''),(4999,1,''),(4999,4,''),(5000,1,''),(5000,4,''),(5001,1,''),(5001,4,''),(5002,1,''),(5002,4,''),(5003,1,''),(5003,4,''),(5004,1,''),(5004,4,''),(5005,1,''),(5005,4,''),(5006,1,''),(5006,4,''),(5007,1,''),(5007,4,''),(5008,1,''),(5008,4,''),(5009,1,''),(5009,4,''),(5010,1,''),(5010,4,''),(5011,1,''),(5011,4,''),(5012,1,''),(5012,4,''),(5013,1,''),(5013,4,''),(5014,1,''),(5014,4,''),(5015,1,''),(5015,4,''),(5016,1,''),(5016,4,''),(5017,1,''),(5017,4,''),(5018,1,''),(5018,4,''),(5019,1,''),(5019,4,''),(5020,1,''),(5020,4,''),(5021,1,''),(5021,4,''),(5022,1,''),(5022,4,''),(5023,1,''),(5023,4,''),(5024,1,''),(5024,4,''),(5025,1,''),(5025,4,''),(5026,1,''),(5026,4,''),(5027,1,''),(5027,4,''),(5028,1,''),(5028,4,''),(5029,1,''),(5029,4,''),(5030,1,''),(5030,4,''),(5031,1,''),(5031,4,''),(5032,1,''),(5032,4,''),(5033,1,''),(5033,4,''),(5034,1,''),(5034,4,''),(5035,1,''),(5035,4,''),(5036,1,''),(5036,4,''),(5037,1,''),(5037,4,''),(5038,1,''),(5038,4,''),(5039,1,''),(5039,4,''),(5040,1,''),(5040,4,''),(5041,1,''),(5041,4,''),(5042,1,''),(5042,4,''),(5043,1,''),(5043,4,''),(5044,1,''),(5044,4,''),(5045,1,''),(5045,4,''),(5046,1,''),(5046,4,''),(5047,1,''),(5047,4,''),(5048,1,''),(5048,4,''),(5049,1,''),(5049,4,''),(5050,1,''),(5050,4,''),(5051,1,''),(5051,4,''),(5052,1,''),(5052,4,''),(5053,1,''),(5053,4,''),(5054,1,''),(5054,4,''),(5055,1,''),(5055,4,''),(5056,1,''),(5056,4,''),(5057,1,''),(5057,4,''),(5058,1,''),(5058,4,''),(5059,1,''),(5059,4,''),(5060,1,''),(5060,4,''),(5061,1,''),(5061,4,''),(5062,1,''),(5062,4,''),(5063,1,''),(5063,4,''),(5064,1,''),(5064,4,''),(5065,1,''),(5065,4,''),(5066,1,''),(5066,4,''),(5067,1,''),(5067,4,''),(5068,1,''),(5068,4,''),(5069,1,''),(5069,4,''),(5070,1,''),(5070,4,''),(5071,1,''),(5071,4,''),(5072,1,''),(5072,4,''),(5073,1,''),(5073,4,''),(5074,1,''),(5074,4,''),(5075,1,''),(5075,4,''),(5076,1,''),(5076,4,''),(5077,1,''),(5077,4,''),(5078,1,''),(5078,4,''),(5079,1,''),(5079,4,''),(5080,1,''),(5080,4,''),(5081,1,''),(5081,4,''),(5082,1,''),(5082,4,''),(5083,1,''),(5083,4,''),(5084,1,''),(5084,4,''),(5085,1,''),(5085,4,''),(5086,1,''),(5086,4,''),(5087,1,''),(5087,4,''),(5088,1,''),(5088,4,''),(5089,1,''),(5089,4,''),(5090,1,''),(5090,4,''),(5091,1,''),(5091,4,''),(5092,1,''),(5092,4,''),(5093,1,''),(5093,4,''),(5094,1,''),(5094,4,''),(5095,1,''),(5095,4,''),(5096,1,''),(5096,4,''),(5097,1,''),(5097,4,''),(5098,1,''),(5098,4,''),(5099,1,''),(5099,4,''),(5100,1,''),(5100,4,''),(5101,1,''),(5101,4,''),(5102,1,''),(5102,4,''),(5103,1,''),(5103,4,''),(5104,1,''),(5104,4,''),(5105,1,''),(5105,4,''),(5106,1,''),(5106,4,''),(5107,1,''),(5107,4,''),(5108,1,''),(5108,4,''),(5109,1,''),(5109,4,''),(5110,1,''),(5110,4,''),(5111,1,''),(5111,4,''),(5112,1,''),(5112,4,''),(5113,1,''),(5113,4,''),(5114,1,''),(5114,4,''),(5115,1,''),(5115,4,''),(5116,1,''),(5116,4,''),(5117,1,''),(5117,4,''),(5118,1,''),(5118,4,''),(5119,1,''),(5119,4,''),(5120,1,''),(5120,4,''),(5121,1,''),(5121,4,''),(5122,1,''),(5122,4,''),(5123,1,''),(5123,4,''),(5124,1,''),(5124,4,''),(5125,1,''),(5125,4,''),(5126,1,''),(5126,4,''),(5127,1,''),(5127,4,''),(5128,1,''),(5128,4,''),(5129,1,''),(5129,4,''),(5130,1,''),(5130,4,''),(5131,1,''),(5131,4,''),(5132,1,''),(5132,4,''),(5133,1,''),(5133,4,''),(5134,1,''),(5134,4,''),(5135,1,''),(5135,4,''),(5136,1,''),(5136,4,''),(5137,1,''),(5137,4,''),(5138,1,''),(5138,4,''),(5139,1,''),(5139,4,''),(5140,1,''),(5140,4,''),(5141,1,''),(5141,4,''),(5142,1,''),(5142,4,''),(5143,1,''),(5143,4,''),(5144,1,''),(5144,4,''),(5145,1,''),(5145,4,''),(5146,1,''),(5146,4,''),(5147,1,''),(5147,4,''),(5148,1,''),(5148,4,''),(5149,1,''),(5149,4,''),(5150,1,''),(5150,4,''),(5151,1,''),(5151,4,''),(5152,1,''),(5152,4,''),(5153,1,''),(5153,4,''),(5154,1,''),(5154,4,''),(5155,1,''),(5155,4,''),(5156,1,''),(5156,4,''),(5157,1,''),(5157,4,''),(5158,1,''),(5158,4,''),(5159,1,''),(5159,4,''),(5160,1,''),(5160,4,''),(5161,1,''),(5161,4,''),(5162,1,''),(5162,4,''),(5163,1,''),(5163,4,''),(5164,1,''),(5164,4,''),(5165,1,''),(5165,4,''),(5166,1,''),(5166,4,''),(5167,1,''),(5167,4,''),(5168,1,''),(5168,4,''),(5169,1,''),(5169,4,''),(5170,1,''),(5170,4,''),(5171,1,''),(5171,4,''),(5172,1,''),(5172,4,''),(5173,1,''),(5173,4,''),(5174,1,''),(5174,4,''),(5175,1,''),(5175,4,''),(5176,1,''),(5176,4,''),(5177,1,''),(5177,4,''),(5178,1,''),(5178,4,''),(5179,1,''),(5179,4,''),(5180,1,''),(5180,4,''),(5181,1,''),(5181,4,''),(5182,1,''),(5182,4,''),(5183,1,''),(5183,4,''),(5184,1,''),(5184,4,''),(5185,1,''),(5185,4,''),(5186,1,''),(5186,4,''),(5187,1,''),(5187,4,''),(5188,1,''),(5188,4,''),(5189,1,''),(5189,4,''),(5190,1,''),(5190,4,''),(5191,1,''),(5191,4,''),(5192,1,''),(5192,4,''),(5193,1,''),(5193,4,''),(5194,1,''),(5194,4,''),(5195,1,''),(5195,4,''),(5196,1,''),(5196,4,''),(5197,1,''),(5197,4,''),(5198,1,''),(5198,4,''),(5199,1,''),(5199,4,''),(5200,1,''),(5200,4,''),(5201,1,''),(5201,4,''),(5202,1,''),(5202,4,''),(5203,1,''),(5203,4,''),(5204,1,''),(5204,4,''),(5205,1,''),(5205,4,''),(5206,1,''),(5206,4,''),(5207,1,''),(5207,4,''),(5208,1,''),(5208,4,''),(5209,1,''),(5209,4,''),(5210,1,''),(5210,4,''),(5211,1,''),(5211,4,''),(5212,1,''),(5212,4,''),(5213,1,''),(5213,4,''),(5214,1,''),(5214,4,''),(5215,1,''),(5215,4,''),(5216,1,''),(5216,4,''),(5217,1,''),(5217,4,''),(5218,1,''),(5218,4,''),(5219,1,''),(5219,4,''),(5220,1,''),(5220,4,''),(5221,1,''),(5221,4,''),(5222,1,''),(5222,4,''),(5223,1,''),(5223,4,''),(5224,1,''),(5224,4,''),(5225,1,''),(5225,4,''),(5226,1,''),(5226,4,''),(5227,1,''),(5227,4,''),(5228,1,''),(5228,4,''),(5229,1,''),(5229,4,''),(5230,1,''),(5230,4,''),(5231,1,''),(5231,4,''),(5232,1,''),(5232,4,''),(5233,1,''),(5233,4,''),(5234,1,''),(5234,4,''),(5235,1,''),(5235,4,''),(5236,1,''),(5236,4,''),(5237,1,''),(5237,4,''),(5238,1,''),(5238,4,''),(5239,1,''),(5239,4,''),(5240,1,''),(5240,4,''),(5241,1,''),(5241,4,''),(5242,1,''),(5242,4,''),(5243,1,''),(5243,4,''),(5244,1,''),(5244,4,''),(5245,1,''),(5245,4,''),(5246,1,''),(5246,4,''),(5247,1,''),(5247,4,''),(5248,1,''),(5248,4,''),(5249,1,''),(5249,4,''),(5250,1,''),(5250,4,''),(5251,1,''),(5251,4,''),(5252,1,''),(5252,4,''),(5253,1,''),(5253,4,''),(5254,1,''),(5254,4,''),(5255,1,''),(5255,4,''),(5256,1,''),(5256,4,''),(5257,1,''),(5257,4,''),(5258,1,''),(5258,4,''),(5259,1,''),(5259,4,''),(5260,1,''),(5260,4,''),(5261,1,''),(5261,4,''),(5262,1,''),(5262,4,''),(5263,1,''),(5263,4,''),(5264,1,''),(5264,4,''),(5265,1,''),(5265,4,''),(5266,1,''),(5266,4,''),(5267,1,''),(5267,4,''),(5268,1,''),(5268,4,''),(5269,1,''),(5269,4,''),(5270,1,''),(5270,4,''),(5271,1,''),(5271,4,''),(5272,1,''),(5272,4,''),(5273,1,''),(5273,4,''),(5274,1,''),(5274,4,''),(5275,1,''),(5275,4,''),(5276,1,''),(5276,4,''),(5277,1,''),(5277,4,''),(5278,1,''),(5278,4,''),(5279,1,''),(5279,4,''),(5280,1,''),(5280,4,''),(5281,1,''),(5281,4,''),(5282,1,''),(5282,4,''),(5283,1,''),(5283,4,''),(5284,1,''),(5284,4,''),(5285,1,''),(5285,4,''),(5286,1,''),(5286,4,''),(5287,1,''),(5287,4,''),(5288,1,''),(5288,4,''),(5289,1,''),(5289,4,''),(5290,1,''),(5290,4,''),(5291,1,''),(5291,4,''),(5292,1,''),(5292,4,''),(5293,1,''),(5293,4,''),(5294,1,''),(5294,4,''),(5295,1,''),(5295,4,''),(5296,1,''),(5296,4,''),(5297,1,''),(5297,4,''),(5298,1,''),(5298,4,''),(5299,1,''),(5299,4,''),(5300,1,''),(5300,4,''),(5301,1,''),(5301,4,''),(5302,1,''),(5302,4,''),(5303,1,''),(5303,4,''),(5304,1,''),(5304,4,''),(5305,1,''),(5305,4,''),(5306,1,''),(5306,4,''),(5307,1,''),(5307,4,''),(5308,1,''),(5308,4,''),(5309,1,''),(5309,4,''),(5310,1,''),(5310,4,''),(5311,1,''),(5311,4,''),(5312,1,''),(5312,4,''),(5313,1,''),(5313,4,''),(5314,1,''),(5314,4,''),(5315,1,''),(5315,4,''),(5316,1,''),(5316,4,''),(5317,1,''),(5317,4,''),(5318,1,''),(5318,4,''),(5319,1,''),(5319,4,''),(5320,1,''),(5320,4,''),(5321,1,''),(5321,4,''),(5322,1,''),(5322,4,''),(5323,1,''),(5323,4,''),(5324,1,''),(5324,4,''),(5325,1,''),(5325,4,''),(5326,1,''),(5326,4,''),(5327,1,''),(5327,4,''),(5328,1,''),(5328,4,''),(5329,1,''),(5329,4,''),(5330,1,''),(5330,4,''),(5331,1,''),(5331,4,''),(5332,1,''),(5332,4,''),(5333,1,''),(5333,4,''),(5334,1,''),(5334,4,''),(5335,1,''),(5335,4,''),(5336,1,''),(5336,4,''),(5337,1,''),(5337,4,''),(5338,1,''),(5338,4,''),(5339,1,''),(5339,4,''),(5340,1,''),(5340,4,''),(5341,1,''),(5341,4,''),(5342,1,''),(5342,4,''),(5343,1,''),(5343,4,''),(5344,1,''),(5344,4,''),(5345,1,''),(5345,4,''),(5346,1,''),(5346,4,''),(5347,1,''),(5347,4,''),(5348,1,''),(5348,4,''),(5349,1,''),(5349,4,''),(5350,1,''),(5350,4,''),(5351,1,''),(5351,4,''),(5352,1,''),(5352,4,''),(5353,1,''),(5353,4,''),(5354,1,''),(5354,4,''),(5355,1,''),(5355,4,''),(5356,1,''),(5356,4,''),(5357,1,''),(5357,4,''),(5358,1,''),(5358,4,''),(5359,1,''),(5359,4,''),(5360,1,''),(5360,4,''),(5361,1,''),(5361,4,''),(5362,1,''),(5362,4,''),(5363,1,''),(5363,4,''),(5364,1,''),(5364,4,''),(5365,1,''),(5365,4,''),(5366,1,''),(5366,4,''),(5367,1,''),(5367,4,''),(5368,1,''),(5368,4,''),(5369,1,''),(5369,4,''),(5370,1,''),(5370,4,''),(5371,1,''),(5371,4,''),(5372,1,''),(5372,4,''),(5373,1,''),(5373,4,''),(5374,1,''),(5374,4,''),(5375,1,''),(5375,4,''),(5376,1,''),(5376,4,''),(5377,1,''),(5377,4,''),(5378,1,''),(5378,4,''),(5379,1,''),(5379,4,''),(5380,1,''),(5380,4,''),(5381,1,''),(5381,4,''),(5382,1,''),(5382,4,''),(5383,1,''),(5383,4,''),(5384,1,''),(5384,4,''),(5385,1,''),(5385,4,''),(5386,1,''),(5386,4,''),(5387,1,''),(5387,4,''),(5388,1,''),(5388,4,''),(5389,1,''),(5389,4,''),(5390,1,''),(5390,4,''),(5391,1,''),(5391,4,''),(5392,1,''),(5392,4,''),(5393,1,''),(5393,4,''),(5394,1,''),(5394,4,''),(5395,1,''),(5395,4,''),(5396,1,''),(5396,4,''),(5397,1,''),(5397,4,''),(5398,1,''),(5398,4,''),(5399,1,''),(5399,4,''),(5400,1,''),(5400,4,''),(5401,1,''),(5401,4,''),(5402,1,''),(5402,4,''),(5403,1,''),(5403,4,''),(5404,1,''),(5404,4,''),(5405,1,''),(5405,4,''),(5406,1,''),(5406,4,''),(5407,1,''),(5407,4,''),(5408,1,''),(5408,4,''),(5409,1,''),(5409,4,''),(5410,1,''),(5410,4,''),(5411,1,''),(5411,4,''),(5412,1,''),(5412,4,''),(5413,1,''),(5413,4,''),(5414,1,''),(5414,4,''),(5415,1,''),(5415,4,''),(5416,1,''),(5416,4,''),(5417,1,''),(5417,4,''),(5418,1,''),(5418,4,''),(5419,1,''),(5419,4,''),(5420,1,''),(5420,4,''),(5421,1,''),(5421,4,''),(5422,1,''),(5422,4,''),(5423,1,''),(5423,4,''),(5424,1,''),(5424,4,''),(5425,1,''),(5425,4,''),(5426,1,''),(5426,4,''),(5427,1,''),(5427,4,''),(5428,1,''),(5428,4,''),(5429,1,''),(5429,4,''),(5430,1,''),(5430,4,''),(5431,1,''),(5431,4,''),(5432,1,''),(5432,4,''),(5433,1,''),(5433,4,''),(5434,1,''),(5434,4,''),(5435,1,''),(5435,4,''),(5436,1,''),(5436,4,''),(5437,1,''),(5437,4,''),(5438,1,''),(5438,4,''),(5439,1,''),(5439,4,''),(5440,1,''),(5440,4,''),(5441,1,''),(5441,4,''),(5442,1,''),(5442,4,''),(5443,1,''),(5443,4,''),(5444,1,''),(5444,4,''),(5445,1,''),(5445,4,''),(5446,1,''),(5446,4,''),(5447,1,''),(5447,4,''),(5448,1,''),(5448,4,''),(5449,1,''),(5449,4,''),(5450,1,''),(5450,4,''),(5451,1,''),(5451,4,''),(5452,1,''),(5452,4,''),(5453,1,''),(5453,4,''),(5454,1,''),(5454,4,''),(5455,1,''),(5455,4,''),(5456,1,''),(5456,4,''),(5457,1,''),(5457,4,''),(5458,1,''),(5458,4,''),(5459,1,''),(5459,4,''),(5460,1,''),(5460,4,''),(5461,1,''),(5461,4,''),(5462,1,''),(5462,4,''),(5463,1,''),(5463,4,''),(5464,1,''),(5464,4,''),(5465,1,''),(5465,4,''),(5466,1,''),(5466,4,''),(5467,1,''),(5467,4,''),(5468,1,''),(5468,4,''),(5469,1,''),(5469,4,''),(5470,1,''),(5470,4,''),(5471,1,''),(5471,4,''),(5472,1,''),(5472,4,''),(5473,1,''),(5473,4,''),(5474,1,''),(5474,4,''),(5475,1,''),(5475,4,''),(5476,1,''),(5476,4,''),(5477,1,''),(5477,4,''),(5478,1,''),(5478,4,''),(5479,1,''),(5479,4,''),(5480,1,''),(5480,4,''),(5481,1,''),(5481,4,''),(5482,1,''),(5482,4,''),(5483,1,''),(5483,4,''),(5484,1,''),(5484,4,''),(5485,1,''),(5485,4,''),(5486,1,''),(5486,4,''),(5487,1,''),(5487,4,''),(5488,1,''),(5488,4,''),(5489,1,''),(5489,4,''),(5490,1,''),(5490,4,''),(5491,1,''),(5491,4,''),(5492,1,''),(5492,4,''),(5493,1,''),(5493,4,''),(5494,1,''),(5494,4,''),(5495,1,''),(5495,4,''),(5496,1,''),(5496,4,''),(5497,1,''),(5497,4,''),(5498,1,''),(5498,4,''),(5499,1,''),(5499,4,''),(5500,1,''),(5500,4,''),(5501,1,''),(5501,4,''),(5502,1,''),(5502,4,''),(5503,1,''),(5503,4,''),(5504,1,''),(5504,4,''),(5505,1,''),(5505,4,''),(5506,1,''),(5506,4,''),(5507,1,''),(5507,4,''),(5508,1,''),(5508,4,''),(5509,1,''),(5509,4,''),(5510,1,''),(5510,4,''),(5511,1,''),(5511,4,''),(5512,1,''),(5512,4,''),(5513,1,''),(5513,4,''),(5514,1,''),(5514,4,''),(5515,1,''),(5515,4,''),(5516,1,''),(5516,4,''),(5517,1,''),(5517,4,''),(5518,1,''),(5518,4,''),(5519,1,''),(5519,4,''),(5520,1,''),(5520,4,''),(5521,1,''),(5521,4,''),(5522,1,''),(5522,4,''),(5523,1,''),(5523,4,''),(5524,1,''),(5524,4,''),(5525,1,''),(5525,4,''),(5526,1,''),(5526,4,''),(5527,1,''),(5527,4,''),(5528,1,''),(5528,4,''),(5529,1,''),(5529,4,''),(5530,1,''),(5530,4,''),(5531,1,''),(5531,4,''),(5532,1,''),(5532,4,''),(5533,1,''),(5533,4,''),(5534,1,''),(5534,4,''),(5535,1,''),(5535,4,''),(5536,1,''),(5536,4,''),(5537,1,''),(5537,4,''),(5538,1,''),(5538,4,''),(5539,1,''),(5539,4,''),(5540,1,''),(5540,4,''),(5541,1,''),(5541,4,''),(5542,1,''),(5542,4,''),(5543,1,''),(5543,4,''),(5544,1,''),(5544,4,''),(5545,1,''),(5545,4,''),(5546,1,''),(5546,4,''),(5547,1,''),(5547,4,''),(5548,1,''),(5548,4,''),(5549,1,''),(5549,4,''),(5550,1,''),(5550,4,''),(5551,1,''),(5551,4,''),(5552,1,''),(5552,4,''),(5553,1,''),(5553,4,''),(5554,1,''),(5554,4,''),(5555,1,''),(5555,4,''),(5556,1,''),(5556,4,''),(5557,1,''),(5557,4,''),(5558,1,''),(5558,4,''),(5559,1,''),(5559,4,''),(5560,1,''),(5560,4,''),(5561,1,''),(5561,4,''),(5562,1,''),(5562,4,''),(5563,1,''),(5563,4,''),(5564,1,''),(5564,4,''),(5565,1,''),(5565,4,''),(5566,1,''),(5566,4,''),(5567,1,''),(5567,4,''),(5568,1,''),(5568,4,''),(5569,1,''),(5569,4,''),(5570,1,''),(5570,4,''),(5571,1,''),(5571,4,''),(5572,1,''),(5572,4,''),(5573,1,''),(5573,4,''),(5574,1,''),(5574,4,''),(5575,1,''),(5575,4,''),(5576,1,''),(5576,4,''),(5577,1,''),(5577,4,''),(5578,1,''),(5578,4,''),(5579,1,''),(5579,4,''),(5580,1,''),(5580,4,''),(5581,1,''),(5581,4,''),(5582,1,''),(5582,4,''),(5583,1,''),(5583,4,''),(5584,1,''),(5584,4,''),(5585,1,''),(5585,4,''),(5586,1,''),(5586,4,''),(5587,1,''),(5587,4,''),(5588,1,''),(5588,4,''),(5589,1,''),(5589,4,''),(5590,1,''),(5590,4,''),(5591,1,''),(5591,4,''),(5592,1,''),(5592,4,''),(5593,1,''),(5593,4,''),(5594,1,''),(5594,4,''),(5595,1,''),(5595,4,''),(5596,1,''),(5596,4,''),(5597,1,''),(5597,4,''),(5598,1,''),(5598,4,''),(5599,1,''),(5599,4,''),(5600,1,''),(5600,4,''),(5601,1,''),(5601,4,''),(5602,1,''),(5602,4,''),(5603,1,''),(5603,4,''),(5604,1,''),(5604,4,''),(5605,1,''),(5605,4,''),(5606,1,''),(5606,4,''),(5607,1,''),(5607,4,''),(5608,1,''),(5608,4,''),(5609,1,''),(5609,4,''),(5610,1,''),(5610,4,''),(5611,1,''),(5611,4,''),(5612,1,''),(5612,4,''),(5613,1,''),(5613,4,''),(5614,1,''),(5614,4,''),(5615,1,''),(5615,4,''),(5616,1,''),(5616,4,''),(5617,1,''),(5617,4,''),(5618,1,''),(5618,4,''),(5619,1,''),(5619,4,''),(5620,1,''),(5620,4,''),(5621,1,''),(5621,4,''),(5622,1,''),(5622,4,''),(5623,1,''),(5623,4,''),(5624,1,''),(5624,4,''),(5625,1,''),(5625,4,''),(5626,1,''),(5626,4,''),(5627,1,''),(5627,4,''),(5628,1,''),(5628,4,''),(5629,1,''),(5629,4,''),(5630,1,''),(5630,4,''),(5631,1,''),(5631,4,''),(5632,1,''),(5632,4,''),(5633,1,''),(5633,4,''),(5634,1,''),(5634,4,''),(5635,1,''),(5635,4,''),(5636,1,''),(5636,4,''),(5637,1,''),(5637,4,''),(5638,1,''),(5638,4,''),(5639,1,''),(5639,4,''),(5640,1,''),(5640,4,''),(5641,1,''),(5641,4,''),(5642,1,''),(5642,4,''),(5643,1,''),(5643,4,''),(5644,1,''),(5644,4,''),(5645,1,''),(5645,4,''),(5646,1,''),(5646,4,''),(5647,1,''),(5647,4,''),(5648,1,''),(5648,4,''),(5649,1,''),(5649,4,''),(5650,1,''),(5650,4,''),(5651,1,''),(5651,4,''),(5652,1,''),(5652,4,''),(5653,1,''),(5653,4,''),(5654,1,''),(5654,4,''),(5655,1,''),(5655,4,''),(5656,1,''),(5656,4,''),(5657,1,''),(5657,4,''),(5658,1,''),(5658,4,'');

--
-- Table structure for table `oc_nilkanthinfo_blog`
--

 SET character_set_client = utf8mb4 ;
CREATE TABLE `oc_nilkanthinfo_blog` (
  `blog_id` int(11) NOT NULL AUTO_INCREMENT,
  `image` varchar(256) CHARACTER SET utf8 COLLATE utf8_general_ci DEFAULT NULL,
  `published_date` datetime DEFAULT NULL,
  `status` tinyint(1) DEFAULT NULL,
  `sort_order` int(11) DEFAULT NULL,
  `viewed` int(15) DEFAULT NULL,
  PRIMARY KEY (`blog_id`)
) ENGINE=MyISAM AUTO_INCREMENT=39 DEFAULT CHARSET=utf8 COLLATE=utf8_unicode_ci;

--
-- Dumping data for table `oc_nilkanthinfo_blog`
--

INSERT INTO `oc_nilkanthinfo_blog` VALUES (1,'catalog/Blogimage.jpg','2017-02-28 20:48:50',1,0,0),(2,'catalog/Blogimage.jpg','2017-02-28 20:48:50',1,0,0),(3,'catalog/Blogimage.jpg','2017-02-28 20:48:50',1,0,0),(4,'catalog/Blogimage.jpg','2017-02-28 20:48:50',1,0,0),(5,'catalog/Blogimage.jpg','2017-02-28 20:48:50',1,0,0),(6,'catalog/IMG_2847_48_49_50_51_tonemapped.JPG','2016-07-12 15:31:34',1,0,0),(7,'catalog/referencie/referencie dom1,ke.JPG','2016-12-11 15:23:29',1,0,0),(8,'catalog/img_0327-editjpg.JPG','2016-09-25 15:25:15',1,0,0),(9,'catalog/referencie/14937395_1821666478116814_189791126083159520_n.jpg','2016-11-06 15:52:41',1,0,0),(10,'catalog/referencie/HEPPi Restaurant Košice.jpg','2016-09-27 16:50:47',1,0,0),(11,'catalog/referencie/17966354_1912227825727345_4494074573667030556_o.jpg','2017-04-23 06:42:02',1,3,0),(12,'catalog/referencie/17637018_1899218477028280_6314555006740528125_o.jpg','2017-04-02 07:10:11',1,0,0),(13,'catalog/referencie/17239776_1886431224973672_278134102836666880_o.jpg','2017-03-09 13:06:36',1,0,0),(14,'catalog/referencie/IMG_6997-6999.jpg','2016-03-07 06:34:07',1,0,0),(15,'catalog/referencie/13268564_1745375479079248_2507672892626125977_o.jpg','2016-05-28 08:16:01',1,0,0),(16,'catalog/referencie/13245272_1741549139461882_6481549703142601904_n.jpg','2016-05-19 08:45:08',1,0,0),(17,'catalog/referencie/13254369_1739982152951914_6321666104418103249_n.jpg','2016-05-15 09:34:50',1,0,0),(18,'catalog/referencie/Stoličky ISTAR-PB Vintage imitation leather-Chocolate brown.jpg','2017-05-18 13:54:52',1,2,0),(19,'catalog/referencie/e-img-136.jpg','2017-03-15 07:42:14',1,4,4),(20,'catalog/referencie/unnamed (21).jpg','2017-05-31 13:06:21',1,1,1),(21,'catalog/referencie/IMG_3150.JPG','2017-06-19 16:23:34',1,0,0),(22,'catalog/referencie/20170620_124000.jpg','2017-06-20 14:28:44',1,0,0),(23,'catalog/referencie/6.JPG','2017-08-23 16:23:52',1,0,0),(24,'catalog/referencie/IMG_2634.JPG','2017-09-22 15:03:52',1,0,0),(25,'catalog/BANNERY/referencie 2/nb.JPG','2017-10-24 15:45:35',1,0,0),(26,'catalog/BANNERY/referencie 2/IMG_4398.JPG','2017-10-24 16:25:41',1,0,0),(27,'catalog/BANNERY/referencie 2/IMG_4467.JPG','2017-10-24 16:40:08',1,0,0),(28,'catalog/referencie/colico kosice/IMG_4940.JPG','2018-01-23 17:50:17',1,0,0),(29,'catalog/BANNERY/referencie 2/sedačka 2.JPG','2018-02-08 14:37:56',1,0,0),(30,'catalog/BANNERY/referencie 2/IMG_5558.JPG','2018-02-08 15:24:32',1,0,0),(31,'catalog/BANNERY/referencie 2/30264301_2088716284745164_5441246792597372928_n.jpg','2018-05-25 09:09:33',1,0,0),(32,'catalog/BANNERY/referencie 2/31945708_2103162289967230_707867711971000320_n.jpg','2018-05-25 10:52:49',1,0,0),(33,'catalog/BANNERY/referencie 2/IMG_7127.JPG','2018-06-16 07:33:22',1,0,0),(34,'catalog/BANNERY/referencie 2/6.jpg','2018-06-18 09:34:23',1,0,0),(35,'catalog/BANNERY/referencie 2/Glossy.jpg','2018-06-19 16:18:00',1,0,0),(36,'catalog/referencie 2019/IMG_2972.jpg','2019-07-18 17:46:42',1,0,0),(37,'catalog/referencie 2019/IMG_5496-Edit.jpg','2019-07-24 16:47:23',1,0,0),(38,'catalog/referencie 2019/IMG_9781,s.jpg','2019-08-08 10:54:46',1,0,0);

--
-- Table structure for table `oc_nilkanthinfo_blog_comment`
--

 SET character_set_client = utf8mb4 ;
CREATE TABLE `oc_nilkanthinfo_blog_comment` (
  `comment_id` int(11) NOT NULL AUTO_INCREMENT,
  `blog_id` int(11) DEFAULT NULL,
  `created` datetime DEFAULT NULL,
  `email_id` text CHARACTER SET utf8 COLLATE utf8_bin,
  `status` tinyint(1) DEFAULT NULL,
  PRIMARY KEY (`comment_id`)
) ENGINE=MyISAM AUTO_INCREMENT=2 DEFAULT CHARSET=utf8 COLLATE=utf8_unicode_ci;

--
-- Dumping data for table `oc_nilkanthinfo_blog_comment`
--

INSERT INTO `oc_nilkanthinfo_blog_comment` VALUES (1,1,'2017-02-28 20:48:50','yourname@gmail.com',1);

--
-- Table structure for table `oc_nilkanthinfo_blog_comment_description`
--

 SET character_set_client = utf8mb4 ;
CREATE TABLE `oc_nilkanthinfo_blog_comment_description` (
  `comment_description_id` int(11) NOT NULL AUTO_INCREMENT,
  `language_id` int(11) NOT NULL,
  `comment_id` int(11) DEFAULT NULL,
  `comment` text CHARACTER SET utf8 COLLATE utf8_bin,
  `user` varchar(255) CHARACTER SET utf8 COLLATE utf8_bin DEFAULT NULL,
  PRIMARY KEY (`comment_description_id`)
) ENGINE=MyISAM AUTO_INCREMENT=2 DEFAULT CHARSET=utf8 COLLATE=utf8_unicode_ci;

--
-- Dumping data for table `oc_nilkanthinfo_blog_comment_description`
--

INSERT INTO `oc_nilkanthinfo_blog_comment_description` VALUES (1,1,1,'opular duringAll the Lorem Ipsum treatise on of ethics, opular duringAll the Lorem Ipsum treatise on of ethics, very popular duringAll the Lorem Ipsum treatise on of ethics, very popular duringAll the Lo','User1');

--
-- Table structure for table `oc_nilkanthinfo_blog_description`
--

 SET character_set_client = utf8mb4 ;
CREATE TABLE `oc_nilkanthinfo_blog_description` (
  `blog_description_id` int(11) NOT NULL AUTO_INCREMENT,
  `blog_id` int(11) NOT NULL,
  `language_id` int(11) NOT NULL,
  `blog_name` varchar(96) CHARACTER SET utf8 COLLATE utf8_bin DEFAULT NULL,
  `description` text CHARACTER SET utf8 COLLATE utf8_bin,
  `meta_tag_description` varchar(255) CHARACTER SET utf8 COLLATE utf8_bin DEFAULT NULL,
  `meta_tag_keyword` varchar(255) CHARACTER SET utf8 COLLATE utf8_bin DEFAULT NULL,
  `tags` text CHARACTER SET utf8 COLLATE utf8_bin,
  `author` varchar(255) CHARACTER SET utf8 COLLATE utf8_bin DEFAULT NULL,
  `keyword` text CHARACTER SET utf8 COLLATE utf8_bin,
  PRIMARY KEY (`blog_description_id`)
) ENGINE=MyISAM AUTO_INCREMENT=469 DEFAULT CHARSET=utf8 COLLATE=utf8_unicode_ci;

--
-- Dumping data for table `oc_nilkanthinfo_blog_description`
--

INSERT INTO `oc_nilkanthinfo_blog_description` VALUES (1,1,1,'Inhouse Furniture 2016','&lt;p&gt;All the Lorem Ipsum treatise on of ethics, very popular duringAll the \r\nLorem Ipsum treatise on of ethics, very popular duringAll the Lorem \r\nIpsum treatise on of ethics, very popular duringAll the Lorem Ipsum \r\ntreatise on of ethics, very popular duringAll the Lorem Ipsum treatise \r\non of ethics, very popular duringAll the Lorem Ipsum treatise on of \r\nethics, very popular duringAll the Lorem Ipsum treatise on of ethics, \r\nvery popular duringAll the Lorem Ipsum treatise on of ethics, very \r\npopular duringAll the Lorem Ipsum treatise on of ethics, very popular \r\nduringAll the Lorem Ipsum treatise on of ethics, very popular during &lt;/p&gt;','Inhouse Furniture 2016','Inhouse Furniture 2016','Inhouse Furniture 2016','Gavin','Inhouse Furniture 2016'),(2,2,1,'Outdoor Furniture 2016','&lt;p&gt;All the Lorem Ipsum treatise on of ethics, very popular duringAll the \r\nLorem Ipsum treatise on of ethics, very popular duringAll the Lorem \r\nIpsum treatise on of ethics, very popular duringAll the Lorem Ipsum \r\ntreatise on of ethics, very popular duringAll the Lorem Ipsum treatise \r\non of ethics, very popular duringAll the Lorem Ipsum treatise on of \r\nethics, very popular duringAll the Lorem Ipsum treatise on of ethics, \r\nvery popular duringAll the Lorem Ipsum treatise on of ethics, very \r\npopular duringAll the Lorem Ipsum treatise on of ethics, very popular \r\nduringAll the Lorem Ipsum treatise on of ethics, very popular during &lt;/p&gt;','Outdoor Furniture 2016','Outdoor Furniture 2016','Outdoor Furniture 2016','Mary','Outdoor Furniture 2016'),(3,3,1,'Office Furniture 2016','&lt;p&gt;All the Lorem Ipsum treatise on of ethics, very popular duringAll the \r\nLorem Ipsum treatise on of ethics, very popular duringAll the Lorem \r\nIpsum treatise on of ethics, very popular duringAll the Lorem Ipsum \r\ntreatise on of ethics, very popular duringAll the Lorem Ipsum treatise \r\non of ethics, very popular duringAll the Lorem Ipsum treatise on of \r\nethics, very popular duringAll the Lorem Ipsum treatise on of ethics, \r\nvery popular duringAll the Lorem Ipsum treatise on of ethics, very \r\npopular duringAll the Lorem Ipsum treatise on of ethics, very popular \r\nduringAll the Lorem Ipsum treatise on of ethics, very popular during &lt;/p&gt;','Office Furniture 2016','Office Furniture 2016','Office Furniture 2016','Mary','Office Furniture 2016'),(4,4,1,'Drawing Ideas 2016','&lt;p&gt;All the Lorem Ipsum treatise on of ethics, very popular duringAll the \r\nLorem Ipsum treatise on of ethics, very popular duringAll the Lorem \r\nIpsum treatise on of ethics, very popular duringAll the Lorem Ipsum \r\ntreatise on of ethics, very popular duringAll the Lorem Ipsum treatise \r\non of ethics, very popular duringAll the Lorem Ipsum treatise on of \r\nethics, very popular duringAll the Lorem Ipsum treatise on of ethics, \r\nvery popular duringAll the Lorem Ipsum treatise on of ethics, very \r\npopular duringAll the Lorem Ipsum treatise on of ethics, very popular \r\nduringAll the Lorem Ipsum treatise on of ethics, very popular during &lt;/p&gt;','Drawing Ideas 2016','Drawing Ideas 2016','Drawing Ideas 2016','Jhon','Drawing Ideas 2016'),(5,5,1,'Bedroom Ideas 2016','&lt;p&gt;All the Lorem Ipsum treatise on of ethics, very popular duringAll the \r\nLorem Ipsum treatise on of ethics, very popular duringAll the Lorem \r\nIpsum treatise on of ethics, very popular duringAll the Lorem Ipsum \r\ntreatise on of ethics, very popular duringAll the Lorem Ipsum treatise \r\non of ethics, very popular duringAll the Lorem Ipsum treatise on of \r\nethics, very popular duringAll the Lorem Ipsum treatise on of ethics, \r\nvery popular duringAll the Lorem Ipsum treatise on of ethics, very \r\npopular duringAll the Lorem Ipsum treatise on of ethics, very popular \r\nduringAll the Lorem Ipsum treatise on of ethics, very popular during &lt;/p&gt;','Bedroom Ideas 2016','Bedroom Ideas 2016','Bedroom Ideas 2016','Gabriel','Bedroom Ideas 2016'),(6,5,1,'Inhouse Furniture 2016','&lt;p&gt;All the Lorem Ipsum treatise on of ethics, very popular duringAll the \r\nLorem Ipsum treatise on of ethics, very popular duringAll the Lorem \r\nIpsum treatise on of ethics, very popular duringAll the Lorem Ipsum \r\ntreatise on of ethics, very popular duringAll the Lorem Ipsum treatise \r\non of ethics, very popular duringAll the Lorem Ipsum treatise on of \r\nethics, very popular duringAll the Lorem Ipsum treatise on of ethics, \r\nvery popular duringAll the Lorem Ipsum treatise on of ethics, very \r\npopular duringAll the Lorem Ipsum treatise on of ethics, very popular \r\nduringAll the Lorem Ipsum treatise on of ethics, very popular during &lt;/p&gt;','Inhouse Furniture 2016','Inhouse Furniture 2016','Inhouse Furniture 2016','Gavin','Inhouse Furniture 2016'),(164,8,1,'HEPPi Restaurant Košice','','','','HEPPi Restaurant Košice','',''),(142,7,1,'Family house in Košice','Table Artisticco glass from Bontempi Casa, 200 x 110 cm, colour base and black matt glass. \r\n','','','Family house in Košice','',''),(163,8,4,'Café Dubrovník, Prešov','&lt;div&gt;Caffe &amp;amp; Casino Dubrovnik sa nachádza v meste Prešov a je ďalším projektom štúdia BPd - design &amp;amp; art.&amp;nbsp;&lt;/div&gt;&lt;div&gt;&lt;br&gt;&lt;/div&gt;&lt;div&gt;&lt;b&gt;Použité produkty:&lt;/b&gt;&lt;/div&gt;&lt;div&gt;&lt;br&gt;&lt;/div&gt;&lt;ul style=&quot;margin-right: 0px; margin-bottom: 0px; margin-left: 0px; padding: 0px 0px 0px 24px; border: 0px; outline: 0px; vertical-align: baseline; background-image: initial; background-position: initial; background-size: initial; background-repeat: initial; background-attachment: initial; background-origin: initial; background-clip: initial; list-style: square; color: rgb(51, 51, 51); font-family: Arial, Helvetica, sans-serif;&quot;&gt;&lt;li style=&quot;margin: 0px; padding: 0px 0px 5px; border: 0px; outline: 0px; vertical-align: baseline; background: transparent;&quot;&gt;&lt;a href=&quot;https://www.sediarreda.com/en/p-gbsnakpe-gaber-snake-leather&quot; style=&quot;margin: 0px; padding: 0px; border: 0px; outline: 0px; vertical-align: baseline; background-image: initial; background-position: initial; background-size: initial; background-repeat: initial; background-attachment: initial; background-origin: initial; background-clip: initial; color: rgb(51, 51, 51); font-weight: bold;&quot;&gt;Snake Leather&lt;/a&gt;&amp;nbsp;- Gaber dizajnové kreslo s podrúčkami s čalúneným operadlom a sedadlom regenerovanou kožou,&lt;/li&gt;&lt;li style=&quot;margin: 0px; padding: 0px 0px 5px; border: 0px; outline: 0px; vertical-align: baseline; background: transparent;&quot;&gt;&lt;a href=&quot;https://www.sediarreda.com/en/p-dmtraf4-domitalia-traffic-ti&quot; style=&quot;margin: 0px; padding: 0px; border: 0px; outline: 0px; vertical-align: baseline; background-image: initial; background-position: initial; background-size: initial; background-repeat: initial; background-attachment: initial; background-origin: initial; background-clip: initial; color: rgb(51, 51, 51); font-weight: bold;&quot;&gt;Traffic-TI&lt;/a&gt;&amp;nbsp;- Domitalia kovová stolička s čalúneným operadlom a sedadlom,&amp;nbsp;&lt;/li&gt;&lt;li style=&quot;margin: 0px; padding: 0px 0px 5px; border: 0px; outline: 0px; vertical-align: baseline; background: transparent;&quot;&gt;&lt;a href=&quot;https://www.sediarreda.com/en/p-sgglob3-globus-t&quot; style=&quot;margin: 0px; padding: 0px; border: 0px; outline: 0px; vertical-align: baseline; background-image: initial; background-position: initial; background-size: initial; background-repeat: initial; background-attachment: initial; background-origin: initial; background-clip: initial; color: rgb(51, 51, 51); font-weight: bold;&quot;&gt;Globus T&lt;/a&gt;&amp;nbsp;- Kovový stôl s laminátovým vrchom v priemere 80 cm.&lt;/li&gt;&lt;/ul&gt;&lt;div&gt;&lt;br&gt;&lt;/div&gt;&lt;div&gt;Pre barovú časť kasína Dubrovník, ktorej dominujú jasné farby a veľké okná, je charakteristický stôl Globus s peknou pologuľou v bielej matnej farbe. Súvisiace stoličky &quot;Snake Leather&quot; s profilom &quot;blesku&quot; dodávajú &amp;nbsp;pohyb a dynamiku živému prostrediu, sú pokryté oranžovou regenerovanou kožou, ktorá zaberá okolité farby a prispieva tak k farebnej schéme. Stoličky Traffic-TI majú rovnako veľmi moderný tvar; Tenká konštrukcia, ktorá spája sedadlo a operadlo v červenej farbe zodpovedá farbám prostredia a dobre kontrastuje s tmavo modrým čalúnením.&lt;/div&gt;','','','HEPPi Restaurant Košice','','heppi-restaurant-kosice'),(124,6,1,'Name','Desc','','','meta','',''),(123,6,4,'Le Jour café, Košice','&lt;p&gt;Projekt BPd - design&amp;amp;art použitím originálnych materiálov vytvára netradičné, inšpirujúce a zároveň aktuálne prostredie.&amp;nbsp;&lt;/p&gt;&lt;p&gt;&lt;b&gt;Použité produkty:&amp;nbsp;&lt;/b&gt;&lt;/p&gt;&lt;ul style=&quot;margin-right: 0px; margin-bottom: 0px; margin-left: 0px; padding: 0px 0px 0px 24px; border: 0px; outline: 0px; vertical-align: baseline; background-image: initial; background-position: initial; background-size: initial; background-repeat: initial; background-attachment: initial; background-origin: initial; background-clip: initial; list-style: square; color: rgb(51, 51, 51); font-family: Arial, Helvetica, sans-serif;&quot;&gt;&lt;li style=&quot;margin: 0px; padding: 0px 0px 5px; border: 0px; outline: 0px; vertical-align: baseline; background: transparent;&quot;&gt;&lt;a href=&quot;https://www.sediarreda.com/en/p-scnzepop-scab-design-natural-zebra-pop-s-2812&quot; style=&quot;margin: 0px; padding: 0px; border: 0px; outline: 0px; vertical-align: baseline; background-image: initial; background-position: initial; background-size: initial; background-repeat: initial; background-attachment: initial; background-origin: initial; background-clip: initial; color: rgb(51, 51, 51); font-weight: bold;&quot;&gt;Natural Zebra Pop S 2812&lt;/a&gt;&amp;nbsp;- Scab dizajnová barová stolička z bukového dreva s čalúnením,&lt;/li&gt;&lt;li style=&quot;margin: 0px; padding: 0px 0px 5px; border: 0px; outline: 0px; vertical-align: baseline; background: transparent;&quot;&gt;&lt;a href=&quot;https://www.sediarreda.com/en/p-mdportof-midj-portofino&quot; style=&quot;margin: 0px; padding: 0px; border: 0px; outline: 0px; vertical-align: baseline; background-image: initial; background-position: initial; background-size: initial; background-repeat: initial; background-attachment: initial; background-origin: initial; background-clip: initial; color: rgb(51, 51, 51); font-weight: bold;&quot;&gt;Portofino&lt;/a&gt;&amp;nbsp;- Midj kreslo s kovovou konštrukciou a efektným čalúnením z regenerovanej kože.&lt;/li&gt;&lt;/ul&gt;&lt;p&gt;&lt;br&gt;&lt;/p&gt;&lt;p&gt;Prostredie je rozdelené na dve oblasti: vchod navrhnutý ako rýchla kaviareň s vysokými stoličkami v priamom kontakte s barovým pultom. Pre túto časť bola zvolená Zebra Pop S Scab Design s prírodnou štruktúrou bukového dreva, ktorá nadväzuje na časť barového pultu z drevených lamiel, sedadlo je čalúnené zelenou textíliou, prevažujúcou farbou v projekte.&lt;/p&gt;&lt;p&gt;Zadná časť poskytuje viac priestoru pre stoly a pohodlné posedenie. Kreslá Portofino od Midj výborne zasadli v tomto prostredí, tvar kresla je skôr organický a farba poťahu je perfektne spojená so všetkými ostatnými prvkami priestoru.&lt;br&gt;&lt;/p&gt;','','MDPORTOF;SCNATZPP','Záhrada reštaurácie Camelot Košice','PB',''),(141,7,4,'Rodinný dom Košice','&lt;p&gt;Moderný interiér rodinného domu s otvoreným prostredím, ktorému dominuje jedálenský stôl.&lt;/p&gt;&lt;p&gt;&lt;b&gt;Použitý produkt: &lt;/b&gt;&amp;nbsp;Artisticco glass od Bontempi Casa, 200 x 110 cm, farebná podstava a čierne zamatovo matné sklo.&amp;nbsp;&lt;br&gt;&lt;/p&gt;&lt;p&gt;Interiér ladený do aktuálnych čiernobielych tónov s dominantnou kuchynskou a jedálenskou časťou, ktorej hlavným protagonistom je stôl Artisticco glass, živý element najmä svojou unikátnou podstavou, ktorá pôsobí akoby sa stôl vznášal. Matná čierna sklenená doska spolu s farebnou nohou v sebe dokonale spája farby a materiály prostredia.&lt;/p&gt;','','','Rodinný dom Košice','','referencie-dom-kosice'),(139,9,4,'Rodinný dom Prešov','&lt;p&gt;Jedálenský stôl Artemidoro je obľúbený model a zvolil ho aj náš ďalší zákazník.&amp;nbsp;&lt;/p&gt;&lt;p&gt;&lt;b&gt;Použité produkty:&lt;/b&gt;&lt;/p&gt;&lt;p&gt;&lt;b&gt;- Artemidoro&lt;/b&gt;, jedálenský stôl s nohami dyhovanými v prevedení starej jedle.&lt;/p&gt;&lt;p&gt;&lt;b&gt;-CS1486 Jam&lt;/b&gt;, Connubia Calligaris stolička s originálnym a elegantným dizajnom, ideálna pre jedálne a kuchyne.&lt;/p&gt;&lt;p&gt;&lt;b&gt;-CS1485 Jam W&lt;/b&gt;, &amp;nbsp;Connubia Calligaris barová stolička s drevenou konštrukciou a sedadlom z dvojfarebného technopolyméru.&lt;/p&gt;&lt;p&gt;Elegantná jedálenská zostava so stolom Artemidoro v rozmere 160 x 90 cm s antracitovou doskou v imitácii cementového povrchu ideálne doplnená o jedálenské a barové stoličky Jam od Connubia Calligaris s drevenými nohami v bielej farbe vytvorila príjemnú a dobre zladenú atmosféru v novom rodinnom dome.&lt;/p&gt;','','','XX','','referencie-dom-presov'),(140,9,1,'XX','&lt;p&gt;XX&lt;/p&gt;','','','XX','',''),(137,10,4,'HEPPi Restaurant v Košiciach','&lt;p&gt;Vzdušne a vkusne ladený interiér reštaurácie so stoličkami Natural Miss BM 2801 od Scab-design.&amp;nbsp;&lt;/p&gt;&lt;p&gt;&lt;b&gt;Použitý produkt:&amp;nbsp;&lt;/b&gt;&lt;/p&gt;&lt;p&gt;&lt;b&gt;- Natural Miss BM 2801&lt;/b&gt; od Scab-design, moderné stoličky s bukovými nohami a lesklým polykarbonátovým sedadlom.&lt;/p&gt;&lt;p&gt;Tieto stoličky sú ideálne pre minimalistické prostredie a otvorené priestory, guľaté drevené nohy na kovovej konštrukcii a zaoblené sedadlo v bielej lesklej farbe dopĺňajú eleganciu aj tejto reštaurácie.&lt;/p&gt;','','','','',''),(138,10,1,'','','','','','',''),(230,11,1,'','','','','','',''),(229,11,4,'Ordinácia, Košice','&lt;p&gt;Svieže pracovné prostredie s produktami talianskeho výrobcu MIDJ.&lt;/p&gt;&lt;p&gt;&lt;b&gt;Použité produkty:&lt;/b&gt;&lt;/p&gt;&lt;p&gt;&lt;b&gt;- Billy 2&lt;/b&gt;, moderná menšia pohovka ideálna pre rôzne prostredia i menšie obývacie izby,&lt;/p&gt;&lt;p&gt;&lt;b&gt;- MD004LD&lt;/b&gt;, obľúbená kancelárska stolička, ktorá dokonale plní estetické aj funkčné požiadavky.&lt;/p&gt;&lt;p&gt;Stoličky a pohovka od Midj s chrómovou konštrukciou a výrazným poťahom v červenej látke extreme sa stali dominantnými prvkami v čakárni a ordinácii v Košiciach, funkčným a sviežim dizajnom prispeli ku kvalitnému a modernému pracovnému prostrediu.&lt;/p&gt;','','','','',''),(156,12,1,'','','','','','',''),(155,12,4,'Kancelária, Košice','&lt;p&gt;Moderné pracovné prostredie dotvorené pohodlnou dizajnovou sedačkou Helsinky, konferenčnými stolíkmi od Bontempi Casa a stoličkami Italia od Midj.&lt;/p&gt;&lt;p&gt;&lt;b&gt;Použité produkty:&amp;nbsp;&lt;/b&gt;&lt;/p&gt;&lt;p&gt;&lt;b&gt;- Helsinky&lt;/b&gt;, moderná sedačka s prvkami vintage v rôznych prevedeniach poťahových látok,&lt;/p&gt;&lt;p&gt;&lt;b&gt;- Italia-X&lt;/b&gt;, štýlová stolička od Midj s kovovou konštrukciou a čalúneným sedadlom.&lt;/p&gt;&lt;p&gt;&lt;b&gt;- Diagonal Q a Diagonal R,&lt;/b&gt; moderné konferenčné stolíky s kovovou konštrukciou a sklenenou hornou doskou.&lt;/p&gt;&lt;p&gt;Originálna sedačka Helsinky s kovovou konštrukciou v prevedení chróm a koženým poťahom v aktuálnej hnedej farbe tvorí dominantu tejto rozmernej kancelárie ladenej v zemitých tónoch. Sedačka je doplnéná o konfernčné stolíky od Bontempi Casa s kovovou konštrukciou v hliníkovej farbe a sklom zladeným k sedačke v holubičej šedej farbe. Výrazný prvok tvoria stoličky Italia-X od Midj s chrómovou konštrukciou a červeným poťahom extreme red, ktoré osviežujú a dotvárajú celé prostredie.&lt;/p&gt;','','','','',''),(279,13,4,'Jedálenský set, Bratislava','&lt;p&gt;Svieži jedálenský set s obľúbeným stolom Artemidoro a kresielkami Sonny P-LG od Midj.&lt;/p&gt;&lt;p&gt;&lt;b&gt;Použité produkty:&amp;nbsp;&lt;/b&gt;&lt;/p&gt;&lt;p&gt;- Artemidoro, jedálenský stôl s nohami dyhovanými v prevedení starej jedle.&lt;/p&gt;&lt;p&gt;- Sonny P-LG, jedálenské kreslo s drevenými nohami a pohodlným čalúnením od Midj.&lt;/p&gt;&lt;p&gt;Elegantná jedálenská zostava so stolom Artemidoro v rozmere 160 x 90 cm s antracitovou doskou v imitácii cementového povrchu ideálne doplnená o jedálenské kreslá Sonny P-LG v žltej látke extreme, ktoré rozžiarili a zútulnili celý jedálenský priestor.&lt;br&gt;&lt;br&gt;&lt;/p&gt;','','','','',''),(280,13,1,'','','','','','',''),(173,14,4,'Rodinný dom Košice','&lt;p&gt;Moderný interiér rodinného domu s lounge produktami od Midj, design studio: BPd-design&amp;amp;art.&lt;/p&gt;&lt;p&gt;&lt;b&gt;Použité produkty:&lt;/b&gt;&lt;/p&gt;&lt;p&gt;&lt;b&gt;- Mask&lt;/b&gt;, lounge kreslo od Midj s kovovou konštrukciou a pohodlným čalúnením,&lt;/p&gt;&lt;p&gt;&lt;b&gt;- Relax_TS&lt;/b&gt;, lounge lehátko ideálne pre každé prostredie od Midj.&lt;/p&gt;&lt;p&gt;Otvorený priestor poskytuje množstvo sedenia a oddychových kútikov, ktoré zútulňujú celý interiér a zároveň pôsobia ľahko a sviežo. zvolené boli lounge produkty od Midj, a to dizajnové kreslo Mask, ktoré disponuje rozmerným a mimoriadne pohodlným sedadlom v bielej ekokoži a oddychové lehátko Relax-TS čalúnené látkou etreme v hnedej farbe, ideálne na chvíle odpočinku pri čítaní alebo sledovaní televízie.&lt;/p&gt;','','','','',''),(174,14,1,'','','','','','',''),(182,15,1,'','','','','','',''),(181,15,4,'Záhrada Le jour, Košice','&lt;p&gt;Svieža a &quot;zelená&quot; záhrada s komfortnými kreslami s odoberateľným čalúnením od Nardi-garden.&lt;/p&gt;&lt;p&gt;&lt;b&gt;Použité produkty:&lt;/b&gt;&lt;/p&gt;&lt;p&gt;&lt;b&gt;- Aria&lt;/b&gt;, záhradné kreslo s veľkorysým rozmerom z polypropylénu s pohodlným čalúnením,&amp;nbsp;&lt;/p&gt;&lt;p&gt;Aria je skutočne rozmerné a pohodlné kreslo voliteľné v rôznych farebných úpravách, ideálne pre záhrady a terasy. Je veľmi ľahké a má praktické odoberateľné čalúnenie, vytvára pohodovú atmosféru rovnako ako aj na tejto terase.&lt;/p&gt;','','','','',''),(190,16,1,'','','','','','',''),(189,16,4,'Mercedes Košice, záhrada ','&lt;p&gt;Farebná a elegantná záhrada pre akciu Raňajky s hviezdou so stoličkami Cokka P 2280 od Nardi-garden.&lt;/p&gt;&lt;p&gt;&lt;b&gt;Použité produkty:&lt;/b&gt;&lt;/p&gt;&lt;p&gt;&lt;b&gt;- Cokka P 2280&lt;/b&gt;, univerzálna stolička s podrúčkami vyrobená z polypropylénu vystuženého sklenými vláknami.&lt;/p&gt;&lt;p&gt;Cokka je farebná stolička, ktorá prináša hravosť a sviežosť nie len v záhradnom prostredí. Jej univerzálnosť sa rovnako prejaví aj v interiéry. Vysoká odolnosť a stohovateľnosť ju však predurčujú pre štýlové a moderné záhrady či terasy, rovnako ako aj v tomto prípade.&lt;/p&gt;','','','','',''),(195,17,4,'Jedálenský set, Babin','&lt;p&gt;Moderná jedáleň s dizajnovými stoličkami Up chair od Tonon.&lt;/p&gt;&lt;p&gt;&lt;b&gt;Použité produkty:&lt;/b&gt;&lt;/p&gt;&lt;p&gt;- &lt;b&gt;Up chair W&lt;/b&gt;, moderná stolička so sedadlom so špeciálneho polyuretánu s technológiou soft touch,&lt;/p&gt;&lt;p&gt;- &lt;b&gt;Up stool 2&lt;/b&gt;, barová stolička s kovovou konštrukciou a polyuretánovým sedadlom mäkkým a príjemným na dotyk.&lt;/p&gt;','','','','',''),(196,17,1,'','','','','','',''),(242,18,1,'','','','','','',''),(241,18,4,'Konferenčná miestnosť, Trenčín','&lt;p&gt;Komfort, elegancia a funkčnosť sú zlúčené v kancelárskych stoličkách Istar od Midj.&lt;/p&gt;&lt;p&gt;&lt;b&gt;Použitý produkt:&amp;nbsp;&lt;/b&gt;&lt;/p&gt;&lt;p&gt;&lt;b&gt;- Istar PB- &lt;/b&gt;komfortná čalúnená kancelárska stolička dostupná v mnohých poťahových látkach.&lt;/p&gt;&lt;p&gt;Moderná a obľúbená kancelárska stolička Istar plní dokonale estetické aj funkčné požiadavky, rovnako ako všetky produkty od značky Midj. Elegantne zvoleným poťahom v prevedení vintage imitácie kože spolu s chrómovanou konštrukciou prispela aj v tejto konferenčnej miestnosti ku kvalitnému a príjemnému pracovnému prostrediu.&lt;/p&gt;','','','','',''),(276,19,1,'','','','','','',''),(275,19,4,'Rodinný dom Košice','&lt;p&gt;Moderný interiér rodinného domu so stoličkami od Midj, design studio: BPd-design&amp;amp;art.&lt;/p&gt;&lt;p&gt;&lt;b&gt;Použité produkty:&lt;/b&gt;&lt;/p&gt;&lt;p&gt;- Light B, štýlové jedálenské kresielka od Midj s kovovou konštrukciou a pohodlným čalúnením.&lt;/p&gt;&lt;p&gt;Otvorený priestor ktorému dominuje kuchynská časť s jedálenským setom, ktorý výrazne oživujú zvolené stoličky Light B od Midj v efektnej modrej látke Extreme. V prevažujúcom prostredí s drevom a tlmenými pastelovými farbami sú výrazné stoličky s kovovou chrómovou podstavou a čalúnením zámernou voľbou, ktorá dodáva priestoru punc modernosti.&lt;/p&gt;','','','','',''),(233,20,4,'Byt Košice','&lt;p&gt;Vzdušne a sviežo riešený byt s rozkladacou sedačkou Bolero, posteľou Java s nočným stolíkom Cross a stoličkami Alhambra.&amp;nbsp;&lt;/p&gt;&lt;p&gt;&lt;b&gt;Použité produkty:&amp;nbsp;&lt;/b&gt;&lt;/p&gt;&lt;p&gt;&lt;b&gt;Bolero&lt;/b&gt; - rozkladacia 2 miestna sedačka v širokom prevedení poťahových látok, v súčastnosti nahradená výrobcom modelom Flipper,&lt;/p&gt;&lt;p&gt;&lt;b&gt;Java&lt;/b&gt; - manželská posteľ s úložným priestorom v rozmere 180 x 200 cm,&lt;/p&gt;&lt;p&gt;&lt;b&gt;Alhambra&lt;/b&gt; - Gaber dizajnová stolička s kovovou konštrukciou a technopolymérovým sedadlom s hexagonálnym vzorom.&lt;/p&gt;&lt;p&gt;&lt;b&gt;Cross &lt;/b&gt;- Domitalia konferenčný stolík dostupný v niekoľkých veľkostiach.&lt;/p&gt;&lt;p&gt;V otvorenom priestore je vkusne zakomponovaná tmavá rozkladacia sedačka Bolero, praktická a pohodlná pohovka ideálna pre každé prostredie. Tento model bol výrobcom nahradený aktuálnym modelom Flipper. Rovnako stoličky Alhambra sú doladené v sivom hexagonálnom vzore na bielom pozadí. Spálni dominuje veľká manželská posteľ Java s jednoduchým úložným priestorom Box v tmavo tyrkysovej farbe s okrasným lemom v béžovom tóne. K posteli je doplnený nočný stolík Cross od Domitalia s rozmerom 50 x 50 cm a výškou rovnako 50 cm s podstavou vo farbe morskej vody.&lt;/p&gt;','','','','',''),(234,20,1,'','','','','','',''),(258,21,1,'','','','','','',''),(257,21,4,'Rodinný dom Košice','&lt;p&gt;Štýlový interiér rodinného domu v znamení kvality produktov Tonin Casa.&lt;/p&gt;&lt;p&gt;&lt;b&gt;Použité produkty:&lt;/b&gt;&lt;/p&gt;&lt;p&gt;&lt;b&gt;- Tokyo, &lt;/b&gt;unikátny stôl s podstavou z aglomerátu v rozmere 100 x 180 cm s dyhovanou dubovou doskou, ideálny pre moderné aj štýlové prostredia,&lt;/p&gt;&lt;p&gt;&lt;b&gt;- Aragona, &lt;/b&gt;drevená&amp;nbsp;stolička s rafinovaným dizajnom, polstrovaná béžovou odoberateľnou tkaninou,&lt;/p&gt;&lt;p&gt;&lt;b&gt;-Tudor&lt;/b&gt;, konferenčný stolík s podstavou z aglomerátu a oválnou sklenenou doskou.&lt;/p&gt;&lt;p&gt;Produkty od Tonin Casa skutočne výborne zapadli do tohto interiéru a jedálenský set so stolom Tokyo a stoličkami Aragona sa stali dominantou priestoru. Vysoko kvalitné prevedenie a dobre zladené materiály dominujú v celej dennej časti a pôsobia reprezentačne a zároveň domácky útulne. Konferenčný stolík Tudor zladený k jedálenskému stolu dopĺňa pohodlné sedenie v obývačkovej časti.&lt;/p&gt;','','','','',''),(274,22,1,'','','','','','',''),(273,22,4,'Terasa, N. Mesto nad Váhom','&lt;p&gt;Elegantný záhradný nábytok od Nardi a Pedrali na terase rodinného domu.&lt;/p&gt;&lt;p&gt;&lt;b&gt;Použité produkty:&lt;/b&gt;&lt;/p&gt;&lt;p&gt;&lt;b&gt;Pedrali Volt 675: &lt;/b&gt;stohovacie záhradné kreslo s podrúčkami v šedej farbe, dostupné v rôznych farbách,&lt;/p&gt;&lt;p&gt;&lt;b&gt;Nardi lehátka Atlantico:&lt;/b&gt; praktické stohovacie lehátko v bielej farbe konštrukcie s voliteľným priedušným poťahom v rôznych farbách, operadlo je nastaviteľné v štyroch polohách .&lt;/p&gt;&lt;p&gt;Elegancia a praktickosť sú znakom zvolených produktov na tejto terase. Stohovacie kreslá aj lehátka sú praktické nielen pri uskladnení v zimnom období ale aj počas roka. Trvácne materiály a kvalita prevedenia značiek Pedrali a Nardi sú zárukou vysokej životnosti a nadčasového dizajnu.&lt;/p&gt;','','','','',''),(292,23,1,'','','','','','',''),(291,23,4,'Butik Hlavná, Košice','&lt;p&gt;Chic butik na Hlavnej ulici v Košiciach v štýle Desing of Love collection od Slide.&lt;/p&gt;&lt;p&gt;&lt;b&gt;Použité produkty:&amp;nbsp;&lt;/b&gt;&lt;/p&gt;&lt;p&gt;&lt;b&gt;Queen of love&lt;/b&gt; - unikátne kreslo, ideálne pre všetky prostredia v exteriéri aj interiéri s nádychom štýlu a osobnosti.&lt;span style=&quot;color: rgb(30, 30, 30); font-family: Montserrat, sans-serif; font-size: 14px;&quot;&gt;&amp;nbsp;&lt;/span&gt;&lt;/p&gt;&lt;p&gt;&lt;b&gt;Mirror of Love&lt;/b&gt; - vďaka unikátnemu dizajnu a veľkosti je toto zrkadlo atraktívnou ozdobou každého prostredia.&lt;/p&gt;&lt;p&gt;&lt;b&gt;Princess of Love&lt;/b&gt; - ďalšia členka unikátnej rodiny Love.&lt;/p&gt;&lt;p&gt;&lt;b&gt;Miss Petra&amp;nbsp;&lt;/b&gt;- očarujúce kreslo od Myyour dostupné v mnohých farbách.&lt;/p&gt;&lt;p&gt;&lt;b&gt;Pandora &lt;/b&gt;- elegantná taburetka dostupná v rôznych veľkostiach.&lt;/p&gt;&lt;p&gt;&lt;b&gt;CS 1488 Sami&lt;/b&gt; - moderná barová stolička s mladým a sviežim dizajnom.&lt;/p&gt;&lt;p&gt;&lt;br&gt;&lt;/p&gt;&lt;p&gt;Moderne a sviežo pretvorený butik s produktami od Slide a Myyour, dvoch značiek, ktoré sa špecializujú na plastovú výrobu a originálny dizajn. Kolekcia Love nesie v sebe s nadhľadom pečať minulosti a preto výborne zapadla do tohto interéru. Kreslá Queen of Love a zrkadlo Mirror of Love sú majestátne nielen svojou veľkosťou ale aj dizajnom. To celé doplnené o kreslo Miss Petra s taburetkou Pandora a barová stolička Sami od Calligaris, ktoré uzatvárajú dizajnový upgrade tohto butiku.&lt;/p&gt;&lt;h1 class=&quot;product-heading&quot; style=&quot;margin-top: 10px; margin-bottom: 12px; font-size: 26px; font-family: Montserrat, sans-serif; font-weight: 600; color: rgb(85, 85, 85); padding: 0px 0px 11px; position: relative;&quot;&gt;&lt;br&gt;&lt;/h1&gt;&lt;p&gt;&lt;br&gt;&lt;/p&gt;&lt;p&gt;&lt;br&gt;&lt;/p&gt;','','','','',''),(304,24,1,'','','','','','',''),(303,24,4,'Rodinný dom, Sečovce','&lt;p&gt;Moderný mix kreatívnych produktov so stoličkami EroS od Kartell.&lt;/p&gt;&lt;p&gt;&lt;b&gt;Použité produkty:&lt;/b&gt;&lt;/p&gt;&lt;p&gt;&lt;b&gt;EroS:&lt;/b&gt; Kartell dizajnová stolička v retro štýle.&lt;/p&gt;&lt;p&gt;EroS je stolička&lt;span style=&quot;color: rgb(30, 30, 30); font-family: Montserrat, sans-serif; font-size: 14px;&quot;&gt;&amp;nbsp;ideálna pre domácnosti, jedálne alebo obývacie izby, ale môže byť umiestnená aj v kanceláriách ako reprezentatívna stolička v zasadacej miestnosti. Dostupná s dvoma podstavami: na jednej nohe-otočná alebo na štyroch nohách s pútavou konštrukciou.&lt;/span&gt;&lt;/p&gt;','','','','',''),(316,25,1,'','','','','','',''),(328,26,1,'','','','','','',''),(315,25,4,'Pinet Cafe&amp;bar Borovicový háj, Košice','&lt;p&gt;Barový pult so stoličkami od Domitalia v štýle korkového sedadla&lt;/p&gt;&lt;p&gt;&lt;b&gt;Použité produkty:&lt;/b&gt;&lt;/p&gt;&lt;p&gt;&lt;b&gt;Bouchon:&lt;/b&gt;&amp;nbsp;dizajnová stolička inšpirovaná tradičnou korkovou zátkou na šumivé vína.&lt;/p&gt;&lt;p&gt;&lt;b&gt;Pick:&lt;/b&gt; kombinácia originality a kreativity v priemyselnom štýle s korkovým sedadlom.&amp;nbsp;&amp;nbsp;&lt;/p&gt;&lt;p&gt;&lt;br&gt;&lt;/p&gt;','','','','',''),(327,26,4,'Víkendový dom Myslava','&lt;p&gt;Dokonalé zladenie transparentných stoličiek Kartell so stolom od Domitalia.&lt;/p&gt;&lt;p&gt;&lt;b&gt;Použité produkty:&lt;/b&gt;&lt;/p&gt;&lt;p&gt;&lt;b&gt;Louis Ghost:&lt;/b&gt; dizajnové transparentné kresielka od Kartell, dostupné v mnohých transparentých odtieňoch,&lt;/p&gt;&lt;p&gt;&lt;b&gt;Corona 120:&lt;/b&gt; moderný stôl s priemerom 100 cm (dostupny na vyžiadanie) na dizajnovej chrómovanej nohe so sklenenou doskou.&lt;/p&gt;&lt;p&gt;Veľmi pekný mix v interiéri s modernými prvkami aj prvkami vintage. Transparentné stoličky opticky nezaberajú miesto a spolu so stolom tvoria dokonalý celok.&amp;nbsp;&lt;/p&gt;','','','','',''),(339,27,4,'Cafe bar Viktória, Snina','&lt;p&gt;Živý a farebný mix produktov od Midj podčiarknutých dizajnovým kobercom. Design: BPd-design&amp;amp;art.&lt;/p&gt;&lt;p&gt;&lt;b&gt;Použité produkty:&amp;nbsp;&lt;/b&gt;&lt;/p&gt;&lt;p&gt;&lt;b&gt;Cover SG: &lt;/b&gt;barová stolčka od Midj s kovovou konštrukciou a čalúneným sedadlom.&lt;/p&gt;&lt;p&gt;&lt;b&gt;Light ATT: &lt;/b&gt;dizajnové kreslo od Midj dostupné v mnohých poťahových látkach s kovovou konštrukciou (dostupné na vyžiadanie).&lt;/p&gt;&lt;p&gt;&lt;b&gt;Cross: &lt;/b&gt;efektný konferenčný stolík od Domitalia dostupný v troch rôznych veľkostiach.&lt;/p&gt;','','','','',''),(340,27,1,'','','','','','',''),(379,28,4,'Jedálenský set, Košice','&lt;p&gt;Jedálenský set z masívneho dreva v modernom prevedení.&lt;/p&gt;&lt;p&gt;&lt;b&gt;Použité produkty:&lt;/b&gt;&lt;/p&gt;&lt;p&gt;&lt;b&gt;Anassimene: &lt;/b&gt;moderný stôl s konštrukciou z masívneho dubového dreva a sklenenou doskou. Dostupný v mnohých rozmeroch a prevedeniach aj ako rozkladací.&lt;/p&gt;&lt;p&gt;&lt;b&gt;Dandy:&lt;/b&gt; dizajnová stolička vyrobená z masívneho duba dostupná v dvoch odtieňoch.&lt;/p&gt;','','','','',''),(380,28,1,'','','','','','',''),(377,29,4,'Sedačka Harvey, Žilina','&lt;h1 class=&quot;product-heading&quot; style=&quot;margin-top: 10px; margin-bottom: 12px; font-size: 26px; font-family: Montserrat, sans-serif; color: rgb(85, 85, 85); padding: 0px 0px 11px; position: relative;&quot;&gt;&lt;br&gt;&lt;/h1&gt;&lt;p style=&quot;margin-top: 10px; margin-bottom: 12px; font-size: 26px; font-family: Montserrat, sans-serif; color: rgb(85, 85, 85); padding: 0px 0px 11px; position: relative;&quot;&gt;&lt;br&gt;&lt;/p&gt;&lt;p style=&quot;margin-top: 10px; margin-bottom: 12px; font-size: 26px; font-family: Montserrat, sans-serif; color: rgb(85, 85, 85); padding: 0px 0px 11px; position: relative;&quot;&gt;&lt;br&gt;&lt;/p&gt;&lt;p style=&quot;margin-top: 10px; margin-bottom: 12px; font-size: 26px; font-family: Montserrat, sans-serif; color: rgb(85, 85, 85); padding: 0px 0px 11px; position: relative;&quot;&gt;&lt;br&gt;&lt;/p&gt;&lt;p style=&quot;margin-bottom: 10px; color: rgb(119, 119, 119); font-family: Montserrat, sans-serif; font-size: 16px;&quot;&gt;&lt;span style=&quot;font-weight: 700;&quot;&gt;Harvey chaise lounge: 2,3 alebo 3 maxi miestna pohovka s bočným ležadlom.&lt;/span&gt;&lt;/p&gt;&lt;p style=&quot;margin-bottom: 10px; color: rgb(119, 119, 119); font-family: Montserrat, sans-serif; font-size: 16px;&quot;&gt;Štýlová a vysoko elegantná pohovka s lineárnym dizajnom v širokom prevedení poťahových látok.&lt;/p&gt;','','','','',''),(375,30,4,'Rozkladací stôl Fiandre EXT, Nemšová','&lt;p&gt;&lt;br&gt;&lt;/p&gt;&lt;p&gt;&lt;br&gt;&lt;/p&gt;&lt;p style=&quot;margin-bottom: 10px; color: rgb(119, 119, 119); font-family: Montserrat, sans-serif; font-size: 16px;&quot;&gt;&lt;span style=&quot;font-weight: 700;&quot;&gt;Vysoko elegantný stôl od&amp;nbsp;&lt;/span&gt;&lt;span style=&quot;font-weight: 700;&quot;&gt;Bontempi Casa&lt;/span&gt;&lt;span style=&quot;font-weight: 700;&quot;&gt;,&amp;nbsp;&lt;/span&gt;&lt;span style=&quot;font-weight: 700;&quot;&gt;&amp;nbsp;&lt;/span&gt;&lt;span style=&quot;font-weight: 700;&quot;&gt;model&amp;nbsp;&lt;/span&gt;&lt;span style=&quot;font-weight: 700;&quot;&gt;Fiandre.&lt;/span&gt;&lt;/p&gt;&lt;p style=&quot;margin-bottom: 10px; color: rgb(119, 119, 119); font-family: Montserrat, sans-serif; font-size: 16px;&quot;&gt;Dizajnový rozťahovací stôl vyznačujúci sa masívnou konštrukciou s dvoma podstavami, ktoré sú vyrobené z lakovanej ocele.&lt;/p&gt;&lt;p style=&quot;margin-bottom: 10px; color: rgb(30, 30, 30); font-family: Montserrat, sans-serif; font-size: 14px;&quot;&gt;Dve nohy majú dobre definovaný objem pomocou zloženého povrchu, sú mierne naklonené a mimoriadne stabilné.&lt;br&gt;&lt;/p&gt;&lt;p style=&quot;margin-bottom: 10px; color: rgb(30, 30, 30); font-family: Montserrat, sans-serif; font-size: 14px;&quot;&gt;Fiandre je kus nábytku, ktorý sa dokonale hodí pre moderné obývacie a jedálenské miestnosti.&lt;/p&gt;','','','','',''),(376,30,1,'','','','','','',''),(378,29,1,'','','','','','',''),(439,31,4,'Bungalov Malá Ida','&lt;p&gt;&lt;b&gt;Moderne riešený rozmerný bungalov v čierno-bielom štýle.&amp;nbsp;&lt;/b&gt;&lt;/p&gt;&lt;p&gt;Tento bungalov bol kompletne zariadený našimi produktami, od sedačky Astor až po doplnky ako taburety&amp;nbsp; Satori alebo Pandora.&amp;nbsp;&lt;/p&gt;&lt;p&gt;Ako dominantný jedálenský stôl si zákazník zvolil Artistico glass, vlajkovú loď značky Bontempi Casa a jeden z najvydarenejších modelov vôbec. Stôl vhodne dopĺňajú stoličky Dafne od Metalmobil a za vrchom stola Eros od Kartell. Pri barovom pulte vždy efektné Masters stools rovnako od Kartell. Celkový dizajn rozmernej kuchyne spojenej s obývačkou dotvárajú visiace svietidla Pandora od Myyour. V spálni dominuje posteľ Atrium s úložným priestorom box v rovnakej látke ako gauč v obývačke.&lt;/p&gt;','','','','',''),(440,31,1,'','','','','','',''),(399,32,4,'Interiér Nová terasa II., Košice','&lt;p&gt;&lt;b&gt;Interiér bytu v sviežom prevedení produktov od italiandesignstudio.&lt;/b&gt;&lt;/p&gt;&lt;p&gt;Interiéru dominuje kreslo Lazy od Calligaris (outlet) vo fialovej farbe doplnené o taburet Pandora od Myyour, pri sedačke zase o Apelle Jump od Midj. Svietidlá tvoria zároveň aj efektné doplnky: na strope Rosa a stolová lampa Nuclea DT od Emporium.&lt;/p&gt;&lt;p&gt;Pri stole mix stoličiek Dafne 163 od Metalmobil a Up chair W od Tonon.&lt;/p&gt;','','','','',''),(400,32,1,'','','','','','',''),(410,33,1,'','','','','','',''),(409,33,4,'Interiér Nová terasa II., Košice','&lt;p&gt;&lt;b&gt;Biela je vždy &quot;in&quot;. Moderne a s eleganciou ladený interiér v mixe značiek Bontempi a Midj.&lt;/b&gt;&lt;/p&gt;&lt;p&gt;Efektný stôl Alceo so šikmými sklenenými nohami v rozmere 160 x 90 cm a samozrejme bielou dubovou doskou je vynikajúco zladený so stoličkami Apelle P od Midj. Stoličky majú kovovú konštrukciu a vysoko odolnú Hide kožu v bielej farbe. Seriózne a zároveň výnimočné pozadie tohoto jedálenského setu tvorí knižnica Lexington od Bontempi casa (na vyžiadanie). Táto dizajnová knižnica je precízne vyrobená z tenkej oceľovej rúrky, podstavu tvorí pevná dubová doska, sklenené a ohýbané kovové police ukončujú dizajn tejto vydarenej knižnice. Dostupná v mnohých farbách a prevedeniach.&lt;/p&gt;','','','','',''),(417,34,4,'Apartmán Budapešť','&lt;p&gt;&lt;b&gt;Luxusný apartmán v štýlovom historickom dome.&lt;/b&gt;&lt;/p&gt;&lt;p&gt;Súčasťou tohto vkusne zariadeného apartmánu je aj jedálenský set vybraný v našom štúdiu. Tvorí ho jedálenský stôl PA126 s masívnou dubovou doskou s nepravidelným okrajom. Efektná kovová podstava v antracitovej farbe dopĺňa farebne aj materiálovo ostatné prvky zariadenia. K stolu boli zvolené stoličky Clara od Bontempi Casa, ideálne pre moderné i štýlové prostredia. Celočalúnená konštrukcia je aktuálnym trendom, ozdobné hrany upozorňujú na elegantné línie stoličky. V kuchyni pri barovom pulte sa použil rovnaký model Clara S s voliteľnou výškou sedadla&amp;nbsp;&lt;span style=&quot;color: rgb(30, 30, 30); font-family: Montserrat, sans-serif; font-size: 14px;&quot;&gt;67 alebo 77 cm. Stoličky v bielej koži a s tmavou hranou skvele dopĺňajú nenásilnú celkovú eleganciu apartmánu.&lt;/span&gt;&lt;/p&gt;','','','','',''),(418,34,1,'','','','','','',''),(426,35,1,'','','','','','',''),(425,35,4,'Rodinný dom Budiš','&lt;p&gt;&lt;b&gt;V tomto rodinnom dome sídli: Kartell !&lt;/b&gt;&lt;/p&gt;&lt;p&gt;Kartell je univerzálna značka ideálna pre každé prostredie. Rovnako dobre sa usídlila v tomto dome, kde si zákazník vybral viacero modelov tohto prestížneho talianskéko výrobcu. V jedálni tvorí dominantu stôl Glossy s bielou lesklou doskou a chrómovou dizajnovou podstavou. K nemu ako inak kultové stoličky Masters v bielej farbe. Pri barovom pulte zakotvili stoličky One more v transparentnom prevedení. Ako výborné odkladacie stolíky sa ujali Small Ghost Buster a nesmie chýbať ani vtipná taburetka Attila. A to sa ešte mnoho ďalších produktov nedostalo do záberu...&lt;/p&gt;','','','','',''),(459,37,4,'Interiér byt Radnica, Košice','&lt;p&gt;Realizácie malých bytov nemusia byť len o úsporných riešeniach na úkor celkového dojmu. Pri byte o rozlohe 40&amp;nbsp;m² pozostávajúcom zo spojenej obývačky s kuchyňou a samostatnej spálne bola prioritou požiadavka, aby priestor na prvý pohľad zaujal. Pre vytvorenie praktického i štýlového bývania sme zvolili nábytok na mieru, ktorý vyhovie proporciám bytu. Vstavané skrine, úložné priestory na chodbe, obývacia stena a kuchynská linka sú tým pádom prepojené skrz jednotnú farbu dreva v príjemnom tóne. Tú dopĺňa obloženie v odtieňoch šedej použité na steny.&amp;nbsp;&lt;/p&gt;&lt;p&gt;Spotrebiče sú zabudované v kuchynskej linke, vďaka čomu vyznejú jej línie a priestor nepôsobí rušivým dojmom. Kuchynský a obývací priestor je prepojený olivovou zelenou farbou, ktorá bola okrem kuchynských dvierok zvolená aj pre čalúnenie stoličiek, závesy či dekoračné vankúše. Výrazným farebným akcentom, ktorý rozbíja monotónnosť je vínová červená rozkladacia sedačka Harvey. Zvolená tapeta tvorí vizuálnu dominantu bytu, ktorá diváka vtiahne do priestoru doslova na prvý pohľad.&amp;nbsp;&lt;/p&gt;&lt;p&gt;Zabudované osvetlenie je samozrejmosťou v celom byte. V spálni vynikne aj vďaka predstene z dreva, ktorej podsvietením sa dotvára atmosféra. Posteľ Orazio v rovnakom zamatovom čalúnení ako sedačka znovu vhodne dopĺňa olivová farba závesov a vankúšov, čo prepája miestnosti bytu a tvorí jednotný priestor.&amp;nbsp;&lt;/p&gt;','','','','',''),(460,37,1,'','','','','','',''),(467,36,4,'Casino Dubrovník, Prešov','&lt;p&gt;&lt;b&gt;Luxusný projekt so žiarivým ónyxovým barom&lt;/b&gt;&lt;/p&gt;&lt;p class=&quot;MsoNormal&quot;&gt;Casino Dubrovník je projekt kompletne realizovaný naším\r\nštúdiom, pri ktorom boli požiadavky vymedzené hneď na začiatku. Bolo potrebné\r\nprepojiť priestor, zachovať luxusný výraz a&amp;nbsp;vytvoriť ústredný prvok\r\nv&amp;nbsp;podobe baru, ktorý zaujme na prvý pohľad. Práve barovému priestoru sa\r\npreto venovala najväčšia pozornosť. Keďže v&amp;nbsp;tomto type prevádzok je\r\ntypické tlmené svetlo, vhodnou voľbou bol podsvietený barový pult, ktorý\r\nv&amp;nbsp;prítmí vynikne. Bar vyrobený na mieru je obložený ónyxovým kameňom\r\nčiastočne prepúšťajúcim svetlo, ktorý svojou úchvatnou kresbou a&amp;nbsp;príjemnou,\r\nteplou žiarou dominuje miestnosti. &lt;o:p&gt;&lt;/o:p&gt;&lt;/p&gt;&lt;p class=&quot;MsoNormal&quot;&gt;Obloženie stien miestnosti kombinuje geometrický pravidelný\r\nvzor v&amp;nbsp;zlatej a&amp;nbsp;antracitovej šedej s&amp;nbsp;dreveným dekorom\r\nv&amp;nbsp;prevedení mahagón. Vďaka zrkadlovej ploche na strope pôsobí miestnosť\r\nvyššie, viac otvorene. Celkový dojem dotvára koberec s&amp;nbsp;opakujúcim sa\r\nvzorom, ktorý priestor prepojil a&amp;nbsp;dodal mu luxusnú a&amp;nbsp;zároveň príjemnú\r\natmosféru.&lt;o:p&gt;&lt;/o:p&gt;&lt;/p&gt;&lt;p&gt;\r\n\r\n\r\n\r\n&lt;/p&gt;&lt;p class=&quot;MsoNormal&quot;&gt;Pre čo najvyšší komfort boli zvolené čalúnené barové\r\nstoličky s&amp;nbsp;kovovými nohami od značky Bontempi Casa. V&amp;nbsp;rovnakom duchu\r\npohodlia, elegancie a&amp;nbsp;štýlovosti sa nesú i&amp;nbsp;stoličky Mood so zlatými\r\nnohami a&amp;nbsp;horčicovo žltým zamatovým čalúnením, tiež z&amp;nbsp;dielne Bontempi\r\nCasa. Trojicu dopĺňajú komfortné kresielka Billy od Midj. Pri stolíkoch Globus\r\na&amp;nbsp;Sushi bola zvolená čierno-biela kombinácia.&lt;o:p&gt;&lt;/o:p&gt;&lt;/p&gt;','','','','',''),(465,38,4,'Bar Victoria, Stropkov','','','','','',''),(466,38,1,'','','','','','',''),(468,36,1,'','','','','','','');

--
-- Table structure for table `oc_nilkanthinfo_blog_image`
--

 SET character_set_client = utf8mb4 ;
CREATE TABLE `oc_nilkanthinfo_blog_image` (
  `blog_image_id` bigint(20) unsigned NOT NULL AUTO_INCREMENT,
  `blog_id` int(11) NOT NULL,
  `image` text NOT NULL,
  `sort_order` int(11) NOT NULL DEFAULT '0',
  PRIMARY KEY (`blog_image_id`),
  KEY `blog_id` (`blog_id`)
) ENGINE=InnoDB AUTO_INCREMENT=469 DEFAULT CHARSET=utf8;

--
-- Dumping data for table `oc_nilkanthinfo_blog_image`
--

INSERT INTO `oc_nilkanthinfo_blog_image` VALUES (32,6,'catalog/referencie/IMG_2940_1_2_3_4_fused.JPG',0),(33,6,'catalog/referencie/IMG_2955_6_7_8_9_fused-Edit.JPG',0),(34,6,'catalog/referencie/IMG_3151_2_3_4_5_tonemapped.JPG',0),(46,9,'catalog/referencie/14925543_1821666544783474_3095320678468252230_n.jpg',0),(47,9,'catalog/referencie/14947741_1821666514783477_8003029069161011280_n.jpg',0),(48,9,'catalog/referencie/14915619_1821666508116811_2997188883053964899_n.jpg',0),(49,9,'catalog/referencie/14925280_1821666604783468_121578983360962784_n.jpg',0),(50,9,'catalog/referencie/14915576_1821666618116800_9043013893241056623_n.jpg',0),(51,7,'catalog/referencie/15369295_1840842092865919_9057212513938216198_o.jpg',0),(52,7,'catalog/referencie/15443238_1840842146199247_4586549392206493170_o.jpg',0),(61,12,'catalog/referencie/17632328_1899218677028260_4486419894233309887_o.jpg',0),(62,12,'catalog/referencie/17626169_1899218670361594_3068144711034447187_n.jpg',0),(63,12,'catalog/referencie/17626258_1899218703694924_7146110439834419799_n.png',0),(64,12,'catalog/referencie/17635119_1899218797028248_8507749158353666415_o.jpg',0),(65,12,'',0),(68,8,'catalog/referencie/IMG_9745.JPG',0),(69,8,'catalog/referencie/IMG_9757.JPG',0),(70,8,'catalog/referencie/IMG_9770.JPG',0),(75,14,'catalog/referencie/Gala 2.JPG',0),(76,14,'catalog/referencie/Gala 1.JPG',0),(79,15,'catalog/referencie/13323400_1745375589079237_5590011571373930465_o.jpg',0),(80,15,'catalog/referencie/13267997_1745375595745903_7885920978176879636_o.jpg',0),(83,16,'catalog/referencie/13254611_1741549162795213_1869524139945365873_n (1).jpg',0),(84,16,'catalog/referencie/13245313_1741549142795215_8674489677978195896_n.jpg',0),(85,17,'catalog/referencie/13254291_1739982156285247_3983308601912818927_n.jpg',0),(86,17,'catalog/referencie/13221563_1739982172951912_120223502860411651_n.jpg',0),(87,17,'catalog/referencie/13179345_1739982176285245_4770695775711092230_n.jpg',0),(88,17,'catalog/referencie/13254229_1739982199618576_7247922159450736265_n.jpg',0),(143,11,'catalog/referencie/18056268_1912227839060677_6653021079257832637_o.jpg',0),(144,11,'catalog/referencie/18057918_1912227969060664_9049386310697941579_n.jpg',0),(145,11,'catalog/referencie/18077191_1912228019060659_8441474929779640447_o.jpg',0),(148,20,'catalog/referencie/unnamed (32).jpg',0),(149,20,'catalog/referencie/unnamed (11).jpg',0),(150,20,'catalog/referencie/unnamed (16).jpg',0),(151,20,'catalog/referencie/unnamed (24).jpg',0),(152,20,'catalog/referencie/unnamed (5).jpg',0),(153,20,'catalog/referencie/unnamed (5).jpg',0),(154,20,'catalog/referencie/unnamed (1).jpg',0),(155,20,'catalog/referencie/unnamed (18).jpg',0),(156,20,'catalog/referencie/unnamed (17).jpg',0),(157,20,'catalog/referencie/unnamed (19).jpg',0),(179,21,'catalog/referencie/IMG_3154.JPG',0),(180,21,'catalog/referencie/FullSizeRender (1).jpg',0),(181,21,'catalog/referencie/unnamed (12).jpg',0),(182,21,'catalog/referencie/unnamed (9).jpg',0),(183,21,'catalog/referencie/unnamed (14).jpg',0),(184,21,'catalog/referencie/IMG_3160.JPG',0),(201,22,'catalog/referencie/20170620_152454.jpg',0),(202,22,'catalog/referencie/20170620_152801.jpg',0),(203,22,'catalog/referencie/20170620_152735.jpg',0),(204,22,'catalog/referencie/20170620_152544.jpg',0),(205,19,'catalog/referencie/e-img-135.jpg',0),(206,19,'catalog/referencie/e-img-137.jpg',0),(209,13,'catalog/referencie/17190743_1886431291640332_9129396182769926330_n.jpg',0),(210,13,'catalog/referencie/17159301_1886431288306999_7834726863301930841_o.jpg',0),(224,23,'catalog/referencie/1.JPG',0),(225,23,'catalog/referencie/2.JPG',0),(226,23,'catalog/referencie/3.JPG',0),(227,23,'catalog/referencie/4.JPG',0),(228,23,'catalog/referencie/5.JPG',0),(229,23,'catalog/referencie/7.JPG',0),(230,23,'catalog/referencie/8.JPG',0),(231,23,'catalog/referencie/10.JPG',0),(232,23,'catalog/referencie/9.JPG',0),(233,23,'catalog/referencie/11.JPG',0),(234,23,'catalog/referencie/12.JPG',0),(235,23,'catalog/referencie/13.JPG',0),(238,24,'catalog/referencie/secov.JPG',0),(239,24,'catalog/referencie/secovc.JPG',0),(244,25,'catalog/BANNERY/referencie 2/IMG_4551.JPG',0),(245,25,'catalog/BANNERY/referencie 2/IMG_4547.JPG',0),(250,26,'catalog/BANNERY/referencie 2/IMG_4397.JPG',0),(251,26,'catalog/BANNERY/referencie 2/IMG_4401.JPG',0),(252,26,'catalog/BANNERY/referencie 2/IMG_4399.JPG',0),(253,26,'catalog/BANNERY/referencie 2/IMG_4410.JPG',0),(282,27,'catalog/BANNERY/referencie 2/IMG_4466.JPG',0),(283,27,'catalog/BANNERY/referencie 2/IMG_4472.JPG',0),(284,27,'catalog/BANNERY/referencie 2/IMG_4473.JPG',0),(285,27,'catalog/BANNERY/referencie 2/IMG_4480.JPG',0),(286,27,'catalog/BANNERY/referencie 2/IMG_4477.JPG',0),(287,27,'catalog/BANNERY/referencie 2/IMG_4463.JPG',0),(288,27,'catalog/BANNERY/referencie 2/IMG_4465.JPG',0),(308,30,'catalog/BANNERY/referencie 2/IMG_5555.JPG',0),(309,30,'catalog/BANNERY/referencie 2/IMG_5556.JPG',0),(310,30,'catalog/BANNERY/referencie 2/IMG_5554.JPG',0),(311,30,'catalog/BANNERY/referencie 2/IMG_5557.JPG',0),(312,30,'catalog/BANNERY/referencie 2/IMG_5553.JPG',0),(313,29,'catalog/BANNERY/referencie 2/sedačka 1.JPG',0),(314,28,'catalog/referencie/colico kosice/rtrt.JPG',0),(315,28,'catalog/referencie/colico kosice/IMG_4947.JPG',0),(316,28,'catalog/referencie/colico kosice/tztz.JPG',0),(317,28,'catalog/referencie/colico kosice/tzi.JPG',0),(318,28,'catalog/referencie/colico kosice/IMG_4941.JPG',0),(319,28,'catalog/referencie/colico kosice/IMG_4941.JPG',0),(340,32,'catalog/BANNERY/referencie 2/31948476_2103157089967750_5084067300693245952_n.jpg',0),(341,32,'catalog/BANNERY/referencie 2/31939864_2103157049967754_534842974471716864_n.jpg',0),(342,32,'catalog/BANNERY/referencie 2/31964144_2103157063301086_8814317676546490368_n.jpg',0),(343,32,'catalog/BANNERY/referencie 2/31948984_2103157013301091_633577688421892096_n.jpg',0),(344,33,'catalog/BANNERY/referencie 2/IMG_7129.JPG',0),(345,33,'catalog/BANNERY/referencie 2/IMG_7130.JPG',0),(346,33,'catalog/BANNERY/referencie 2/IMG_7132.JPG',0),(347,33,'catalog/BANNERY/referencie 2/IMG_7135.JPG',0),(348,33,'catalog/BANNERY/referencie 2/IMG_7138.JPG',0),(349,33,'catalog/BANNERY/referencie 2/IMG_7142.JPG',0),(352,34,'catalog/BANNERY/referencie 2/5.jpg',0),(353,34,'catalog/BANNERY/referencie 2/17.jpg',0),(358,35,'catalog/BANNERY/referencie 2/IMG_6452.jpg',0),(359,35,'catalog/BANNERY/referencie 2/One more.JPG',0),(360,35,'catalog/BANNERY/referencie 2/IMG_6427.jpg',0),(361,35,'catalog/BANNERY/referencie 2/IMG_6442.jpg',0),(390,31,'catalog/BANNERY/referencie 2/30443301_2088716288078497_1037978696478097408_n.jpg',0),(391,31,'catalog/BANNERY/referencie 2/30261289_2088716321411827_1364996870740377600_n.jpg',0),(392,31,'catalog/BANNERY/referencie 2/30516661_2088716328078493_8757822200720916480_n.jpg',0),(393,31,'catalog/BANNERY/referencie 2/30412146_2088716374745155_9045250461665329152_n.jpg',0),(448,37,'catalog/referencie 2019/IMG_5503.jpg',0),(449,37,'catalog/referencie 2019/IMG_5527.jpg',0),(450,37,'catalog/referencie 2019/IMG_5540.jpg',0),(451,37,'catalog/referencie 2019/IMG_5513.jpg',0),(452,37,'catalog/referencie 2019/Untitled-1.png',0),(453,37,'',0),(459,38,'catalog/referencie 2019/IMG_9757.jpg',0),(460,38,'catalog/referencie 2019/IMG_9797.jpg',0),(461,38,'catalog/referencie 2019/IMG_9814.jpg',0),(462,38,'catalog/referencie 2019/IMG_9823.jpg',0),(463,38,'catalog/referencie 2019/IMG_9836.jpg',0),(464,36,'catalog/referencie 2019/IMG_2992.jpg',0),(465,36,'catalog/referencie 2019/IMG_2995.jpg',0),(466,36,'catalog/referencie 2019/IMG_3030-Edit.jpg',0),(467,36,'catalog/referencie 2019/IMG_3036.jpg',0),(468,36,'catalog/referencie 2019/IMG_3041-Edit.jpg',0);

--
-- Table structure for table `oc_nilkanthinfo_blog_related`
--

 SET character_set_client = utf8mb4 ;
CREATE TABLE `oc_nilkanthinfo_blog_related` (
  `blog_id` int(11) NOT NULL,
  `product_id` int(11) NOT NULL,
  KEY `blog_id` (`blog_id`)
) ENGINE=InnoDB DEFAULT CHARSET=utf8;

--
-- Dumping data for table `oc_nilkanthinfo_blog_related`
--

INSERT INTO `oc_nilkanthinfo_blog_related` VALUES (6,2243),(6,1958),(10,1954),(9,287),(9,823),(9,824),(7,294),(12,1353),(12,1432),(12,936),(12,937),(8,2532),(8,2748),(8,1270),(14,1749),(14,2334),(15,265),(16,701),(17,2854),(17,2858),(11,399),(11,1775),(20,1444),(20,167),(20,1136),(20,764),(18,1422),(21,43),(21,35),(22,315),(22,2922),(19,1577),(13,287),(13,2556),(23,2300),(23,2130),(23,2266),(23,3224),(23,825),(23,1840),(24,3240),(25,445),(25,2172),(26,744),(26,1644),(27,754),(27,1577),(27,764),(30,1119),(29,1336),(28,212),(28,3251),(32,4271),(32,2130),(32,2854),(32,900),(32,2403),(32,4514),(33,160),(33,233),(34,2099),(34,667),(34,669),(35,1752),(35,2058),(35,2525),(35,318),(35,1273),(31,294),(31,1753),(31,2130),(31,898),(31,317),(31,2439),(31,3240),(31,306),(37,1336),(37,2605),(37,6468),(38,5771),(38,5773),(38,4203),(38,2130),(36,669),(36,398),(36,2638),(36,1270);

--
-- Table structure for table `oc_nilkanthinfo_newsletter`
--

 SET character_set_client = utf8mb4 ;
CREATE TABLE `oc_nilkanthinfo_newsletter` (
  `nilkanthinfo_newsletter_id` int(11) NOT NULL AUTO_INCREMENT,
  `email` varchar(96) CHARACTER SET utf8 COLLATE utf8_bin DEFAULT NULL,
  `status` int(1) NOT NULL DEFAULT '0',
  PRIMARY KEY (`nilkanthinfo_newsletter_id`)
) ENGINE=MyISAM DEFAULT CHARSET=utf8 COLLATE=utf8_unicode_ci;

--
-- Dumping data for table `oc_nilkanthinfo_newsletter`
--


--
-- Table structure for table `oc_option`
--

 SET character_set_client = utf8mb4 ;
CREATE TABLE `oc_option` (
  `option_id` int(11) NOT NULL AUTO_INCREMENT,
  `type` varchar(32) NOT NULL,
  `sort_order` int(3) NOT NULL,
  PRIMARY KEY (`option_id`)
) ENGINE=MyISAM AUTO_INCREMENT=508 DEFAULT CHARSET=utf8;

--
-- Dumping data for table `oc_option`
--

INSERT INTO `oc_option` VALUES (15,'radio',0),(16,'radio',0),(19,'radio',0),(20,'radio',0),(22,'radio',0),(23,'radio',0),(24,'radio',0),(25,'radio',0),(26,'radio',0),(27,'radio',0),(28,'radio',0),(29,'radio',0),(30,'radio',0),(31,'radio',0),(32,'radio',0),(33,'radio',0),(34,'radio',0),(35,'radio',0),(36,'radio',0),(37,'radio',0),(38,'radio',0),(39,'radio',0),(40,'radio',0),(41,'radio',0),(42,'radio',0),(43,'radio',0),(44,'radio',0),(45,'radio',0),(46,'radio',0),(47,'radio',0),(48,'radio',0),(49,'radio',0),(50,'radio',0),(51,'radio',0),(52,'radio',0),(53,'radio',0),(54,'radio',0),(55,'radio',0),(56,'radio',0),(57,'radio',0),(58,'radio',0),(59,'radio',0),(60,'radio',0),(61,'radio',0),(62,'radio',0),(63,'radio',0),(64,'radio',0),(65,'radio',0),(66,'radio',0),(67,'radio',0),(68,'radio',0),(69,'radio',0),(70,'radio',0),(71,'radio',0),(72,'radio',0),(73,'radio',0),(74,'radio',0),(75,'radio',0),(76,'radio',0),(77,'radio',0),(78,'radio',0),(79,'radio',0),(80,'radio',0),(81,'radio',0),(82,'radio',0),(83,'radio',0),(84,'radio',0),(85,'radio',0),(86,'radio',0),(87,'radio',0),(88,'radio',0),(89,'radio',0),(90,'radio',0),(91,'radio',0),(92,'radio',0),(93,'radio',0),(94,'radio',0),(95,'radio',0),(96,'radio',0),(97,'radio',0),(98,'radio',0),(99,'radio',0),(100,'radio',0),(101,'radio',0),(102,'radio',0),(103,'radio',0),(104,'radio',0),(105,'radio',0),(106,'radio',0),(107,'radio',0),(108,'radio',0),(109,'radio',0),(110,'radio',0),(111,'radio',0),(112,'radio',0),(113,'radio',0),(114,'radio',0),(115,'radio',0),(116,'radio',0),(117,'radio',0),(118,'radio',0),(119,'radio',0),(120,'radio',0),(121,'radio',0),(122,'radio',0),(123,'radio',0),(124,'radio',0),(125,'radio',0),(126,'radio',0),(127,'radio',0),(128,'radio',0),(129,'radio',0),(130,'radio',0),(131,'radio',0),(132,'radio',0),(133,'radio',0),(134,'radio',0),(135,'radio',0),(136,'radio',0),(137,'radio',0),(138,'radio',0),(139,'radio',0),(140,'radio',0),(141,'radio',0),(142,'radio',0),(143,'radio',0),(144,'radio',0),(145,'radio',0),(146,'radio',0),(147,'radio',0),(148,'radio',0),(149,'radio',0),(150,'radio',0),(151,'radio',0),(152,'radio',0),(153,'radio',0),(154,'radio',0),(155,'radio',0),(156,'radio',0),(157,'radio',0),(158,'radio',0),(159,'radio',0),(160,'radio',0),(161,'radio',0),(162,'radio',0),(163,'radio',0),(164,'radio',0),(165,'radio',0),(166,'radio',0),(167,'radio',0),(168,'radio',0),(169,'radio',0),(170,'radio',0),(171,'radio',0),(172,'radio',0),(173,'radio',0),(174,'radio',0),(175,'radio',0),(176,'radio',0),(177,'radio',0),(178,'radio',0),(179,'radio',0),(180,'radio',0),(181,'radio',0),(182,'radio',0),(183,'radio',0),(184,'radio',0),(185,'radio',0),(186,'radio',0),(187,'radio',0),(188,'radio',0),(189,'radio',0),(190,'radio',0),(191,'radio',0),(192,'radio',0),(193,'radio',0),(194,'radio',0),(195,'radio',0),(196,'radio',0),(197,'radio',0),(198,'radio',0),(199,'radio',0),(200,'radio',0),(201,'radio',0),(202,'radio',0),(203,'radio',0),(204,'radio',0),(205,'radio',0),(206,'radio',0),(207,'radio',0),(208,'radio',0),(209,'radio',0),(210,'radio',0),(211,'radio',0),(212,'radio',0),(213,'radio',0),(214,'radio',0),(215,'radio',0),(216,'radio',0),(217,'radio',0),(218,'radio',0),(219,'radio',0),(220,'radio',0),(221,'radio',0),(222,'radio',0),(223,'radio',0),(224,'radio',0),(225,'radio',0),(226,'radio',0),(227,'radio',0),(228,'radio',0),(229,'radio',0),(230,'radio',0),(231,'radio',0),(232,'radio',0),(233,'radio',0),(234,'radio',0),(235,'radio',0),(236,'radio',0),(237,'radio',0),(238,'radio',0),(239,'radio',0),(240,'radio',0),(241,'radio',0),(242,'radio',0),(243,'radio',0),(244,'radio',0),(245,'radio',0),(246,'radio',0),(247,'radio',0),(248,'radio',0),(249,'radio',0),(250,'radio',0),(251,'radio',0),(252,'radio',0),(253,'radio',0),(254,'radio',0),(255,'radio',0),(256,'radio',0),(257,'radio',0),(258,'radio',0),(259,'radio',0),(260,'radio',0),(261,'radio',0),(262,'radio',0),(263,'radio',0),(264,'radio',0),(265,'radio',0),(266,'radio',0),(267,'radio',0),(268,'radio',0),(269,'radiogroup',0),(376,'radio',0),(377,'radio',0),(378,'radio',0),(379,'radio',0),(380,'radio',0),(381,'radio',0),(382,'radio',0),(383,'radio',0),(384,'radio',0),(385,'radio',0),(386,'radio',0),(387,'radio',0),(388,'radio',0),(389,'radio',0),(390,'radio',0),(391,'radio',0),(392,'radio',0),(393,'radio',0),(394,'radio',0),(395,'radio',0),(396,'radio',0),(397,'radio',0),(398,'radio',0),(399,'radio',0),(400,'radio',0),(401,'radio',0),(402,'radio',0),(403,'radio',0),(404,'radio',0),(405,'radio',0),(406,'radio',0),(407,'radio',0),(408,'radio',0),(409,'radio',0),(410,'radio',0),(411,'radio',0),(412,'radio',0),(413,'radio',0),(414,'radio',0),(415,'radio',0),(416,'radio',0),(417,'radio',0),(418,'radio',0),(419,'radio',0),(420,'radio',0),(421,'radio',0),(422,'radio',0),(423,'radio',0),(424,'radio',0),(425,'radio',0),(426,'radio',0),(427,'radio',0),(428,'radio',0),(429,'radio',0),(430,'radio',0),(431,'radio',0),(432,'radio',0),(433,'radio',0),(434,'radio',0),(435,'radio',0),(436,'radio',0),(437,'radio',0),(438,'radio',0),(439,'radio',0),(440,'radio',0),(441,'radio',0),(442,'radio',0),(443,'radio',0),(444,'radio',0),(445,'radio',0),(446,'radio',0),(447,'radio',0),(448,'radio',0),(449,'radio',0),(450,'radio',0),(451,'radio',0),(452,'radio',0),(453,'radio',0),(454,'radio',0),(455,'radio',0),(456,'radio',0),(457,'radio',0),(458,'radio',0),(459,'radio',0),(460,'radio',0),(461,'radio',0),(462,'radio',0),(463,'radio',0),(464,'radio',0),(465,'radio',0),(466,'radio',0),(467,'radio',0),(468,'radio',0),(469,'radio',0),(470,'radio',0),(471,'radio',0),(472,'radio',0),(473,'radio',0),(474,'radio',0),(475,'radio',0),(476,'radio',0),(477,'radio',0),(478,'radio',0),(479,'radio',0),(480,'radio',0),(481,'radio',0),(482,'radio',0),(483,'radio',0),(484,'radio',0),(485,'radio',0),(486,'radio',0),(487,'radio',0),(488,'radio',0),(489,'radio',0),(490,'radio',0),(491,'radio',0),(492,'radio',0),(493,'radio',0),(494,'radio',0),(495,'radio',0),(496,'radio',0),(497,'radio',0),(498,'radio',0),(499,'radio',0),(500,'radio',0),(501,'radio',0),(502,'radio',0),(503,'radio',0),(504,'radio',0),(505,'radio',0),(506,'radio',0),(507,'radio',0);

--
-- Table structure for table `oc_option_description`
--

 SET character_set_client = utf8mb4 ;
CREATE TABLE `oc_option_description` (
  `option_id` int(11) NOT NULL,
  `language_id` int(11) NOT NULL,
  `name` varchar(128) NOT NULL,
  PRIMARY KEY (`option_id`,`language_id`)
) ENGINE=MyISAM DEFAULT CHARSET=utf8;

--
-- Dumping data for table `oc_option_description`
--

INSERT INTO `oc_option_description` VALUES (15,4,'Konštrukcia'),(16,4,'Technopolymérové sedadlo'),(19,4,'Drevo'),(20,4,'Rozmer'),(65,1,'Beech Wood'),(123,1,'Interwoven Cover'),(15,1,'Structure'),(16,1,'Technopolymer seat'),(19,1,'Wood'),(20,1,'Rectangular'),(22,4,'Polypropylénové sedadlo'),(22,1,'Polypropylene Seat'),(23,4,'Imitácia kože'),(23,1,'Imitation Leather'),(24,4,'Koža'),(24,1,'Leather'),(25,4,'Plsť'),(26,4,'Sole tkanina'),(26,1,'Sole Fabric'),(27,4,'Neoprene tkanina'),(27,1,'Neoprene Fabric'),(28,4,'Vega tkanina'),(28,1,'Vega Fabric'),(29,4,'Tailor tkanina'),(29,1,'Tailor Fabric'),(30,4,'Veľkosť'),(30,1,'Size'),(31,4,'Orientácia'),(31,1,'Orientation'),(32,4,'Farba'),(33,4,'Mikrovlákno'),(34,4,'Vlna'),(34,1,'Wool'),(35,4,'Lakované drevo'),(35,1,'Lacquered Wood'),(36,4,'Lakovaná vrchná doska'),(36,1,'Lacquered Top'),(37,4,'Sklenená vrchná doska'),(37,1,'Glass Top'),(38,4,'Kompozícia'),(38,1,'Composition'),(39,4,'Vonkajšia verzia'),(39,1,'Outdoor Version'),(40,4,'Výška sedadla'),(40,1,'Seat Height'),(41,4,'Plné polykarbonátové sedadlo'),(41,1,'Full Polycarbonate Seat'),(42,4,'Transparentné polykarbonátové sedadlo'),(42,1,'Transparent Polycarbonate Seat'),(43,4,'Šírka'),(43,1,'Width'),(44,4,'Tvar'),(44,1,'Shape'),(45,4,'Hrana'),(45,1,'Edge'),(46,4,'Unicolor odolné proti poškriabaniu'),(46,1,'Scratch-resistant Unicolor'),(47,4,'Laminátová horná doska'),(47,1,'Laminated Top'),(48,4,'Keramická horná doska'),(48,1,'Ceramic Top'),(49,4,'Mramorová alebo betónová horná doska'),(49,1,'Marble Or Concrete Top'),(50,4,'Farba vrchnej dosky'),(50,1,'Top Colour'),(51,4,'Výška'),(51,1,'Height'),(52,4,'Verzia'),(52,1,'Version'),(53,4,'Podrúčky'),(53,1,'Armrests'),(54,4,'Kožené vlákna'),(54,1,'Leather Fibre'),(55,4,'Sklenená štruktúra'),(55,1,'Glass Structure'),(56,4,'Hide koža'),(56,1,'Hide Leather'),(57,4,'Technická tkanina'),(57,1,'Technical Fabric'),(58,4,'Operadlo'),(58,1,'Backrest'),(59,4,'Sada'),(59,1,'Set'),(60,4,'Poťah'),(60,1,'Covering'),(61,4,'Vankúš sedadla'),(61,1,'Seat/Cushion'),(62,4,'Rozmery okrúhleho stola'),(62,1,'Round Table Dimension'),(63,4,'Drevo vhodné pre exteriér'),(63,1,'Outdoor Wood'),(64,4,'Polyuretánové telo'),(64,1,'Polyurethane Body'),(65,4,'Bukové drevo'),(66,4,'Esedra tkanina'),(66,1,'Esedra Fabric'),(67,4,'Angel tkanina'),(67,1,'Angel Fabric'),(68,4,'Caliente tkanina'),(68,1,'Caliente Fabric'),(69,4,'Breeze Fusion tkanina'),(69,1,'Breeze Fusion Fabric'),(70,4,'Jaseňové drevo'),(70,1,'Ash Wood'),(71,4,'Orechové sedadlo'),(71,1,'Walnut Seat'),(72,4,'Movie tkanina'),(72,1,'Movie Fabric'),(73,4,'Nízky stolík'),(73,1,'Low Table'),(74,4,'Metakrylátová vrchná doska'),(74,1,'Methacrylate Top'),(75,4,'Čalúnenie'),(75,1,'Upholstery'),(76,4,'Dubové drevo'),(76,1,'Oak Wood'),(77,4,'Pravá koža'),(77,1,'True Leather'),(78,4,'Metakrylátové sedadlo'),(78,1,'Methacrylate Seat'),(79,4,'Štvorec'),(80,4,'Transparentný metakrylát'),(80,1,'Transparent Methacrylate'),(81,4,'Sedadlo'),(82,4,'Dyhované'),(83,4,'Bonded kožené sedadlo'),(83,1,'Bonded Leather Seat'),(84,4,'Plný technopolymér'),(84,1,'Full Technopolymer'),(85,4,'Transparentný technopolymér'),(85,1,'Transparent Technopolymer'),(86,4,'Rio tkanina'),(86,1,'Rio Fabric'),(87,4,'Natural Hide'),(87,1,'Natural Hide'),(88,4,'Transparentné polycarbonátové operadlo'),(88,1,'Transparent Polycarb. Back'),(89,4,'Stohovateľné'),(89,1,'Stackable'),(90,4,'Dubové sedadlo'),(90,1,'Oak Wood Seat'),(91,4,'Bukové sedadlo'),(92,4,'Oslo tkanina'),(92,1,'Oslo Fabric'),(93,4,'Oblé nohy'),(93,1,'Oblique Legs'),(94,4,'Dyhovaná konštrukcia'),(94,1,'Veneered Structure'),(95,4,'Vodiaca lišta'),(96,4,'Priečnik'),(97,4,'Priemer'),(97,1,'Diameter'),(98,4,'Dvierka'),(98,1,'Door'),(99,4,'Lamely '),(99,1,'Laying Bed Slat'),(100,4,'Štandard'),(100,1,'Standard'),(101,4,'Držiaky roštu'),(101,1,'Slat Holders'),(102,4,'Rošt'),(102,1,'Slat'),(103,4,'Otváranie'),(103,1,'Compartment'),(104,4,'Rozkladacia pohovka'),(104,1,'Sofabed'),(105,4,'Bonded koža'),(105,1,'Bonded Leather'),(106,4,'Volance'),(107,4,'Finálna úprava'),(107,1,'Finish'),(108,4,'Molina Vintage tkanina'),(108,1,'Molina Vintage Fabric'),(109,4,'Ľan'),(109,1,'Linen'),(110,4,'Bavlnená tkanina'),(110,1,'Cotton Fabric'),(111,4,'Tkanina'),(111,1,'Fabric'),(112,4,'Split Grain koža'),(112,1,'Split Grain Leather'),(113,4,'Operadlo'),(113,1,'Back'),(114,4,'Jaseňové sedadlo'),(114,1,'Ash Wood Seat'),(115,4,'Plné polykarbonátové sedadlo'),(115,1,'Full Polycarbonate Back'),(116,4,'Vankúše'),(116,1,'Pillow'),(117,4,'Polstrovaný vrch'),(117,1,'Padded Top'),(118,4,'Canopy'),(118,1,'Canopy'),(119,4,'Dekoratívny vankúš 40x40 Cm'),(119,1,'Decorative Cushion 40x40 Cm'),(120,4,'Dekoratívny vankúš  55x55 Cm'),(120,1,'Decorative Cushion 55x55 Cm'),(121,4,'Rozkladacia verzia'),(121,1,'Extendable Version'),(122,4,'2 Dekoratívne vankúše 50x30 Cm'),(122,1,'2 Decorative Cushions 50x30 Cm'),(123,4,'Pretkaný poťah'),(124,4,'Taburetka'),(124,1,'Pouf'),(125,4,'Stonewashed farba'),(125,1,'Stonewashed Colour'),(126,4,'Personalizácia'),(127,4,'Obal'),(128,4,'Transparentný polykarbonát'),(128,1,'Transparent Polycarbonate'),(129,4,'Soleil tkanina'),(129,1,'Soleil Fabric'),(130,4,'Samuel tkanina'),(130,1,'Samuel Fabric'),(131,4,'King tkanina'),(131,1,'King Fabric'),(132,4,'Vlnená tkanina'),(132,1,'Wool Fabric'),(133,4,'Otočný systém'),(133,1,'Swivel'),(134,4,'Flash No-shrink tkanina'),(134,1,'Flash No-shrink Fabric'),(135,4,'Canvas Kvadrat poťah'),(135,1,'Canvas Kvadrat Covering'),(136,4,'Byte tkanina'),(136,1,'Byte Fabric'),(137,4,'Outback Kwadrat poťah'),(137,1,'Outback Kwadrat Covering'),(138,4,'Divina 2 Melange Kvadrat poťah'),(138,1,'Divina 2 Melange Kvadrat Covering'),(139,4,'Divina 3 Kvadrat poťah'),(139,1,'Divina 3 Kvadrat Covering'),(140,4,'Cava 3 Kvadrat poťah'),(140,1,'Cava 3 Kvadrat Covering'),(141,4,'Polykarbonát'),(141,1,'Polycarbonate'),(142,4,'Polypropylén'),(142,1,'Polypropylene'),(143,4,'Kolieska'),(143,1,'Wheels'),(144,4,'Newpann vrchná doska'),(144,1,'Newpann Top'),(145,4,'Plný metakrylát'),(145,1,'Full Methacrylate'),(146,4,'Lycra tkanina'),(146,1,'Lycra Fabric'),(147,4,'Trevira tkanina'),(147,1,'Trevira Fabric'),(148,4,'Kvadrat tkanina'),(148,1,'Kvadrat Fabric'),(149,4,'Plný polykarbonát'),(149,1,'Full Polycarbonate'),(150,4,'Prídavná polica'),(151,4,'Model'),(151,1,'Model'),(152,4,'Moschino tkanina'),(152,1,'Moschino Fabric'),(153,4,'Missoni tkanina'),(153,1,'Missoni Fabric'),(154,4,'Nilo tkanina'),(154,1,'Nilo Fabric'),(155,4,'Vonkajšia tkanina Ikon'),(155,1,'Outdoor Fabric Ikon'),(156,4,'Vonkajšia tkanina  Sunbrella'),(156,1,'Outdoor Fabric Sunbrella'),(157,4,'Sklo'),(157,1,'Glass'),(158,4,'Tkanina z česanej vlny'),(158,1,'Combed Wool Fabric'),(159,4,'Vodeodolná tkanina'),(159,1,'Waterproof Fabric'),(160,4,'Plechové sedadlo'),(160,1,'Metal Sheet Seat'),(161,4,'Dĺžka'),(161,1,'Lenght'),(162,4,'Vintage imitácia kože'),(162,1,'Vintage Imitation Leather'),(163,4,'Xtreme tkanina'),(163,1,'Xtreme Fabric'),(164,4,'Vintage koža'),(164,1,'Vintage Leather'),(165,4,'Rozmery stola'),(165,1,'Table Dimension'),(166,4,'Masív'),(167,4,'Hirek plastové sedadlo'),(167,1,'Hirek Seat'),(168,4,'Dekorácia'),(168,1,'Decoration'),(169,4,'Ne tkanina'),(169,1,'Ne Fabric'),(170,4,'Nv tkanina'),(170,1,'Nv Fabric'),(171,4,'Pletené operadlo'),(171,1,'Backrest In Mesh'),(172,4,'Md tkanina'),(172,1,'Md Fabric'),(173,4,'Podstava'),(173,1,'Base'),(174,4,'Full Grain koža'),(174,1,'Full Grain Leather'),(175,4,'Corrected Grain koža'),(175,1,'Corrected Grain Leather'),(176,4,'Mechanizmus stoličky'),(176,1,'Chair Mechanism'),(177,4,'Poťah A'),(177,1,'Fabric A'),(178,4,'Opierka hlavy'),(178,1,'Headrest'),(179,4,'Poťah L'),(179,1,'Fabric L'),(180,4,'Bavlna'),(180,1,'Cotton'),(181,4,'Hladké plastové sedadlo'),(181,1,'Smooth Plastic Seat'),(182,4,'Tkanina Cagli (100)'),(182,1,'Fabric Cagli (100)'),(183,4,'Ohňovzdorná tkanina King (400)'),(183,1,'Fire-proof Fabric King (400)'),(184,4,'Ekologické drevo'),(184,1,'Eco-wood'),(186,4,'Panel Para Tv'),(186,1,'Panel Para Tv'),(187,4,'Zásuvka'),(187,1,'Drawer'),(188,4,'Svetlo'),(188,1,'Light'),(189,4,'Podnos'),(189,1,'Tray'),(190,4,'Tkanina B'),(190,1,'Fabric B'),(191,4,'Cementový efekt'),(191,1,'Cement Effect'),(192,4,'Veľkosť koberca (cm)'),(192,1,'Carpet Size (cm)'),(193,4,'Lakované farby'),(194,4,'Svetlo'),(195,4,'Tkanina W'),(195,1,'Fabric W'),(196,4,'Tkanina F'),(196,1,'Fabric F'),(197,4,'Fluffy tkanina'),(197,1,'Fluffy Fabric'),(198,4,'Cloud tkanina'),(198,1,'Cloud Fabric'),(199,4,'Stretchy tkanina'),(199,1,'Stretchy Fabric'),(200,4,'Staro vyzerajúce drevo'),(200,1,'Old-looking Wood'),(201,4,'Dvojfarebné'),(201,1,'Two-coloured'),(202,4,'Renoir tkanina'),(202,1,'Renoir Fabric'),(203,4,'Bellini tkanina'),(203,1,'Bellini Fabric'),(204,4,'D\'annunzio tkanina'),(204,1,'D\'annunzio Fabric'),(205,4,'Alighieri tkanina'),(205,1,'Alighieri Fabric'),(206,4,'Dalí tkanina'),(206,1,'Dalí Fabric'),(207,4,'Boel tkanina'),(207,1,'Boel Fabric'),(208,4,'Leopardi tkanina'),(208,1,'Leopardi Fabric'),(209,4,'Raffaello tkanina'),(209,1,'Raffaello Fabric'),(210,4,'Cézanne tkanina'),(210,1,'Cézanne Fabric'),(211,4,'Canaletto tkanina'),(211,1,'Canaletto Fabric'),(212,4,'Botticelli tkanina'),(212,1,'Botticelli Fabric'),(213,4,'Ovál'),(214,4,'Tkanina Fame'),(215,4,'Revive tkanina'),(215,1,'Revive Fabric'),(216,4,'Ochrana'),(217,4,'Step tkanina'),(217,1,'Step Fabric'),(218,4,'Gumová ochrana pre základňu'),(218,1,'Rubber Protection For The Base'),(219,4,'Dištančné bloky'),(219,1,'Distance Blocks'),(220,4,'Pohovka verzia posteľ'),(220,1,'Sofa Bed'),(221,4,'Relaxačný mechanizmus'),(221,1,'Relax Mechanism'),(82,1,'Veneered'),(222,4,'Ecomalter'),(223,4,'Nohy'),(224,4,'Poťah'),(225,4,'Motor'),(226,4,'Extra Mechanismus'),(222,1,'Ecomalter'),(227,4,'Borovicové drevo'),(228,4,'Borovicové drevo surové'),(228,1,'Pine wood raw'),(229,4,'Nexus tkanina'),(230,4,'Otočná polica'),(231,4,'LED svetlo'),(232,4,'Imitácia kože (300)'),(233,4,'Imitácia kože Iron (600)'),(233,1,'Imitation leather Iron (600)'),(234,4,'Futuknit tkanina'),(235,4,'Vonkajšia tkanina'),(236,4,'Vadal Uni tkanina'),(237,4,'Shimmer tkanina'),(238,4,'Note tkanina'),(239,4,'Lynard fabric'),(240,4,'Ohňovzdorná tkanina Bond (300)'),(241,4,'Vodeodolná tkanina Rain (400)'),(242,4,'Ohňovzdorná imitácia kože (400)'),(242,1,'Fireproof imitation leather (400)'),(243,4,'Koža (500)'),(244,4,'Vodeodolná imitácia kože Easy (300)'),(244,1,'Waterproof imitation leather Easy (300)'),(245,4,'Mikrovlákno (300)'),(246,4,'Ohňovzdorná tkanina Cagli (200)'),(247,4,'Teleskopický systém'),(248,4,'Umelá koža antibakteriálna'),(248,1,'Artificial Leather Antibacterial'),(249,4,'Krížové operadlo'),(250,4,'Jedľa'),(251,4,'Antibakteriálne umývateľné mikrovlákno'),(252,4,'Tkanivový antibakteriálny ión striebra'),(253,4,'Rám'),(254,4,'Nohy s vložkou HPL'),(255,4,'Vnútorná časť'),(256,4,'Nr. stools'),(256,1,'Nr. stools'),(239,1,'Lynard fabric'),(243,1,'Leather (500)'),(257,4,'Disk'),(257,1,'Disk'),(258,4,'80 cm šírka'),(259,4,'Parfum'),(260,4,'Fantasy tkanina'),(261,4,'Swarovski'),(261,1,'Swarovski'),(262,4,'Extra pommels'),(262,1,'Extra pommels'),(263,4,'90 cm šírka'),(185,4,'Sklokeramika'),(258,1,'80 cm Width'),(263,1,'90 cm Width'),(241,1,'Waterproof fabric Rain (400)'),(247,1,'Telescopic system'),(235,1,'Outdoor Fabric'),(91,1,'Beech Wood Seat'),(264,4,'Polyetylén'),(264,1,'Polyethylene'),(81,1,'Seat'),(32,1,'Colour'),(265,4,'Jednofarebné'),(265,1,'Single colour'),(266,4,'Dyhované/Laminované'),(266,1,'Veneered/Laminated'),(267,4,'Farby s efektom oxidovanej farby'),(267,1,'Colours with oxidized paint effect'),(268,4,'Vedro na ľad'),(268,1,'Ice bucket'),(253,1,'Frame'),(246,1,'Fire-proof fabric Cagli (200)'),(240,1,'Fireproof fabric Bond (300)'),(226,1,'Extra Mechanism'),(260,1,'Fantasy fabric'),(223,1,'Feet'),(250,1,'Fir'),(95,1,'Guide Bar'),(232,1,'Imitation leather (300)'),(234,1,'Futuknit Fabric'),(225,1,'Engine'),(255,1,'Inside part'),(185,1,'Ceramic'),(231,1,'LED light'),(254,1,'Legs with HPL insert'),(251,1,'Microfiber Antibacterial Washable'),(33,1,'Microfiber'),(229,1,'Nexus fabric'),(238,1,'Note farbic'),(213,1,'Oval'),(259,1,'Perfume'),(126,1,'Personalization'),(227,1,'Pine wood'),(25,1,'Felt'),(237,1,'Shimmer Fabric'),(79,1,'Square'),(230,1,'Swivel Tray'),(252,1,'Tissue Antibacterial Silver Ion'),(214,1,'Fabrics Fame'),(236,1,'Vadal Uni fabric'),(106,1,'Volance'),(224,1,'Cover'),(127,1,'Cover Bag'),(96,1,'Cross Bar'),(249,1,'Crossed backrest'),(245,1,'Microfibre (300)'),(150,1,'Additional Shelf'),(216,1,'Soft Tape'),(193,1,'Lacquered Colours'),(194,1,'Light Colours'),(269,4,'Posuvné sedadlá'),(269,1,'Sliding seats'),(376,4,'Regular tkanina'),(377,1,'Venice fabric'),(377,4,'Venice fabric'),(378,1,'Saddlebag'),(378,4,'Saddlebag'),(379,4,'Drevené sedadlo'),(380,1,'Massage kit'),(380,4,'Massage kit'),(381,1,'Acrilic fabric'),(381,4,'Acrilic fabric'),(382,1,'Melamine laminate structure'),(382,4,'Melamine laminate structure'),(383,1,'Arca fabric'),(383,4,'Arca fabric'),(384,1,'Nabuk leather'),(384,4,'Nabuk koža'),(385,1,'Crocodile printed regenerated hide'),(385,4,'Crocodile printed regenerated hide'),(386,1,'ABS'),(386,4,'ABS'),(387,1,'Net PL'),(387,4,'Net PL'),(388,4,'Drevená doska'),(389,1,'Jewel case'),(389,4,'Jewel case'),(390,1,'Hangers'),(390,4,'Hangers'),(391,1,'Clou fabric'),(391,4,'Clou fabric'),(392,4,'Masívna drevená doska'),(393,1,'Tweed fabric'),(393,4,'Tweed tkanina'),(394,1,'TK hide'),(394,4,'TK hide'),(395,1,'Tuscan Hide'),(395,4,'Tuscan Hide'),(396,1,'Hot fabric'),(396,4,'Hot fabric'),(397,1,'Bubble fabric'),(397,4,'Bubble fabric'),(398,1,'Superb velvet'),(398,4,'Superb zamat'),(399,1,'Secret imitation leather'),(399,4,'Secret imitácia kože'),(400,1,'Pix fabric'),(400,4,'Pix tkanina'),(401,1,'Internal frame'),(401,4,'Internal frame'),(402,1,'Dimensions'),(402,4,'Dimensions'),(166,1,'Solid Beech'),(376,1,'Regular fabric'),(392,1,'Solid wooden top'),(379,1,'Wooden seat'),(388,1,'Wooden top'),(403,1,'Top core'),(403,4,'Top core'),(404,1,'Cushion 50 x 48 cm'),(404,4,'Cushion 50 x 48 cm'),(405,1,'Piston'),(405,4,'Piston'),(406,1,'Depth'),(406,4,'Depth'),(407,1,'Steelcut Trio fabric'),(407,4,'Steelcut Trio fabric'),(408,1,'Corian® top'),(408,4,'Corian® top'),(409,1,'Rings'),(409,4,'Rings'),(410,1,'Nemesis fabric'),(410,4,'Nemesis fabric'),(411,1,'Rally fabric'),(411,4,'Rally fabric'),(412,1,'Jade fabric'),(412,4,'Jade fabric'),(413,1,'Velvet'),(413,4,'Velvet'),(414,1,'Base contour'),(414,4,'Base contour'),(415,1,'Lacquered wooden seat'),(415,4,'Lacquered wooden seat'),(416,1,'Lacquered wooden top'),(416,4,'Lacquered wooden top'),(417,1,'Protective covering'),(417,4,'Protective covering'),(418,1,'Gres top'),(418,4,'Gres top'),(419,1,'Top'),(419,4,'Top'),(420,1,'Stitching'),(420,4,'Stitching'),(421,1,'Resin top'),(421,4,'Resin top'),(422,1,'Melamine top'),(422,4,'Melamine top'),(423,1,'Fame fabric'),(423,4,'Fame fabric'),(424,1,'Fame Hybrid fabric'),(424,4,'Fame Hybrid fabric'),(425,1,'Remix fabric'),(425,4,'Remix fabric'),(426,1,'Grill shelf'),(426,4,'Grill shelf'),(427,1,'Additional internal shaped drawer'),(427,4,'Additional internal shaped drawer'),(428,1,'Regenerated leather seat'),(428,4,'Regenerated leather seat'),(429,1,'Outline'),(429,4,'Outline'),(430,1,'Protection cover'),(430,4,'Protection cover'),(431,1,'Dove fabric'),(431,4,'Dove fabric'),(432,1,'Nantes fabric'),(432,4,'Nantes fabric'),(433,1,'Handle'),(433,4,'Handle'),(434,1,'Pedelstal'),(434,4,'Pedelstal'),(435,1,'TK regenerated hide'),(435,4,'TK regenerated hide'),(436,1,'48 x 48 cm cushion'),(436,4,'48 x 48 cm cushion'),(437,1,'48 x 35 cm cushion'),(437,4,'48 x 35 cm cushion'),(438,1,'Canvas fabric'),(438,4,'Canvas fabric'),(439,1,'Bed linen'),(439,4,'Bed linen'),(440,1,'Canopy with beam'),(440,4,'Canopy with beam'),(441,1,'Fire retardant fabric'),(441,4,'Fire retardant fabric'),(442,1,'Net'),(442,4,'Net'),(443,1,'Acceptance top'),(443,4,'Acceptance top'),(444,1,'Accessories'),(444,4,'Accessories'),(445,1,'Medley fabric'),(445,4,'Medley fabric'),(446,1,'Europost2 wool fabric'),(446,4,'Europost2 wool fabric'),(447,1,'Natural fabric'),(447,4,'Natural fabric'),(448,1,'3D fabric'),(448,4,'3D fabric'),(449,1,'Furby fabric'),(449,4,'Furby fabric'),(450,1,'Winds fabric'),(450,4,'Winds fabric'),(451,1,'Noa fabric'),(451,4,'Noa fabric'),(452,1,'Maps fabric'),(452,4,'Maps fabric'),(453,1,'Deus velvet'),(453,4,'Deus velvet'),(454,1,'Artist fabric'),(454,4,'Artist fabric'),(455,1,'Indoor stitching'),(455,4,'Indoor stitching'),(456,1,'NE fire retardant fabric'),(456,4,'NE fire retardant fabric'),(457,1,'MD fire retardant fabric'),(457,4,'MD fire retardant fabric'),(458,1,'CX recyclable fire retardant fabric'),(458,4,'CX recyclable fire retardant fabric'),(459,1,'WM wool fire retardant fabric'),(459,4,'WM wool fire retardant fabric'),(460,1,'RC fire retardant fabric'),(460,4,'RC fire retardant fabric'),(461,1,'Mesh backrest'),(461,4,'Mesh backrest'),(462,1,'CM mesh'),(462,4,'CM mesh'),(463,1,'Stone top'),(463,4,'Stone top'),(464,1,'Metal top'),(464,4,'Metal top'),(465,1,'Piping stitching'),(465,4,'Piping stitching'),(466,1,'Modesty panel'),(466,4,'Modesty panel'),(467,1,'Desk top'),(467,4,'Desk top'),(468,1,'Bogotà fabric'),(468,4,'Bogotà fabric'),(469,1,'Robo fabric'),(469,4,'Robo fabric'),(470,1,'Luciana fabric'),(470,4,'Luciana fabric'),(471,1,'Torino fabric'),(471,4,'Torino fabric'),(472,1,'Dante fabric'),(472,4,'Dante fabric'),(473,1,'Tarantino fabric'),(473,4,'Tarantino fabric'),(474,1,'Barbera fabric'),(474,4,'Barbera fabric'),(475,1,'Shelf'),(475,4,'Shelf'),(476,1,'Plexiglass'),(476,4,'Plexiglass'),(477,1,'Concrete tiles'),(477,4,'Concrete tiles'),(478,1,'Bamboo'),(478,4,'Bamboo'),(479,1,'Elastic belts'),(479,4,'Elastic belts'),(480,1,'Miraglio fabric'),(480,4,'Miraglio fabric'),(481,1,'Nordwool fabric'),(481,4,'Nordwool fabric'),(482,1,'Lanee wool fabric'),(482,4,'Lanee wool fabric'),(483,1,'Knit'),(483,4,'Knit'),(484,1,'Recheck fabric'),(484,4,'Recheck fabric'),(485,1,'Venice Pintail fabric'),(485,4,'Venice Pintail fabric'),(486,1,'Cot set'),(486,4,'Cot set'),(487,1,'Conversion kit'),(487,4,'Conversion kit'),(488,1,'Bed set'),(488,4,'Bed set'),(489,1,'Tex fabric'),(489,4,'Tex fabric'),(490,1,'Stripes fabric'),(490,4,'Stripes fabric'),(491,1,'Pied de Poule fabric'),(491,4,'Pied de Poule fabric'),(492,1,'Betty fabric'),(492,4,'Betty fabric'),(493,1,'Dimmerable light'),(493,4,'Dimmerable light'),(494,1,'Kit 2 cushions'),(494,4,'Kit 2 cushions'),(495,1,'Panarea fabric'),(495,4,'Panarea fabric'),(496,1,'Outdoor 1 fabric'),(496,4,'Outdoor 1 fabric'),(497,1,'Outdoor 3 fabric'),(497,4,'Outdoor 3 fabric'),(498,1,'Outdoor 5 fabric'),(498,4,'Outdoor 5 fabric'),(499,1,'Outdoor stitching'),(499,4,'Outdoor stitching'),(500,1,'Tequila Sunrise fabric'),(500,4,'Tequila Sunrise fabric'),(501,1,'Imitation leather Nabucco'),(501,4,'Imitation leather Nabucco'),(502,1,'Brunello fabric'),(502,4,'Brunello fabric'),(503,1,'Excalibur fabric'),(503,4,'Excalibur fabric'),(504,1,''),(504,4,''),(505,1,'Forest Nap fabric'),(505,4,'Forest Nap fabric'),(506,1,'Imitation leather Magnum'),(506,4,'Imitation leather Magnum'),(507,1,'Galaxy fabric'),(507,4,'Galaxy fabric');

--
-- Table structure for table `oc_option_value`
--

 SET character_set_client = utf8mb4 ;
CREATE TABLE `oc_option_value` (
  `option_value_id` int(11) NOT NULL AUTO_INCREMENT,
  `option_id` int(11) NOT NULL,
  `image` varchar(255) NOT NULL,
  `sort_order` int(3) NOT NULL,
  PRIMARY KEY (`option_value_id`)
) ENGINE=MyISAM AUTO_INCREMENT=5659 DEFAULT CHARSET=utf8;

--
-- Dumping data for table `oc_option_value`
--

INSERT INTO `oc_option_value` VALUES (3207,15,'',0),(974,16,'',0),(975,16,'',0),(3426,15,'',0),(1177,20,'',0),(1178,20,'',0),(1179,20,'',0),(81,22,'',0),(80,22,'',0),(79,22,'',0),(78,22,'',0),(82,22,'',0),(83,22,'',0),(84,22,'',0),(85,22,'',0),(86,22,'',0),(87,22,'',0),(88,22,'',0),(89,22,'',0),(90,22,'',0),(91,22,'',0),(92,22,'',0),(93,22,'',0),(94,22,'',0),(95,22,'',0),(96,22,'',0),(97,22,'',0),(98,22,'',0),(99,22,'',0),(100,22,'',0),(101,22,'',0),(102,22,'',0),(103,22,'',0),(104,22,'',0),(105,22,'',0),(106,22,'',0),(107,22,'',0),(108,22,'',0),(109,22,'',0),(110,22,'',0),(111,22,'',0),(112,22,'',0),(113,22,'',0),(114,22,'',0),(115,22,'',0),(116,22,'',0),(117,22,'',0),(118,22,'',0),(119,22,'',0),(120,22,'',0),(121,22,'',0),(122,22,'',0),(123,22,'',0),(124,22,'',0),(125,22,'',0),(126,22,'',0),(127,22,'',0),(128,22,'',0),(129,22,'',0),(130,22,'',0),(131,22,'',0),(132,22,'',0),(133,22,'',0),(134,22,'',0),(135,22,'',0),(136,22,'',0),(137,22,'',0),(138,22,'',0),(139,22,'',0),(140,22,'',0),(141,22,'',0),(142,22,'',0),(143,22,'',0),(144,22,'',0),(145,23,'',0),(146,23,'',0),(147,23,'',0),(148,23,'',0),(149,23,'',0),(150,23,'',0),(151,23,'',0),(152,23,'',0),(153,23,'',0),(154,23,'',0),(155,23,'',0),(156,23,'',0),(157,23,'',0),(158,23,'',0),(159,23,'',0),(160,23,'',0),(161,23,'',0),(162,23,'',0),(163,23,'',0),(164,23,'',0),(165,23,'',0),(166,23,'',0),(167,23,'',0),(168,23,'',0),(169,23,'',0),(170,23,'',0),(171,23,'',0),(172,23,'',0),(173,23,'',0),(174,23,'',0),(175,23,'',0),(176,23,'',0),(177,23,'',0),(178,23,'',0),(179,23,'',0),(180,23,'',0),(181,23,'',0),(182,23,'',0),(183,23,'',0),(184,23,'',0),(185,23,'',0),(186,23,'',0),(187,23,'',0),(188,23,'',0),(189,23,'',0),(190,23,'',0),(191,23,'',0),(192,23,'',0),(193,23,'',0),(194,23,'',0),(195,23,'',0),(196,23,'',0),(197,23,'',0),(198,23,'',0),(199,23,'',0),(200,23,'',0),(201,23,'',0),(202,23,'',0),(203,23,'',0),(204,23,'',0),(205,23,'',0),(206,23,'',0),(207,23,'',0),(208,23,'',0),(209,23,'',0),(210,23,'',0),(211,23,'',0),(212,23,'',0),(213,23,'',0),(214,23,'',0),(215,23,'',0),(216,23,'',0),(217,23,'',0),(218,23,'',0),(219,23,'',0),(220,23,'',0),(221,23,'',0),(222,23,'',0),(223,23,'',0),(224,23,'',0),(225,23,'',0),(226,23,'',0),(227,23,'',0),(228,23,'',0),(229,23,'',0),(230,23,'',0),(231,23,'',0),(232,23,'',0),(233,23,'',0),(234,23,'',0),(235,23,'',0),(236,23,'',0),(237,23,'',0),(238,23,'',0),(239,23,'',0),(240,23,'',0),(241,23,'',0),(242,24,'',0),(243,24,'',0),(244,24,'',0),(245,24,'',0),(246,24,'',0),(247,24,'',0),(248,24,'',0),(249,24,'',0),(250,24,'',0),(251,24,'',0),(252,24,'',0),(253,24,'',0),(254,24,'',0),(255,24,'',0),(256,24,'',0),(257,24,'',0),(258,24,'',0),(259,24,'',0),(260,24,'',0),(261,24,'',0),(262,24,'',0),(263,24,'',0),(264,24,'',0),(265,24,'',0),(266,24,'',0),(267,24,'',0),(280,25,'',0),(269,25,'',0),(270,25,'',0),(271,25,'',0),(272,25,'',0),(273,25,'',0),(274,25,'',0),(275,25,'',0),(276,25,'',0),(277,25,'',0),(278,25,'',0),(279,25,'',0),(268,25,'',0),(281,26,'',0),(282,26,'',0),(283,26,'',0),(284,26,'',0),(285,26,'',0),(286,26,'',0),(287,26,'',0),(288,26,'',0),(289,26,'',0),(290,26,'',0),(291,26,'',0),(292,26,'',0),(293,27,'',0),(294,27,'',0),(295,27,'',0),(296,27,'',0),(297,27,'',0),(298,27,'',0),(299,27,'',0),(300,27,'',0),(301,27,'',0),(302,27,'',0),(303,27,'',0),(304,27,'',0),(305,28,'',0),(306,28,'',0),(307,28,'',0),(308,28,'',0),(309,28,'',0),(310,28,'',0),(311,28,'',0),(312,28,'',0),(313,28,'',0),(314,28,'',0),(315,28,'',0),(316,28,'',0),(317,29,'',0),(318,29,'',0),(319,29,'',0),(320,29,'',0),(321,29,'',0),(322,29,'',0),(323,29,'',0),(324,29,'',0),(325,29,'',0),(326,29,'',0),(327,29,'',0),(328,29,'',0),(329,30,'',0),(330,30,'',0),(331,30,'',0),(332,30,'',0),(333,30,'',0),(334,30,'',0),(335,30,'',0),(336,30,'',0),(337,30,'',0),(338,30,'',0),(339,30,'',0),(340,30,'',0),(341,30,'',0),(342,30,'',0),(343,30,'',0),(344,30,'',0),(345,30,'',0),(346,30,'',0),(347,31,'',0),(348,31,'',0),(349,31,'',0),(350,31,'',0),(351,32,'',0),(352,32,'',0),(353,32,'',0),(354,32,'',0),(355,32,'',0),(356,32,'',0),(357,32,'',0),(358,32,'',0),(359,32,'',0),(360,32,'',0),(361,32,'',0),(362,32,'',0),(363,32,'',0),(364,32,'',0),(365,32,'',0),(366,32,'',0),(367,32,'',0),(368,32,'',0),(369,32,'',0),(370,32,'',0),(371,32,'',0),(372,32,'',0),(373,32,'',0),(374,32,'',0),(375,32,'',0),(376,32,'',0),(377,32,'',0),(378,32,'',0),(379,32,'',0),(380,32,'',0),(381,32,'',0),(382,32,'',0),(383,32,'',0),(384,32,'',0),(385,32,'',0),(386,32,'',0),(387,32,'',0),(388,32,'',0),(389,32,'',0),(390,32,'',0),(391,32,'',0),(392,32,'',0),(393,32,'',0),(394,32,'',0),(395,32,'',0),(396,32,'',0),(397,32,'',0),(3141,32,'',0),(3219,32,'',0),(408,32,'',0),(399,32,'',0),(400,32,'',0),(401,32,'',0),(402,32,'',0),(403,32,'',0),(404,32,'',0),(405,32,'',0),(406,32,'',0),(409,32,'',0),(410,32,'',0),(419,32,'',0),(398,32,'',0),(411,32,'',0),(412,32,'',0),(413,32,'',0),(414,32,'',0),(415,32,'',0),(416,32,'',0),(417,32,'',0),(418,32,'',0),(407,32,'',0),(420,32,'',0),(421,32,'',0),(432,32,'',0),(423,32,'',0),(424,32,'',0),(425,32,'',0),(426,32,'',0),(427,32,'',0),(428,32,'',0),(429,32,'',0),(430,32,'',0),(433,32,'',0),(434,32,'',0),(3040,32,'',0),(422,32,'',0),(435,32,'',0),(436,32,'',0),(3140,15,'',0),(3051,15,'',0),(474,15,'',0),(457,15,'',0),(456,15,'',0),(439,15,'',0),(440,15,'',0),(441,15,'',0),(442,15,'',0),(443,15,'',0),(444,15,'',0),(445,15,'',0),(446,15,'',0),(448,15,'',0),(449,15,'',0),(450,15,'',0),(451,15,'',0),(452,15,'',0),(472,15,'',0),(471,15,'',0),(572,15,'',0),(592,15,'',0),(515,15,'',0),(66,15,'catalog/options/icona-01M1ACRO.jpg',0),(458,15,'',0),(459,15,'',0),(460,15,'',0),(461,15,'',0),(462,15,'',0),(463,15,'',0),(464,15,'',0),(465,15,'',0),(466,15,'',0),(467,15,'',0),(468,15,'',0),(469,15,'',0),(470,15,'',0),(453,15,'',0),(454,15,'',0),(455,15,'',0),(513,15,'',0),(496,15,'',0),(495,15,'',0),(478,15,'',0),(479,15,'',0),(480,15,'',0),(481,15,'',0),(482,15,'',0),(483,15,'',0),(484,15,'',0),(485,15,'',0),(486,15,'',0),(487,15,'',0),(488,15,'',0),(489,15,'',0),(490,15,'',0),(491,15,'',0),(512,15,'',0),(511,15,'',0),(475,15,'',0),(476,15,'',0),(477,15,'',0),(497,15,'',0),(498,15,'',0),(499,15,'',0),(500,15,'',0),(501,15,'',0),(502,15,'',0),(503,15,'',0),(504,15,'',0),(507,15,'',0),(506,15,'',0),(505,15,'',0),(508,15,'',0),(509,15,'',0),(510,15,'',0),(492,15,'',0),(514,15,'',0),(552,15,'',0),(535,15,'',0),(534,15,'',0),(517,15,'',0),(518,15,'',0),(519,15,'',0),(520,15,'',0),(521,15,'',0),(522,15,'',0),(523,15,'',0),(524,15,'',0),(525,15,'',0),(526,15,'',0),(527,15,'',0),(528,15,'',0),(529,15,'',0),(530,15,'',0),(551,15,'',0),(550,15,'',0),(494,15,'',0),(493,15,'',0),(516,15,'',0),(536,15,'',0),(537,15,'',0),(538,15,'',0),(539,15,'',0),(540,15,'',0),(541,15,'',0),(542,15,'',0),(543,15,'',0),(544,15,'',0),(545,15,'',0),(546,15,'',0),(547,15,'',0),(548,15,'',0),(549,15,'',0),(531,15,'',0),(532,15,'',0),(533,15,'',0),(591,15,'',0),(574,15,'',0),(573,15,'',0),(556,15,'',0),(557,15,'',0),(558,15,'',0),(559,15,'',0),(560,15,'',0),(561,15,'',0),(562,15,'',0),(563,15,'',0),(564,15,'',0),(565,15,'',0),(566,15,'',0),(567,15,'',0),(568,15,'',0),(569,15,'',0),(590,15,'',0),(589,15,'',0),(553,15,'',0),(554,15,'',0),(555,15,'',0),(575,15,'',0),(578,15,'',0),(577,15,'',0),(576,15,'',0),(579,15,'',0),(3120,33,'',0),(603,33,'',0),(602,33,'',0),(601,33,'',0),(600,33,'',0),(599,33,'',0),(598,33,'',0),(597,33,'',0),(596,33,'',0),(595,33,'',0),(594,33,'',0),(604,33,'',0),(605,33,'',0),(606,34,'',0),(607,34,'',0),(608,34,'',0),(609,34,'',0),(610,34,'',0),(611,34,'',0),(612,34,'',0),(613,34,'',0),(614,34,'',0),(615,34,'',0),(616,34,'',0),(617,34,'',0),(618,34,'',0),(619,34,'',0),(620,34,'',0),(636,19,'',0),(637,19,'',0),(638,19,'',0),(639,19,'',0),(640,19,'',0),(641,19,'',0),(642,19,'',0),(643,19,'',0),(644,19,'',0),(645,19,'',0),(646,19,'',0),(647,19,'',0),(635,19,'',0),(634,19,'',0),(633,19,'',0),(621,19,'',0),(622,19,'',0),(623,19,'',0),(624,19,'',0),(625,19,'',0),(626,19,'',0),(627,19,'',0),(628,19,'',0),(629,19,'',0),(630,19,'',0),(631,19,'',0),(632,19,'',0),(648,19,'',0),(649,19,'',0),(650,19,'',0),(666,19,'',0),(667,19,'',0),(668,19,'',0),(669,19,'',0),(670,19,'',0),(671,19,'',0),(672,19,'',0),(673,19,'',0),(674,19,'',0),(675,19,'',0),(676,19,'',0),(677,19,'',0),(665,19,'',0),(664,19,'',0),(663,19,'',0),(651,19,'',0),(652,19,'',0),(653,19,'',0),(654,19,'',0),(655,19,'',0),(656,19,'',0),(657,19,'',0),(658,19,'',0),(659,19,'',0),(660,19,'',0),(661,19,'',0),(662,19,'',0),(678,19,'',0),(679,35,'',0),(680,35,'',0),(681,35,'',0),(682,35,'',0),(683,36,'',0),(684,36,'',0),(685,36,'',0),(686,36,'',0),(687,36,'',0),(688,36,'',0),(689,36,'',0),(690,36,'',0),(691,36,'',0),(692,36,'',0),(693,36,'',0),(694,37,'',0),(695,37,'',0),(696,37,'',0),(697,37,'',0),(698,37,'',0),(699,37,'',0),(700,37,'',0),(701,37,'',0),(702,37,'',0),(703,37,'',0),(704,37,'',0),(705,37,'',0),(706,37,'',0),(707,37,'',0),(708,37,'',0),(709,37,'',0),(710,37,'',0),(711,37,'',0),(712,37,'',0),(713,37,'',0),(714,37,'',0),(715,37,'',0),(716,37,'',0),(717,37,'',0),(718,37,'',0),(719,37,'',0),(720,37,'',0),(721,37,'',0),(722,37,'',0),(723,37,'',0),(724,37,'',0),(725,37,'',0),(726,37,'',0),(727,37,'',0),(728,37,'',0),(729,37,'',0),(730,37,'',0),(731,37,'',0),(732,37,'',0),(733,37,'',0),(734,37,'',0),(735,37,'',0),(736,37,'',0),(737,37,'',0),(738,37,'',0),(739,37,'',0),(740,37,'',0),(741,37,'',0),(742,37,'',0),(743,37,'',0),(744,37,'',0),(745,37,'',0),(746,37,'',0),(747,37,'',0),(748,37,'',0),(749,37,'',0),(750,37,'',0),(751,37,'',0),(752,38,'',0),(753,38,'',0),(754,38,'',0),(755,38,'',0),(756,39,'',0),(757,39,'',0),(758,40,'',0),(759,40,'',0),(760,40,'',0),(761,40,'',0),(762,40,'',0),(763,40,'',0),(764,40,'',0),(765,40,'',0),(766,40,'',0),(767,40,'',0),(768,40,'',0),(769,40,'',0),(770,40,'',0),(771,40,'',0),(772,40,'',0),(773,40,'',0),(774,40,'',0),(775,40,'',0),(776,40,'',0),(777,41,'',0),(778,41,'',0),(779,41,'',0),(780,41,'',0),(781,41,'',0),(782,41,'',0),(783,41,'',0),(784,41,'',0),(785,41,'',0),(786,41,'',0),(787,42,'',0),(788,42,'',0),(789,42,'',0),(790,42,'',0),(791,42,'',0),(792,42,'',0),(793,42,'',0),(794,42,'',0),(795,42,'',0),(796,42,'',0),(797,42,'',0),(798,42,'',0),(799,42,'',0),(800,42,'',0),(801,42,'',0),(802,42,'',0),(803,43,'',0),(804,43,'',0),(805,43,'',0),(806,43,'',0),(807,43,'',0),(808,43,'',0),(809,43,'',0),(810,43,'',0),(811,43,'',0),(812,43,'',0),(813,44,'',0),(814,44,'',0),(815,44,'',0),(816,44,'',0),(817,44,'',0),(818,44,'',0),(819,44,'',0),(820,44,'',0),(821,44,'',0),(822,44,'',0),(823,44,'',0),(824,45,'',0),(825,45,'',0),(826,46,'',0),(827,46,'',0),(828,46,'',0),(829,46,'',0),(830,46,'',0),(831,46,'',0),(832,47,'',0),(833,47,'',0),(834,47,'',0),(835,47,'',0),(836,47,'',0),(837,47,'',0),(838,47,'',0),(839,47,'',0),(840,47,'',0),(841,47,'',0),(842,47,'',0),(843,47,'',0),(844,47,'',0),(845,47,'',0),(846,47,'',0),(847,47,'',0),(848,47,'',0),(849,47,'',0),(850,47,'',0),(851,47,'',0),(852,47,'',0),(853,47,'',0),(854,47,'',0),(855,47,'',0),(856,47,'',0),(857,47,'',0),(858,47,'',0),(859,47,'',0),(860,47,'',0),(861,47,'',0),(862,47,'',0),(863,47,'',0),(864,47,'',0),(865,47,'',0),(866,47,'',0),(867,47,'',0),(868,47,'',0),(869,47,'',0),(870,47,'',0),(871,47,'',0),(872,47,'',0),(873,47,'',0),(874,47,'',0),(875,47,'',0),(876,47,'',0),(877,47,'',0),(878,47,'',0),(879,47,'',0),(880,47,'',0),(881,47,'',0),(882,47,'',0),(883,47,'',0),(884,47,'',0),(885,47,'',0),(886,47,'',0),(887,47,'',0),(888,47,'',0),(889,47,'',0),(890,47,'',0),(891,47,'',0),(892,47,'',0),(893,47,'',0),(894,47,'',0),(895,47,'',0),(896,47,'',0),(897,47,'',0),(898,47,'',0),(899,47,'',0),(900,47,'',0),(901,47,'',0),(902,47,'',0),(903,47,'',0),(904,48,'',0),(905,48,'',0),(906,48,'',0),(907,48,'',0),(908,48,'',0),(909,48,'',0),(910,48,'',0),(911,48,'',0),(912,48,'',0),(913,48,'',0),(914,48,'',0),(915,48,'',0),(916,48,'',0),(917,48,'',0),(918,48,'',0),(919,48,'',0),(920,49,'',0),(921,49,'',0),(922,49,'',0),(923,49,'',0),(924,49,'',0),(925,49,'',0),(926,49,'',0),(927,49,'',0),(928,50,'',0),(929,50,'',0),(930,50,'',0),(931,50,'',0),(932,50,'',0),(933,50,'',0),(934,50,'',0),(935,50,'',0),(936,50,'',0),(937,50,'',0),(938,50,'',0),(939,50,'',0),(940,50,'',0),(941,50,'',0),(942,50,'',0),(943,50,'',0),(944,50,'',0),(945,50,'',0),(946,50,'',0),(947,50,'',0),(948,50,'',0),(949,50,'',0),(950,50,'',0),(951,50,'',0),(952,50,'',0),(953,50,'',0),(954,50,'',0),(955,50,'',0),(956,50,'',0),(957,50,'',0),(958,50,'',0),(959,50,'',0),(960,50,'',0),(976,16,'',0),(977,16,'',0),(978,16,'',0),(970,16,'',0),(969,16,'',0),(968,16,'',0),(68,16,'catalog/options/icona-02D0LINO.jpg',0),(961,16,'',0),(962,16,'',0),(963,16,'',0),(964,16,'',0),(965,16,'',0),(966,16,'',0),(967,16,'',0),(979,16,'',0),(980,16,'',0),(981,16,'',0),(3374,15,'',0),(994,16,'',0),(995,16,'',0),(996,16,'',0),(997,16,'',0),(998,16,'',0),(999,16,'',0),(1000,16,'',0),(992,16,'',0),(991,16,'',0),(990,16,'',0),(982,16,'',0),(983,16,'',0),(984,16,'',0),(985,16,'',0),(986,16,'',0),(987,16,'',0),(988,16,'',0),(989,16,'',0),(1001,51,'',0),(1002,51,'',0),(1003,51,'',0),(1004,52,'',0),(1005,52,'',0),(1006,52,'',0),(1007,52,'',0),(1008,52,'',0),(1009,52,'',0),(1010,52,'',0),(1011,52,'',0),(1012,53,'',0),(1013,53,'',0),(1014,53,'',0),(1015,53,'',0),(1016,53,'',0),(1017,53,'',0),(1018,53,'',0),(1019,53,'',0),(1020,53,'',0),(1021,53,'',0),(1022,53,'',0),(1023,54,'',0),(1024,54,'',0),(1025,54,'',0),(1026,54,'',0),(1027,54,'',0),(1028,54,'',0),(1029,54,'',0),(1030,55,'',0),(1031,55,'',0),(1032,55,'',0),(1033,55,'',0),(1034,55,'',0),(1035,56,'',0),(1036,56,'',0),(1037,56,'',0),(1038,56,'',0),(1039,56,'',0),(1040,56,'',0),(1041,56,'',0),(1042,56,'',0),(1043,56,'',0),(1044,56,'',0),(1045,56,'',0),(1046,56,'',0),(1047,57,'',0),(1048,57,'',0),(1049,57,'',0),(1050,58,'',0),(1051,58,'',0),(1052,59,'',0),(1053,59,'',0),(1054,59,'',0),(1055,60,'',0),(1056,60,'',0),(1057,60,'',0),(1058,60,'',0),(1059,60,'',0),(1060,60,'',0),(1061,60,'',0),(1062,60,'',0),(1063,60,'',0),(1064,60,'',0),(1065,60,'',0),(1066,60,'',0),(1067,60,'',0),(1068,60,'',0),(1069,60,'',0),(1070,60,'',0),(1071,60,'',0),(1072,60,'',0),(1073,60,'',0),(1074,60,'',0),(1075,60,'',0),(1076,60,'',0),(1077,60,'',0),(1078,60,'',0),(1079,60,'',0),(1080,60,'',0),(1081,60,'',0),(1082,60,'',0),(1083,60,'',0),(1084,60,'',0),(1085,60,'',0),(1086,60,'',0),(1087,60,'',0),(1088,60,'',0),(1089,60,'',0),(1090,60,'',0),(1091,60,'',0),(1092,60,'',0),(1093,60,'',0),(1094,60,'',0),(1095,60,'',0),(1096,60,'',0),(1097,60,'',0),(1098,60,'',0),(1099,60,'',0),(1100,60,'',0),(1101,60,'',0),(1102,60,'',0),(1103,60,'',0),(1104,60,'',0),(1105,60,'',0),(1106,60,'',0),(1107,60,'',0),(1108,60,'',0),(1109,61,'',0),(1110,61,'',0),(1111,61,'',0),(1112,61,'',0),(1113,61,'',0),(1114,61,'',0),(1115,61,'',0),(1116,61,'',0),(1117,61,'',0),(1118,61,'',0),(1119,61,'',0),(1120,61,'',0),(1121,61,'',0),(1122,61,'',0),(1123,61,'',0),(1124,61,'',0),(1125,61,'',0),(1126,61,'',0),(1127,61,'',0),(1128,61,'',0),(1129,61,'',0),(1130,61,'',0),(1131,61,'',0),(1132,61,'',0),(1133,61,'',0),(1134,61,'',0),(1135,61,'',0),(1136,61,'',0),(1137,61,'',0),(1138,61,'',0),(1139,61,'',0),(1140,61,'',0),(1141,61,'',0),(1180,20,'',0),(1181,20,'',0),(1182,20,'',0),(1183,20,'',0),(1184,20,'',0),(1185,20,'',0),(1147,20,'',0),(1156,20,'',0),(1157,20,'',0),(1146,20,'',0),(1158,20,'',0),(1159,20,'',0),(1160,20,'',0),(1161,20,'',0),(1152,20,'',0),(1151,20,'',0),(1150,20,'',0),(71,20,'catalog/options/icona-05711801.jpg',0),(1142,20,'',0),(1143,20,'',0),(1144,20,'',0),(1145,20,'',0),(1176,20,'',0),(1175,20,'',0),(2771,20,'',0),(2772,20,'',0),(2773,20,'',0),(2774,20,'',0),(2775,20,'',0),(2776,20,'',0),(2777,20,'',0),(2778,20,'',0),(2842,20,'',0),(2886,20,'',0),(2906,20,'',0),(3045,20,'',0),(3046,20,'',0),(3074,20,'',0),(2755,20,'',0),(1187,62,'',0),(1188,62,'',0),(1189,62,'',0),(1190,62,'',0),(1191,62,'',0),(1192,62,'',0),(1193,62,'',0),(1194,62,'',0),(1195,62,'',0),(1196,62,'',0),(1197,62,'',0),(1198,62,'',0),(1199,62,'',0),(1200,62,'',0),(1201,62,'',0),(1202,62,'',0),(1203,62,'',0),(1204,62,'',0),(1205,62,'',0),(1206,63,'',0),(1207,63,'',0),(1208,63,'',0),(1209,64,'',0),(1210,64,'',0),(1211,64,'',0),(1212,64,'',0),(1213,64,'',0),(1214,64,'',0),(1215,64,'',0),(1216,64,'',0),(1217,64,'',0),(1218,64,'',0),(1219,64,'',0),(1220,64,'',0),(1221,64,'',0),(1222,64,'',0),(1223,64,'',0),(1224,64,'',0),(1225,64,'',0),(1226,64,'',0),(1227,64,'',0),(1228,64,'',0),(1229,64,'',0),(1230,64,'',0),(1231,64,'',0),(1232,64,'',0),(1233,65,'',0),(1248,65,'',0),(1249,65,'',0),(1250,65,'',0),(1251,65,'',0),(1252,65,'',0),(1253,65,'',0),(1254,65,'',0),(1255,65,'',0),(1256,65,'',0),(1269,65,'',0),(1258,65,'',0),(1247,65,'',0),(1246,65,'',0),(1245,65,'',0),(1234,65,'',0),(1235,65,'',0),(1236,65,'',0),(1237,65,'',0),(1238,65,'',0),(1239,65,'',0),(1240,65,'',0),(1241,65,'',0),(1242,65,'',0),(1243,65,'',0),(1244,65,'',0),(1259,65,'',0),(1260,65,'',0),(1275,65,'',0),(1276,65,'',0),(1277,65,'',0),(1268,65,'',0),(2653,65,'',0),(2654,65,'',0),(2655,65,'',0),(2656,65,'',0),(2657,65,'',0),(2658,65,'',0),(2659,65,'',0),(1274,65,'',0),(1273,65,'',0),(1272,65,'',0),(1261,65,'',0),(1262,65,'',0),(1263,65,'',0),(1264,65,'',0),(1279,66,'',0),(1280,66,'',0),(1281,66,'',0),(1282,66,'',0),(1283,66,'',0),(1284,66,'',0),(1285,66,'',0),(1286,66,'',0),(1287,66,'',0),(1288,67,'',0),(1289,67,'',0),(1290,67,'',0),(1291,67,'',0),(1292,67,'',0),(1293,67,'',0),(1294,67,'',0),(1295,67,'',0),(1296,67,'',0),(1297,68,'',0),(1298,68,'',0),(1299,68,'',0),(1300,68,'',0),(1301,68,'',0),(1302,68,'',0),(1303,68,'',0),(1304,68,'',0),(1305,68,'',0),(1306,69,'',0),(1307,69,'',0),(1308,69,'',0),(1309,69,'',0),(1310,69,'',0),(1311,70,'',0),(1312,70,'',0),(1313,70,'',0),(1314,70,'',0),(1315,70,'',0),(1316,70,'',0),(1317,70,'',0),(1318,70,'',0),(1319,70,'',0),(1320,70,'',0),(1321,70,'',0),(1322,70,'',0),(1323,70,'',0),(1324,70,'',0),(1325,70,'',0),(1326,70,'',0),(1327,70,'',0),(1328,70,'',0),(1329,70,'',0),(1330,70,'',0),(1331,70,'',0),(1332,70,'',0),(1333,70,'',0),(1334,70,'',0),(1335,70,'',0),(1336,70,'',0),(1337,70,'',0),(1338,70,'',0),(1339,70,'',0),(1340,70,'',0),(1341,70,'',0),(1342,70,'',0),(1343,70,'',0),(1344,70,'',0),(1345,70,'',0),(1346,70,'',0),(1347,70,'',0),(1348,70,'',0),(1349,71,'',0),(1350,72,'',0),(1351,72,'',0),(1352,72,'',0),(1353,72,'',0),(1354,72,'',0),(1355,72,'',0),(1356,73,'',0),(1357,73,'',0),(1358,73,'',0),(1359,73,'',0),(1360,74,'',0),(1361,74,'',0),(1362,74,'',0),(1363,74,'',0),(1364,75,'',0),(1365,75,'',0),(1366,75,'',0),(1367,75,'',0),(1368,75,'',0),(1369,75,'',0),(1370,75,'',0),(1371,75,'',0),(1372,75,'',0),(1373,75,'',0),(1374,75,'',0),(1375,75,'',0),(1376,75,'',0),(1377,75,'',0),(1378,75,'',0),(1379,75,'',0),(1380,75,'',0),(1381,75,'',0),(1382,75,'',0),(1383,75,'',0),(1384,75,'',0),(1385,75,'',0),(1386,75,'',0),(1387,75,'',0),(1388,75,'',0),(1389,75,'',0),(1390,75,'',0),(1391,75,'',0),(1392,75,'',0),(1393,75,'',0),(1394,75,'',0),(1395,75,'',0),(1396,75,'',0),(1397,75,'',0),(1398,75,'',0),(1399,75,'',0),(1400,75,'',0),(1401,75,'',0),(1402,75,'',0),(1403,75,'',0),(1404,75,'',0),(1405,75,'',0),(1406,75,'',0),(1407,75,'',0),(1408,75,'',0),(1409,75,'',0),(1410,76,'',0),(1411,76,'',0),(1412,76,'',0),(1413,76,'',0),(1414,76,'',0),(1415,76,'',0),(1416,76,'',0),(1417,76,'',0),(1418,76,'',0),(1419,76,'',0),(1420,76,'',0),(1421,76,'',0),(1422,76,'',0),(1423,76,'',0),(1424,76,'',0),(1425,76,'',0),(1426,76,'',0),(1427,76,'',0),(1428,76,'',0),(1429,76,'',0),(1430,76,'',0),(1431,76,'',0),(1432,76,'',0),(1433,77,'',0),(1434,77,'',0),(1435,77,'',0),(1436,77,'',0),(1437,77,'',0),(1438,77,'',0),(1439,77,'',0),(1440,77,'',0),(1441,77,'',0),(1442,77,'',0),(1443,77,'',0),(1444,77,'',0),(1445,77,'',0),(1446,77,'',0),(1447,77,'',0),(1448,77,'',0),(1449,77,'',0),(1450,77,'',0),(1451,77,'',0),(1452,77,'',0),(1453,77,'',0),(1454,77,'',0),(1455,77,'',0),(1456,77,'',0),(1457,77,'',0),(1458,77,'',0),(1459,77,'',0),(1460,77,'',0),(1461,77,'',0),(1462,77,'',0),(1463,77,'',0),(1464,77,'',0),(1465,77,'',0),(1466,77,'',0),(1467,77,'',0),(1468,77,'',0),(1469,77,'',0),(1470,77,'',0),(1471,77,'',0),(1472,77,'',0),(1473,77,'',0),(1474,77,'',0),(1475,77,'',0),(1476,77,'',0),(1477,77,'',0),(1478,77,'',0),(1479,77,'',0),(1480,78,'',0),(1481,78,'',0),(1482,78,'',0),(1483,78,'',0),(1484,78,'',0),(1485,78,'',0),(1486,78,'',0),(1487,78,'',0),(1488,78,'',0),(1489,78,'',0),(1490,78,'',0),(1491,78,'',0),(1492,78,'',0),(1493,78,'',0),(1494,78,'',0),(1495,78,'',0),(3050,79,'',0),(1506,79,'',0),(1505,79,'',0),(1504,79,'',0),(1503,79,'',0),(1502,79,'',0),(1501,79,'',0),(1500,79,'',0),(1499,79,'',0),(1498,79,'',0),(1497,79,'',0),(1507,79,'',0),(1508,79,'',0),(3049,79,'',0),(3048,79,'',0),(3047,79,'',0),(1512,80,'',0),(1513,80,'',0),(1514,80,'',0),(1515,80,'',0),(1516,80,'',0),(1517,80,'',0),(1518,80,'',0),(1519,80,'',0),(1520,80,'',0),(1521,80,'',0),(1522,80,'',0),(1523,80,'',0),(1524,80,'',0),(1525,80,'',0),(1526,80,'',0),(1527,80,'',0),(1528,80,'',0),(1529,80,'',0),(1530,80,'',0),(1531,80,'',0),(3125,81,'',0),(3123,81,'',0),(1536,81,'',0),(1535,81,'',0),(1534,81,'',0),(3384,15,'',0),(3283,266,'',0),(3054,82,'',0),(1546,82,'',0),(1545,82,'',0),(1544,82,'',0),(1543,82,'',0),(1564,82,'',0),(1563,82,'',0),(2667,82,'',0),(2668,82,'',0),(2669,82,'',0),(2670,82,'',0),(2750,82,'',0),(2844,82,'',0),(1547,82,'',0),(1548,82,'',0),(1540,82,'',0),(3383,15,'',0),(1538,82,'',0),(1551,82,'',0),(1552,82,'',0),(1553,82,'',0),(1566,82,'',0),(1565,82,'',0),(1541,82,'',0),(1542,82,'',0),(1550,82,'',0),(1549,82,'',0),(3052,82,'',0),(1567,83,'',0),(1568,83,'',0),(1569,83,'',0),(1570,83,'',0),(1571,83,'',0),(1572,83,'',0),(1573,84,'',0),(1574,84,'',0),(1575,84,'',0),(1576,84,'',0),(1577,84,'',0),(1578,84,'',0),(1579,84,'',0),(1580,84,'',0),(1581,84,'',0),(1582,84,'',0),(1583,84,'',0),(1584,84,'',0),(1585,84,'',0),(1586,85,'',0),(1587,85,'',0),(1588,85,'',0),(1589,85,'',0),(1590,85,'',0),(1591,85,'',0),(1592,85,'',0),(1593,85,'',0),(1594,85,'',0),(1595,85,'',0),(1596,85,'',0),(1597,85,'',0),(1598,85,'',0),(1599,85,'',0),(1600,85,'',0),(1601,85,'',0),(1602,85,'',0),(1603,85,'',0),(1604,85,'',0),(1605,85,'',0),(1606,86,'',0),(1607,86,'',0),(1608,86,'',0),(1609,86,'',0),(1610,87,'',0),(1611,87,'',0),(1612,87,'',0),(1613,87,'',0),(1614,87,'',0),(1615,87,'',0),(1616,87,'',0),(1617,87,'',0),(1618,87,'',0),(1619,87,'',0),(1620,87,'',0),(1621,87,'',0),(1622,87,'',0),(1623,87,'',0),(1624,87,'',0),(1625,87,'',0),(1626,87,'',0),(1627,87,'',0),(1628,87,'',0),(1629,87,'',0),(1630,87,'',0),(1631,87,'',0),(1632,87,'',0),(1633,87,'',0),(1634,87,'',0),(1635,87,'',0),(1636,88,'',0),(1637,88,'',0),(1638,88,'',0),(1639,88,'',0),(1640,88,'',0),(1641,89,'',0),(1642,89,'',0),(1643,90,'',0),(1644,90,'',0),(1645,90,'',0),(1646,90,'',0),(1647,90,'',0),(1648,90,'',0),(1649,90,'',0),(1650,90,'',0),(1651,90,'',0),(1652,90,'',0),(3209,123,'',0),(2760,91,'',0),(1654,91,'',0),(1655,91,'',0),(1656,91,'',0),(1657,91,'',0),(1659,91,'',0),(1660,91,'',0),(1661,91,'',0),(1662,91,'',0),(1663,91,'',0),(1664,92,'',0),(1665,92,'',0),(1666,92,'',0),(1667,92,'',0),(1668,92,'',0),(1669,92,'',0),(1670,92,'',0),(1671,93,'',0),(1672,93,'',0),(1673,94,'',0),(1674,94,'',0),(1675,94,'',0),(1676,94,'',0),(1677,94,'',0),(1678,94,'',0),(1679,94,'',0),(1680,94,'',0),(1681,94,'',0),(1682,94,'',0),(1689,95,'',0),(1688,95,'',0),(1687,95,'',0),(1686,95,'',0),(1685,95,'',0),(1684,95,'',0),(1683,95,'',0),(1694,96,'',0),(1693,96,'',0),(1692,96,'',0),(1691,96,'',0),(1690,96,'',0),(1695,97,'',0),(1696,97,'',0),(1697,97,'',0),(1698,97,'',0),(1699,97,'',0),(1700,97,'',0),(1701,98,'',0),(1702,98,'',0),(1703,98,'',0),(1704,99,'',0),(1705,99,'',0),(1706,100,'',0),(1707,101,'',0),(1708,101,'',0),(1709,102,'',0),(1710,102,'',0),(1711,102,'',0),(1712,102,'',0),(1713,102,'',0),(1714,103,'',0),(1715,103,'',0),(1716,103,'',0),(1717,104,'',0),(1718,104,'',0),(1719,104,'',0),(1720,105,'',0),(1721,105,'',0),(1722,105,'',0),(1723,105,'',0),(1724,105,'',0),(1725,105,'',0),(1726,105,'',0),(1727,105,'',0),(1728,105,'',0),(1729,105,'',0),(1730,105,'',0),(1731,105,'',0),(1732,105,'',0),(1733,105,'',0),(1734,105,'',0),(1735,105,'',0),(1736,105,'',0),(1737,105,'',0),(1738,105,'',0),(1739,105,'',0),(1741,106,'',0),(1740,106,'',0),(1742,107,'',0),(1743,107,'',0),(1744,107,'',0),(1745,107,'',0),(1746,107,'',0),(1747,107,'',0),(1748,107,'',0),(1749,107,'',0),(1750,107,'',0),(1751,107,'',0),(1752,107,'',0),(1753,107,'',0),(1754,107,'',0),(1755,107,'',0),(1756,107,'',0),(1757,107,'',0),(1758,107,'',0),(1759,107,'',0),(1760,107,'',0),(1761,107,'',0),(1762,107,'',0),(1763,107,'',0),(1764,108,'',0),(1765,108,'',0),(1766,108,'',0),(1767,108,'',0),(1768,108,'',0),(1769,108,'',0),(1770,109,'',0),(1771,109,'',0),(1772,109,'',0),(1773,109,'',0),(1774,109,'',0),(1775,109,'',0),(1776,110,'',0),(1777,110,'',0),(1778,110,'',0),(1779,110,'',0),(1780,110,'',0),(1781,110,'',0),(1782,110,'',0),(1783,110,'',0),(1784,110,'',0),(1785,110,'',0),(1786,110,'',0),(1787,110,'',0),(1788,111,'',0),(1789,111,'',0),(1790,111,'',0),(1791,111,'',0),(1792,111,'',0),(1793,111,'',0),(1794,111,'',0),(1795,111,'',0),(1796,111,'',0),(1797,111,'',0),(1798,111,'',0),(1799,111,'',0),(1800,111,'',0),(1801,111,'',0),(1802,111,'',0),(1803,111,'',0),(1804,111,'',0),(1805,111,'',0),(1806,111,'',0),(1807,111,'',0),(1808,111,'',0),(1809,111,'',0),(1810,111,'',0),(1811,111,'',0),(1812,111,'',0),(1813,111,'',0),(1814,111,'',0),(1815,111,'',0),(1816,111,'',0),(1817,111,'',0),(1818,111,'',0),(1819,111,'',0),(1820,111,'',0),(1821,111,'',0),(1822,111,'',0),(1823,111,'',0),(1824,111,'',0),(1825,111,'',0),(1826,111,'',0),(1827,111,'',0),(1828,111,'',0),(1829,111,'',0),(1830,111,'',0),(1831,111,'',0),(1832,111,'',0),(1833,111,'',0),(1834,111,'',0),(1835,111,'',0),(1836,111,'',0),(1837,111,'',0),(1838,111,'',0),(1839,111,'',0),(1840,111,'',0),(1841,111,'',0),(1842,111,'',0),(1843,111,'',0),(1844,111,'',0),(1845,111,'',0),(1846,111,'',0),(1847,111,'',0),(1848,111,'',0),(1849,111,'',0),(1850,111,'',0),(1851,111,'',0),(1852,111,'',0),(1853,111,'',0),(1854,111,'',0),(1855,112,'',0),(1856,113,'',0),(1857,113,'',0),(1858,113,'',0),(1859,113,'',0),(1860,113,'',0),(1861,113,'',0),(1862,113,'',0),(1863,113,'',0),(1864,113,'',0),(1865,113,'',0),(1866,113,'',0),(1867,113,'',0),(1868,113,'',0),(1869,113,'',0),(1870,113,'',0),(1871,114,'',0),(1872,114,'',0),(1873,115,'',0),(1874,115,'',0),(1875,115,'',0),(1876,115,'',0),(1877,115,'',0),(1878,115,'',0),(1879,116,'',0),(1880,116,'',0),(1881,116,'',0),(1882,117,'',0),(1883,117,'',0),(1884,118,'',0),(1885,118,'',0),(1886,119,'',0),(1887,119,'',0),(1888,119,'',0),(1889,119,'',0),(1890,119,'',0),(1891,119,'',0),(1892,120,'',0),(1893,120,'',0),(1894,120,'',0),(1895,120,'',0),(1896,120,'',0),(1897,120,'',0),(1898,121,'',0),(1899,121,'',0),(1900,122,'',0),(1901,122,'',0),(1902,122,'',0),(1903,122,'',0),(1904,122,'',0),(1905,122,'',0),(1906,122,'',0),(1907,122,'',0),(1908,122,'',0),(1909,122,'',0),(1910,122,'',0),(1911,122,'',0),(1912,122,'',0),(1913,122,'',0),(1914,122,'',0),(1915,122,'',0),(1916,122,'',0),(3166,258,'',0),(3146,257,'',0),(2881,123,'',0),(2826,123,'',0),(2787,123,'',0),(2666,123,'',0),(1923,123,'',0),(1924,124,'',0),(1925,124,'',0),(1926,125,'',0),(1927,125,'',0),(1928,125,'',0),(1929,125,'',0),(1930,125,'',0),(1931,125,'',0),(1932,125,'',0),(1933,125,'',0),(1934,125,'',0),(1935,125,'',0),(1936,125,'',0),(1938,126,'',0),(1937,126,'',0),(1940,127,'',0),(1939,127,'',0),(1941,128,'',0),(1942,128,'',0),(1943,128,'',0),(1944,128,'',0),(1945,128,'',0),(1946,128,'',0),(1947,128,'',0),(1948,128,'',0),(1949,128,'',0),(1950,128,'',0),(1951,128,'',0),(1952,128,'',0),(1953,128,'',0),(1954,128,'',0),(1955,128,'',0),(1956,128,'',0),(1957,128,'',0),(1958,128,'',0),(1959,128,'',0),(1960,129,'',0),(1961,129,'',0),(1962,129,'',0),(1963,129,'',0),(1964,129,'',0),(1965,129,'',0),(1966,129,'',0),(1967,129,'',0),(1968,129,'',0),(1969,129,'',0),(1970,129,'',0),(1971,129,'',0),(1972,129,'',0),(1973,129,'',0),(1974,129,'',0),(1975,129,'',0),(1976,129,'',0),(1977,129,'',0),(1978,130,'',0),(1979,130,'',0),(1980,130,'',0),(1981,130,'',0),(1982,130,'',0),(1983,130,'',0),(1984,130,'',0),(1985,130,'',0),(1986,130,'',0),(1987,130,'',0),(1988,130,'',0),(1989,130,'',0),(1990,131,'',0),(1991,131,'',0),(1992,131,'',0),(1993,131,'',0),(1994,131,'',0),(1995,131,'',0),(1996,131,'',0),(1997,131,'',0),(1998,132,'',0),(1999,132,'',0),(2000,132,'',0),(2001,132,'',0),(2002,132,'',0),(2003,132,'',0),(2004,132,'',0),(2005,132,'',0),(2006,133,'',0),(2007,133,'',0),(2008,134,'',0),(2009,134,'',0),(2010,134,'',0),(2011,134,'',0),(2012,134,'',0),(2013,134,'',0),(2014,134,'',0),(2015,134,'',0),(2016,134,'',0),(2017,134,'',0),(2018,134,'',0),(2019,134,'',0),(2020,134,'',0),(2021,134,'',0),(2022,135,'',0),(2023,135,'',0),(2024,135,'',0),(2025,135,'',0),(2026,135,'',0),(2027,135,'',0),(2028,135,'',0),(2029,135,'',0),(2030,135,'',0),(2031,135,'',0),(2032,135,'',0),(2033,135,'',0),(2034,136,'',0),(2035,136,'',0),(2036,136,'',0),(2037,136,'',0),(2038,136,'',0),(2039,136,'',0),(2040,136,'',0),(2041,136,'',0),(2042,137,'',0),(2043,137,'',0),(2044,137,'',0),(2045,137,'',0),(2046,137,'',0),(2047,137,'',0),(2048,138,'',0),(2049,138,'',0),(2050,138,'',0),(2051,138,'',0),(2052,138,'',0),(2053,138,'',0),(2054,138,'',0),(2055,138,'',0),(2056,138,'',0),(2057,138,'',0),(2058,139,'',0),(2059,139,'',0),(2060,139,'',0),(2061,139,'',0),(2062,139,'',0),(2063,139,'',0),(2064,139,'',0),(2065,139,'',0),(2066,139,'',0),(2067,139,'',0),(2068,139,'',0),(2069,139,'',0),(2070,139,'',0),(2071,140,'',0),(2072,140,'',0),(2073,140,'',0),(2074,140,'',0),(2075,140,'',0),(2076,140,'',0),(2077,140,'',0),(2078,140,'',0),(2079,140,'',0),(2080,140,'',0),(2081,140,'',0),(2082,140,'',0),(2083,141,'',0),(2084,141,'',0),(2085,141,'',0),(2086,141,'',0),(2087,141,'',0),(2088,141,'',0),(2089,141,'',0),(2090,141,'',0),(2091,141,'',0),(2092,142,'',0),(2093,142,'',0),(2094,142,'',0),(2095,142,'',0),(2096,142,'',0),(2097,142,'',0),(2098,142,'',0),(2099,142,'',0),(2100,142,'',0),(2101,142,'',0),(2102,142,'',0),(2103,142,'',0),(2104,142,'',0),(2105,142,'',0),(2106,142,'',0),(2107,142,'',0),(2108,143,'',0),(2109,143,'',0),(2110,143,'',0),(2111,143,'',0),(2112,143,'',0),(2113,143,'',0),(2114,143,'',0),(2115,143,'',0),(2116,143,'',0),(2117,143,'',0),(2118,143,'',0),(2119,143,'',0),(2120,144,'',0),(2121,144,'',0),(2122,144,'',0),(2123,145,'',0),(2124,145,'',0),(2125,145,'',0),(2126,145,'',0),(2127,145,'',0),(2128,145,'',0),(2129,145,'',0),(2130,145,'',0),(2131,145,'',0),(2132,145,'',0),(2133,145,'',0),(2134,145,'',0),(2135,145,'',0),(2136,145,'',0),(2137,145,'',0),(2138,145,'',0),(2139,145,'',0),(2140,146,'',0),(2141,146,'',0),(2142,146,'',0),(2143,146,'',0),(2144,146,'',0),(2145,147,'',0),(2146,147,'',0),(2147,147,'',0),(2148,147,'',0),(2149,147,'',0),(2150,147,'',0),(2151,147,'',0),(2152,147,'',0),(2153,147,'',0),(2154,147,'',0),(2155,147,'',0),(2156,147,'',0),(2157,147,'',0),(2158,148,'',0),(2159,148,'',0),(2160,148,'',0),(2161,148,'',0),(2162,148,'',0),(2163,148,'',0),(2164,148,'',0),(2165,148,'',0),(2166,148,'',0),(2167,149,'',0),(2168,149,'',0),(2169,149,'',0),(2170,149,'',0),(2171,149,'',0),(2172,149,'',0),(2173,149,'',0),(2174,149,'',0),(2175,149,'',0),(2177,150,'',0),(2176,150,'',0),(2178,151,'',0),(2179,151,'',0),(2180,151,'',0),(2181,151,'',0),(2182,151,'',0),(2183,151,'',0),(2184,151,'',0),(2185,151,'',0),(2186,152,'',0),(2187,152,'',0),(2188,152,'',0),(2189,153,'',0),(2190,153,'',0),(2191,153,'',0),(2192,154,'',0),(2193,154,'',0),(2194,154,'',0),(2195,154,'',0),(2196,154,'',0),(2197,154,'',0),(2198,155,'',0),(2199,155,'',0),(2200,155,'',0),(2201,155,'',0),(2202,156,'',0),(2203,156,'',0),(2204,156,'',0),(2205,156,'',0),(2206,156,'',0),(2207,156,'',0),(2208,157,'',0),(2209,157,'',0),(2210,158,'',0),(2211,158,'',0),(2212,158,'',0),(2213,158,'',0),(2214,158,'',0),(2215,158,'',0),(2216,158,'',0),(2217,158,'',0),(2218,158,'',0),(2219,158,'',0),(2220,158,'',0),(2221,158,'',0),(2222,158,'',0),(2223,158,'',0),(2224,159,'',0),(2225,159,'',0),(2226,159,'',0),(2227,159,'',0),(2228,159,'',0),(2229,159,'',0),(2230,159,'',0),(2231,159,'',0),(2232,159,'',0),(2233,159,'',0),(2234,159,'',0),(2235,159,'',0),(2236,159,'',0),(2237,160,'',0),(2238,161,'',0),(2239,161,'',0),(2240,161,'',0),(2241,161,'',0),(2242,161,'',0),(2243,161,'',0),(2244,161,'',0),(2245,162,'',0),(2246,162,'',0),(2247,162,'',0),(2248,162,'',0),(2249,162,'',0),(2250,162,'',0),(2251,162,'',0),(2252,162,'',0),(2253,162,'',0),(2254,162,'',0),(2255,162,'',0),(2256,162,'',0),(2257,162,'',0),(2258,162,'',0),(2259,162,'',0),(2260,162,'',0),(2261,162,'',0),(2262,162,'',0),(2263,162,'',0),(2264,162,'',0),(2265,163,'',0),(2266,163,'',0),(2267,163,'',0),(2268,163,'',0),(2269,163,'',0),(2270,163,'',0),(2271,163,'',0),(2272,163,'',0),(2273,163,'',0),(2274,163,'',0),(2275,163,'',0),(2276,163,'',0),(2277,163,'',0),(2278,163,'',0),(2279,164,'',0),(2280,164,'',0),(2281,164,'',0),(2282,164,'',0),(2283,164,'',0),(2284,164,'',0),(2285,164,'',0),(2286,164,'',0),(2287,164,'',0),(2288,164,'',0),(2289,164,'',0),(2290,165,'',0),(2291,165,'',0),(2292,165,'',0),(2293,165,'',0),(2294,165,'',0),(2295,165,'',0),(2296,165,'',0),(2300,166,'',0),(2299,166,'',0),(2298,166,'',0),(2297,166,'',0),(2301,167,'',0),(2302,167,'',0),(2303,167,'',0),(2304,168,'',0),(2305,168,'',0),(2306,169,'',0),(2307,169,'',0),(2308,169,'',0),(2309,169,'',0),(2310,169,'',0),(2311,169,'',0),(2312,169,'',0),(2313,169,'',0),(2314,169,'',0),(2315,169,'',0),(2316,170,'',0),(2317,170,'',0),(2318,170,'',0),(2319,170,'',0),(2320,170,'',0),(2321,170,'',0),(2322,170,'',0),(2323,170,'',0),(2324,170,'',0),(2325,171,'',0),(2326,171,'',0),(2327,171,'',0),(2328,171,'',0),(2329,171,'',0),(2330,171,'',0),(2331,172,'',0),(2332,172,'',0),(2333,172,'',0),(2334,172,'',0),(2335,172,'',0),(2336,173,'',0),(2337,173,'',0),(2338,173,'',0),(2339,173,'',0),(2340,173,'',0),(2341,173,'',0),(2342,173,'',0),(2343,173,'',0),(2344,173,'',0),(2345,174,'',0),(2346,174,'',0),(2347,174,'',0),(2348,174,'',0),(2349,174,'',0),(2350,175,'',0),(2351,175,'',0),(2352,175,'',0),(2353,175,'',0),(2354,175,'',0),(2355,176,'',0),(2356,176,'',0),(2357,176,'',0),(2358,176,'',0),(2359,176,'',0),(2360,176,'',0),(2361,177,'',0),(2362,177,'',0),(2363,177,'',0),(2364,177,'',0),(2365,177,'',0),(2366,177,'',0),(2367,178,'',0),(2368,178,'',0),(2369,179,'',0),(2370,179,'',0),(2371,179,'',0),(2372,179,'',0),(2373,179,'',0),(2374,179,'',0),(2375,179,'',0),(2376,179,'',0),(2377,180,'',0),(2378,181,'',0),(2379,181,'',0),(2380,181,'',0),(2381,181,'',0),(2382,181,'',0),(2383,182,'',0),(2384,183,'',0),(2385,184,'',0),(2386,184,'',0),(2387,184,'',0),(2388,184,'',0),(2389,184,'',0),(2390,184,'',0),(2391,184,'',0),(2392,184,'',0),(2758,185,'',0),(2757,185,'',0),(2756,185,'',0),(2396,186,'',0),(2397,186,'',0),(2398,186,'',0),(2399,186,'',0),(2400,186,'',0),(2401,186,'',0),(2402,186,'',0),(2403,186,'',0),(2404,187,'',0),(2405,187,'',0),(2406,187,'',0),(2407,187,'',0),(2408,187,'',0),(2409,187,'',0),(2410,187,'',0),(2411,187,'',0),(2412,187,'',0),(2413,187,'',0),(2414,187,'',0),(2415,187,'',0),(2416,188,'',0),(2417,188,'',0),(2418,189,'',0),(2419,189,'',0),(2420,190,'',0),(2421,190,'',0),(2422,190,'',0),(2423,190,'',0),(2424,190,'',0),(2425,190,'',0),(2426,191,'',0),(2427,191,'',0),(2428,191,'',0),(2429,192,'',0),(3263,193,'',0),(2442,193,'',0),(2441,193,'',0),(2440,193,'',0),(2439,193,'',0),(2438,193,'',0),(2437,193,'',0),(2436,193,'',0),(2435,193,'',0),(2434,193,'',0),(2433,193,'',0),(2432,193,'',0),(2431,193,'',0),(2443,193,'',0),(2444,193,'',0),(3262,193,'',0),(2446,194,'',0),(2447,194,'',0),(2448,194,'',0),(2449,194,'',0),(2450,194,'',0),(2451,194,'',0),(2452,194,'',0),(2453,194,'',0),(2454,195,'',0),(2455,195,'',0),(2456,195,'',0),(2457,195,'',0),(2458,195,'',0),(2459,196,'',0),(2460,196,'',0),(2461,196,'',0),(2462,196,'',0),(2463,196,'',0),(2464,197,'',0),(2465,197,'',0),(2466,197,'',0),(2467,197,'',0),(2468,197,'',0),(2469,197,'',0),(2470,197,'',0),(2471,197,'',0),(2472,197,'',0),(2473,197,'',0),(2474,197,'',0),(2475,197,'',0),(2476,197,'',0),(2477,197,'',0),(2478,197,'',0),(2479,197,'',0),(2480,198,'',0),(2481,198,'',0),(2482,198,'',0),(2483,198,'',0),(2484,198,'',0),(2485,198,'',0),(2486,198,'',0),(2487,198,'',0),(2488,198,'',0),(2489,198,'',0),(2490,198,'',0),(2491,198,'',0),(2492,199,'',0),(2493,199,'',0),(2494,199,'',0),(2495,199,'',0),(2496,199,'',0),(2497,199,'',0),(2498,199,'',0),(2499,199,'',0),(2500,199,'',0),(2501,199,'',0),(2502,199,'',0),(2503,199,'',0),(2504,199,'',0),(2505,200,'',0),(2506,200,'',0),(2507,200,'',0),(2508,200,'',0),(2509,200,'',0),(2510,200,'',0),(2511,200,'',0),(2512,200,'',0),(2513,200,'',0),(2514,200,'',0),(2515,200,'',0),(2516,200,'',0),(2517,200,'',0),(2518,200,'',0),(2519,200,'',0),(2520,200,'',0),(2521,200,'',0),(2522,200,'',0),(2523,200,'',0),(2524,201,'',0),(2525,201,'',0),(2526,201,'',0),(2527,201,'',0),(2528,201,'',0),(2529,201,'',0),(2530,201,'',0),(2531,201,'',0),(2532,201,'',0),(2533,202,'',0),(2534,202,'',0),(2535,202,'',0),(2536,202,'',0),(2537,202,'',0),(2538,202,'',0),(2539,202,'',0),(2540,202,'',0),(2541,203,'',0),(2542,203,'',0),(2543,203,'',0),(2544,203,'',0),(2545,203,'',0),(2546,203,'',0),(2547,203,'',0),(2548,204,'',0),(2549,204,'',0),(2550,204,'',0),(2551,204,'',0),(2552,204,'',0),(2553,204,'',0),(2554,205,'',0),(2555,205,'',0),(2556,205,'',0),(2557,205,'',0),(2558,205,'',0),(2559,205,'',0),(2560,206,'',0),(2561,206,'',0),(2562,206,'',0),(2563,207,'',0),(2564,207,'',0),(2565,207,'',0),(2566,208,'',0),(2567,208,'',0),(2568,208,'',0),(2569,208,'',0),(2570,208,'',0),(2571,208,'',0),(2572,208,'',0),(2573,208,'',0),(2574,208,'',0),(2575,208,'',0),(2576,209,'',0),(2577,209,'',0),(2578,209,'',0),(2579,209,'',0),(2580,209,'',0),(2581,209,'',0),(2582,209,'',0),(2583,209,'',0),(2584,210,'',0),(2585,210,'',0),(2586,210,'',0),(2587,211,'',0),(2588,211,'',0),(2589,211,'',0),(2590,212,'',0),(2591,212,'',0),(2592,212,'',0),(3377,15,'',0),(2831,214,'',0),(2608,214,'',0),(2607,214,'',0),(2606,214,'',0),(2605,214,'',0),(2604,214,'',0),(2603,214,'',0),(2602,214,'',0),(2601,214,'',0),(2600,214,'',0),(2599,214,'',0),(2598,214,'',0),(2597,214,'',0),(2596,214,'',0),(2595,214,'',0),(2609,214,'',0),(2610,214,'',0),(2624,214,'',0),(2623,214,'',0),(2622,214,'',0),(2621,214,'',0),(2620,214,'',0),(2619,214,'',0),(2618,214,'',0),(2617,214,'',0),(2616,214,'',0),(2615,214,'',0),(2614,214,'',0),(2613,214,'',0),(2612,214,'',0),(2611,214,'',0),(2625,215,'',0),(2626,215,'',0),(2627,215,'',0),(2628,215,'',0),(2629,215,'',0),(2630,215,'',0),(2631,215,'',0),(2632,215,'',0),(2635,216,'',0),(2634,216,'',0),(2633,216,'',0),(2636,217,'',0),(2637,217,'',0),(2638,217,'',0),(2639,217,'',0),(2640,217,'',0),(2641,217,'',0),(2642,217,'',0),(2643,217,'',0),(2644,217,'',0),(2645,218,'',0),(2646,218,'',0),(2647,219,'',0),(2648,219,'',0),(2649,220,'',0),(2650,220,'',0),(2651,221,'',0),(2652,221,'',0),(580,15,'',0),(583,15,'',0),(582,15,'',0),(1265,65,'',0),(1278,65,'',0),(1257,65,'',0),(1266,65,'',0),(1267,65,'',0),(1270,65,'',0),(1271,65,'',0),(2660,65,'',0),(2661,65,'',0),(2663,123,'',0),(1917,123,'',0),(1918,123,'',0),(3053,82,'',0),(1919,123,'',0),(3376,15,'',0),(3378,15,'',0),(2671,222,'',0),(2672,20,'',0),(1174,20,'',0),(1165,20,'',0),(1166,20,'',0),(2779,223,'',0),(3130,224,'',0),(2675,224,'',0),(2677,225,'',0),(2676,225,'',0),(2680,226,'',0),(2679,226,'',0),(2678,226,'',0),(2681,222,'',0),(2682,222,'',0),(2683,222,'',0),(2684,222,'',0),(2781,227,'',0),(2780,227,'',0),(2688,227,'',0),(2687,227,'',0),(2689,228,'',0),(2690,19,'',0),(2691,19,'',0),(2833,229,'',0),(2694,230,'',0),(2693,230,'',0),(2696,231,'',0),(2695,231,'',0),(581,15,'',0),(584,15,'',0),(585,15,'',0),(586,15,'',0),(587,15,'',0),(588,15,'',0),(570,15,'',0),(473,15,'',0),(571,15,'',0),(2697,15,'',0),(2698,15,'',0),(3021,232,'',0),(3032,233,'',0),(2904,234,'',0),(2709,235,'',0),(2926,236,'',0),(2928,237,'',0),(2712,238,'',0),(2713,239,'',0),(2967,240,'',0),(2991,241,'',0),(2980,242,'',0),(3037,243,'',0),(2975,244,'',0),(3008,245,'',0),(3013,246,'',0),(2721,247,'',0),(2722,247,'',0),(3094,248,'',0),(3127,249,'',0),(3135,250,'',0),(3112,251,'',0),(3103,252,'',0),(2963,253,'',0),(2730,254,'',0),(2729,254,'',0),(2731,255,'',0),(2732,256,'',0),(2733,256,'',0),(1920,123,'',0),(2735,24,'',0),(2736,111,'',0),(2737,111,'',0),(2738,111,'',0),(2739,111,'',0),(2740,111,'',0),(2741,111,'',0),(2742,111,'',0),(2743,111,'',0),(2744,111,'',0),(2745,111,'',0),(2746,47,'',0),(2747,47,'',0),(2748,47,'',0),(2749,47,'',0),(3385,15,'',0),(2754,79,'',0),(2753,79,'',0),(2752,79,'',0),(2751,79,'',0),(1167,20,'',0),(2395,185,'',0),(2394,185,'',0),(2393,185,'',0),(2759,16,'',0),(1653,91,'',0),(2761,75,'',0),(2762,75,'',0),(2763,75,'',0),(2764,75,'',0),(2765,75,'',0),(2766,80,'',0),(2767,80,'',0),(2699,15,'',0),(2700,15,'',0),(2701,15,'',0),(1168,20,'',0),(1169,20,'',0),(1170,20,'',0),(1171,20,'',0),(1172,20,'',0),(1173,20,'',0),(1186,20,'',0),(1154,20,'',0),(2673,223,'',0),(2686,227,'',0),(2685,227,'',0),(2782,60,'',0),(2783,60,'',0),(2784,60,'',0),(2785,60,'',0),(2786,60,'',0),(1921,123,'',0),(2788,80,'',0),(2789,65,'',0),(2790,69,'',0),(2791,69,'',0),(2792,69,'',0),(2793,69,'',0),(2794,69,'',0),(2795,69,'',0),(2796,69,'',0),(2797,224,'',0),(2798,224,'',0),(2799,224,'',0),(2800,224,'',0),(2801,224,'',0),(2802,224,'',0),(2803,224,'',0),(2804,224,'',0),(2805,224,'',0),(2806,224,'',0),(2807,224,'',0),(2808,50,'',0),(2809,47,'',0),(2810,90,'',0),(2811,192,'',0),(2812,192,'',0),(2813,192,'',0),(2825,257,'',0),(2815,257,'',0),(2816,257,'',0),(2817,257,'',0),(2818,257,'',0),(2819,257,'',0),(2820,257,'',0),(2821,257,'',0),(2822,257,'',0),(2823,257,'',0),(2824,257,'',0),(2814,257,'',0),(1922,123,'',0),(2827,163,'',0),(2828,163,'',0),(2829,173,'',0),(2830,173,'',0),(2594,214,'',0),(2832,229,'',0),(2692,229,'',0),(2834,65,'',0),(2835,22,'',0),(2836,37,'',0),(2837,192,'',0),(2838,123,'',0),(2839,19,'',0),(2840,111,'',0),(2841,111,'',0),(1153,20,'',0),(2843,19,'',0),(3382,40,'',0),(2845,47,'',0),(2846,22,'',0),(2847,105,'',0),(2848,105,'',0),(2849,105,'',0),(2850,19,'',0),(2851,19,'',0),(2852,19,'',0),(2853,19,'',0),(2854,19,'',0),(2855,19,'',0),(2856,19,'',0),(2857,19,'',0),(2858,19,'',0),(2859,19,'',0),(2860,65,'',0),(2861,61,'',0),(2862,61,'',0),(2863,61,'',0),(2864,61,'',0),(2865,61,'',0),(2866,61,'',0),(2867,61,'',0),(2868,61,'',0),(2869,61,'',0),(2870,61,'',0),(2871,61,'',0),(2872,61,'',0),(2873,61,'',0),(2874,61,'',0),(2875,61,'',0),(2876,61,'',0),(2877,61,'',0),(2878,61,'',0),(2879,63,'',0),(2880,123,'',0),(3190,123,'',0),(3138,123,'',0),(3113,123,'',0),(3139,123,'',0),(2939,123,'',0),(2938,123,'',0),(2890,123,'',0),(2889,123,'',0),(2888,123,'',0),(2891,37,'',0),(437,32,'',0),(2893,97,'',0),(2894,97,'',0),(2895,51,'',0),(2896,51,'',0),(2897,52,'',0),(2898,52,'',0),(2899,52,'',0),(2900,52,'',0),(2903,234,'',0),(2902,234,'',0),(2901,234,'',0),(2708,234,'',0),(2702,15,'',0),(2907,128,'',0),(2908,235,'',0),(2909,235,'',0),(2910,235,'',0),(2911,235,'',0),(2912,235,'',0),(2913,235,'',0),(2914,235,'',0),(2915,23,'',0),(2916,23,'',0),(3119,33,'',0),(3118,33,'',0),(3117,33,'',0),(3116,33,'',0),(2922,33,'',0),(2921,33,'',0),(2923,77,'',0),(2924,77,'',0),(2925,236,'',0),(2710,236,'',0),(2927,237,'',0),(2711,237,'',0),(2929,65,'',0),(2930,43,'',0),(2931,239,'',0),(2932,239,'',0),(2933,239,'',0),(2934,239,'',0),(2935,239,'',0),(2936,239,'',0),(2937,239,'',0),(2887,123,'',0),(2885,123,'',0),(438,32,'',0),(2892,32,'',0),(2940,32,'',0),(2943,52,'',0),(2944,52,'',0),(2945,52,'',0),(2946,52,'',0),(2947,52,'',0),(2948,52,'',0),(2949,180,'',0),(2950,180,'',0),(2951,60,'',0),(2952,60,'',0),(2953,65,'',0),(2954,111,'',0),(2955,111,'',0),(2956,153,'',0),(2957,19,'',0),(2958,19,'',0),(2959,19,'',0),(2960,85,'',0),(2961,85,'',0),(2962,47,'',0),(2728,253,'',0),(2966,240,'',0),(2965,240,'',0),(2964,240,'',0),(2714,240,'',0),(2974,244,'',0),(2973,244,'',0),(2972,244,'',0),(2971,244,'',0),(2970,244,'',0),(2969,244,'',0),(2968,244,'',0),(2718,244,'',0),(2979,242,'',0),(2978,242,'',0),(2977,242,'',0),(2976,242,'',0),(2716,242,'',0),(2981,241,'',0),(2982,241,'',0),(2983,241,'',0),(2984,241,'',0),(2985,241,'',0),(2986,241,'',0),(2987,241,'',0),(2988,241,'',0),(2989,241,'',0),(2990,241,'',0),(2715,241,'',0),(2992,182,'',0),(2993,182,'',0),(2994,182,'',0),(2995,182,'',0),(2996,182,'',0),(2997,183,'',0),(2998,183,'',0),(2999,183,'',0),(3000,183,'',0),(3001,183,'',0),(3002,183,'',0),(3003,183,'',0),(3007,245,'',0),(3006,245,'',0),(3005,245,'',0),(3004,245,'',0),(2719,245,'',0),(3012,246,'',0),(3011,246,'',0),(3010,246,'',0),(3009,246,'',0),(2720,246,'',0),(3020,232,'',0),(3019,232,'',0),(3018,232,'',0),(3017,232,'',0),(3016,232,'',0),(3015,232,'',0),(3014,232,'',0),(2706,232,'',0),(3022,233,'',0),(3023,233,'',0),(3024,233,'',0),(3025,233,'',0),(3026,233,'',0),(3027,233,'',0),(3028,233,'',0),(3029,233,'',0),(3030,233,'',0),(3031,233,'',0),(2707,233,'',0),(3033,53,'',0),(3036,243,'',0),(3035,243,'',0),(3034,243,'',0),(2717,243,'',0),(3038,65,'',0),(3039,65,'',0),(2941,32,'',0),(3041,97,'',0),(3042,97,'',0),(3043,97,'',0),(3044,97,'',0),(1511,79,'',0),(1510,79,'',0),(1509,79,'',0),(1496,79,'',0),(2704,15,'',0),(2703,15,'',0),(3055,51,'',0),(3056,51,'',0),(3057,47,'',0),(3058,47,'',0),(3059,187,'',0),(3060,187,'',0),(3061,187,'',0),(3062,187,'',0),(3063,37,'',0),(3064,47,'',0),(3065,47,'',0),(3066,47,'',0),(3067,51,'',0),(3068,60,'',0),(3069,60,'',0),(3070,60,'',0),(3071,60,'',0),(3072,60,'',0),(3073,70,'',0),(70,20,'catalog/options/icona-05AFDIME.jpg',0),(3075,142,'',0),(3076,142,'',0),(3077,142,'',0),(3078,142,'',0),(3079,142,'',0),(3080,142,'',0),(3081,142,'',0),(3082,180,'',0),(3083,65,'',0),(3084,65,'',0),(3085,65,'',0),(3086,248,'',0),(3087,248,'',0),(3088,248,'',0),(3089,248,'',0),(3090,248,'',0),(3091,248,'',0),(3092,248,'',0),(3093,248,'',0),(2723,248,'',0),(3095,252,'',0),(3096,252,'',0),(3097,252,'',0),(3098,252,'',0),(3099,252,'',0),(3100,252,'',0),(3101,252,'',0),(3102,252,'',0),(2727,252,'',0),(3104,251,'',0),(3105,251,'',0),(3106,251,'',0),(3107,251,'',0),(3108,251,'',0),(3109,251,'',0),(3110,251,'',0),(3111,251,'',0),(2726,251,'',0),(2884,123,'',0),(3114,61,'',0),(3115,20,'',0),(2920,33,'',0),(2919,33,'',0),(2918,33,'',0),(2917,33,'',0),(593,33,'',0),(3121,23,'',0),(3122,23,'',0),(1533,81,'',0),(3124,65,'',0),(1532,81,'',0),(3126,65,'',0),(2724,249,'',0),(3128,65,'',0),(3134,250,'',0),(2674,224,'',0),(3131,60,'',0),(3132,65,'',0),(3133,250,'',0),(3129,250,'',0),(2725,250,'',0),(3136,61,'',0),(2883,123,'',0),(2882,123,'',0),(2664,123,'',0),(2705,15,'',0),(2942,32,'',0),(3142,168,'',0),(3143,168,'',0),(3144,60,'',0),(3145,37,'',0),(3186,259,'',0),(3149,260,'',0),(3150,261,'',0),(3151,262,'',0),(3152,262,'',0),(3169,263,'',0),(3168,263,'',0),(3167,263,'',0),(3156,23,'',0),(3157,23,'',0),(3158,105,'',0),(3159,105,'',0),(3160,105,'',0),(3161,22,'',0),(3162,22,'',0),(3163,261,'',0),(3165,258,'',0),(3164,258,'',0),(3147,258,'',0),(3155,263,'',0),(3154,263,'',0),(3153,263,'',0),(3170,114,'',0),(3171,114,'',0),(3172,114,'',0),(3173,90,'',0),(3174,43,'',0),(3175,47,'',0),(3176,47,'',0),(3177,111,'',0),(3178,111,'',0),(3179,111,'',0),(3180,111,'',0),(3181,111,'',0),(3182,60,'',0),(3183,60,'',0),(3184,60,'',0),(3185,60,'',0),(3148,259,'',0),(3187,30,'',0),(3188,30,'',0),(3189,123,'',0),(3137,123,'',0),(3191,65,'',0),(3192,65,'',0),(3193,65,'',0),(3194,65,'',0),(3195,65,'',0),(3196,65,'',0),(3197,65,'',0),(3198,65,'',0),(3199,65,'',0),(3200,75,'',0),(3201,75,'',0),(3202,75,'',0),(3203,75,'',0),(3204,40,'',0),(3205,40,'',0),(1164,20,'',0),(1163,20,'',0),(1162,20,'',0),(1149,20,'',0),(1148,20,'',0),(1155,20,'',0),(973,16,'',0),(972,16,'',0),(971,16,'',0),(2768,15,'',0),(2769,15,'',0),(2770,15,'',0),(3206,123,'',0),(3208,123,'',0),(3210,123,'',0),(3211,264,'',0),(3212,264,'',0),(3213,264,'',0),(3214,264,'',0),(3373,15,'',0),(3372,15,'',0),(431,32,'',0),(3381,15,'',0),(3221,32,'',0),(3222,265,'',0),(3223,265,'',0),(3380,15,'',0),(3225,32,'',0),(3226,32,'',0),(3227,32,'',0),(3228,32,'',0),(3229,194,'',0),(3230,194,'',0),(3231,194,'',0),(3232,194,'',0),(3233,194,'',0),(3234,32,'',0),(2905,15,'',0),(2593,213,'',0),(3236,213,'',0),(3237,213,'',0),(3235,15,'',0),(3366,269,'',1),(3367,269,'',2),(3246,91,'',0),(3247,91,'',0),(3379,15,'',0),(3368,15,'',0),(3261,193,'',0),(3260,193,'',0),(3259,193,'',0),(3258,193,'',0),(3257,193,'',0),(3256,193,'',0),(3255,193,'',0),(3254,193,'',0),(3253,193,'',0),(3252,193,'',0),(2445,193,'',0),(2430,193,'',0),(1537,82,'',0),(1554,82,'',0),(1562,82,'',0),(1561,82,'',0),(1560,82,'',0),(1559,82,'',0),(1558,82,'',0),(3371,15,'',0),(3386,15,'',0),(3275,32,'',0),(1557,82,'',0),(1556,82,'',0),(1555,82,'',0),(2665,82,'',0),(3370,15,'',0),(3375,15,'',0),(3285,266,'',0),(3387,15,'',0),(3287,266,'',0),(3288,61,'',0),(3289,266,'',0),(3290,266,'',0),(3291,266,'',0),(3425,15,'',0),(3421,15,'',0),(3391,376,'',0),(3390,376,'',0),(3299,266,'',0),(3300,266,'',0),(3301,266,'',0),(3302,266,'',0),(3303,266,'',0),(3304,266,'',0),(3305,61,'',0),(3306,61,'',0),(3307,61,'',0),(3308,266,'',0),(3420,15,'',0),(3311,266,'',0),(3312,266,'',0),(3313,266,'',0),(3314,266,'',0),(3315,266,'',0),(3316,266,'',0),(3317,266,'',0),(3318,266,'',0),(3319,266,'',0),(3320,37,'',0),(3321,61,'',0),(3322,50,'',0),(3393,77,'',0),(3324,112,'',0),(3394,77,'',0),(3327,266,'',0),(3328,266,'',0),(3329,266,'',0),(3395,164,'',0),(3396,164,'',0),(3397,164,'',0),(3398,164,'',0),(3336,32,'',0),(3337,32,'',0),(3338,32,'',0),(3399,164,'',0),(3341,267,'',0),(3342,267,'',0),(3343,268,'',0),(3344,268,'',0),(3345,112,'',0),(3400,164,'',0),(3411,15,'',0),(3349,266,'',0),(3350,266,'',0),(3351,50,'',0),(3410,15,'',0),(3353,264,'',0),(3354,264,'',0),(3355,264,'',0),(3356,266,'',0),(3357,266,'',0),(3409,15,'',0),(3408,15,'',0),(3362,266,'',0),(3363,82,'',0),(3364,82,'',0),(3365,82,'',0),(3406,15,'',0),(3405,15,'',0),(3407,40,'',0),(3404,15,'',0),(3403,15,'',0),(3402,15,'',0),(3401,15,'',0),(3412,50,'',0),(3413,50,'',0),(3414,50,'',0),(3415,50,'',0),(3416,50,'',0),(3417,50,'',0),(3418,50,'',0),(3419,50,'',0),(3392,15,'',0),(3389,15,'',0),(3422,16,'',0),(3423,111,'',0),(3424,111,'',0),(3388,15,'',0),(3369,15,'',0),(3427,15,'',0),(3428,20,'',0),(3429,15,'',0),(3430,77,'',0),(3431,77,'',0),(3432,77,'',0),(3433,77,'',0),(3434,77,'',0),(3435,164,'',0),(3436,164,'',0),(3437,164,'',0),(3438,16,'',0),(3439,222,'',0),(3440,70,'',0),(3441,162,'',0),(3442,162,'',0),(3443,162,'',0),(3444,377,'',0),(3445,377,'',0),(3446,377,'',0),(3447,377,'',0),(3448,377,'',0),(3449,161,'',0),(3450,161,'',0),(3451,47,'',0),(3452,32,'',0),(3453,32,'',0),(3454,32,'',0),(3455,65,'',0),(3456,161,'',0),(3457,79,'',0),(3458,16,'',0),(3459,19,'',0),(3460,378,'',0),(3461,378,'',0),(3462,32,'',0),(3469,379,'',0),(3468,379,'',0),(3467,379,'',0),(3466,379,'',0),(3465,379,'',0),(3464,379,'',0),(3463,379,'',0),(3470,48,'',0),(3471,48,'',0),(3472,36,'',0),(3473,36,'',0),(3474,36,'',0),(3475,36,'',0),(3476,266,'',0),(3477,266,'',0),(3478,266,'',0),(3479,380,'',0),(3480,380,'',0),(3481,111,'',0),(3482,111,'',0),(3483,111,'',0),(3484,111,'',0),(3485,111,'',0),(3486,111,'',0),(3487,111,'',0),(3488,221,'',0),(3489,19,'',0),(3490,381,'',0),(3491,123,'',0),(3492,97,'',0),(3493,94,'',0),(3494,94,'',0),(3495,94,'',0),(3496,94,'',0),(3497,94,'',0),(3498,382,'',0),(3499,382,'',0),(3500,382,'',0),(3501,99,'',0),(3502,99,'',0),(3503,383,'',0),(3504,383,'',0),(3505,383,'',0),(3506,383,'',0),(3507,383,'',0),(3508,383,'',0),(3514,384,'',0),(3513,384,'',0),(3512,384,'',0),(3511,384,'',0),(3510,384,'',0),(3509,384,'',0),(3515,162,'',0),(3516,15,'',0),(3517,15,'',0),(3518,15,'',0),(3519,15,'',0),(3520,15,'',0),(3521,15,'',0),(3522,15,'',0),(3523,15,'',0),(3524,15,'',0),(3525,50,'',0),(3526,50,'',0),(3527,50,'',0),(3528,50,'',0),(3529,173,'',0),(3530,173,'',0),(3531,65,'',0),(3532,32,'',0),(3533,385,'',0),(3534,385,'',0),(3535,385,'',0),(3536,80,'',0),(3537,19,'',0),(3538,65,'',0),(3539,19,'',0),(3540,43,'',0),(3541,52,'',0),(3542,52,'',0),(3543,32,'',0),(3544,32,'',0),(3545,32,'',0),(3546,32,'',0),(3547,111,'',0),(3548,111,'',0),(3549,386,'',0),(3550,386,'',0),(3551,386,'',0),(3552,386,'',0),(3553,386,'',0),(3554,386,'',0),(3555,173,'',0),(3556,176,'',0),(3557,173,'',0),(3558,173,'',0),(3559,387,'',0),(3560,387,'',0),(3561,53,'',0),(3562,53,'',0),(3563,15,'',0),(3564,387,'',0),(3565,143,'',0),(3566,19,'',0),(3567,47,'',0),(3568,52,'',0),(3569,52,'',0),(3570,123,'',0),(3571,70,'',0),(3572,70,'',0),(3573,70,'',0),(3574,70,'',0),(3575,65,'',0),(3576,87,'',0),(3577,87,'',0),(3578,180,'',0),(3579,65,'',0),(3580,81,'',0),(3581,32,'',0),(3582,114,'',0),(3583,114,'',0),(3584,114,'',0),(3585,114,'',0),(3586,114,'',0),(3587,114,'',0),(3588,60,'',0),(3589,60,'',0),(3590,60,'',0),(3591,15,'',0),(3592,23,'',0),(3593,15,'',0),(3594,20,'',0),(3595,62,'',0),(3596,15,'',0),(3597,62,'',0),(3598,50,'',0),(3599,50,'',0),(3600,50,'',0),(3601,50,'',0),(3602,50,'',0),(3603,192,'',0),(3604,15,'',0),(3605,32,'',0),(3606,192,'',0),(3607,264,'',0),(3608,192,'',0),(3609,192,'',0),(3610,192,'',0),(3611,192,'',0),(3612,192,'',0),(3613,192,'',0),(3614,192,'',0),(3615,192,'',0),(3616,192,'',0),(3617,192,'',0),(3618,192,'',0),(3619,192,'',0),(3620,192,'',0),(3621,192,'',0),(3622,97,'',0),(3623,192,'',0),(3624,192,'',0),(3625,192,'',0),(3626,192,'',0),(3627,192,'',0),(3628,192,'',0),(3629,192,'',0),(3630,192,'',0),(3631,97,'',0),(3632,48,'',0),(3633,48,'',0),(3634,20,'',0),(3635,213,'',0),(3636,213,'',0),(3637,213,'',0),(3638,62,'',0),(3937,388,'',0),(3936,388,'',0),(3935,388,'',0),(3642,91,'',0),(3643,97,'',0),(3644,97,'',0),(3645,20,'',0),(3646,20,'',0),(3647,20,'',0),(3648,20,'',0),(3649,94,'',0),(3650,94,'',0),(3651,94,'',0),(3652,94,'',0),(3653,94,'',0),(3654,94,'',0),(3655,94,'',0),(3656,91,'',0),(3657,173,'',0),(3658,38,'',0),(3659,15,'',0),(3660,15,'',0),(3661,187,'',0),(3662,187,'',0),(3663,187,'',0),(3664,15,'',0),(3665,389,'',0),(3666,389,'',0),(3667,43,'',0),(3668,15,'',0),(3669,15,'',0),(3670,15,'',0),(3671,173,'',0),(3672,98,'',0),(3673,98,'',0),(3674,98,'',0),(3675,98,'',0),(3676,98,'',0),(3677,98,'',0),(3678,98,'',0),(3679,98,'',0),(3680,98,'',0),(3681,98,'',0),(3682,98,'',0),(3683,98,'',0),(3684,98,'',0),(3685,98,'',0),(3686,98,'',0),(3687,98,'',0),(3688,98,'',0),(3689,98,'',0),(3690,98,'',0),(3691,382,'',0),(3692,382,'',0),(3693,382,'',0),(3694,382,'',0),(3695,98,'',0),(3696,390,'',0),(3697,390,'',0),(3698,15,'',0),(3699,223,'',0),(3700,223,'',0),(3701,223,'',0),(3702,223,'',0),(3703,223,'',0),(3704,223,'',0),(3705,223,'',0),(3706,223,'',0),(3707,223,'',0),(3708,223,'',0),(3709,223,'',0),(3710,223,'',0),(3711,223,'',0),(3712,223,'',0),(3713,223,'',0),(3714,223,'',0),(3715,223,'',0),(3716,223,'',0),(3717,82,'',0),(3718,82,'',0),(3719,192,'',0),(3720,192,'',0),(3721,192,'',0),(3722,105,'',0),(3723,105,'',0),(3724,105,'',0),(3725,105,'',0),(3726,105,'',0),(3727,192,'',0),(3728,15,'',0),(3729,105,'',0),(3730,105,'',0),(3731,105,'',0),(3732,105,'',0),(3733,105,'',0),(3734,64,'',0),(3735,391,'',0),(3736,391,'',0),(3737,391,'',0),(3738,391,'',0),(3739,391,'',0),(3740,391,'',0),(3741,391,'',0),(3742,391,'',0),(3743,391,'',0),(3744,391,'',0),(3745,391,'',0),(3746,391,'',0),(3747,173,'',0),(3748,173,'',0),(3749,64,'',0),(3750,32,'',0),(3751,192,'',0),(3752,192,'',0),(3753,19,'',0),(3754,19,'',0),(3755,19,'',0),(3756,19,'',0),(3757,37,'',0),(3758,82,'',0),(3759,82,'',0),(3760,82,'',0),(3761,161,'',0),(3986,392,'',0),(3985,392,'',0),(3764,392,'',0),(3765,20,'',0),(3766,213,'',0),(3767,15,'',0),(3768,20,'',0),(3769,20,'',0),(3770,213,'',0),(3771,213,'',0),(3772,19,'',0),(3773,19,'',0),(3774,19,'',0),(3775,19,'',0),(3776,82,'',0),(3777,37,'',0),(3778,37,'',0),(3779,37,'',0),(3780,107,'',0),(3781,107,'',0),(3782,82,'',0),(3783,87,'',0),(3784,87,'',0),(3788,393,'',0),(3787,393,'',0),(3786,393,'',0),(3785,393,'',0),(3789,394,'',0),(3790,394,'',0),(3791,394,'',0),(3792,394,'',0),(3793,394,'',0),(3794,394,'',0),(3795,394,'',0),(3796,394,'',0),(3797,394,'',0),(3798,395,'',0),(3799,395,'',0),(3800,15,'',0),(3801,32,'',0),(3802,32,'',0),(3803,132,'',0),(3804,132,'',0),(3805,132,'',0),(3806,132,'',0),(3807,132,'',0),(3808,132,'',0),(3809,132,'',0),(3810,132,'',0),(3811,132,'',0),(3812,132,'',0),(3813,132,'',0),(3814,132,'',0),(3815,132,'',0),(3816,396,'',0),(3817,396,'',0),(3818,396,'',0),(3819,396,'',0),(3820,396,'',0),(3821,396,'',0),(3822,396,'',0),(3823,396,'',0),(3824,396,'',0),(3825,396,'',0),(3826,396,'',0),(3827,396,'',0),(3828,396,'',0),(3829,396,'',0),(3830,397,'',0),(3831,397,'',0),(3832,397,'',0),(3833,397,'',0),(3834,397,'',0),(3835,397,'',0),(3836,397,'',0),(3837,397,'',0),(3838,397,'',0),(3839,397,'',0),(3840,397,'',0),(3841,397,'',0),(3842,397,'',0),(3843,397,'',0),(3861,398,'',0),(3845,398,'',0),(3846,398,'',0),(3847,398,'',0),(3848,398,'',0),(3849,398,'',0),(3850,398,'',0),(3851,398,'',0),(3852,398,'',0),(3853,398,'',0),(3854,398,'',0),(3855,398,'',0),(3856,398,'',0),(3857,398,'',0),(3858,398,'',0),(3859,398,'',0),(3860,398,'',0),(3844,398,'',0),(3879,399,'',0),(3863,399,'',0),(3864,399,'',0),(3865,399,'',0),(3866,399,'',0),(3867,399,'',0),(3868,399,'',0),(3869,399,'',0),(3870,399,'',0),(3871,399,'',0),(3872,399,'',0),(3873,399,'',0),(3874,399,'',0),(3875,399,'',0),(3876,399,'',0),(3877,399,'',0),(3878,399,'',0),(3862,399,'',0),(3880,159,'',0),(3881,162,'',0),(3882,162,'',0),(3883,162,'',0),(3884,162,'',0),(3885,162,'',0),(3886,163,'',0),(3887,163,'',0),(3888,163,'',0),(3889,163,'',0),(3890,163,'',0),(3891,163,'',0),(3892,77,'',0),(3893,77,'',0),(3894,77,'',0),(3895,77,'',0),(3896,77,'',0),(3905,400,'',0),(3904,400,'',0),(3903,400,'',0),(3902,400,'',0),(3901,400,'',0),(3900,400,'',0),(3899,400,'',0),(3898,400,'',0),(3897,400,'',0),(3906,151,'',0),(3907,151,'',0),(3908,151,'',0),(3909,401,'',0),(3910,401,'',0),(3911,15,'',0),(3912,192,'',0),(3913,192,'',0),(3914,60,'',0),(3915,192,'',0),(3916,15,'',0),(3917,192,'',0),(3918,15,'',0),(3919,15,'',0),(3920,15,'',0),(3921,32,'',0),(3922,77,'',0),(3923,77,'',0),(3924,77,'',0),(3925,77,'',0),(3926,77,'',0),(3927,77,'',0),(3928,20,'',0),(3929,20,'',0),(3930,20,'',0),(3931,20,'',0),(3932,97,'',0),(3934,388,'',0),(3933,388,'',0),(3641,388,'',0),(3640,388,'',0),(3639,388,'',0),(3938,107,'',0),(3939,192,'',0),(3940,192,'',0),(3941,15,'',0),(3942,187,'',0),(3943,187,'',0),(3944,187,'',0),(3945,187,'',0),(3946,187,'',0),(3947,187,'',0),(3948,15,'',0),(3949,40,'',0),(3950,15,'',0),(3951,402,'',0),(3952,402,'',0),(3953,402,'',0),(3954,98,'',0),(3955,98,'',0),(3956,390,'',0),(3957,390,'',0),(3958,390,'',0),(3959,65,'',0),(3960,65,'',0),(3961,189,'',0),(3962,189,'',0),(3963,189,'',0),(3964,189,'',0),(3965,51,'',0),(3966,51,'',0),(3967,51,'',0),(3968,70,'',0),(3969,70,'',0),(3970,48,'',0),(3971,48,'',0),(3972,48,'',0),(3973,48,'',0),(3974,50,'',0),(3975,50,'',0),(3976,19,'',0),(3977,173,'',0),(3978,173,'',0),(3979,173,'',0),(3980,36,'',0),(3981,47,'',0),(3982,47,'',0),(3983,47,'',0),(3984,47,'',0),(3763,392,'',0),(3762,392,'',0),(3987,32,'',0),(3988,193,'',0),(3989,32,'',0),(3990,60,'',0),(3991,60,'',0),(3992,77,'',0),(3993,15,'',0),(3994,37,'',0),(3995,392,'',0),(3996,392,'',0),(3997,20,'',0),(3998,15,'',0),(3999,70,'',0),(4000,70,'',0),(4001,70,'',0),(4002,70,'',0),(4003,70,'',0),(4004,403,'',0),(4005,403,'',0),(4006,20,'',0),(4007,15,'',0),(4008,32,'',0),(4009,32,'',0),(4010,32,'',0),(4011,32,'',0),(4012,32,'',0),(4013,32,'',0),(4014,32,'',0),(4015,32,'',0),(4016,32,'',0),(4017,32,'',0),(4018,32,'',0),(4019,32,'',0),(4020,32,'',0),(4021,32,'',0),(4022,61,'',0),(4023,61,'',0),(4024,61,'',0),(4025,61,'',0),(4026,61,'',0),(4027,61,'',0),(4028,404,'',0),(4029,404,'',0),(4030,404,'',0),(4031,404,'',0),(4032,404,'',0),(4033,404,'',0),(4034,404,'',0),(4035,404,'',0),(4036,404,'',0),(4037,404,'',0),(4038,20,'',0),(4039,15,'',0),(4040,193,'',0),(4041,15,'',0),(4042,15,'',0),(4043,143,'',0),(4044,32,'',0),(4045,15,'',0),(4046,32,'',0),(4047,32,'',0),(4048,266,'',0),(4049,86,'',0),(4050,405,'',0),(4051,405,'',0),(4052,405,'',0),(4053,15,'',0),(4054,406,'',0),(4055,406,'',0),(4056,88,'',0),(4057,191,'',0),(4058,76,'',0),(4059,407,'',0),(4060,407,'',0),(4061,407,'',0),(4062,407,'',0),(4063,407,'',0),(4064,407,'',0),(4065,407,'',0),(4066,407,'',0),(4067,144,'',0),(4068,144,'',0),(4069,144,'',0),(4070,408,'',0),(4071,408,'',0),(4072,20,'',0),(4073,142,'',0),(4074,142,'',0),(4075,111,'',0),(4076,111,'',0),(4077,111,'',0),(4078,116,'',0),(4079,76,'',0),(4080,65,'',0),(4081,65,'',0),(4082,65,'',0),(4083,107,'',0),(4084,82,'',0),(4085,19,'',0),(4086,19,'',0),(4087,37,'',0),(4088,37,'',0),(4089,37,'',0),(4090,37,'',0),(4091,82,'',0),(4092,82,'',0),(4093,82,'',0),(4094,49,'',0),(4095,49,'',0),(4096,49,'',0),(4097,49,'',0),(4098,49,'',0),(4099,49,'',0),(4100,409,'',0),(4101,409,'',0),(4102,409,'',0),(4103,409,'',0),(4104,409,'',0),(4105,409,'',0),(4106,409,'',0),(4107,409,'',0),(4108,409,'',0),(4109,409,'',0),(4110,409,'',0),(4111,409,'',0),(4112,409,'',0),(4113,409,'',0),(4114,173,'',0),(4115,173,'',0),(4116,173,'',0),(4117,173,'',0),(4118,173,'',0),(4119,173,'',0),(4120,173,'',0),(4121,173,'',0),(4122,173,'',0),(4123,173,'',0),(4124,37,'',0),(4125,48,'',0),(4126,48,'',0),(4127,19,'',0),(4128,20,'',0),(4129,76,'',0),(4130,76,'',0),(4131,76,'',0),(4132,76,'',0),(4133,76,'',0),(4134,76,'',0),(4135,32,'',0),(4136,32,'',0),(4137,90,'',0),(4138,90,'',0),(4139,90,'',0),(4140,90,'',0),(4141,70,'',0),(4142,410,'',0),(4143,410,'',0),(4144,410,'',0),(4145,410,'',0),(4146,410,'',0),(4147,410,'',0),(4148,410,'',0),(4149,410,'',0),(4150,410,'',0),(4151,411,'',0),(4152,411,'',0),(4153,411,'',0),(4154,411,'',0),(4155,411,'',0),(4156,411,'',0),(4157,411,'',0),(4158,412,'',0),(4159,412,'',0),(4160,412,'',0),(4161,412,'',0),(4162,412,'',0),(4163,412,'',0),(4164,105,'',0),(4165,392,'',0),(4166,15,'',0),(4167,15,'',0),(4168,15,'',0),(4169,15,'',0),(4170,413,'',0),(4171,413,'',0),(4172,413,'',0),(4173,413,'',0),(4174,413,'',0),(4175,413,'',0),(4176,413,'',0),(4177,413,'',0),(4178,413,'',0),(4179,413,'',0),(4180,24,'',0),(4181,33,'',0),(4182,33,'',0),(4183,223,'',0),(4184,223,'',0),(4185,223,'',0),(4186,223,'',0),(4187,223,'',0),(4188,223,'',0),(4189,223,'',0),(4190,223,'',0),(4191,223,'',0),(4192,223,'',0),(4193,223,'',0),(4194,223,'',0),(4195,173,'',0),(4196,173,'',0),(4197,173,'',0),(4198,173,'',0),(4199,173,'',0),(4200,173,'',0),(4201,173,'',0),(4202,173,'',0),(4203,173,'',0),(4204,414,'',0),(4205,414,'',0),(4206,414,'',0),(4207,414,'',0),(4208,414,'',0),(4209,414,'',0),(4210,414,'',0),(4211,414,'',0),(4212,414,'',0),(4213,414,'',0),(4214,15,'',0),(4215,65,'',0),(4216,65,'',0),(4217,65,'',0),(4218,65,'',0),(4219,65,'',0),(4220,43,'',0),(4221,50,'',0),(4222,20,'',0),(4223,19,'',0),(4224,34,'',0),(4225,34,'',0),(4226,15,'',0),(4227,390,'',0),(4228,38,'',0),(4229,43,'',0),(4230,192,'',0),(4231,192,'',0),(4232,37,'',0),(4233,24,'',0),(4234,24,'',0),(4235,32,'',0),(4236,19,'',0),(4237,415,'',0),(4238,415,'',0),(4239,415,'',0),(4240,415,'',0),(4241,415,'',0),(4242,416,'',0),(4243,416,'',0),(4244,416,'',0),(4245,15,'',0),(4246,15,'',0),(4247,416,'',0),(4248,56,'',0),(4249,40,'',0),(4250,266,'',0),(4251,61,'',0),(4252,61,'',0),(4253,61,'',0),(4254,15,'',0),(4255,61,'',0),(4256,61,'',0),(4257,417,'',0),(4258,417,'',0),(4259,418,'',0),(4260,418,'',0),(4261,418,'',0),(4262,419,'',0),(4263,419,'',0),(4264,61,'',0),(4265,149,'',0),(4266,19,'',0),(4267,19,'',0),(4268,19,'',0),(4269,97,'',0),(4270,75,'',0),(4271,75,'',0),(4272,75,'',0),(4273,75,'',0),(4274,75,'',0),(4275,75,'',0),(4276,75,'',0),(4277,75,'',0),(4278,75,'',0),(4279,75,'',0),(4280,30,'',0),(4281,30,'',0),(4282,420,'',0),(4283,420,'',0),(4284,261,'',0),(4285,261,'',0),(4286,75,'',0),(4287,19,'',0),(4288,388,'',0),(4289,123,'',0),(4290,123,'',0),(4291,123,'',0),(4292,388,'',0),(4293,59,'',0),(4294,416,'',0),(4295,416,'',0),(4296,416,'',0),(4297,82,'',0),(4298,82,'',0),(4299,82,'',0),(4300,82,'',0),(4301,32,'',0),(4302,32,'',0),(4303,49,'',0),(4304,49,'',0),(4305,49,'',0),(4306,49,'',0),(4307,15,'',0),(4308,15,'',0),(4309,114,'',0),(4310,114,'',0),(4311,388,'',0),(4312,421,'',0),(4313,49,'',0),(4314,49,'',0),(4315,79,'',0),(4316,62,'',0),(4317,422,'',0),(4318,422,'',0),(4319,422,'',0),(4320,422,'',0),(4321,422,'',0),(4322,422,'',0),(4323,422,'',0),(4324,422,'',0),(4325,422,'',0),(4326,423,'',0),(4327,423,'',0),(4328,423,'',0),(4329,423,'',0),(4330,423,'',0),(4331,423,'',0),(4332,423,'',0),(4333,423,'',0),(4334,423,'',0),(4335,423,'',0),(4336,423,'',0),(4337,423,'',0),(4338,424,'',0),(4339,424,'',0),(4340,424,'',0),(4341,424,'',0),(4342,424,'',0),(4343,424,'',0),(4344,424,'',0),(4345,424,'',0),(4346,424,'',0),(4347,424,'',0),(4348,407,'',0),(4349,407,'',0),(4350,407,'',0),(4351,407,'',0),(4352,407,'',0),(4353,425,'',0),(4354,425,'',0),(4355,425,'',0),(4356,425,'',0),(4357,425,'',0),(4358,425,'',0),(4359,425,'',0),(4360,425,'',0),(4361,425,'',0),(4362,425,'',0),(4363,69,'',0),(4364,69,'',0),(4365,69,'',0),(4366,69,'',0),(4367,69,'',0),(4368,24,'',0),(4369,24,'',0),(4370,24,'',0),(4371,32,'',0),(4372,47,'',0),(4373,47,'',0),(4374,161,'',0),(4375,382,'',0),(4376,382,'',0),(4377,382,'',0),(4378,382,'',0),(4379,94,'',0),(4380,19,'',0),(4381,19,'',0),(4382,19,'',0),(4383,32,'',0),(4384,426,'',0),(4385,426,'',0),(4386,52,'',0),(4387,52,'',0),(4388,427,'',0),(4389,427,'',0),(4390,15,'',0),(4391,94,'',0),(4392,94,'',0),(4393,388,'',0),(4394,123,'',0),(4395,123,'',0),(4396,123,'',0),(4397,123,'',0),(4398,123,'',0),(4399,123,'',0),(4400,123,'',0),(4401,123,'',0),(4402,123,'',0),(4403,123,'',0),(4404,123,'',0),(4405,123,'',0),(4406,123,'',0),(4407,123,'',0),(4408,123,'',0),(4409,428,'',0),(4410,123,'',0),(4411,19,'',0),(4412,388,'',0),(4413,65,'',0),(4414,65,'',0),(4415,65,'',0),(4416,65,'',0),(4417,65,'',0),(4418,65,'',0),(4419,65,'',0),(4420,65,'',0),(4421,65,'',0),(4422,65,'',0),(4423,75,'',0),(4424,75,'',0),(4425,75,'',0),(4426,75,'',0),(4427,75,'',0),(4428,75,'',0),(4429,75,'',0),(4430,75,'',0),(4431,429,'',0),(4432,429,'',0),(4433,429,'',0),(4434,429,'',0),(4435,429,'',0),(4436,33,'',0),(4437,33,'',0),(4438,430,'',0),(4439,430,'',0),(4440,15,'',0),(4441,15,'',0),(4442,416,'',0),(4443,416,'',0),(4444,82,'',0),(4445,25,'',0),(4446,25,'',0),(4447,32,'',0),(4448,61,'',0),(4449,61,'',0),(4450,61,'',0),(4451,61,'',0),(4452,70,'',0),(4453,431,'',0),(4454,431,'',0),(4455,431,'',0),(4456,432,'',0),(4457,432,'',0),(4458,432,'',0),(4459,432,'',0),(4460,432,'',0),(4461,432,'',0),(4462,432,'',0),(4463,123,'',0),(4464,15,'',0),(4465,15,'',0),(4466,15,'',0),(4467,15,'',0),(4468,15,'',0),(4469,107,'',0),(4470,15,'',0),(4471,223,'',0),(4472,193,'',0),(4473,97,'',0),(4474,97,'',0),(4475,97,'',0),(4476,55,'',0),(4477,231,'',0),(4478,231,'',0),(4479,15,'',0),(4480,32,'',0),(4481,32,'',0),(4482,15,'',0),(4483,34,'',0),(4484,34,'',0),(4485,43,'',0),(4486,43,'',0),(4487,43,'',0),(4488,43,'',0),(4489,32,'',0),(4490,190,'',0),(4491,190,'',0),(4492,132,'',0),(4493,132,'',0),(4494,132,'',0),(4495,15,'',0),(4496,61,'',0),(4497,433,'',0),(4498,433,'',0),(4499,433,'',0),(4500,433,'',0),(4501,433,'',0),(4502,433,'',0),(4503,433,'',0),(4504,433,'',0),(4505,123,'',0),(4506,119,'',0),(4507,119,'',0),(4508,119,'',0),(4509,119,'',0),(4510,119,'',0),(4511,119,'',0),(4512,119,'',0),(4513,119,'',0),(4514,119,'',0),(4515,122,'',0),(4516,122,'',0),(4517,122,'',0),(4518,122,'',0),(4519,122,'',0),(4520,122,'',0),(4521,122,'',0),(4522,122,'',0),(4523,122,'',0),(4524,122,'',0),(4525,107,'',0),(4526,107,'',0),(4527,107,'',0),(4528,107,'',0),(4529,49,'',0),(4530,98,'',0),(4531,98,'',0),(4532,98,'',0),(4533,98,'',0),(4534,98,'',0),(4535,98,'',0),(4536,15,'',0),(4537,15,'',0),(4538,419,'',0),(4539,419,'',0),(4540,419,'',0),(4541,419,'',0),(4542,434,'',0),(4543,434,'',0),(4544,49,'',0),(4545,49,'',0),(4546,49,'',0),(4547,49,'',0),(4548,49,'',0),(4549,49,'',0),(4550,49,'',0),(4551,49,'',0),(4552,49,'',0),(4553,49,'',0),(4554,49,'',0),(4555,32,'',0),(4556,435,'',0),(4557,435,'',0),(4558,435,'',0),(4559,435,'',0),(4560,435,'',0),(4561,435,'',0),(4562,435,'',0),(4563,435,'',0),(4564,435,'',0),(4565,15,'',0),(4566,15,'',0),(4567,70,'',0),(4568,32,'',0),(4569,32,'',0),(4570,32,'',0),(4571,32,'',0),(4572,32,'',0),(4573,32,'',0),(4574,32,'',0),(4575,32,'',0),(4576,32,'',0),(4577,436,'',0),(4578,436,'',0),(4579,436,'',0),(4580,436,'',0),(4581,436,'',0),(4582,436,'',0),(4583,436,'',0),(4584,436,'',0),(4585,436,'',0),(4586,436,'',0),(4587,437,'',0),(4588,437,'',0),(4589,437,'',0),(4590,437,'',0),(4591,437,'',0),(4592,437,'',0),(4593,437,'',0),(4594,437,'',0),(4595,437,'',0),(4596,437,'',0),(4597,438,'',0),(4598,438,'',0),(4599,438,'',0),(4600,438,'',0),(4601,439,'',0),(4602,439,'',0),(4603,440,'',0),(4604,440,'',0),(4605,15,'',0),(4606,15,'',0),(4607,65,'',0),(4608,393,'',0),(4609,393,'',0),(4610,428,'',0),(4611,428,'',0),(4612,428,'',0),(4613,428,'',0),(4614,428,'',0),(4615,388,'',0),(4616,388,'',0),(4617,388,'',0),(4618,60,'',0),(4619,65,'',0),(4620,65,'',0),(4621,65,'',0),(4622,65,'',0),(4623,87,'',0),(4624,441,'',0),(4625,441,'',0),(4626,442,'',0),(4627,442,'',0),(4628,442,'',0),(4629,173,'',0),(4630,443,'',0),(4631,443,'',0),(4632,443,'',0),(4633,443,'',0),(4634,443,'',0),(4635,443,'',0),(4636,443,'',0),(4637,443,'',0),(4638,443,'',0),(4639,444,'',0),(4640,444,'',0),(4641,70,'',0),(4642,70,'',0),(4643,70,'',0),(4644,70,'',0),(4645,445,'',0),(4646,445,'',0),(4647,445,'',0),(4648,445,'',0),(4649,445,'',0),(4650,445,'',0),(4651,445,'',0),(4652,445,'',0),(4653,445,'',0),(4654,445,'',0),(4655,445,'',0),(4656,445,'',0),(4657,446,'',0),(4658,446,'',0),(4659,446,'',0),(4660,446,'',0),(4661,446,'',0),(4662,446,'',0),(4663,446,'',0),(4664,446,'',0),(4665,446,'',0),(4666,446,'',0),(4667,446,'',0),(4668,214,'',0),(4669,163,'',0),(4670,15,'',0),(4671,15,'',0),(4672,15,'',0),(4673,15,'',0),(4674,15,'',0),(4675,65,'',0),(4676,22,'',0),(4677,22,'',0),(4678,25,'',0),(4679,25,'',0),(4680,25,'',0),(4681,26,'',0),(4682,26,'',0),(4683,26,'',0),(4684,26,'',0),(4685,28,'',0),(4686,28,'',0),(4687,28,'',0),(4688,28,'',0),(4689,28,'',0),(4690,33,'',0),(4691,33,'',0),(4692,33,'',0),(4693,33,'',0),(4694,33,'',0),(4695,33,'',0),(4696,33,'',0),(4697,110,'',0),(4698,110,'',0),(4699,110,'',0),(4700,110,'',0),(4701,110,'',0),(4702,110,'',0),(4703,110,'',0),(4704,110,'',0),(4705,110,'',0),(4706,447,'',0),(4707,447,'',0),(4708,447,'',0),(4709,447,'',0),(4710,448,'',0),(4711,448,'',0),(4712,448,'',0),(4713,449,'',0),(4714,449,'',0),(4715,449,'',0),(4716,449,'',0),(4717,449,'',0),(4718,449,'',0),(4719,449,'',0),(4720,449,'',0),(4721,449,'',0),(4722,449,'',0),(4723,449,'',0),(4724,449,'',0),(4725,450,'',0),(4726,450,'',0),(4727,450,'',0),(4728,450,'',0),(4729,450,'',0),(4730,450,'',0),(4731,451,'',0),(4732,451,'',0),(4733,451,'',0),(4734,451,'',0),(4735,451,'',0),(4736,451,'',0),(4737,451,'',0),(4738,451,'',0),(4739,451,'',0),(4740,451,'',0),(4741,452,'',0),(4742,452,'',0),(4743,452,'',0),(4744,453,'',0),(4745,453,'',0),(4746,453,'',0),(4747,453,'',0),(4748,453,'',0),(4749,453,'',0),(4750,453,'',0),(4751,454,'',0),(4752,454,'',0),(4753,454,'',0),(4754,454,'',0),(4755,454,'',0),(4756,454,'',0),(4757,454,'',0),(4758,454,'',0),(4759,454,'',0),(4760,454,'',0),(4761,454,'',0),(4762,454,'',0),(4763,454,'',0),(4764,454,'',0),(4765,454,'',0),(4766,455,'',0),(4767,455,'',0),(4768,455,'',0),(4769,455,'',0),(4770,455,'',0),(4771,455,'',0),(4772,455,'',0),(4773,455,'',0),(4774,455,'',0),(4775,455,'',0),(4776,455,'',0),(4777,455,'',0),(4778,455,'',0),(4779,455,'',0),(4780,455,'',0),(4781,455,'',0),(4782,455,'',0),(4783,455,'',0),(4784,111,'',0),(4785,22,'',0),(4786,15,'',0),(4787,15,'',0),(4788,456,'',0),(4789,456,'',0),(4790,456,'',0),(4791,456,'',0),(4792,456,'',0),(4793,456,'',0),(4794,456,'',0),(4795,456,'',0),(4796,456,'',0),(4797,456,'',0),(4798,456,'',0),(4799,456,'',0),(4800,456,'',0),(4801,456,'',0),(4802,456,'',0),(4803,457,'',0),(4804,457,'',0),(4805,457,'',0),(4806,457,'',0),(4807,457,'',0),(4808,458,'',0),(4809,458,'',0),(4810,458,'',0),(4811,458,'',0),(4812,458,'',0),(4813,458,'',0),(4814,458,'',0),(4815,458,'',0),(4816,458,'',0),(4817,458,'',0),(4818,458,'',0),(4819,458,'',0),(4820,458,'',0),(4821,458,'',0),(4822,458,'',0),(4823,459,'',0),(4824,459,'',0),(4825,459,'',0),(4826,459,'',0),(4827,459,'',0),(4828,459,'',0),(4829,459,'',0),(4830,459,'',0),(4831,459,'',0),(4832,174,'',0),(4833,174,'',0),(4834,174,'',0),(4835,174,'',0),(4836,174,'',0),(4837,174,'',0),(4838,174,'',0),(4839,174,'',0),(4840,174,'',0),(4841,174,'',0),(4842,174,'',0),(4843,460,'',0),(4844,460,'',0),(4845,460,'',0),(4846,460,'',0),(4847,460,'',0),(4848,460,'',0),(4849,460,'',0),(4850,460,'',0),(4851,460,'',0),(4852,460,'',0),(4853,460,'',0),(4854,460,'',0),(4855,460,'',0),(4856,143,'',0),(4857,143,'',0),(4858,143,'',0),(4859,143,'',0),(4860,143,'',0),(4861,461,'',0),(4862,461,'',0),(4863,461,'',0),(4864,461,'',0),(4865,461,'',0),(4866,461,'',0),(4867,461,'',0),(4868,461,'',0),(4869,462,'',0),(4870,462,'',0),(4871,462,'',0),(4872,462,'',0),(4873,143,'',0),(4874,176,'',0),(4875,461,'',0),(4876,461,'',0),(4877,461,'',0),(4878,50,'',0),(4879,441,'',0),(4880,441,'',0),(4881,441,'',0),(4882,441,'',0),(4883,441,'',0),(4884,441,'',0),(4885,441,'',0),(4886,441,'',0),(4887,441,'',0),(4888,441,'',0),(4889,441,'',0),(4890,441,'',0),(4891,441,'',0),(4892,441,'',0),(4893,441,'',0),(4894,441,'',0),(4895,441,'',0),(4896,132,'',0),(4897,132,'',0),(4898,441,'',0),(4899,441,'',0),(4900,441,'',0),(4901,413,'',0),(4902,413,'',0),(4903,413,'',0),(4904,413,'',0),(4905,413,'',0),(4906,47,'',0),(4907,19,'',0),(4908,82,'',0),(4909,463,'',0),(4910,464,'',0),(4911,388,'',0),(4912,464,'',0),(4913,465,'',0),(4914,465,'',0),(4915,465,'',0),(4916,465,'',0),(4917,465,'',0),(4918,465,'',0),(4919,465,'',0),(4920,465,'',0),(4921,465,'',0),(4922,465,'',0),(4923,465,'',0),(4924,465,'',0),(4925,32,'',0),(4926,466,'',0),(4927,466,'',0),(4928,43,'',0),(4929,53,'',0),(4930,53,'',0),(4931,53,'',0),(4932,173,'',0),(4933,53,'',0),(4934,43,'',0),(4935,43,'',0),(4936,467,'',0),(4937,467,'',0),(4938,467,'',0),(4939,22,'',0),(4940,22,'',0),(4941,16,'',0),(4942,428,'',0),(4943,91,'',0),(4944,23,'',0),(4945,60,'',0),(4946,60,'',0),(4947,60,'',0),(4948,428,'',0),(4949,377,'',0),(4950,47,'',0),(4951,47,'',0),(4952,47,'',0),(4953,47,'',0),(4954,95,'',0),(4955,388,'',0),(4956,388,'',0),(4957,23,'',0),(4958,468,'',0),(4959,468,'',0),(4960,468,'',0),(4961,468,'',0),(4962,468,'',0),(4963,23,'',0),(4964,23,'',0),(4965,23,'',0),(4966,132,'',0),(4967,469,'',0),(4968,469,'',0),(4969,469,'',0),(4970,469,'',0),(4971,469,'',0),(4972,469,'',0),(4973,469,'',0),(4974,470,'',0),(4975,470,'',0),(4976,470,'',0),(4977,470,'',0),(4978,471,'',0),(4979,471,'',0),(4980,471,'',0),(4981,471,'',0),(4982,471,'',0),(4983,471,'',0),(4984,472,'',0),(4985,472,'',0),(4986,472,'',0),(4987,472,'',0),(4988,416,'',0),(4989,416,'',0),(4990,416,'',0),(4991,416,'',0),(4992,23,'',0),(4993,23,'',0),(4994,23,'',0),(4995,23,'',0),(4996,473,'',0),(4997,473,'',0),(4998,473,'',0),(4999,473,'',0),(5000,473,'',0),(5001,23,'',0),(5002,474,'',0),(5003,474,'',0),(5004,474,'',0),(5005,474,'',0),(5006,474,'',0),(5007,114,'',0),(5008,15,'',0),(5009,32,'',0),(5010,85,'',0),(5011,85,'',0),(5012,111,'',0),(5013,111,'',0),(5014,111,'',0),(5015,111,'',0),(5016,111,'',0),(5017,77,'',0),(5018,77,'',0),(5019,111,'',0),(5020,111,'',0),(5021,111,'',0),(5022,111,'',0),(5023,111,'',0),(5024,32,'',0),(5025,32,'',0),(5026,32,'',0),(5027,111,'',0),(5028,111,'',0),(5029,16,'',0),(5030,16,'',0),(5031,16,'',0),(5032,19,'',0),(5033,19,'',0),(5034,19,'',0),(5035,19,'',0),(5036,19,'',0),(5037,19,'',0),(5038,19,'',0),(5039,65,'',0),(5040,111,'',0),(5041,111,'',0),(5042,111,'',0),(5043,379,'',0),(5044,379,'',0),(5045,379,'',0),(5046,44,'',0),(5047,44,'',0),(5048,44,'',0),(5049,15,'',0),(5050,60,'',0),(5051,60,'',0),(5052,60,'',0),(5053,60,'',0),(5054,60,'',0),(5055,60,'',0),(5056,48,'',0),(5057,48,'',0),(5058,475,'',0),(5059,475,'',0),(5060,180,'',0),(5061,180,'',0),(5062,180,'',0),(5063,180,'',0),(5064,180,'',0),(5065,180,'',0),(5066,476,'',0),(5067,476,'',0),(5068,15,'',0),(5069,477,'',0),(5070,477,'',0),(5071,43,'',0),(5072,75,'',0),(5073,75,'',0),(5074,75,'',0),(5075,75,'',0),(5076,15,'',0),(5077,151,'',0),(5078,151,'',0),(5079,398,'',0),(5080,151,'',0),(5081,151,'',0),(5082,15,'',0),(5083,15,'',0),(5084,15,'',0),(5085,478,'',0),(5086,478,'',0),(5087,478,'',0),(5088,478,'',0),(5089,478,'',0),(5090,25,'',0),(5091,25,'',0),(5092,25,'',0),(5093,25,'',0),(5094,25,'',0),(5095,25,'',0),(5096,25,'',0),(5097,25,'',0),(5098,70,'',0),(5099,70,'',0),(5100,70,'',0),(5101,70,'',0),(5102,70,'',0),(5103,70,'',0),(5104,70,'',0),(5105,70,'',0),(5106,70,'',0),(5107,70,'',0),(5108,70,'',0),(5109,70,'',0),(5110,32,'',0),(5111,32,'',0),(5112,32,'',0),(5113,19,'',0),(5114,51,'',0),(5115,51,'',0),(5116,20,'',0),(5117,20,'',0),(5118,111,'',0),(5119,111,'',0),(5120,15,'',0),(5121,111,'',0),(5122,111,'',0),(5123,111,'',0),(5124,111,'',0),(5125,111,'',0),(5126,111,'',0),(5127,192,'',0),(5128,32,'',0),(5129,32,'',0),(5130,227,'',0),(5131,19,'',0),(5132,227,'',0),(5133,227,'',0),(5134,227,'',0),(5135,48,'',0),(5136,422,'',0),(5137,50,'',0),(5138,50,'',0),(5139,173,'',0),(5140,53,'',0),(5141,53,'',0),(5142,176,'',0),(5143,53,'',0),(5144,53,'',0),(5145,176,'',0),(5146,176,'',0),(5147,479,'',0),(5148,479,'',0),(5149,32,'',0),(5150,34,'',0),(5151,34,'',0),(5152,480,'',0),(5153,480,'',0),(5154,480,'',0),(5155,480,'',0),(5156,480,'',0),(5157,480,'',0),(5158,480,'',0),(5159,480,'',0),(5160,480,'',0),(5161,480,'',0),(5162,480,'',0),(5163,480,'',0),(5164,480,'',0),(5165,480,'',0),(5166,480,'',0),(5167,480,'',0),(5168,15,'',0),(5169,15,'',0),(5170,15,'',0),(5171,48,'',0),(5172,48,'',0),(5173,48,'',0),(5174,48,'',0),(5175,48,'',0),(5176,48,'',0),(5177,48,'',0),(5178,422,'',0),(5179,422,'',0),(5180,422,'',0),(5181,15,'',0),(5182,32,'',0),(5183,76,'',0),(5184,481,'',0),(5185,481,'',0),(5186,481,'',0),(5187,482,'',0),(5188,482,'',0),(5189,482,'',0),(5190,482,'',0),(5191,482,'',0),(5192,48,'',0),(5193,15,'',0),(5194,192,'',0),(5195,192,'',0),(5196,192,'',0),(5197,192,'',0),(5198,52,'',0),(5199,52,'',0),(5200,52,'',0),(5201,52,'',0),(5202,52,'',0),(5203,52,'',0),(5204,52,'',0),(5205,52,'',0),(5206,52,'',0),(5207,52,'',0),(5208,52,'',0),(5209,52,'',0),(5210,52,'',0),(5211,52,'',0),(5212,52,'',0),(5213,192,'',0),(5214,192,'',0),(5215,192,'',0),(5216,32,'',0),(5217,32,'',0),(5218,32,'',0),(5219,157,'',0),(5220,157,'',0),(5221,379,'',0),(5222,379,'',0),(5223,413,'',0),(5224,250,'',0),(5225,250,'',0),(5226,250,'',0),(5227,250,'',0),(5228,250,'',0),(5229,185,'',0),(5230,185,'',0),(5231,185,'',0),(5232,388,'',0),(5233,388,'',0),(5234,388,'',0),(5235,388,'',0),(5236,388,'',0),(5237,388,'',0),(5238,388,'',0),(5239,422,'',0),(5240,422,'',0),(5241,422,'',0),(5242,422,'',0),(5243,422,'',0),(5244,422,'',0),(5245,422,'',0),(5246,422,'',0),(5247,422,'',0),(5248,15,'',0),(5249,15,'',0),(5250,15,'',0),(5251,15,'',0),(5252,15,'',0),(5253,37,'',0),(5254,37,'',0),(5255,37,'',0),(5256,416,'',0),(5257,416,'',0),(5258,416,'',0),(5259,416,'',0),(5260,416,'',0),(5261,250,'',0),(5262,19,'',0),(5263,20,'',0),(5264,388,'',0),(5265,388,'',0),(5266,20,'',0),(5267,20,'',0),(5268,16,'',0),(5269,77,'',0),(5270,65,'',0),(5271,16,'',0),(5272,47,'',0),(5273,43,'',0),(5274,20,'',0),(5275,388,'',0),(5276,82,'',0),(5277,82,'',0),(5278,47,'',0),(5279,213,'',0),(5280,20,'',0),(5281,483,'',0),(5282,483,'',0),(5283,483,'',0),(5284,483,'',0),(5285,483,'',0),(5286,22,'',0),(5287,484,'',0),(5288,484,'',0),(5289,484,'',0),(5290,484,'',0),(5291,484,'',0),(5292,484,'',0),(5293,484,'',0),(5294,484,'',0),(5295,485,'',0),(5296,485,'',0),(5297,485,'',0),(5298,485,'',0),(5299,485,'',0),(5300,485,'',0),(5301,485,'',0),(5302,485,'',0),(5303,41,'',0),(5304,113,'',0),(5305,113,'',0),(5306,113,'',0),(5307,113,'',0),(5308,113,'',0),(5309,113,'',0),(5310,22,'',0),(5311,22,'',0),(5312,60,'',0),(5313,15,'',0),(5314,486,'',0),(5315,486,'',0),(5316,487,'',0),(5317,487,'',0),(5318,488,'',0),(5319,488,'',0),(5320,15,'',0),(5321,15,'',0),(5322,15,'',0),(5323,15,'',0),(5324,15,'',0),(5325,489,'',0),(5326,489,'',0),(5327,489,'',0),(5328,489,'',0),(5329,489,'',0),(5330,489,'',0),(5331,489,'',0),(5332,489,'',0),(5333,62,'',0),(5334,489,'',0),(5335,60,'',0),(5336,61,'',0),(5337,61,'',0),(5338,113,'',0),(5339,113,'',0),(5340,113,'',0),(5341,191,'',0),(5342,142,'',0),(5343,142,'',0),(5344,142,'',0),(5345,142,'',0),(5346,142,'',0),(5347,90,'',0),(5348,19,'',0),(5349,20,'',0),(5350,32,'',0),(5351,194,'',0),(5352,123,'',0),(5353,61,'',0),(5354,61,'',0),(5355,123,'',0),(5356,15,'',0),(5357,490,'',0),(5358,490,'',0),(5359,490,'',0),(5360,491,'',0),(5361,491,'',0),(5362,491,'',0),(5363,490,'',0),(5364,20,'',0),(5365,399,'',0),(5366,399,'',0),(5367,399,'',0),(5368,399,'',0),(5369,15,'',0),(5370,492,'',0),(5371,492,'',0),(5372,492,'',0),(5373,492,'',0),(5374,492,'',0),(5375,492,'',0),(5376,85,'',0),(5377,493,'',0),(5378,493,'',0),(5379,32,'',0),(5380,32,'',0),(5381,32,'',0),(5382,418,'',0),(5383,418,'',0),(5384,418,'',0),(5385,15,'',0),(5386,85,'',0),(5387,85,'',0),(5388,85,'',0),(5389,145,'',0),(5390,145,'',0),(5391,494,'',0),(5392,494,'',0),(5393,495,'',0),(5394,495,'',0),(5395,495,'',0),(5396,495,'',0),(5397,495,'',0),(5398,495,'',0),(5399,495,'',0),(5400,495,'',0),(5401,495,'',0),(5402,495,'',0),(5403,495,'',0),(5404,495,'',0),(5405,495,'',0),(5406,495,'',0),(5407,23,'',0),(5408,23,'',0),(5409,23,'',0),(5410,23,'',0),(5411,23,'',0),(5412,23,'',0),(5413,23,'',0),(5414,496,'',0),(5415,496,'',0),(5416,496,'',0),(5417,496,'',0),(5418,496,'',0),(5419,497,'',0),(5420,497,'',0),(5421,497,'',0),(5422,497,'',0),(5423,498,'',0),(5424,498,'',0),(5425,498,'',0),(5426,498,'',0),(5427,498,'',0),(5428,498,'',0),(5429,499,'',0),(5430,499,'',0),(5431,499,'',0),(5432,499,'',0),(5433,499,'',0),(5434,499,'',0),(5435,499,'',0),(5436,499,'',0),(5437,499,'',0),(5438,499,'',0),(5439,499,'',0),(5440,499,'',0),(5441,65,'',0),(5442,418,'',0),(5443,418,'',0),(5444,418,'',0),(5445,418,'',0),(5446,418,'',0),(5447,418,'',0),(5448,418,'',0),(5449,70,'',0),(5450,15,'',0),(5451,500,'',0),(5452,500,'',0),(5453,500,'',0),(5454,500,'',0),(5455,500,'',0),(5456,413,'',0),(5457,413,'',0),(5458,413,'',0),(5459,413,'',0),(5460,413,'',0),(5461,413,'',0),(5462,65,'',0),(5463,501,'',0),(5464,501,'',0),(5465,501,'',0),(5466,501,'',0),(5467,501,'',0),(5468,23,'',0),(5469,23,'',0),(5470,23,'',0),(5471,481,'',0),(5472,481,'',0),(5473,481,'',0),(5474,481,'',0),(5475,481,'',0),(5476,481,'',0),(5477,411,'',0),(5478,502,'',0),(5479,502,'',0),(5480,502,'',0),(5481,502,'',0),(5482,502,'',0),(5483,502,'',0),(5484,502,'',0),(5485,502,'',0),(5486,502,'',0),(5487,65,'',0),(5488,32,'',0),(5489,32,'',0),(5490,50,'',0),(5491,50,'',0),(5492,50,'',0),(5493,32,'',0),(5494,32,'',0),(5495,15,'',0),(5496,15,'',0),(5497,107,'',0),(5498,107,'',0),(5499,107,'',0),(5500,107,'',0),(5501,107,'',0),(5502,107,'',0),(5503,107,'',0),(5504,107,'',0),(5505,47,'',0),(5506,123,'',0),(5507,123,'',0),(5508,161,'',0),(5509,19,'',0),(5510,157,'',0),(5511,157,'',0),(5512,32,'',0),(5513,503,'',0),(5514,503,'',0),(5515,503,'',0),(5516,503,'',0),(5517,503,'',0),(5518,162,'',0),(5519,162,'',0),(5520,200,'',0),(5521,19,'',0),(5522,422,'',0),(5523,422,'',0),(5524,422,'',0),(5525,422,'',0),(5526,422,'',0),(5527,15,'',0),(5528,48,'',0),(5529,48,'',0),(5530,48,'',0),(5531,20,'',0),(5532,107,'',0),(5533,107,'',0),(5534,223,'',0),(5535,223,'',0),(5536,223,'',0),(5537,223,'',0),(5538,223,'',0),(5539,223,'',0),(5540,223,'',0),(5541,15,'',0),(5542,15,'',0),(5543,15,'',0),(5544,15,'',0),(5545,107,'',0),(5546,107,'',0),(5547,94,'',0),(5548,94,'',0),(5549,15,'',0),(5550,15,'',0),(5551,15,'',0),(5552,504,'',0),(5553,82,'',0),(5554,32,'',0),(5555,223,'',0),(5556,223,'',0),(5557,223,'',0),(5558,223,'',0),(5559,223,'',0),(5560,32,'',0),(5561,22,'',0),(5562,505,'',0),(5563,505,'',0),(5564,505,'',0),(5565,505,'',0),(5566,505,'',0),(5567,506,'',0),(5568,506,'',0),(5569,506,'',0),(5570,506,'',0),(5571,506,'',0),(5572,506,'',0),(5573,506,'',0),(5574,506,'',0),(5575,506,'',0),(5576,507,'',0),(5577,507,'',0),(5578,507,'',0),(5579,507,'',0),(5580,507,'',0),(5581,507,'',0),(5582,507,'',0),(5583,507,'',0),(5584,507,'',0),(5585,507,'',0),(5586,507,'',0),(5587,507,'',0),(5588,507,'',0),(5589,15,'',0),(5590,15,'',0),(5591,15,'',0),(5592,15,'',0),(5593,15,'',0),(5594,15,'',0),(5595,15,'',0),(5596,15,'',0),(5597,15,'',0),(5598,15,'',0),(5599,15,'',0),(5600,15,'',0),(5601,15,'',0),(5602,15,'',0),(5603,15,'',0),(5604,15,'',0),(5605,15,'',0),(5606,15,'',0),(5607,15,'',0),(5608,15,'',0),(5609,15,'',0),(5610,15,'',0),(5611,15,'',0),(5612,15,'',0),(5613,15,'',0),(5614,15,'',0),(5615,15,'',0),(5616,15,'',0),(5617,19,'',0),(5618,19,'',0),(5619,19,'',0),(5620,19,'',0),(5621,19,'',0),(5622,19,'',0),(5623,19,'',0),(5624,19,'',0),(5625,19,'',0),(5626,19,'',0),(5627,19,'',0),(5628,19,'',0),(5629,19,'',0),(5630,19,'',0),(5631,19,'',0),(5632,19,'',0),(5633,19,'',0),(5634,19,'',0),(5635,19,'',0),(5636,19,'',0),(5637,19,'',0),(5638,19,'',0),(5639,19,'',0),(5640,19,'',0),(5641,19,'',0),(5642,19,'',0),(5643,19,'',0),(5644,19,'',0),(5645,15,'',0),(5646,15,'',0),(5647,15,'',0),(5648,15,'',0),(5649,15,'',0),(5650,19,'',0),(5651,43,'',0),(5652,40,'',0),(5653,47,'',0),(5654,161,'',0),(5655,161,'',0),(5656,161,'',0),(5657,162,'',0),(5658,162,'',0);

--
